10-24 21:41:45.119 1267 1267 D AOC : A3:MSG: lsm6dsr_device_registry.cc, 108: USF: Lsm6dsrDevice: Found /fac_cal/dev/lsm6dsr/0.
10-24 21:41:45.119 1267 1267 D AOC : A3:ERR: lsm6dsr_device_registry.cc, 172: USF: Lsm6dsrDevice: Unable to get gyro avg_odr_26. (7)
10-24 21:41:45.119 1023 1023 I USF : Loading registry from script file "/mnt/vendor/persist/sensors/registry/fusion_mag_mag_fac_cal.reg".
10-24 21:41:45.127 1023 1023 I USF : Loading registry from script file "/mnt/vendor/persist/sensors/registry/icp10101_baro_fac_cal.reg".
10-24 21:41:45.127 1267 1267 D AOC : A3:MSG: fusion_mag_sensor.cc, 265: USF: FMAG: Found /fac_cal/dev/fusion_mag/0/mag.
10-24 21:41:45.134 1267 1267 D AOC : A3:MSG: fusion_mag_sensor.cc, 305: USF: FMAG: Applied factory-calibrated parameters for mag.
10-24 21:41:45.135 1023 1023 I USF : Loading registry from script file "/mnt/vendor/persist/sensors/registry/lsm6dsr_accel_fac_cal.reg".
10-24 21:41:45.142 1267 1267 D AOC : A3:ERR: lsm6dsr_device_registry.cc, 136: USF: Lsm6dsrDevice: Unable to get accel avg_odr_26. (7)
10-24 21:41:45.142 1023 1023 I USF : Loading registry from script file "/mnt/vendor/persist/sensors/registry/tmd3719_als_fac_cal.reg".
10-24 21:41:45.151 1297 1363 I adbd : USB event: FUNCTIONFS_ENABLE
10-24 21:41:45.151 1297 1708 I adbd : UsbFfs-worker thread spawned
10-24 21:41:45.151 1023 1023 I USF : Loading registry from "/data/vendor/sensors/registry".
10-24 21:41:45.151 1023 1023 E USF : Failed to get reg MLB string.
10-24 21:41:45.151 1023 1023 E USF : Failed to get the MLB info of device, err 15.
10-24 21:41:45.151 1267 1267 D AOC : A3:ERR: tmd3719_device_registry.cc, 848: USF: TMD3719: Fac_cal data is valid.
10-24 21:41:45.152 1267 1267 D AOC : A3:MSG: tmd3719_device_registry.cc, 1171: USF: TMD3719: Applying factory-calibrated parameters for ALS.
10-24 21:41:45.152 1023 1023 I USF : Loading registry from script file "/data/vendor/sensors/registry/persist.reg".
10-24 21:41:45.158 1267 1267 D AOC : A3:MSG: tmd3719_device_registry.cc, 977: USF: TMD3719: clear_gain8_ratio: 8.164377
10-24 21:41:45.158 1267 1267 D AOC : A3:MSG: tmd3719_device_registry.cc, 986: USF: TMD3719: red_gain8_ratio: 9.457460
10-24 21:41:45.158 1267 1267 D AOC : A3:MSG: tmd3719_device_registry.cc, 995: USF: TMD3719: green_gain8_ratio: 9.632917
10-24 21:41:45.158 1267 1267 D AOC : A3:MSG: tmd3719_device_registry.cc, 1004: USF: TMD3719: blue_gain8_ratio: 8.353816
10-24 21:41:45.159 1267 1267 D AOC : A3:MSG: tmd3719_device_registry.cc, 1014: USF: TMD3719: clear_gain9_ratio: 4.070394
10-24 21:41:45.159 1267 1267 D AOC : A3:MSG: tmd3719_device_registry.cc, 1023: USF: TMD3719: red_gain9_ratio: 4.617280
10-24 21:41:45.159 1267 1267 D AOC : A3:MSG: tmd3719_device_registry.cc, 1032: USF: TMD3719: green_gain9_ratio: 4.707255
10-24 21:41:45.159 1267 1267 D AOC : A3:MSG: tmd3719_device_registry.cc, 1041: USF: TMD3719: blue_gain9_ratio: 4.157752
10-24 21:41:45.159 1267 1267 D AOC : A3:MSG: tmd3719_device_registry.cc, 1050: USF: TMD3719: clear_gain10_ratio: 2.022196
10-24 21:41:45.160 1267 1267 D AOC : A3:MSG: tmd3719_device_registry.cc, 1059: USF: TMD3719: red_gain10_ratio: 2.205376
10-24 21:41:45.160 1267 1267 D AOC : A3:MSG: tmd3719_device_registry.cc, 1068: USF: TMD3719: green_gain10_ratio: 2.237009
10-24 21:41:45.160 1267 1267 D AOC : A3:MSG: tmd3719_device_registry.cc, 1077: USF: TMD3719: blue_gain10_ratio: 2.053317
10-24 21:41:45.160 1267 1267 D AOC : A3:MSG: tmd3719_device_registry.cc, 1609: USF: TMD3719: Applying factory-calibrated parameters for PROX.
10-24 21:41:45.160 1267 1267 D AOC : A3:MSG: tmd3719_device_registry.cc, 1652: USF: TMD3719: Unable to get factory-calibrated VCSEL current. (7)
10-24 21:41:45.163 1023 1023 I usf_sensor_hal: rl_module_type = rear_wide
10-24 21:41:45.163 1023 1023 I usf_sensor_hal: rl_file_path = /mnt/vendor/persist/camera/rl_module_rear_wide
10-24 21:41:45.163 1267 1267 D AOC : A3:MSG: usf_vs_helper.cc, 116: USF: 3: 0: handle = 33
10-24 21:41:45.165 1267 1267 D AOC : A3:MSG: usf_vs_helper.cc, 116: USF: 32: 0: handle = 20
10-24 21:41:45.170 1267 1267 D AOC : A3:MSG: usf_vs_helper.cc, 116: USF: 33: 0: handle = 21
10-24 21:41:45.172 1275 1275 I android.hardware.biometrics.fingerprint-service.goodix: Done shutting down TrustyApp
10-24 21:41:45.172 1267 1267 D AOC : A3:MSG: usf_sensor.cc, 1368: USF: Received start sampling request for TMD3719 Proximity.
10-24 21:41:45.172 1275 1275 E libtrusty: tipc_connect: can't connect to tipc service "com.goodix.fingerprint.test" (err=107)
10-24 21:41:45.172 1275 1275 E android.hardware.biometrics.fingerprint-service.goodix: vendor/goodix/udfps/g6_trusty/fingerprint/goodix/hal/ca/TrustyApp.cpp:95: failed to connect to Trusty TA "com.goodix.fingerprint.test" using dev:"/dev/trusty-ipc-dev0"
10-24 21:41:45.175 1267 1267 D AOC : A3:MSG: usf_sensor.cc, 1368: USF: Received start sampling request for LSM6DSR Motion Detect.
10-24 21:41:45.175 1267 1267 D AOC : A3:MSG: vsc_controller.cc, 314: VSC: initSensors. Enabled = 1
10-24 21:41:45.176 1267 1267 D AOC : A3:MSG: vsc_controller.cc, 500: VSC: [Auto Brightness] addSensor: Published default sensor, type 0x20010
10-24 21:41:45.176 1267 1267 D AOC : A3:MSG: lsm6dsr_device.cc, 576: USF: Lsm6dsrDevice: WHO_AM_I = 6b.
10-24 21:41:45.177 1267 1267 D AOC : A3:MSG: vsc_controller.cc, 500: VSC: [Binned Brightness] addSensor: Published low power sensor, type 0x20005
10-24 21:41:45.177 1267 1267 D AOC : A3:MSG: vsc_controller.cc, 500: VSC: [Device Pickup Sensor] addSensor: Published low power sensor, type 0x10019
10-24 21:41:45.177 1267 1267 D AOC : A3:MSG: vsc_controller.cc, 500: VSC: [Double Twist] addSensor: Published default sensor, type 0x20001
10-24 21:41:45.178 1267 1267 D AOC : A3:MSG: vsc_controller.cc, 500: VSC: [Game Rotation Vector Sensor] addSensor: Published low power sensor, type 0x1000f
10-24 21:41:45.178 1267 1267 D AOC : A3:MSG: vsc_controller.cc, 500: VSC: [Geomagnetic Rotation Vector Sensor] addSensor: Published low power sensor, type 0
10-24 21:41:45.178 1267 1267 D AOC : A3:MSG: vsc_controller.cc, 500: VSC: [Gravity Sensor] addSensor: Published low power sensor, type 0x10009
10-24 21:41:45.179 1267 1267 D AOC : A3:MSG: vsc_controller.cc, 500: VSC: [Linear Acceleration Sensor] addSensor: Published low power sensor, type 0x1000a
10-24 21:41:45.179 1267 1267 D AOC : A3:MSG: vsc_controller.cc, 500: VSC: [Proximity Gated Long Press Gesture] addSensor: Published default sensor, type 0x2
10-24 21:41:45.179 1267 1267 D AOC : A3:MSG: vsc_controller.cc, 500: VSC: [Orientation Sensor] addSensor: Published low power sensor, type 0x10003
10-24 21:41:45.180 1267 1267 D AOC : A3:MSG: vsc_controller.cc, 500: VSC: [Quick Pickup Sensor] addSensor: Published low power sensor, type 0x2000f
10-24 21:41:45.180 1267 1267 D AOC : A3:MSG: vsc_controller.cc, 500: VSC: [Rotation Vector Sensor] addSensor: Published low power sensor, type 0x1000b
10-24 21:41:45.181 1267 1267 D AOC : A3:MSG: vsc_controller.cc, 500: VSC: [Proximity Gated Single Tap Gesture] addSensor: Published default sensor, type 0x2
10-24 21:41:45.181 1267 1267 D AOC : A3:MSG: vsc_controller.cc, 500: VSC: [Significant Motion] addSensor: Published default sensor, type 0x10011
10-24 21:41:45.181 1267 1267 D AOC : A3:MSG: vsc_controller.cc, 500: VSC: [Step Counter] addSensor: Published low power sensor, type 0x10013
10-24 21:41:45.182 1267 1267 D AOC : A3:MSG: vsc_controller.cc, 500: VSC: [Step Detector] addSensor: Published low power sensor, type 0x10012
10-24 21:41:45.182 1267 1267 D AOC : A3:MSG: vsc_controller.cc, 500: VSC: [Tilt Sensor] addSensor: Published low power sensor, type 0x10016
10-24 21:41:45.182 1267 1267 D AOC : A3:MSG: lsm6dsr_device.cc, 755: USF: Lsm6dsrDevice: Sensor 3: Enabled 1, odr_index 1.
10-24 21:41:45.183 1267 1267 D AOC : A3:MSG: vsc_controller.cc, 500: VSC: [Device Orientation] addSensor: Published default sensor, type 0x1001b
10-24 21:41:45.183 1267 1267 D AOC : A3:MSG: vsc_controller.cc, 337: VSC: discoverUsfSensors: getSensorList size 41
10-24 21:41:45.186 1023 1023 D USF : AP/AOC clock synced: AOC: 759468506 ns (3110783 tk), AP: 6562123415 ns, diff = -5802654909 ns
10-24 21:41:45.186 1023 1023 I USF : USF suez client init.
10-24 21:41:45.186 1023 1023 I USF : Connecting to USF Suez server.
10-24 21:41:45.186 1023 1023 I USF : USF suez client init.
10-24 21:41:45.186 1023 1023 I USF : Connecting to USF Suez server.
10-24 21:41:45.189 1270 1270 D chre : CHRE daemon initialized successfully
10-24 21:41:45.189 1270 1270 I CHRE : Ready to accept connections
10-24 21:41:45.191 1267 1267 D AOC : A3:MSG: pal.cc, 750: USF: Thread ChreUsfHelper(0x400f4578) wdog token 20
10-24 21:41:45.191 1270 1513 D CHRE : @ 0.688: Load nanoapp request for app ID 0x476f6f676c001016 ver 0x1010000 flags 0x1 target API 0x01060000 size 20128 (txnId 12 client 65535)
10-24 21:41:45.191 1270 1513 D CHRE : @ 0.688: Load manager load complete...
10-24 21:41:45.191 1270 1513 D CHRE : @ 0.700: Load nanoapp request for app ID 0x476f6f676c001030 ver 0x11 flags 0x1 target API 0x01060000 size 153496 (txnId 13 client 65535)
10-24 21:41:45.191 1270 1513 D CHRE : @ 0.735: Load manager load complete...
10-24 21:41:45.191 1270 1513 D CHRE : @ 0.744: Load nanoapp request for app ID 0x476f6f676c001012 ver 0xa flags 0x1 target API 0x01060000 size 45852 (txnId 14 client 65535)
10-24 21:41:45.191 1270 1513 D CHRE : @ 0.754: ASH: Dump callback for SMD registered handle = 0 err = 0
10-24 21:41:45.191 1270 1513 D CHRE : @ 0.758: Load manager load complete...
10-24 21:41:45.191 1270 1513 D CHRE : @ 0.762: Load nanoapp request for app ID 0x476f6f676c001021 ver 0x1000000 flags 0x1 target API 0x01060000 size 11444 (txnId 15 client 65535)
10-24 21:41:45.191 1270 1513 D CHRE : @ 0.762: Load manager load complete...
10-24 21:41:45.191 1270 1513 E CHRE : @ 0.763: CHPP WWAN: Wake handshaking start timed out
10-24 21:41:45.191 1270 1513 E CHRE : @ 0.763: CHPP WWAN: Async send failure: 255
10-24 21:41:45.191 1270 1513 E CHRE : @ 0.763: CHPP WIFI: Wake handshaking start timed out
10-24 21:41:45.191 1270 1513 E CHRE : @ 0.763: CHPP WIFI: Async send failure: 255
10-24 21:41:45.191 530 530 I servicemanager: Found android.frameworks.stats.IStats/default in framework VINTF manifest.
10-24 21:41:45.191 1023 1713 I sensor-suez: Waiting for IStats service to come up.
10-24 21:41:45.191 530 530 I servicemanager: Since 'android.frameworks.stats.IStats/default' could not be found, trying to start it as a lazy AIDL service
10-24 21:41:45.192 530 1714 W libc : Unable to set property "ctl.interface_start" to "aidl/android.frameworks.stats.IStats/default": error code: 0x20
10-24 21:41:45.192 530 1714 I servicemanager: Tried to start aidl service android.frameworks.stats.IStats/default as a lazy service, but was unable to. Usually this happens when a service is not installed, but if the service is intended to be used as a lazy service, then it may be configured incorrectly.
10-24 21:41:45.194 1270 1513 I CHRE : @ 0.765: Step Detector, type 23, minInterval 0 handle 55 index 0 mask ffff
10-24 21:41:45.194 1270 1513 I CHRE : @ 0.765: Step Counter, type 24, minInterval 0 handle 54 index 0 mask ffff
10-24 21:41:45.194 1270 1513 I CHRE : @ 0.765: Fusion Mag, type 8, minInterval 10000000 handle 37 index 0 mask ffff
10-24 21:41:45.194 1270 1513 I CHRE : @ 0.765: Fusion Mag, type 9, minInterval 10000000 handle 37 index 0 mask 1
10-24 21:41:45.194 1270 1513 I CHRE : @ 0.765: Fusion Mag, type 9, minInterval 10000000 handle 37 index 0 mask 2
10-24 21:41:45.194 1270 1513 I CHRE : @ 0.765: TMD3719 Proximity, type 13, minInterval 25000000 handle 33 index 0 mask ffff
10-24 21:41:45.194 1270 1513 I CHRE : @ 0.765: TMD3719 Ambient Light, type 12, minInterval 16666666 handle 31 index 0 mask 1
10-24 21:41:45.194 1270 1513 I CHRE : @ 0.765: TMD3719 Ambient Light, type 12, minInterval 16666666 handle 31 index 0 mask 2
10-24 21:41:45.194 1270 1513 I CHRE : @ 0.765: TMD3719 Ambient Light, type 197, minInterval 16666666 handle 31 index 0 mask ffff
10-24 21:41:45.194 1270 1513 I CHRE : @ 0.765: VD6282 Rear Light Sensor, type 204, minInterval 16000000 handle 26 index 0 mask ffff
10-24 21:41:45.194 1270 1513 I CHRE : @ 0.765: ICP10101 Pressure Sensor, type 10, minInterval 20000000 handle 22 index 0 mask ffff
10-24 21:41:45.194 1270 1513 I CHRE : @ 0.765: LSM6DSR Stationary Detect, type 3, minInterval 18446744073709551615 handle 21 index 0 mask ffff
10-24 21:41:45.194 1270 1513 I CHRE : @ 0.766: LSM6DSR Motion Detect, type 2, minInterval 18446744073709551615 handle 20 index 0 mask ffff
10-24 21:41:45.194 1270 1513 I CHRE : @ 0.766: LSM6DSR Temperature, type 57, minInterval 19230769 handle 19 index 0 mask ffff
10-24 21:41:45.194 1270 1513 I CHRE : @ 0.766: LSM6DSR Temperature, type 56, minInterval 19230769 handle 19 index 0 mask ffff
10-24 21:41:45.194 1270 1513 I CHRE : @ 0.766: LSM6DSR Gyroscope, type 6, minInterval 602409 handle 18 index 0 mask ffff
10-24 21:41:45.194 1270 1513 I CHRE : @ 0.766: LSM6DSR Gyroscope, type 7, minInterval 602409 handle 18 index 0 mask 1
10-24 21:41:45.194 1270 1513 I CHRE : @ 0.766: LSM6DSR Gyroscope, type 7, minInterval 602409 handle 18 index 0 mask 2
10-24 21:41:45.194 1270 1513 I CHRE : @ 0.766: LSM6DSR Accelerometer, type 1, minInterval 300300 handle 17 index 0 mask 1
10-24 21:41:45.194 1270 1513 I CHRE : @ 0.766: LSM6DSR Accelerometer, type 1, minInterval 300300 handle 17 index 0 mask 2
10-24 21:41:45.194 1270 1513 I CHRE : @ 0.766: LSM6DSR Accelerometer, type 55, minInterval 300300 handle 17 index 0 mask 1
10-24 21:41:45.194 1270 1513 I CHRE : @ 0.766: LSM6DSR Accelerometer, type 55, minInterval 300300 handle 17 index 0 mask 2
10-24 21:41:45.253 1644 1719 I zygisk_shamiko: File observer start
10-24 21:41:45.255 1266 1266 W ServiceManager: Waited one second for android.frameworks.stats.IStats/default (is service started? are binder threads started and available?)
10-24 21:41:45.256 530 530 I servicemanager: Since 'android.frameworks.stats.IStats/default' could not be found, trying to start it as a lazy AIDL service
10-24 21:41:45.258 927 1052 I zn-daemon64: ** write prop
10-24 21:41:45.261 959 1377 W ServiceManager: Waited one second for android.frameworks.stats.IStats/default (is service started? are binder threads started and available?)
10-24 21:41:45.262 530 530 I servicemanager: Since 'android.frameworks.stats.IStats/default' could not be found, trying to start it as a lazy AIDL service
10-24 21:41:45.263 1008 1016 D CHRE : Successfully (re)connected
10-24 21:41:45.264 1008 1016 I ContextHubHal: Reconnected to CHRE daemon
10-24 21:41:45.264 1270 1270 I CHRE : Accepted new client connection (count 1), assigned client ID 1
10-24 21:41:45.289 530 1721 W libc : Unable to set property "ctl.interface_start" to "aidl/android.frameworks.stats.IStats/default": error code: 0x20
10-24 21:41:45.289 530 1721 I servicemanager: Tried to start aidl service android.frameworks.stats.IStats/default as a lazy service, but was unable to. Usually this happens when a service is not installed, but if the service is intended to be used as a lazy service, then it may be configured incorrectly.
10-24 21:41:45.289 530 1722 W libc : Unable to set property "ctl.interface_start" to "aidl/android.frameworks.stats.IStats/default": error code: 0x20
10-24 21:41:45.289 530 1722 I servicemanager: Tried to start aidl service android.frameworks.stats.IStats/default as a lazy service, but was unable to. Usually this happens when a service is not installed, but if the service is intended to be used as a lazy service, then it may be configured incorrectly.
10-24 21:41:45.335 1637 1637 D nativeloader: Configuring clns-shared-4 for other apk /system/framework/com.android.location.provider.jar:/system/framework/services.jar:/apex/com.android.adservices/javalib/service-adservices.jar:/apex/com.android.adservices/javalib/service-sdksandbox.jar:/apex/com.android.appsearch/javalib/service-appsearch.jar:/apex/com.android.art/javalib/service-art.jar:/apex/com.android.compos/javalib/service-compos.jar:/apex/com.android.media/javalib/service-media-s.jar:/apex/com.android.permission/javalib/service-permission.jar. target_sdk_version=10000, uses_libraries=ALL, library_path=/system/lib64:/system_ext/lib64, permitted_path=/data:/mnt/expand:/system/lib64:/system_ext/lib64
10-24 21:41:45.335 1637 1637 D nativeloader: InitApexLibraries:
10-24 21:41:45.335 1637 1637 D nativeloader: com_android_adservices: libhpke_jni.so:libtflite_support_classifiers_native.so
10-24 21:41:45.335 1637 1637 D nativeloader: com_android_appsearch: libicing.so
10-24 21:41:45.335 1637 1637 D nativeloader: com_android_art: libartservice.so
10-24 21:41:45.335 1637 1637 D nativeloader: com_android_btservices: libbluetooth_jni.so
10-24 21:41:45.335 1637 1637 D nativeloader: com_android_conscrypt: libjavacrypto.so
10-24 21:41:45.335 1637 1637 D nativeloader: com_android_mediaprovider: libpdfclient.so
10-24 21:41:45.335 1637 1637 D nativeloader: com_android_ondevicepersonalization: libfcp_cpp_dep_jni.so:libfcp_hpke_jni.so
10-24 21:41:45.335 1637 1637 D nativeloader: com_android_os_statsd: libstats_jni.so
10-24 21:41:45.335 1637 1637 D nativeloader: com_android_tethering: libandroid_net_connectivity_com_android_net_module_util_jni.so:libcrypto.so:libframework-connectivity-jni.so:libframework-connectivity-tiramisu-jni.so:libmainlinecronet.126.0.6423.0.so:libservice-connectivity.so:libservice-thread-jni.so:libssl.so
10-24 21:41:45.335 1637 1637 D nativeloader: com_android_uwb: libuwb_uci_jni_rust.so
10-24 21:41:45.335 1637 1637 D nativeloader: com_android_virt: libvirtualmachine_jni.so
10-24 21:41:45.341 1637 1637 D nativeloader: Configuring clns-shared-5 for other apk /apex/com.android.btservices/javalib/service-bluetooth.jar. target_sdk_version=33, uses_libraries=ALL, library_path=, permitted_path=/data:/mnt/expand
10-24 21:41:45.345 1637 1637 D nativeloader: Configuring clns-shared-6 for other apk /apex/com.android.os.statsd/javalib/service-statsd.jar. target_sdk_version=33, uses_libraries=ALL, library_path=, permitted_path=/data:/mnt/expand
10-24 21:41:45.348 1637 1637 D nativeloader: Configuring clns-shared-7 for other apk /apex/com.android.scheduling/javalib/service-scheduling.jar. target_sdk_version=33, uses_libraries=ALL, library_path=, permitted_path=/data:/mnt/expand
10-24 21:41:45.348 1000 1000 W ServiceManager: Waited one second for android.frameworks.stats.IStats/default (is service started? are binder threads started and available?)
10-24 21:41:45.349 530 530 I servicemanager: Since 'android.frameworks.stats.IStats/default' could not be found, trying to start it as a lazy AIDL service
10-24 21:41:45.350 530 1730 W libc : Unable to set property "ctl.interface_start" to "aidl/android.frameworks.stats.IStats/default": error code: 0x20
10-24 21:41:45.350 530 1730 I servicemanager: Tried to start aidl service android.frameworks.stats.IStats/default as a lazy service, but was unable to. Usually this happens when a service is not installed, but if the service is intended to be used as a lazy service, then it may be configured incorrectly.
10-24 21:41:45.357 1637 1637 D nativeloader: Configuring clns-shared-8 for other apk /apex/com.android.tethering/javalib/service-connectivity.jar. target_sdk_version=33, uses_libraries=ALL, library_path=, permitted_path=/data:/mnt/expand
10-24 21:41:45.364 1637 1637 D nativeloader: Configuring clns-shared-9 for other apk /apex/com.android.uwb/javalib/service-uwb.jar. target_sdk_version=33, uses_libraries=ALL, library_path=, permitted_path=/data:/mnt/expand
10-24 21:41:45.380 1637 1637 D nativeloader: Configuring clns-shared-10 for other apk /apex/com.android.wifi/javalib/service-wifi.jar. target_sdk_version=33, uses_libraries=ALL, library_path=, permitted_path=/data:/mnt/expand
10-24 21:41:45.383 1637 1637 I system_server: Using CollectorTypeCMC GC.
10-24 21:41:45.384 1637 1637 W system_server: Failed to upload odrefresh metrics: Unable to open or parse metrics file /data/misc/odrefresh/odrefresh-metrics.xml (error: Error=XML_ERROR_FILE_NOT_FOUND ErrorID=3 (0x3) Line number=0: filename=/data/misc/odrefresh/odrefresh-metrics.xml)
10-24 21:41:45.385 1637 1637 E system_server: Not starting debugger since process cannot load the jdwp agent.
10-24 21:41:45.387 1637 1637 D nativeloader: Load libframework-connectivity-tiramisu-jni.so using APEX ns com_android_tethering for caller /apex/com.android.tethering/javalib/framework-connectivity-t.jar: ok
10-24 21:41:45.387 969 977 I ServiceManager: Waiting for service 'statscompanion' on '/dev/binder'...
10-24 21:41:45.388 1637 1637 D SystemServerTiming: InitBeforeStartServices
10-24 21:41:45.389 1637 1637 I SystemServer: Entered the Android system server!
10-24 21:41:45.461 1637 1637 D nativeloader: Load /system/lib64/libandroid_servers.so using ns clns-shared-4 from class loader (caller=/system/framework/services.jar): ok
10-24 21:41:45.468 1637 1637 I SystemServerInitThreadPool: Creating instance with 8 threads
10-24 21:41:45.654 1637 1637 D SystemServerTiming: StartServices
10-24 21:41:45.654 1637 1637 D SystemServerTiming: startBootstrapServices
10-24 21:41:45.654 1637 1637 D SystemServerTiming: StartWatchdog
10-24 21:41:45.655 1637 1637 I SystemServer: Reading configuration...
10-24 21:41:45.655 1637 1637 D SystemServerTiming: ReadingSystemConfig
10-24 21:41:45.656 1637 1637 D SystemServerTiming: PlatformCompat
10-24 21:41:45.656 1637 1637 D CompatConfig: Found a config file: /system/etc/compatconfig/services-platform-compat-config.xml
10-24 21:41:45.656 1637 1765 D SystemServerTimingAsync: InitThreadPoolExec:ReadingSystemConfig
10-24 21:41:45.656 1637 1765 I SystemConfig: Reading permissions from /system/etc/sysconfig/preinstalled-packages-platform.xml
10-24 21:41:45.657 1637 1765 I incfs : Initial API level of the device: 31
10-24 21:41:45.657 1637 1637 D CompatConfig: Adding: com.android.server.compat.config.Change@ab4effb
10-24 21:41:45.657 1637 1765 I incfs : ro.incremental.enable: true
10-24 21:41:45.657 1637 1765 I incfs : isFsAvailable: true
10-24 21:41:45.657 1637 1765 I incfs : isFsAvailable: true
10-24 21:41:45.657 1637 1637 D CompatConfig: Adding: com.android.server.compat.config.Change@74ad818
10-24 21:41:45.657 1637 1637 D CompatConfig: Adding: com.android.server.compat.config.Change@3458271
10-24 21:41:45.657 1637 1637 D CompatConfig: Adding: com.android.server.compat.config.Change@6bd2856
10-24 21:41:45.657 1637 1637 D CompatConfig: Adding: com.android.server.compat.config.Change@95890d7
10-24 21:41:45.657 1637 1637 D CompatConfig: Adding: com.android.server.compat.config.Change@4215dc4
10-24 21:41:45.657 1637 1765 I incfs : IncFs_Features: v2
10-24 21:41:45.657 1637 1637 D CompatConfig: Adding: com.android.server.compat.config.Change@65ed4ad
10-24 21:41:45.657 1637 1637 D CompatConfig: Adding: com.android.server.compat.config.Change@5fb73e2
10-24 21:41:45.657 1637 1637 D CompatConfig: Adding: com.android.server.compat.config.Change@c2b6373
10-24 21:41:45.657 1637 1637 D CompatConfig: Adding: com.android.server.compat.config.Change@4b89230
10-24 21:41:45.657 1637 1637 D CompatConfig: Adding: com.android.server.compat.config.Change@410ea9
10-24 21:41:45.657 1637 1637 D CompatConfig: Adding: com.android.server.compat.config.Change@de0ec2e
10-24 21:41:45.657 1637 1637 D CompatConfig: Adding: com.android.server.compat.config.Change@a4ec3cf
10-24 21:41:45.657 1637 1637 D CompatConfig: Adding: com.android.server.compat.config.Change@44ca15c
10-24 21:41:45.657 1637 1637 D CompatConfig: Adding: com.android.server.compat.config.Change@6f2ec65
10-24 21:41:45.657 1637 1637 D CompatConfig: Adding: com.android.server.compat.config.Change@4939d3a
10-24 21:41:45.657 1637 1637 D CompatConfig: Adding: com.android.server.compat.config.Change@19dcdeb
10-24 21:41:45.657 1637 1637 D CompatConfig: Adding: com.android.server.compat.config.Change@3b07748
10-24 21:41:45.657 1637 1637 D CompatConfig: Adding: com.android.server.compat.config.Change@2ae9e1
10-24 21:41:45.657 1637 1637 D CompatConfig: Adding: com.android.server.compat.config.Change@a8e5306
10-24 21:41:45.657 1637 1637 D CompatConfig: Adding: com.android.server.compat.config.Change@8895dc7
10-24 21:41:45.657 1637 1637 D CompatConfig: Adding: com.android.server.compat.config.Change@bf9bff4
10-24 21:41:45.657 1637 1637 D CompatConfig: Adding: com.android.server.compat.config.Change@c8b431d
10-24 21:41:45.657 1637 1637 D CompatConfig: Adding: com.android.server.compat.config.Change@b2c9992
10-24 21:41:45.657 1637 1637 D CompatConfig: Adding: com.android.server.compat.config.Change@1b40f63
10-24 21:41:45.657 1637 1637 D CompatConfig: Adding: com.android.server.compat.config.Change@fece760
10-24 21:41:45.657 1637 1637 D CompatConfig: Adding: com.android.server.compat.config.Change@a9df419
10-24 21:41:45.657 1637 1637 D CompatConfig: Adding: com.android.server.compat.config.Change@9f6bcde
10-24 21:41:45.657 1637 1637 D CompatConfig: Adding: com.android.server.compat.config.Change@d4e3ebf
10-24 21:41:45.657 1637 1637 D CompatConfig: Adding: com.android.server.compat.config.Change@829198c
10-24 21:41:45.657 1637 1637 D CompatConfig: Adding: com.android.server.compat.config.Change@d90b8d5
10-24 21:41:45.657 1637 1637 D CompatConfig: Adding: com.android.server.compat.config.Change@8adc8ea
10-24 21:41:45.657 1637 1637 D CompatConfig: Adding: com.android.server.compat.config.Change@43207db
10-24 21:41:45.657 1637 1637 D CompatConfig: Adding: com.android.server.compat.config.Change@6144278
10-24 21:41:45.657 1637 1637 D CompatConfig: Adding: com.android.server.compat.config.Change@3b10d51
10-24 21:41:45.657 1637 1637 D CompatConfig: Adding: com.android.server.compat.config.Change@21789b6
10-24 21:41:45.657 1637 1637 D CompatConfig: Adding: com.android.server.compat.config.Change@8bf46b7
10-24 21:41:45.657 1637 1637 D CompatConfig: Adding: com.android.server.compat.config.Change@9870e24
10-24 21:41:45.657 1637 1637 D CompatConfig: Adding: com.android.server.compat.config.Change@8a82d8d
10-24 21:41:45.657 1637 1637 D CompatConfig: Adding: com.android.server.compat.config.Change@58a8b42
10-24 21:41:45.657 1637 1637 D CompatConfig: Adding: com.android.server.compat.config.Change@9779753
10-24 21:41:45.657 1637 1637 D CompatConfig: Adding: com.android.server.compat.config.Change@538e890
10-24 21:41:45.657 1637 1637 D CompatConfig: Adding: com.android.server.compat.config.Change@f771589
10-24 21:41:45.657 1637 1637 D CompatConfig: Adding: com.android.server.compat.config.Change@f3a198e
10-24 21:41:45.657 1637 1637 D CompatConfig: Adding: com.android.server.compat.config.Change@15a55af
10-24 21:41:45.657 1637 1637 D CompatConfig: Adding: com.android.server.compat.config.Change@debfdbc
10-24 21:41:45.657 1637 1637 D CompatConfig: Adding: com.android.server.compat.config.Change@328145
10-24 21:41:45.657 1637 1637 D CompatConfig: Adding: com.android.server.compat.config.Change@942409a
10-24 21:41:45.657 1637 1637 D CompatConfig: Adding: com.android.server.compat.config.Change@2009dcb
10-24 21:41:45.657 1637 1637 D CompatConfig: Adding: com.android.server.compat.config.Change@5939a8
10-24 21:41:45.657 1637 1637 D CompatConfig: Adding: com.android.server.compat.config.Change@57eecc1
10-24 21:41:45.657 1637 1637 D CompatConfig: Adding: com.android.server.compat.config.Change@173cc66
10-24 21:41:45.657 1637 1637 D CompatConfig: Adding: com.android.server.compat.config.Change@9dc4854
10-24 21:41:45.657 1637 1637 D CompatConfig: Adding: com.android.server.compat.config.Change@5cc93fd
10-24 21:41:45.657 1637 1637 D CompatConfig: Adding: com.android.server.compat.config.Change@fe048f2
10-24 21:41:45.657 1637 1637 D CompatConfig: Adding: com.android.server.compat.config.Change@5e4fb43
10-24 21:41:45.657 1637 1765 I SystemConfig: Reading permissions from /system/etc/sysconfig/pixel_2019_exclusive.xml
10-24 21:41:45.657 1637 1637 D CompatConfig: Adding: com.android.server.compat.config.Change@fdf95c0
10-24 21:41:45.657 1637 1637 D CompatConfig: Adding: com.android.server.compat.config.Change@45372f9
10-24 21:41:45.657 1637 1637 D CompatConfig: Adding: com.android.server.compat.config.Change@a26023e
10-24 21:41:45.657 1637 1637 D CompatConfig: Adding: com.android.server.compat.config.Change@d2089f
10-24 21:41:45.657 1637 1637 D CompatConfig: Adding: com.android.server.compat.config.Change@2084dec
10-24 21:41:45.657 1637 1637 D CompatConfig: Adding: com.android.server.compat.config.Change@5cf45b5
10-24 21:41:45.657 1637 1637 D CompatConfig: Adding: com.android.server.compat.config.Change@f7c044a
10-24 21:41:45.658 1637 1765 I SystemConfig: Reading permissions from /system/etc/sysconfig/pixel_2018_exclusive.xml
10-24 21:41:45.658 1637 1765 I SystemConfig: Reading permissions from /system/etc/sysconfig/pixel_2017_exclusive.xml
10-24 21:41:45.658 1637 1637 D CompatConfig: Found a config file: /system/etc/compatconfig/icu4j-platform-compat-config.xml
10-24 21:41:45.658 1637 1765 I SystemConfig: Reading permissions from /system/etc/sysconfig/hiddenapi-package-whitelist.xml
10-24 21:41:45.658 1637 1637 D CompatConfig: Adding: com.android.server.compat.config.Change@ff66c97
10-24 21:41:45.658 1637 1765 I SystemConfig: Reading permissions from /system/etc/sysconfig/framework-sysconfig.xml
10-24 21:41:45.659 1637 1637 D CompatConfig: Found a config file: /system/etc/compatconfig/framework-platform-compat-config.xml
10-24 21:41:45.659 1637 1765 I SystemConfig: Reading permissions from /system/etc/permissions/privapp-permissions-platform.xml
10-24 21:41:45.659 1637 1637 D CompatConfig: Adding: com.android.server.compat.config.Change@32b3b33
10-24 21:41:45.659 1637 1637 D CompatConfig: Adding: com.android.server.compat.config.Change@1e3eef0
10-24 21:41:45.659 1637 1637 D CompatConfig: Adding: com.android.server.compat.config.Change@e7a0c69
10-24 21:41:45.659 1637 1637 D CompatConfig: Adding: com.android.server.compat.config.Change@bf576ee
10-24 21:41:45.659 1637 1637 D CompatConfig: Adding: com.android.server.compat.config.Change@bd4578f
10-24 21:41:45.659 1637 1637 D CompatConfig: Adding: com.android.server.compat.config.Change@3b10a1c
10-24 21:41:45.659 1637 1637 D CompatConfig: Adding: com.android.server.compat.config.Change@11e0625
10-24 21:41:45.659 1637 1637 D CompatConfig: Adding: com.android.server.compat.config.Change@54613fa
10-24 21:41:45.659 1637 1637 D CompatConfig: Adding: com.android.server.compat.config.Change@648ddab
10-24 21:41:45.659 1637 1637 D CompatConfig: Adding: com.android.server.compat.config.Change@dd2ac08
10-24 21:41:45.659 1637 1637 D CompatConfig: Adding: com.android.server.compat.config.Change@94ddfa1
10-24 21:41:45.659 1637 1637 D CompatConfig: Adding: com.android.server.compat.config.Change@7d175c6
10-24 21:41:45.659 1637 1637 D CompatConfig: Adding: com.android.server.compat.config.Change@335a987
10-24 21:41:45.659 1637 1637 D CompatConfig: Adding: com.android.server.compat.config.Change@cea80b4
10-24 21:41:45.659 1637 1637 D CompatConfig: Adding: com.android.server.compat.config.Change@247d4dd
10-24 21:41:45.659 1637 1637 D CompatConfig: Adding: com.android.server.compat.config.Change@b5f2852
10-24 21:41:45.659 1637 1637 D CompatConfig: Adding: com.android.server.compat.config.Change@7395723
10-24 21:41:45.659 1637 1637 D CompatConfig: Adding: com.android.server.compat.config.Change@408f420
10-24 21:41:45.659 1637 1637 D CompatConfig: Adding: com.android.server.compat.config.Change@2f1e1d9
10-24 21:41:45.659 1637 1637 D CompatConfig: Adding: com.android.server.compat.config.Change@aa3779e
10-24 21:41:45.659 1637 1637 D CompatConfig: Adding: com.android.server.compat.config.Change@840427f
10-24 21:41:45.659 1637 1637 D CompatConfig: Adding: com.android.server.compat.config.Change@4d9324c
10-24 21:41:45.659 1637 1637 D CompatConfig: Adding: com.android.server.compat.config.Change@95c295
10-24 21:41:45.659 1637 1637 D CompatConfig: Adding: com.android.server.compat.config.Change@54b6faa
10-24 21:41:45.659 1637 1637 D CompatConfig: Adding: com.android.server.compat.config.Change@4a0879b
10-24 21:41:45.659 1637 1637 D CompatConfig: Adding: com.android.server.compat.config.Change@e8d2738
10-24 21:41:45.659 1637 1637 D CompatConfig: Adding: com.android.server.compat.config.Change@15cf311
10-24 21:41:45.659 1637 1637 D CompatConfig: Adding: com.android.server.compat.config.Change@6c8dc76
10-24 21:41:45.659 1637 1637 D CompatConfig: Adding: com.android.server.compat.config.Change@ff60277
10-24 21:41:45.659 1637 1637 D CompatConfig: Adding: com.android.server.compat.config.Change@f897ee4
10-24 21:41:45.659 1637 1637 D CompatConfig: Adding: com.android.server.compat.config.Change@a8caf4d
10-24 21:41:45.659 1637 1637 D CompatConfig: Adding: com.android.server.compat.config.Change@dde4a02
10-24 21:41:45.659 1637 1637 D CompatConfig: Adding: com.android.server.compat.config.Change@1be4f13
10-24 21:41:45.659 1637 1637 D CompatConfig: Adding: com.android.server.compat.config.Change@5d1a550
10-24 21:41:45.659 1637 1637 D CompatConfig: Adding: com.android.server.compat.config.Change@681f349
10-24 21:41:45.659 1637 1637 D CompatConfig: Adding: com.android.server.compat.config.Change@eb044e
10-24 21:41:45.659 1637 1637 D CompatConfig: Adding: com.android.server.compat.config.Change@1b4c96f
10-24 21:41:45.659 1637 1637 D CompatConfig: Adding: com.android.server.compat.config.Change@a33c67c
10-24 21:41:45.659 1637 1637 D CompatConfig: Adding: com.android.server.compat.config.Change@e6d7b05
10-24 21:41:45.659 1637 1637 D CompatConfig: Adding: com.android.server.compat.config.Change@af7175a
10-24 21:41:45.659 1637 1637 D CompatConfig: Adding: com.android.server.compat.config.Change@dee8d8b
10-24 21:41:45.659 1637 1637 D CompatConfig: Adding: com.android.server.compat.config.Change@234ce68
10-24 21:41:45.659 1637 1637 D CompatConfig: Adding: com.android.server.compat.config.Change@3cfc281
10-24 21:41:45.659 1637 1637 D CompatConfig: Adding: com.android.server.compat.config.Change@d7f4f26
10-24 21:41:45.659 1637 1637 D CompatConfig: Adding: com.android.server.compat.config.Change@6b67767
10-24 21:41:45.659 1637 1637 D CompatConfig: Adding: com.android.server.compat.config.Change@4bc6914
10-24 21:41:45.659 1637 1637 D CompatConfig: Adding: com.android.server.compat.config.Change@5b505bd
10-24 21:41:45.660 1637 1637 D CompatConfig: Adding: com.android.server.compat.config.Change@30137b2
10-24 21:41:45.660 1637 1637 D CompatConfig: Adding: com.android.server.compat.config.Change@c292303
10-24 21:41:45.660 1637 1637 D CompatConfig: Adding: com.android.server.compat.config.Change@d810280
10-24 21:41:45.660 1637 1637 D CompatConfig: Adding: com.android.server.compat.config.Change@db140b9
10-24 21:41:45.660 1637 1637 D CompatConfig: Adding: com.android.server.compat.config.Change@e471cfe
10-24 21:41:45.660 1637 1637 D CompatConfig: Adding: com.android.server.compat.config.Change@990ec5f
10-24 21:41:45.660 1637 1637 D CompatConfig: Adding: com.android.server.compat.config.Change@b33c6ac
10-24 21:41:45.660 1637 1637 D CompatConfig: Adding: com.android.server.compat.config.Change@9c2f75
10-24 21:41:45.660 1637 1637 D CompatConfig: Adding: com.android.server.compat.config.Change@2740b0a
10-24 21:41:45.660 1637 1637 D CompatConfig: Adding: com.android.server.compat.config.Change@a81ef7b
10-24 21:41:45.660 1637 1637 D CompatConfig: Adding: com.android.server.compat.config.Change@46ca198
10-24 21:41:45.660 1637 1637 D CompatConfig: Adding: com.android.server.compat.config.Change@f0d4df1
10-24 21:41:45.660 1637 1637 D CompatConfig: Adding: com.android.server.compat.config.Change@fcfcdd6
10-24 21:41:45.660 1637 1637 D CompatConfig: Adding: com.android.server.compat.config.Change@5b60857
10-24 21:41:45.660 1637 1637 D CompatConfig: Adding: com.android.server.compat.config.Change@f563f44
10-24 21:41:45.660 1637 1637 D CompatConfig: Adding: com.android.server.compat.config.Change@197d82d
10-24 21:41:45.660 1637 1637 D CompatConfig: Adding: com.android.server.compat.config.Change@152f162
10-24 21:41:45.660 1637 1637 D CompatConfig: Adding: com.android.server.compat.config.Change@9a8d2f3
10-24 21:41:45.660 1637 1637 D CompatConfig: Adding: com.android.server.compat.config.Change@81a0bb0
10-24 21:41:45.660 1637 1637 D CompatConfig: Adding: com.android.server.compat.config.Change@cc6ca29
10-24 21:41:45.660 1637 1637 D CompatConfig: Adding: com.android.server.compat.config.Change@6f2c1ae
10-24 21:41:45.660 1637 1637 D CompatConfig: Adding: com.android.server.compat.config.Change@6f3ab4f
10-24 21:41:45.660 1637 1637 D CompatConfig: Adding: com.android.server.compat.config.Change@20c32dc
10-24 21:41:45.660 1637 1637 D CompatConfig: Adding: com.android.server.compat.config.Change@8d8dfe5
10-24 21:41:45.660 1637 1637 D CompatConfig: Adding: com.android.server.compat.config.Change@8ad4aba
10-24 21:41:45.660 1637 1637 D CompatConfig: Adding: com.android.server.compat.config.Change@469ad6b
10-24 21:41:45.660 1637 1637 D CompatConfig: Adding: com.android.server.compat.config.Change@f97a0c8
10-24 21:41:45.660 1637 1637 D CompatConfig: Adding: com.android.server.compat.config.Change@93c9561
10-24 21:41:45.660 1637 1637 D CompatConfig: Adding: com.android.server.compat.config.Change@e555886
10-24 21:41:45.660 1637 1637 D CompatConfig: Adding: com.android.server.compat.config.Change@8f3b547
10-24 21:41:45.660 1637 1637 D CompatConfig: Adding: com.android.server.compat.config.Change@cea0174
10-24 21:41:45.660 1637 1637 D CompatConfig: Adding: com.android.server.compat.config.Change@fcc269d
10-24 21:41:45.660 1637 1637 D CompatConfig: Adding: com.android.server.compat.config.Change@81e7712
10-24 21:41:45.660 1637 1637 D CompatConfig: Adding: com.android.server.compat.config.Change@72c5ee3
10-24 21:41:45.660 1637 1637 D CompatConfig: Adding: com.android.server.compat.config.Change@95fc0e0
10-24 21:41:45.660 1637 1637 D CompatConfig: Adding: com.android.server.compat.config.Change@7c98f99
10-24 21:41:45.660 1637 1637 D CompatConfig: Adding: com.android.server.compat.config.Change@3e8f25e
10-24 21:41:45.660 1637 1637 D CompatConfig: Adding: com.android.server.compat.config.Change@6bc063f
10-24 21:41:45.660 1637 1637 D CompatConfig: Adding: com.android.server.compat.config.Change@bb00b0c
10-24 21:41:45.660 1637 1637 D CompatConfig: Adding: com.android.server.compat.config.Change@49a8c55
10-24 21:41:45.660 1637 1637 D CompatConfig: Adding: com.android.server.compat.config.Change@b4dd66a
10-24 21:41:45.660 1637 1765 I SystemConfig: Reading permissions from /system/etc/permissions/privapp-permissions-google.xml
10-24 21:41:45.660 1637 1637 D CompatConfig: Found a config file: /system/etc/compatconfig/documents-ui-compat-config.xml
10-24 21:41:45.660 1637 1637 D CompatConfig: Adding: com.android.server.compat.config.Change@4498d1
10-24 21:41:45.660 1637 1765 I SystemConfig: Reading permissions from /system/etc/permissions/org.apache.http.legacy.xml
10-24 21:41:45.661 1637 1637 D CompatConfig: Found a config file: /system/etc/compatconfig/contacts-provider-platform-compat-config.xml
10-24 21:41:45.661 1637 1765 I SystemConfig: Reading permissions from /system/etc/permissions/javax.obex.xml
10-24 21:41:45.661 1637 1637 D CompatConfig: Found a config file: /system/etc/compatconfig/calendar-provider-compat-config.xml
10-24 21:41:45.661 1637 1765 I SystemConfig: Reading permissions from /system/etc/permissions/com.android.nfc_extras.xml
10-24 21:41:45.661 1637 1637 D CompatConfig: Adding: com.android.server.compat.config.Change@b62c6d3
10-24 21:41:45.661 1637 1765 I SystemConfig: Reading permissions from /system/etc/permissions/com.android.mediadrm.signer.xml
10-24 21:41:45.661 1637 1637 D CompatConfig: Found a config file: /system/etc/compatconfig/TeleService-platform-compat-config.xml
10-24 21:41:45.662 1637 1637 D CompatConfig: Adding: com.android.server.compat.config.Change@2e4af0e
10-24 21:41:45.662 1637 1637 D CompatConfig: Adding: com.android.server.compat.config.Change@b88fd2f
10-24 21:41:45.662 1637 1637 D CompatConfig: Adding: com.android.server.compat.config.Change@7d24f3c
10-24 21:41:45.662 1637 1637 D CompatConfig: Adding: com.android.server.compat.config.Change@d1834c5
10-24 21:41:45.662 1637 1637 D CompatConfig: Adding: com.android.server.compat.config.Change@1323d4b
10-24 21:41:45.662 1637 1637 D CompatConfig: Adding: com.android.server.compat.config.Change@4132328
10-24 21:41:45.662 1637 1765 I SystemConfig: Reading permissions from /system/etc/permissions/com.android.media.remotedisplay.xml
10-24 21:41:45.662 1637 1765 I SystemConfig: Reading permissions from /system/etc/permissions/com.android.location.provider.xml
10-24 21:41:45.662 1637 1765 I SystemConfig: Reading permissions from /system/etc/permissions/com.android.intentresolver.xml
10-24 21:41:45.662 1637 1637 D CompatConfig: Found a config file: /system/system_ext/etc/compatconfig/settings-platform-compat-config.xml
10-24 21:41:45.662 1637 1637 D CompatConfig: Adding: com.android.server.compat.config.Change@d0b49d4
10-24 21:41:45.662 1270 1513 I CHRE : @ 1.235: CHPP GNSS: RX RESET packet seq=0 err=0
10-24 21:41:45.662 1637 1765 I SystemConfig: Reading permissions from /system/etc/permissions/com.android.future.usb.accessory.xml
10-24 21:41:45.662 1270 1513 I CHRE : @ 1.235: CHPP GNSS: Enqueue TX: code=0x20(RESET-ACK) len=10 pending=1
10-24 21:41:45.662 1270 1513 I CHRE : @ 1.235: CHPP GNSS: Enqueue TX: len=6 H#15 type=0x0 ID=0 err=0 cmd=0x1 pending=2
10-24 21:41:45.663 1270 1513 I CHRE : @ 1.236: CHPP GNSS: RX RESET-ACK packet seq=0
10-24 21:41:45.663 1270 1513 E CHRE : @ 1.236: CHPP GNSS: Unexpected reset-ack seq=0 code=0x20
10-24 21:41:45.663 1637 1765 I SystemConfig: Reading permissions from /system/etc/permissions/android.test.runner.xml
10-24 21:41:45.663 1637 1765 I SystemConfig: Reading permissions from /system/etc/permissions/android.test.mock.xml
10-24 21:41:45.663 1637 1637 D ApexManagerTiming: getActiveApexInfos_noCache
10-24 21:41:45.663 1637 1765 I SystemConfig: Reading permissions from /system/etc/permissions/android.test.base.xml
10-24 21:41:45.664 1637 1765 I SystemConfig: Reading permissions from /system/etc/permissions/android.software.webview.xml
10-24 21:41:45.664 1637 1765 I SystemConfig: Reading permissions from /system/etc/permissions/android.software.live_wallpaper.xml
10-24 21:41:45.664 1637 1765 I SystemConfig: Reading permissions from /system/etc/permissions/platform.xml
10-24 21:41:45.666 1637 1765 I SystemConfig: Reading permissions from /vendor/etc/sysconfig/component-overrides.xml
10-24 21:41:45.666 1637 1637 D CompatConfig: No directory /apex/com.android.media/etc/compatconfig, skipping
10-24 21:41:45.666 1637 1637 D CompatConfig: No directory /apex/com.android.apex.cts.shim/etc/compatconfig, skipping
10-24 21:41:45.666 1637 1637 D CompatConfig: No directory /apex/com.android.extservices/etc/compatconfig, skipping
10-24 21:41:45.666 1637 1637 D CompatConfig: No directory /apex/com.android.conscrypt/etc/compatconfig, skipping
10-24 21:41:45.666 1637 1637 D CompatConfig: No directory /apex/com.android.appsearch/etc/compatconfig, skipping
10-24 21:41:45.666 1637 1765 I SystemConfig: Reading permissions from /vendor/etc/permissions/vendor.android.hardware.camera.preview-dis.xml
10-24 21:41:45.666 1637 1637 D CompatConfig: Found a config file: /apex/com.android.tethering/etc/compatconfig/connectivity-platform-compat-config.xml
10-24 21:41:45.667 1637 1765 I SystemConfig: Reading permissions from /vendor/etc/permissions/handheld_core_hardware.xml
10-24 21:41:45.667 1637 1637 D CompatConfig: Adding: com.android.server.compat.config.Change@86ec71b
10-24 21:41:45.667 1637 1637 D CompatConfig: Adding: com.android.server.compat.config.Change@1b730b8
10-24 21:41:45.667 1637 1637 D CompatConfig: Adding: com.android.server.compat.config.Change@227fe91
10-24 21:41:45.667 1637 1637 D CompatConfig: Adding: com.android.server.compat.config.Change@fbdc1f6
10-24 21:41:45.667 1637 1637 D CompatConfig: Adding: com.android.server.compat.config.Change@f28b9f7
10-24 21:41:45.667 1637 1637 D CompatConfig: Adding: com.android.server.compat.config.Change@90aa064
10-24 21:41:45.667 1637 1637 D CompatConfig: Adding: com.android.server.compat.config.Change@7bcf2cd
10-24 21:41:45.667 1637 1765 I SystemConfig: Reading permissions from /vendor/etc/permissions/com.nxp.mifare.xml
10-24 21:41:45.667 1637 1765 I SystemConfig: Reading permissions from /vendor/etc/permissions/com.google.android.camera.experimental2021.xml
10-24 21:41:45.667 1637 1637 D CompatConfig: Found a config file: /apex/com.android.permission/etc/compatconfig/framework-permission-s-compat-config.xml
10-24 21:41:45.667 1637 1765 I SystemConfig: Reading permissions from /vendor/etc/permissions/android.software.vulkan.deqp.level.xml
10-24 21:41:45.668 1637 1637 D CompatConfig: Adding: com.android.server.compat.config.Change@be719ce
10-24 21:41:45.668 1637 1765 I SystemConfig: Reading permissions from /vendor/etc/permissions/android.software.verified_boot.xml
10-24 21:41:45.668 1637 1765 I SystemConfig: Reading permissions from /vendor/etc/permissions/android.software.opengles.deqp.level.xml
10-24 21:41:45.668 1270 1513 I CHRE : @ 1.241: CHPP GNSS: Discovered 1 services
10-24 21:41:45.668 1637 1637 D CompatConfig: No directory /apex/com.android.scheduling/etc/compatconfig, skipping
10-24 21:41:45.668 1637 1637 D CompatConfig: No directory /apex/com.android.compos/etc/compatconfig, skipping
10-24 21:41:45.668 1637 1637 D CompatConfig: No directory /apex/com.android.uwb/etc/compatconfig, skipping
10-24 21:41:45.668 1637 1637 D CompatConfig: No directory /apex/com.google.mainline.primary.libs/etc/compatconfig, skipping
10-24 21:41:45.668 1270 1513 I CHRE : @ 1.241: CHRE: Measuring timesync t=1241
10-24 21:41:45.668 1637 1765 I SystemConfig: Reading permissions from /vendor/etc/permissions/android.software.midi.xml
10-24 21:41:45.668 1637 1637 D CompatConfig: Found a config file: /apex/com.android.btservices/etc/compatconfig/bluetooth-compat-config.xml
10-24 21:41:45.668 1270 1513 I CHRE : @ 1.241: CHRE: Enqueue TX: len=6 H#2 type=0x0 ID=0 err=0 cmd=0x1 pending=1
10-24 21:41:45.668 1637 1765 I SystemConfig: Reading permissions from /vendor/etc/permissions/android.software.ipsec_tunnels.xml
10-24 21:41:45.669 1637 1637 D CompatConfig: Adding: com.android.server.compat.config.Change@6b437e8
10-24 21:41:45.669 1270 1513 I CHRE : @ 1.242: CHRE: Enqueue TX: len=6 H#16 type=0x0 ID=0 err=0 cmd=0x0 pending=2
10-24 21:41:45.669 1637 1765 I SystemConfig: Reading permissions from /vendor/etc/permissions/android.software.device_id_attestation.xml
10-24 21:41:45.669 1637 1637 D CompatConfig: No directory /apex/com.android.ipsec/etc/compatconfig, skipping
10-24 21:41:45.669 1637 1637 D CompatConfig: No directory /apex/com.android.os.statsd/etc/compatconfig, skipping
10-24 21:41:45.669 1637 1637 D CompatConfig: No directory /apex/com.android.ondevicepersonalization/etc/compatconfig, skipping
10-24 21:41:45.669 1637 1637 D CompatConfig: No directory /apex/com.android.media.swcodec/etc/compatconfig, skipping
10-24 21:41:45.669 1637 1765 I SystemConfig: Reading permissions from /vendor/etc/permissions/android.hardware.wifi.xml
10-24 21:41:45.669 1637 1637 D CompatConfig: No directory /apex/com.android.vndk.v33/etc/compatconfig, skipping
10-24 21:41:45.669 1637 1765 I SystemConfig: Reading permissions from /vendor/etc/permissions/android.hardware.wifi.rtt.xml
10-24 21:41:45.669 1637 1637 D CompatConfig: Found a config file: /apex/com.android.mediaprovider/etc/compatconfig/framework-pdf-v-platform-compat-config.xml
10-24 21:41:45.669 1637 1765 I SystemConfig: Reading permissions from /vendor/etc/permissions/android.hardware.wifi.passpoint.xml
10-24 21:41:45.669 1637 1637 D CompatConfig: Adding: com.android.server.compat.config.Change@9c95532
10-24 21:41:45.670 1637 1637 D CompatConfig: Found a config file: /apex/com.android.mediaprovider/etc/compatconfig/media-provider-platform-compat-config.xml
10-24 21:41:45.670 1637 1765 I SystemConfig: Reading permissions from /vendor/etc/permissions/android.hardware.wifi.direct.xml
10-24 21:41:45.670 1637 1765 I SystemConfig: Reading permissions from /vendor/etc/permissions/android.hardware.wifi.aware.xml
10-24 21:41:45.670 1637 1637 D CompatConfig: Adding: com.android.server.compat.config.Change@933927e
10-24 21:41:45.670 1637 1637 D CompatConfig: Adding: com.android.server.compat.config.Change@d0bf3df
10-24 21:41:45.670 1637 1637 D CompatConfig: Adding: com.android.server.compat.config.Change@fdef82c
10-24 21:41:45.670 1637 1637 D CompatConfig: Adding: com.android.server.compat.config.Change@f9542f5
10-24 21:41:45.670 1637 1637 D CompatConfig: Adding: com.android.server.compat.config.Change@b72588a
10-24 21:41:45.670 1637 1637 D CompatConfig: Adding: com.android.server.compat.config.Change@b65eefb
10-24 21:41:45.670 1637 1637 D CompatConfig: Adding: com.android.server.compat.config.Change@a596b18
10-24 21:41:45.670 531 531 I hwservicemanager: Notifying android.hardware.atrace@1.0::IAtraceDevice/default they have clients: 1
10-24 21:41:45.670 1315 1315 I HidlLazyUtils: Process has 1 (of 1 available) client(s) in use after notification android.hardware.atrace@1.0::IAtraceDevice/default has clients: 1
10-24 21:41:45.670 1637 1637 D CompatConfig: No directory /apex/com.android.adservices/etc/compatconfig, skipping
10-24 21:41:45.670 1637 1637 D CompatConfig: No directory /apex/com.android.resolv/etc/compatconfig, skipping
10-24 21:41:45.670 1637 1765 I SystemConfig: Reading permissions from /vendor/etc/permissions/android.hardware.vulkan.version.xml
10-24 21:41:45.670 1637 1637 D CompatConfig: No directory /apex/com.android.cellbroadcast/etc/compatconfig, skipping
10-24 21:41:45.670 1270 1513 I CHRE : @ 1.243: CHPP GNSS: Timesync RTT=1 correction=17648 offset=17648 t=1243
10-24 21:41:45.671 1637 1765 I SystemConfig: Reading permissions from /vendor/etc/permissions/android.hardware.vulkan.level.xml
10-24 21:41:45.671 1637 1637 D CompatConfig: Found a config file: /apex/com.android.wifi/etc/compatconfig/wifi-compat-config.xml
