10-24 21:41:49.047 1637 2132 E StatsCompanionService: at android.os.HandlerThread.run(HandlerThread.java:67)
10-24 21:41:49.048 2122 2122 I WebViewZygoteInit: Beginning application preload for com.google.android.webview
10-24 21:41:49.048 2122 2122 W ziparchive: Unable to open '/data/app/~~C25frjSHJD_wd1ZSt1ZfwQ==/com.google.android.trichromelibrary_666810033-MLhUIMyNT4-Mco-gFfDAYA==/base.dm': No such file or directory
10-24 21:41:49.048 2122 2122 W ziparchive: Unable to open '/data/app/~~C25frjSHJD_wd1ZSt1ZfwQ==/com.google.android.trichromelibrary_666810033-MLhUIMyNT4-Mco-gFfDAYA==/base.dm': No such file or directory
10-24 21:41:49.048 2122 2122 W webview_zygote: Entry not found
10-24 21:41:49.048 1637 1840 D CompatibilityChangeReporter: Compat change id reported: 168419799; UID 1073; state: DISABLED
10-24 21:41:49.048 2122 2122 D nativeloader: Configuring clns-4 for other apk /data/app/~~C25frjSHJD_wd1ZSt1ZfwQ==/com.google.android.trichromelibrary_666810033-MLhUIMyNT4-Mco-gFfDAYA==/base.apk. target_sdk_version=34, uses_libraries=ALL, library_path=/data/app/~~PfPBscyucqTi9jRuMzNghg==/com.google.android.webview-_DPW-uqDpJKBf586imRplg==/lib/arm64:/data/app/~~PfPBscyucqTi9jRuMzNghg==/com.google.android.webview-_DPW-uqDpJKBf586imRplg==/base.apk!/lib/arm64-v8a:/data/app/~~C25frjSHJD_wd1ZSt1ZfwQ==/com.google.android.trichromelibrary_666810033-MLhUIMyNT4-Mco-gFfDAYA==/base.apk!/lib/arm64-v8a, permitted_path=/data:/mnt/expand
10-24 21:41:49.050 1637 1840 D CompatibilityChangeReporter: Compat change id reported: 168419799; UID 1073; state: DISABLED
10-24 21:41:49.050 2122 2122 D nativeloader: Configuring clns-5 for other apk /data/app/~~PfPBscyucqTi9jRuMzNghg==/com.google.android.webview-_DPW-uqDpJKBf586imRplg==/base.apk. target_sdk_version=34, uses_libraries=, library_path=/data/app/~~PfPBscyucqTi9jRuMzNghg==/com.google.android.webview-_DPW-uqDpJKBf586imRplg==/lib/arm64:/data/app/~~PfPBscyucqTi9jRuMzNghg==/com.google.android.webview-_DPW-uqDpJKBf586imRplg==/base.apk!/lib/arm64-v8a:/data/app/~~C25frjSHJD_wd1ZSt1ZfwQ==/com.google.android.trichromelibrary_666810033-MLhUIMyNT4-Mco-gFfDAYA==/base.apk!/lib/arm64-v8a, permitted_path=/data:/mnt/expand
10-24 21:41:49.050 1197 1250 I Codec2InfoBuilder: adding type 'video/mp4v-es'
10-24 21:41:49.051 587 721 D BootAnimation: Playing files = /product/media/bootanimation-dark.zip/part2, Requested repeat = 180, playUntilComplete = false
10-24 21:41:49.052 1042 2160 W libc : Access denied finding property "vendor.debug.c2.level"
10-24 21:41:49.052 1042 2160 W libc : Access denied finding property "vendor.debug.c2.level"
10-24 21:41:49.052 1042 2160 W ColorUtils: expected specified color aspects (0:0:0:0)
10-24 21:41:49.053 1042 2160 I samsung.hardware.media.c2@1.0-service: missing struct descriptor #Param::CoreIndex(--004) for field values of struct #Param::CoreIndex(F-12004)
10-24 21:41:49.053 1042 2160 I samsung.hardware.media.c2@1.0-service: missing struct descriptor #Param::CoreIndex(--1812) for field values of struct #Param::CoreIndex(F-11812)
10-24 21:41:49.053 1197 1250 I Codec2InfoBuilder: adding type 'video/mp4v-es'
10-24 21:41:49.054 2146 2146 D CompatibilityChangeReporter: Compat change id reported: 171979766; UID 1073; state: ENABLED
10-24 21:41:49.055 1042 1042 W libc : Access denied finding property "vendor.debug.c2.level"
10-24 21:41:49.055 1042 1042 W libc : Access denied finding property "vendor.debug.c2.level"
10-24 21:41:49.056 971 971 D Zygote : Forked child process 2164
10-24 21:41:49.052 1042 1042 W HwBinder:1042_5: type=1400 audit(0.0:94): avc: denied { read } for name="u:object_r:vendor_codec2_debug_prop:s0" dev="tmpfs" ino=333 scontext=u:r:mediacodec:s0 tcontext=u:object_r:vendor_codec2_debug_prop:s0 tclass=file permissive=0
10-24 21:41:49.052 1042 1042 W HwBinder:1042_5: type=1400 audit(0.0:95): avc: denied { read } for name="u:object_r:vendor_codec2_debug_prop:s0" dev="tmpfs" ino=333 scontext=u:r:mediacodec:s0 tcontext=u:object_r:vendor_codec2_debug_prop:s0 tclass=file permissive=0
10-24 21:41:49.056 1637 1771 I ActivityManager: Start proc 2164:com.google.android.permissioncontroller/u0a243 for service {com.google.android.permissioncontroller/com.android.role.controller.service.RoleControllerServiceImpl}
10-24 21:41:49.057 1042 1042 I samsung.hardware.media.c2@1.0-service: missing struct descriptor #Param::CoreIndex(--002) for field mastering of struct #Param::CoreIndex(--180a)
10-24 21:41:49.057 1042 1042 I samsung.hardware.media.c2@1.0-service: missing struct descriptor #Param::CoreIndex(--002) for field mastering of struct #Param::CoreIndex(--180a)
10-24 21:41:49.057 1042 1042 W ColorUtils: expected specified color aspects (0:0:0:0)
10-24 21:41:49.052 1042 1042 W samsung.hardwar: type=1400 audit(0.0:96): avc: denied { read } for name="u:object_r:vendor_codec2_debug_prop:s0" dev="tmpfs" ino=333 scontext=u:r:mediacodec:s0 tcontext=u:object_r:vendor_codec2_debug_prop:s0 tclass=file permissive=0
10-24 21:41:49.052 1042 1042 W samsung.hardwar: type=1400 audit(0.0:97): avc: denied { read } for name="u:object_r:vendor_codec2_debug_prop:s0" dev="tmpfs" ino=333 scontext=u:r:mediacodec:s0 tcontext=u:object_r:vendor_codec2_debug_prop:s0 tclass=file permissive=0
10-24 21:41:49.131 1637 2054 D CCodecConfig: c2::u32 coded.bitrate.value = 64000
10-24 21:41:49.131 1637 2054 D CCodecConfig: c2::u32 input.buffers.max-size.value = 32768
10-24 21:41:49.131 1637 2054 D CCodecConfig: c2::u32 input.delay.value = 0
10-24 21:41:49.131 1637 2054 D CCodecConfig: string input.media-type.value = "audio/vorbis"
10-24 21:41:49.131 1637 2054 D CCodecConfig: string output.media-type.value = "audio/raw"
10-24 21:41:49.131 1637 2054 D CCodecConfig: c2::u32 raw.channel-count.value = 1
10-24 21:41:49.131 1637 2054 D CCodecConfig: c2::u32 raw.sample-rate.value = 48000
10-24 21:41:49.131 1637 2054 D CCodecConfig: }
10-24 21:41:49.131 1637 2055 D CCodecConfig: c2 config diff is c2::u32 coded.bitrate.value = 239920
10-24 21:41:49.131 2164 2164 D NetworkSecurityConfig: No Network Security Config specified, using platform default
10-24 21:41:49.131 2164 2164 D NetworkSecurityConfig: No Network Security Config specified, using platform default
10-24 21:41:49.131 1637 2054 D MediaCodec: flushMediametrics
10-24 21:41:49.131 1637 2054 D CCodec : [c2.android.vorbis.decoder] buffers are bound to CCodec for this session
10-24 21:41:49.131 1637 2054 D CCodecConfig: no c2 equivalents for durationUs
10-24 21:41:49.131 1637 2054 D CCodecConfig: no c2 equivalents for track-id
10-24 21:41:49.131 1637 2054 D CCodecConfig: no c2 equivalents for csd-1
10-24 21:41:49.131 1637 2054 D CCodecConfig: no c2 equivalents for flags
10-24 21:41:49.131 1637 2055 W Codec2Client: query -- param skipped: index = 1107298332.
10-24 21:41:49.131 1637 2055 D CCodec : encoding statistics level = 0
10-24 21:41:49.131 1637 2055 D CCodec : setup formats input: AMessage(what = 0x00000000) = {
10-24 21:41:49.131 1637 2055 D CCodec : int32_t bitrate = 239920
10-24 21:41:49.131 1637 2055 D CCodec : int32_t channel-count = 1
10-24 21:41:49.131 1637 2055 D CCodec : int32_t max-input-size = 32768
10-24 21:41:49.131 1637 2055 D CCodec : string mime = "audio/vorbis"
10-24 21:41:49.131 1637 2055 D CCodec : int32_t sample-rate = 48000
10-24 21:41:49.131 1637 2055 D CCodec : }
10-24 21:41:49.131 1637 2055 D CCodec : setup formats output: AMessage(what = 0x00000000) = {
10-24 21:41:49.131 1637 2055 D CCodec : int32_t channel-count = 1
10-24 21:41:49.131 1637 2055 D CCodec : string mime = "audio/raw"
10-24 21:41:49.131 1637 2055 D CCodec : int32_t sample-rate = 48000
10-24 21:41:49.131 1637 2055 D CCodec : int32_t channel-mask = 1
10-24 21:41:49.131 1637 2055 D CCodec : int32_t android._config-pcm-encoding = 2
10-24 21:41:49.131 1637 2055 D CCodec : }
10-24 21:41:49.131 1637 2055 I CCodecConfig: query failed after returning 7 values (BAD_INDEX)
10-24 21:41:49.132 1637 2054 D CCodecConfig: c2 config diff is c2::u32 coded.bitrate.value = 224000
10-24 21:41:49.132 1637 2054 D CCodecConfig: c2::u32 raw.channel-count.value = 2
10-24 21:41:49.132 1637 2055 W Codec2Client: query -- param skipped: index = 1342179345.
10-24 21:41:49.132 1637 2055 W Codec2Client: query -- param skipped: index = 2415921170.
10-24 21:41:49.132 1637 2054 W Codec2Client: query -- param skipped: index = 1107298332.
10-24 21:41:49.132 1637 2054 D CCodec : encoding statistics level = 0
10-24 21:41:49.132 1637 2054 D CCodec : setup formats input: AMessage(what = 0x00000000) = {
10-24 21:41:49.132 1637 2054 D CCodec : int32_t bitrate = 224000
10-24 21:41:49.132 1637 2054 D CCodec : int32_t channel-count = 2
10-24 21:41:49.132 1637 2054 D CCodec : int32_t max-input-size = 32768
10-24 21:41:49.132 1637 2054 D CCodec : string mime = "audio/vorbis"
10-24 21:41:49.132 1637 2054 D CCodec : int32_t sample-rate = 48000
10-24 21:41:49.132 1637 2054 D CCodec : }
10-24 21:41:49.132 1637 2054 D CCodec : setup formats output: AMessage(what = 0x00000000) = {
10-24 21:41:49.132 1637 2054 D CCodec : int32_t channel-count = 2
10-24 21:41:49.058 1197 1250 I Codec2InfoBuilder: adding type 'video/x-vnd.on2.vp8'
10-24 21:41:49.059 2122 2122 D nativeloader: Load /data/app/~~C25frjSHJD_wd1ZSt1ZfwQ==/com.google.android.trichromelibrary_666810033-MLhUIMyNT4-Mco-gFfDAYA==/base.apk!/lib/arm64-v8a/libmonochrome_64.so using ns clns-5 from class loader (caller=/data/app/~~PfPBscyucqTi9jRuMzNghg==/com.google.android.webview-_DPW-uqDpJKBf586imRplg==/base.apk): ok
10-24 21:41:49.059 1042 2152 W libc : Access denied finding property "vendor.debug.c2.level"
10-24 21:41:49.059 1042 2152 W libc : Access denied finding property "vendor.debug.c2.level"
10-24 21:41:49.056 1042 1042 W HwBinder:1042_4: type=1400 audit(0.0:98): avc: denied { read } for name="u:object_r:vendor_codec2_debug_prop:s0" dev="tmpfs" ino=333 scontext=u:r:mediacodec:s0 tcontext=u:object_r:vendor_codec2_debug_prop:s0 tclass=file permissive=0
10-24 21:41:49.056 1042 1042 W HwBinder:1042_4: type=1400 audit(0.0:99): avc: denied { read } for name="u:object_r:vendor_codec2_debug_prop:s0" dev="tmpfs" ino=333 scontext=u:r:mediacodec:s0 tcontext=u:object_r:vendor_codec2_debug_prop:s0 tclass=file permissive=0
10-24 21:41:49.059 1042 2152 W ColorUtils: expected specified color aspects (0:0:0:0)
10-24 21:41:49.060 1042 2152 I samsung.hardware.media.c2@1.0-service: missing struct descriptor #Param::CoreIndex(--1812) for field values of struct #Param::CoreIndex(F-11812)
10-24 21:41:49.060 1197 1250 I Codec2InfoBuilder: adding type 'video/x-vnd.on2.vp8'
10-24 21:41:49.060 1042 1042 W HwBinder:1042_1: type=1400 audit(0.0:100): avc: denied { read } for name="u:object_r:vendor_codec2_debug_prop:s0" dev="tmpfs" ino=333 scontext=u:r:mediacodec:s0 tcontext=u:object_r:vendor_codec2_debug_prop:s0 tclass=file permissive=0
10-24 21:41:49.060 1042 1042 W HwBinder:1042_1: type=1400 audit(0.0:101): avc: denied { read } for name="u:object_r:vendor_codec2_debug_prop:s0" dev="tmpfs" ino=333 scontext=u:r:mediacodec:s0 tcontext=u:object_r:vendor_codec2_debug_prop:s0 tclass=file permissive=0
10-24 21:41:49.061 1042 1099 W libc : Access denied finding property "vendor.debug.c2.level"
10-24 21:41:49.061 1042 1099 W libc : Access denied finding property "vendor.debug.c2.level"
10-24 21:41:49.062 1042 1099 I samsung.hardware.media.c2@1.0-service: missing struct descriptor #Param::CoreIndex(--002) for field mastering of struct #Param::CoreIndex(--180a)
10-24 21:41:49.062 1042 1099 I samsung.hardware.media.c2@1.0-service: missing struct descriptor #Param::CoreIndex(--002) for field mastering of struct #Param::CoreIndex(--180a)
10-24 21:41:49.062 1042 1099 W ColorUtils: expected specified color aspects (0:0:0:0)
10-24 21:41:49.063 1197 1250 I Codec2InfoBuilder: adding type 'video/x-vnd.on2.vp9'
10-24 21:41:49.064 1042 1042 W HwBinder:1042_1: type=1400 audit(0.0:102): avc: denied { read } for name="u:object_r:vendor_codec2_debug_prop:s0" dev="tmpfs" ino=333 scontext=u:r:mediacodec:s0 tcontext=u:object_r:vendor_codec2_debug_prop:s0 tclass=file permissive=0
10-24 21:41:49.064 1042 1042 W HwBinder:1042_1: type=1400 audit(0.0:103): avc: denied { read } for name="u:object_r:vendor_codec2_debug_prop:s0" dev="tmpfs" ino=333 scontext=u:r:mediacodec:s0 tcontext=u:object_r:vendor_codec2_debug_prop:s0 tclass=file permissive=0
10-24 21:41:49.064 1042 1099 W libc : Access denied finding property "vendor.debug.c2.level"
10-24 21:41:49.064 1042 1099 W libc : Access denied finding property "vendor.debug.c2.level"
10-24 21:41:49.064 1042 1099 I samsung.hardware.media.c2@1.0-service: missing struct descriptor #Param::CoreIndex(--002) for field mastering of struct #Param::CoreIndex(--180a)
10-24 21:41:49.064 1042 1099 I samsung.hardware.media.c2@1.0-service: missing struct descriptor #Param::CoreIndex(--002) for field mastering of struct #Param::CoreIndex(--180a)
10-24 21:41:49.064 1042 1099 W ColorUtils: expected specified color aspects (0:0:0:0)
10-24 21:41:49.065 1197 1250 I Codec2InfoBuilder: adding type 'video/x-vnd.on2.vp9'
10-24 21:41:49.065 1042 2152 W libc : Access denied finding property "vendor.debug.c2.level"
10-24 21:41:49.065 1042 2152 W libc : Access denied finding property "vendor.debug.c2.level"
10-24 21:41:49.064 1042 1042 W HwBinder:1042_4: type=1400 audit(0.0:104): avc: denied { read } for name="u:object_r:vendor_codec2_debug_prop:s0" dev="tmpfs" ino=333 scontext=u:r:mediacodec:s0 tcontext=u:object_r:vendor_codec2_debug_prop:s0 tclass=file permissive=0
10-24 21:41:49.064 1042 1042 W HwBinder:1042_4: type=1400 audit(0.0:105): avc: denied { read } for name="u:object_r:vendor_codec2_debug_prop:s0" dev="tmpfs" ino=333 scontext=u:r:mediacodec:s0 tcontext=u:object_r:vendor_codec2_debug_prop:s0 tclass=file permissive=0
10-24 21:41:49.066 1042 2152 W ColorUtils: expected specified color aspects (0:0:0:0)
10-24 21:41:49.066 1042 2152 I samsung.hardware.media.c2@1.0-service: missing struct descriptor #Param::CoreIndex(--1812) for field values of struct #Param::CoreIndex(F-11812)
10-24 21:41:49.066 1197 1250 I Codec2InfoBuilder: adding type 'video/x-vnd.on2.vp9'
10-24 21:41:49.067 587 721 D BootAnimation: Playing files = /product/media/bootanimation-dark.zip/part2, Requested repeat = 180, playUntilComplete = false
10-24 21:41:49.068 2146 2146 W ziparchive: Unable to open '/data/app/~~DjPmId54tH06mn233EPJeQ==/com.google.android.networkstack-mrY_DzMLPVdirDDBYFTsKw==/split_config.arm64_v8a.dm': No such file or directory
10-24 21:41:49.068 2146 2146 W ziparchive: Unable to open '/data/app/~~DjPmId54tH06mn233EPJeQ==/com.google.android.networkstack-mrY_DzMLPVdirDDBYFTsKw==/split_config.arm64_v8a.dm': No such file or directory
10-24 21:41:49.068 2122 2122 I WebViewZygoteInit: Application preload done
10-24 21:41:49.069 2146 2146 W rkstack.process: Entry not found
10-24 21:41:49.069 1032 1032 I google.hardware.media.c2@1.0-service: missing struct descriptor #Param::CoreIndex(--002) for field mastering of struct #Param::CoreIndex(--180a)
10-24 21:41:49.069 1032 1032 I google.hardware.media.c2@1.0-service: missing struct descriptor #Param::CoreIndex(--002) for field mastering of struct #Param::CoreIndex(--180a)
10-24 21:41:49.069 1032 1032 W ColorUtils: expected specified color aspects (0:0:0:0)
10-24 21:41:49.070 2146 2146 D nativeloader: Configuring clns-4 for other apk /data/app/~~DjPmId54tH06mn233EPJeQ==/com.google.android.networkstack-mrY_DzMLPVdirDDBYFTsKw==/base.apk:/data/app/~~DjPmId54tH06mn233EPJeQ==/com.google.android.networkstack-mrY_DzMLPVdirDDBYFTsKw==/split_config.arm64_v8a.apk. target_sdk_version=35, uses_libraries=, library_path=/data/app/~~DjPmId54tH06mn233EPJeQ==/com.google.android.networkstack-mrY_DzMLPVdirDDBYFTsKw==/lib/arm64:/data/app/~~DjPmId54tH06mn233EPJeQ==/com.google.android.networkstack-mrY_DzMLPVdirDDBYFTsKw==/base.apk!/lib/arm64-v8a:/data/app/~~DjPmId54tH06mn233EPJeQ==/com.google.android.networkstack-mrY_DzMLPVdirDDBYFTsKw==/split_config.arm64_v8a.apk!/lib/arm64-v8a, permitted_path=/data:/mnt/expand:/data/user_de/0/com.google.android.networkstack
10-24 21:41:49.070 2164 2164 I ssioncontroller: Using CollectorTypeCMC GC.
10-24 21:41:49.070 1032 1032 I google.hardware.media.c2@1.0-service: missing struct descriptor #Param::CoreIndex(--002) for field mastering of struct #Param::CoreIndex(--180a)
10-24 21:41:49.070 1032 1032 I google.hardware.media.c2@1.0-service: missing struct descriptor #Param::CoreIndex(--002) for field mastering of struct #Param::CoreIndex(--180a)
10-24 21:41:49.070 1032 1032 W ColorUtils: expected specified color aspects (0:0:0:0)
10-24 21:41:49.070 1032 1032 W ColorUtils: expected specified color aspects (2:0:0:0)
10-24 21:41:49.070 1197 1250 I Codec2InfoBuilder: adding type 'video/av01'
10-24 21:41:49.072 1032 1086 I google.hardware.media.c2@1.0-service: missing struct descriptor #Param::CoreIndex(--002) for field mastering of struct #Param::CoreIndex(--180a)
10-24 21:41:49.072 1032 1086 I google.hardware.media.c2@1.0-service: missing struct descriptor #Param::CoreIndex(--002) for field mastering of struct #Param::CoreIndex(--180a)
10-24 21:41:49.072 1032 1086 W ColorUtils: expected specified color aspects (0:0:0:0)
10-24 21:41:49.072 1032 1086 W ColorUtils: expected specified color aspects (2:0:0:0)
10-24 21:41:49.072 2164 2164 E ssioncontroller: Not starting debugger since process cannot load the jdwp agent.
10-24 21:41:49.072 1197 1250 I Codec2InfoBuilder: adding type 'video/av01'
10-24 21:41:49.074 2164 2164 D nativeloader: Load libframework-connectivity-tiramisu-jni.so using APEX ns com_android_tethering for caller /apex/com.android.tethering/javalib/framework-connectivity-t.jar: ok
10-24 21:41:49.074 1043 1094 I vendor.dolby.media.c2@1.0-service: missing struct descriptor #Param::CoreIndex(--002) for field mastering of struct #Param::CoreIndex(--180a)
10-24 21:41:49.074 1043 1094 I vendor.dolby.media.c2@1.0-service: missing struct descriptor #Param::CoreIndex(--002) for field mastering of struct #Param::CoreIndex(--180a)
10-24 21:41:49.074 1043 1094 W ColorUtils: expected specified color aspects (0:0:0:0)
10-24 21:41:49.075 2146 2146 D nativeloader: Load libframework-connectivity-jni.so using APEX ns com_android_tethering for caller /apex/com.android.tethering/javalib/framework-connectivity.jar: ok
10-24 21:41:49.075 1197 1250 I Codec2InfoBuilder: adding type 'audio/ac3'
10-24 21:41:49.075 1197 1250 I Codec2InfoBuilder: adding type 'audio/eac3'
10-24 21:41:49.076 1244 1244 W HwBinder:1244_2: type=1400 audit(0.0:106): avc: denied { read } for name="u:object_r:aac_drc_prop:s0" dev="tmpfs" ino=81 scontext=u:r:mediaswcodec:s0 tcontext=u:object_r:aac_drc_prop:s0 tclass=file permissive=0
10-24 21:41:49.076 1244 1244 W HwBinder:1244_2: type=1400 audit(0.0:107): avc: denied { read } for name="u:object_r:aac_drc_prop:s0" dev="tmpfs" ino=81 scontext=u:r:mediaswcodec:s0 tcontext=u:object_r:aac_drc_prop:s0 tclass=file permissive=0
10-24 21:41:49.076 1244 1449 W libc : Access denied finding property "aac_drc_heavy"
10-24 21:41:49.076 1244 1449 W libc : Access denied finding property "aac_drc_reference_level"
10-24 21:41:49.076 1244 1449 W libc : Access denied finding property "aac_drc_enc_target_level"
10-24 21:41:49.076 1244 1449 W libc : Access denied finding property "aac_drc_boost"
10-24 21:41:49.076 1244 1449 W libc : Access denied finding property "aac_drc_cut"
10-24 21:41:49.076 1244 1449 W libc : Access denied finding property "ro.aac_drc_effect_type"
10-24 21:41:49.076 1244 1449 W libc : Access denied finding property "aac_drc_heavy"
10-24 21:41:49.076 1244 1244 W HwBinder:1244_2: type=1400 audit(0.0:108): avc: denied { read } for name="u:object_r:aac_drc_prop:s0" dev="tmpfs" ino=81 scontext=u:r:mediaswcodec:s0 tcontext=u:object_r:aac_drc_prop:s0 tclass=file permissive=0
10-24 21:41:49.076 1244 1449 W libc : Access denied finding property "aac_drc_reference_level"
10-24 21:41:49.076 1244 1449 W libc : Access denied finding property "aac_drc_enc_target_level"
10-24 21:41:49.076 1244 1449 W libc : Access denied finding property "aac_drc_boost"
10-24 21:41:49.076 1244 1449 W libc : Access denied finding property "aac_drc_cut"
10-24 21:41:49.076 1244 1449 W libc : Access denied finding property "ro.aac_drc_effect_type"
10-24 21:41:49.076 2146 2146 V GraphicsEnvironment: ANGLE Developer option for 'com.google.android.networkstack' set to: 'default'
10-24 21:41:49.077 2146 2146 V GraphicsEnvironment: ANGLE GameManagerService for com.google.android.networkstack: false
10-24 21:41:49.077 1197 1250 I Codec2InfoBuilder: adding type 'audio/mp4a-latm'
10-24 21:41:49.077 2146 2146 V GraphicsEnvironment: Neither updatable production driver nor prerelease driver is supported.
10-24 21:41:49.077 2114 2114 D nativeloader: Load libframework-connectivity-jni.so using APEX ns com_android_tethering for caller /apex/com.android.tethering/javalib/framework-connectivity.jar: ok
10-24 21:41:49.077 1637 1840 D CompatibilityChangeReporter: Compat change id reported: 168419799; UID 10243; state: DISABLED
10-24 21:41:49.078 2164 2164 D CompatibilityChangeReporter: Compat change id reported: 171979766; UID 10243; state: ENABLED
10-24 21:41:49.076 1244 1244 W HwBinder:1244_2: type=1400 audit(0.0:109): avc: denied { read } for name="u:object_r:aac_drc_prop:s0" dev="tmpfs" ino=81 scontext=u:r:mediaswcodec:s0 tcontext=u:object_r:aac_drc_prop:s0 tclass=file permissive=0
10-24 21:41:49.076 1244 1244 W HwBinder:1244_2: type=1400 audit(0.0:110): avc: denied { read } for name="u:object_r:aac_drc_prop:s0" dev="tmpfs" ino=81 scontext=u:r:mediaswcodec:s0 tcontext=u:object_r:aac_drc_prop:s0 tclass=file permissive=0
10-24 21:41:49.076 1244 1244 W HwBinder:1244_2: type=1400 audit(0.0:111): avc: denied { read } for name="u:object_r:aac_drc_prop:s0" dev="tmpfs" ino=81 scontext=u:r:mediaswcodec:s0 tcontext=u:object_r:aac_drc_prop:s0 tclass=file permissive=0
10-24 21:41:49.079 1184 1184 D gpsd : WakeLock(Release,GPSD)
10-24 21:41:49.076 1244 1244 W HwBinder:1244_2: type=1400 audit(0.0:112): avc: denied { read } for name="u:object_r:aac_drc_prop:s0" dev="tmpfs" ino=81 scontext=u:r:mediaswcodec:s0 tcontext=u:object_r:aac_drc_prop:s0 tclass=file permissive=0
10-24 21:41:49.076 1244 1244 W HwBinder:1244_2: type=1400 audit(0.0:113): avc: denied { read } for name="u:object_r:aac_drc_prop:s0" dev="tmpfs" ino=81 scontext=u:r:mediaswcodec:s0 tcontext=u:object_r:aac_drc_prop:s0 tclass=file permissive=0
10-24 21:41:49.076 1244 1244 W HwBinder:1244_2: type=1400 audit(0.0:114): avc: denied { read } for name="u:object_r:aac_drc_prop:s0" dev="tmpfs" ino=81 scontext=u:r:mediaswcodec:s0 tcontext=u:object_r:aac_drc_prop:s0 tclass=file permissive=0
10-24 21:41:49.076 1244 1244 W HwBinder:1244_2: type=1400 audit(0.0:115): avc: denied { read } for name="u:object_r:aac_drc_prop:s0" dev="tmpfs" ino=81 scontext=u:r:mediaswcodec:s0 tcontext=u:object_r:aac_drc_prop:s0 tclass=file permissive=0
10-24 21:41:49.076 1244 1244 W HwBinder:1244_2: type=1400 audit(0.0:116): avc: denied { read } for name="u:object_r:aac_drc_prop:s0" dev="tmpfs" ino=81 scontext=u:r:mediaswcodec:s0 tcontext=u:object_r:aac_drc_prop:s0 tclass=file permissive=0
10-24 21:41:49.076 1244 1244 W HwBinder:1244_2: type=1400 audit(0.0:117): avc: denied { read } for name="u:object_r:aac_drc_prop:s0" dev="tmpfs" ino=81 scontext=u:r:mediaswcodec:s0 tcontext=u:object_r:aac_drc_prop:s0 tclass=file permissive=0
10-24 21:41:49.080 2114 2114 W ContextImpl: Failed to ensure /data/user/0/com.google.android.flipendo/cache: mkdir failed: ENOENT (No such file or directory)
10-24 21:41:49.080 2114 2114 W ContextImpl: Failed to update user.inode_cache: stat failed: ENOENT (No such file or directory)
10-24 21:41:49.080 1197 1250 I Codec2InfoBuilder: adding type 'audio/mp4a-latm'
10-24 21:41:49.081 2114 2114 V GraphicsEnvironment: ANGLE Developer option for 'com.google.android.flipendo' set to: 'default'
10-24 21:41:49.081 2114 2114 V GraphicsEnvironment: ANGLE GameManagerService for com.google.android.flipendo: false
10-24 21:41:49.081 2114 2114 V GraphicsEnvironment: Neither updatable production driver nor prerelease driver is supported.
10-24 21:41:49.081 2146 2146 D NetworkSecurityConfig: No Network Security Config specified, using platform default
10-24 21:41:49.081 1197 1250 I Codec2InfoBuilder: adding type 'audio/3gpp'
10-24 21:41:49.081 2146 2146 D NetworkSecurityConfig: No Network Security Config specified, using platform default
10-24 21:41:49.081 2114 2114 D NetworkSecurityConfig: No Network Security Config specified, using platform default
10-24 21:41:49.082 2114 2114 D NetworkSecurityConfig: No Network Security Config specified, using platform default
10-24 21:41:49.082 1197 1250 I Codec2InfoBuilder: adding type 'audio/3gpp'
10-24 21:41:49.083 1197 1250 I Codec2InfoBuilder: adding type 'audio/amr-wb'
10-24 21:41:49.084 1197 1250 I Codec2InfoBuilder: adding type 'audio/amr-wb'
10-24 21:41:49.084 587 721 D BootAnimation: Playing files = /product/media/bootanimation-dark.zip/part2, Requested repeat = 180, playUntilComplete = false
10-24 21:41:49.085 1197 1250 I Codec2InfoBuilder: adding type 'video/av01'
10-24 21:41:49.085 2164 2164 D nativeloader: Configuring clns-shared-4 for other apk /system/framework/org.apache.http.legacy.jar. target_sdk_version=35, uses_libraries=ALL, library_path=/apex/com.android.permission/priv-app/GooglePermissionController@350910090/lib/arm64:/system/lib64:/system_ext/lib64, permitted_path=/data:/mnt/expand:/data/user_de/0/com.google.android.permissioncontroller:/apex/com.android.permission/priv-app/GooglePermissionController@350910090:/system/lib64:/system_ext/lib64
10-24 21:41:49.086 1197 1250 I Codec2InfoBuilder: adding type 'video/av01'
10-24 21:41:49.087 2114 2151 D FlipendoStateCP: Calling bundle: Bundle[EMPTY_PARCEL]
10-24 21:41:49.087 1244 2181 I mediaswcodec: missing struct descriptor #Param::CoreIndex(--1812) for field values of struct #Param::CoreIndex(F-11812)
10-24 21:41:49.088 2114 2151 V ApiCallingPackageVerifier: Checking com.android.systemui
10-24 21:41:49.088 1244 2181 I mediaswcodec: missing struct descriptor #Param::CoreIndex(--1812) for field values of struct #Param::CoreIndex(F-11812)
10-24 21:41:49.088 1197 1250 D Codec2InfoBuilder: codec entry for 'c2.android.av1.encoder' is disabled
10-24 21:41:49.088 2114 2151 V ApiCallingPackageVerifier: Is preinstalled app: true
10-24 21:41:49.089 2146 2146 D nativeloader: Configuring clns-shared-5 for other apk /apex/com.android.cellbroadcast/priv-app/GoogleCellBroadcastServiceModule@350910030/GoogleCellBroadcastServiceModule.apk. target_sdk_version=35, uses_libraries=, library_path=/apex/com.android.cellbroadcast/priv-app/GoogleCellBroadcastServiceModule@350910030/lib/arm64:/apex/com.android.cellbroadcast/priv-app/GoogleCellBroadcastServiceModule@350910030/GoogleCellBroadcastServiceModule.apk!/lib/arm64-v8a:/system/lib64:/system_ext/lib64, permitted_path=/data:/mnt/expand:/data/user_de/0/com.google.android.cellbroadcastservice:/apex/com.android.cellbroadcast/priv-app/GoogleCellBroadcastServiceModule@350910030:/system/lib64:/system_ext/lib64
10-24 21:41:49.089 1197 1250 I Codec2InfoBuilder: adding type 'video/avc'
10-24 21:41:49.090 1244 2181 I mediaswcodec: missing struct descriptor #Param::CoreIndex(--004) for field values of struct #Param::CoreIndex(F-12004)
10-24 21:41:49.090 1244 2181 I mediaswcodec: missing struct descriptor #Param::CoreIndex(--1812) for field values of struct #Param::CoreIndex(F-11812)
10-24 21:41:49.090 1244 2181 I mediaswcodec: missing struct descriptor #Param::CoreIndex(--004) for field values of struct #Param::CoreIndex(F-12004)
10-24 21:41:49.090 1244 2181 I mediaswcodec: missing struct descriptor #Param::CoreIndex(--1812) for field values of struct #Param::CoreIndex(F-11812)
10-24 21:41:49.090 1197 1250 I Codec2InfoBuilder: adding type 'video/avc'
10-24 21:41:49.091 2146 2146 D nativeloader: InitApexLibraries:
10-24 21:41:49.091 2146 2146 D nativeloader: com_android_adservices: libhpke_jni.so:libtflite_support_classifiers_native.so
10-24 21:41:49.091 2146 2146 D nativeloader: com_android_appsearch: libicing.so
10-24 21:41:49.091 2146 2146 D nativeloader: com_android_art: libartservice.so
10-24 21:41:49.091 2146 2146 D nativeloader: com_android_btservices: libbluetooth_jni.so
10-24 21:41:49.091 2146 2146 D nativeloader: com_android_conscrypt: libjavacrypto.so
10-24 21:41:49.091 2146 2146 D nativeloader: com_android_mediaprovider: libpdfclient.so
10-24 21:41:49.091 2146 2146 D nativeloader: com_android_ondevicepersonalization: libfcp_cpp_dep_jni.so:libfcp_hpke_jni.so
10-24 21:41:49.091 2146 2146 D nativeloader: com_android_os_statsd: libstats_jni.so
10-24 21:41:49.091 2146 2146 D nativeloader: com_android_tethering: libandroid_net_connectivity_com_android_net_module_util_jni.so:libcrypto.so:libframework-connectivity-jni.so:libframework-connectivity-tiramisu-jni.so:libmainlinecronet.126.0.6423.0.so:libservice-connectivity.so:libservice-thread-jni.so:libssl.so
10-24 21:41:49.091 2146 2146 D nativeloader: com_android_uwb: libuwb_uci_jni_rust.so
10-24 21:41:49.091 2146 2146 D nativeloader: com_android_virt: libvirtualmachine_jni.so
10-24 21:41:49.091 1244 2181 D C2SoftAvcEnc: Given level 0 does not cover current configuration: adjusting to 5000
10-24 21:41:49.092 2114 2151 V FlipendoStateCP: Responded to get_flipendo_state
10-24 21:41:49.093 1197 1250 I Codec2InfoBuilder: adding type 'audio/flac'
10-24 21:41:49.096 1197 1250 I Codec2InfoBuilder: adding type 'audio/flac'
10-24 21:41:49.097 1197 1250 I Codec2InfoBuilder: adding type 'audio/g711-alaw'
10-24 21:41:49.098 1197 1250 I Codec2InfoBuilder: adding type 'audio/g711-mlaw'
10-24 21:41:49.098 2146 2146 D CompatibilityChangeReporter: Compat change id reported: 194532703; UID 1073; state: ENABLED
10-24 21:41:49.098 1637 1840 D CompatibilityChangeReporter: Compat change id reported: 194532703; UID 1073; state: ENABLED
10-24 21:41:49.098 1197 1250 D Codec2InfoBuilder: codec entry for 'c2.android.gsm.decoder' is disabled
10-24 21:41:49.099 1197 1250 I Codec2InfoBuilder: adding type 'video/3gpp'
10-24 21:41:49.100 1637 1742 D ConnectivityService: requestNetwork for uid/pid:1073/2146 activeRequest: null callbackRequest: 60 [NetworkRequest [ REQUEST id=61, [ Capabilities: INTERNET&NOT_RESTRICTED&TRUSTED&NOT_VCN_MANAGED Uid: 1073 RequestorUid: 1073 RequestorPkg: com.google.android.networkstack UnderlyingNetworks: Null] ]] callback flags: 0 order: 2147483647 isUidTracked: false declaredMethods: 0xffffffff
10-24 21:41:49.100 1637 1977 D ConnectivityService: NetReassign [no changes] [c 0] [a 0] [i 0]
10-24 21:41:49.100 1637 1742 D CompatibilityChangeReporter: Compat change id reported: 319212206; UID 1073; state: ENABLED
10-24 21:41:49.100 1244 1449 D C2SoftH263Enc: Given level 3004 does not cover current configuration: adjusting to 3003
10-24 21:41:49.101 1244 1449 D C2SoftH263Enc: Given level 3004 does not cover current configuration: adjusting to 3003
10-24 21:41:49.101 1197 1250 I Codec2InfoBuilder: adding type 'video/3gpp'
10-24 21:41:49.101 1637 1977 D ConnectivityService: NetReassign [no changes] [c 0] [a 0] [i 1]
10-24 21:41:49.101 1244 1449 D C2SoftH263Enc: Given level 0 does not cover current configuration: adjusting to 3003
10-24 21:41:49.101 587 721 D BootAnimation: Playing files = /product/media/bootanimation-dark.zip/part2, Requested repeat = 180, playUntilComplete = false
10-24 21:41:49.102 1197 1250 I Codec2InfoBuilder: adding type 'video/hevc'
10-24 21:41:49.103 1244 2181 I mediaswcodec: missing struct descriptor #Param::CoreIndex(--004) for field values of struct #Param::CoreIndex(F-12004)
10-24 21:41:49.103 1244 2181 I mediaswcodec: missing struct descriptor #Param::CoreIndex(--1812) for field values of struct #Param::CoreIndex(F-11812)
10-24 21:41:49.103 1244 2181 I mediaswcodec: missing struct descriptor #Param::CoreIndex(--004) for field values of struct #Param::CoreIndex(F-12004)
10-24 21:41:49.103 1244 2181 I mediaswcodec: missing struct descriptor #Param::CoreIndex(--1812) for field values of struct #Param::CoreIndex(F-11812)
10-24 21:41:49.103 1197 1250 I Codec2InfoBuilder: adding type 'video/hevc'
10-24 21:41:49.103 1244 2181 D C2SoftHevcEnc: Given level 0 does not cover current configuration: adjusting to 6000
10-24 21:41:49.104 1197 1250 I Codec2InfoBuilder: adding type 'audio/mpeg'
10-24 21:41:49.105 1197 1250 D Codec2InfoBuilder: codec entry for 'c2.android.mpeg2.decoder' is disabled
10-24 21:41:49.106 1197 1250 I Codec2InfoBuilder: adding type 'video/mp4v-es'
10-24 21:41:49.107 1197 1250 I Codec2InfoBuilder: adding type 'video/mp4v-es'
10-24 21:41:49.107 1244 2178 D C2SoftMpeg4Enc: Given level 0 does not cover current configuration: adjusting to 4003
10-24 21:41:49.108 2146 2146 D nativeloader: Configuring clns-shared-6 for other apk /apex/com.android.tethering/priv-app/TetheringGoogle@350911130/TetheringGoogle.apk. target_sdk_version=35, uses_libraries=, library_path=/apex/com.android.tethering/priv-app/TetheringGoogle@350911130/lib/arm64:/apex/com.android.tethering/priv-app/TetheringGoogle@350911130/TetheringGoogle.apk!/lib/arm64-v8a:/system/lib64:/system_ext/lib64, permitted_path=/data:/mnt/expand:/data/user_de/0/com.google.android.networkstack.tethering:/apex/com.android.tethering/priv-app/TetheringGoogle@350911130:/system/lib64:/system_ext/lib64
10-24 21:41:49.108 1197 1250 I Codec2InfoBuilder: adding type 'audio/opus'
10-24 21:41:49.109 1197 1250 I Codec2InfoBuilder: adding type 'audio/opus'
10-24 21:41:49.109 1197 1250 I Codec2InfoBuilder: adding type 'audio/raw'
10-24 21:41:49.110 1197 1250 I Codec2InfoBuilder: adding type 'audio/vorbis'
10-24 21:41:49.111 1197 1250 I Codec2InfoBuilder: adding type 'video/x-vnd.on2.vp8'
10-24 21:41:49.112 1244 2189 I C2SoftVpxEnc: setting temporal layering 0 + 0
10-24 21:41:49.112 1244 2189 I mediaswcodec: missing struct descriptor #Param::CoreIndex(--1812) for field values of struct #Param::CoreIndex(F-11812)
10-24 21:41:49.112 1244 2189 I C2SoftVpxEnc: setting temporal layering 0 + 0
10-24 21:41:49.112 1244 2189 I mediaswcodec: missing struct descriptor #Param::CoreIndex(--1812) for field values of struct #Param::CoreIndex(F-11812)
10-24 21:41:49.112 2164 2164 D nativeloader: Configuring clns-shared-5 for other apk /apex/com.android.permission/priv-app/GooglePermissionController@350910090/GooglePermissionController.apk. target_sdk_version=35, uses_libraries=, library_path=/apex/com.android.permission/priv-app/GooglePermissionController@350910090/lib/arm64:/system/lib64:/system_ext/lib64, permitted_path=/data:/mnt/expand:/data/user_de/0/com.google.android.permissioncontroller:/apex/com.android.permission/priv-app/GooglePermissionController@350910090:/system/lib64:/system_ext/lib64
10-24 21:41:49.112 2146 2146 D NetworkSecurityConfig: No Network Security Config specified, using platform default
10-24 21:41:49.112 1197 1250 I Codec2InfoBuilder: adding type 'video/x-vnd.on2.vp8'
10-24 21:41:49.114 1197 1250 I Codec2InfoBuilder: adding type 'video/x-vnd.on2.vp9'
10-24 21:41:49.114 1244 2189 I C2SoftVpxEnc: setting temporal layering 0 + 0
10-24 21:41:49.114 1244 2189 I mediaswcodec: missing struct descriptor #Param::CoreIndex(--1812) for field values of struct #Param::CoreIndex(F-11812)
10-24 21:41:49.115 2164 2164 D nativeloader: InitApexLibraries:
10-24 21:41:49.115 2164 2164 D nativeloader: com_android_adservices: libhpke_jni.so:libtflite_support_classifiers_native.so
10-24 21:41:49.115 2164 2164 D nativeloader: com_android_appsearch: libicing.so
10-24 21:41:49.115 2164 2164 D nativeloader: com_android_art: libartservice.so
10-24 21:41:49.115 2164 2164 D nativeloader: com_android_btservices: libbluetooth_jni.so
10-24 21:41:49.115 2164 2164 D nativeloader: com_android_conscrypt: libjavacrypto.so
10-24 21:41:49.115 2164 2164 D nativeloader: com_android_mediaprovider: libpdfclient.so
10-24 21:41:49.115 2164 2164 D nativeloader: com_android_ondevicepersonalization: libfcp_cpp_dep_jni.so:libfcp_hpke_jni.so
10-24 21:41:49.115 2164 2164 D nativeloader: com_android_os_statsd: libstats_jni.so
10-24 21:41:49.115 2164 2164 D nativeloader: com_android_tethering: libandroid_net_connectivity_com_android_net_module_util_jni.so:libcrypto.so:libframework-connectivity-jni.so:libframework-connectivity-tiramisu-jni.so:libmainlinecronet.126.0.6423.0.so:libservice-connectivity.so:libservice-thread-jni.so:libssl.so
10-24 21:41:49.115 2164 2164 D nativeloader: com_android_uwb: libuwb_uci_jni_rust.so
10-24 21:41:49.115 2164 2164 D nativeloader: com_android_virt: libvirtualmachine_jni.so
10-24 21:41:49.115 1244 2189 I C2SoftVpxEnc: setting temporal layering 0 + 0
10-24 21:41:49.115 1244 2189 I mediaswcodec: missing struct descriptor #Param::CoreIndex(--1812) for field values of struct #Param::CoreIndex(F-11812)
10-24 21:41:49.115 1197 1250 I Codec2InfoBuilder: adding type 'video/x-vnd.on2.vp9'
10-24 21:41:49.115 2049 2049 D CompatibilityChangeReporter: Compat change id reported: 183155436; UID 10221; state: ENABLED
10-24 21:41:49.116 1244 2189 D C2SoftVpxEnc: Given level 0 does not cover current configuration: adjusting to 7000
10-24 21:41:49.117 1637 1840 D CompatibilityChangeReporter: Compat change id reported: 157233955; UID 10221; state: ENABLED
10-24 21:41:49.117 1637 2050 D MediaCodecList: codecHandlesFormat: no format, so no extra checks
10-24 21:41:49.117 1637 2051 D MediaCodecList: codecHandlesFormat: no format, so no extra checks
10-24 21:41:49.118 587 721 D BootAnimation: Playing files = /product/media/bootanimation-dark.zip/part2, Requested repeat = 180, playUntilComplete = false
10-24 21:41:49.119 1637 2054 D CCodec : allocate(c2.android.vorbis.decoder)
10-24 21:41:49.119 1637 2055 D CCodec : allocate(c2.android.vorbis.decoder)
10-24 21:41:49.121 1637 2054 I Codec2Client: Available Codec2 services: "default" "default1" "default2" "software"
10-24 21:41:49.121 1637 2055 I CCodec : setting up 'default' as default (vendor) store
10-24 21:41:49.121 1637 2054 I CCodec : setting up 'default' as default (vendor) store
10-24 21:41:49.123 2049 2049 D ProtoStore: no cached data
10-24 21:41:49.123 2049 2049 D ProtoStore: no cached data
10-24 21:41:49.123 1637 1840 D NetworkStats: registerNetworkStatsProvider from OffloadController uid/pid=1073/2146
10-24 21:41:49.124 1637 1840 D CompatibilityChangeReporter: Compat change id reported: 161145287; UID 1073; state: DISABLED
10-24 21:41:49.125 1244 2189 D C2Store : debug.c2.use_dmabufheaps set, forcing DMABUF Heaps
10-24 21:41:49.125 1244 2189 D C2Store : Using DMABUF Heaps
10-24 21:41:49.126 1637 2054 I CCodec : Created component [c2.android.vorbis.decoder]
10-24 21:41:49.126 1637 2055 I CCodec : Created component [c2.android.vorbis.decoder]
10-24 21:41:49.126 1637 2054 D CCodecConfig: read media type: audio/vorbis
10-24 21:41:49.126 1637 2055 D CCodecConfig: read media type: audio/vorbis
10-24 21:41:49.127 2049 2049 D NavigationModeController: getCurrentUserContext: contextUser=0 currentUser=0
10-24 21:41:49.127 2164 2164 D nativeloader: Load libframework-connectivity-jni.so using APEX ns com_android_tethering for caller /apex/com.android.tethering/javalib/framework-connectivity.jar: ok
10-24 21:41:49.127 2049 2049 D NavigationModeController: getCurrentInteractionMode: mode=0 contextUser=0
10-24 21:41:49.127 2049 2049 D NavigationModeController: updateCurrentInteractionMode: mode=0
10-24 21:41:49.127 2049 2049 D NavigationModeController: contextUser=0
10-24 21:41:49.127 2049 2049 D NavigationModeController: assetPaths=
10-24 21:41:49.127 2049 2049 D NavigationModeController: and /system/framework/framework-res.apk
10-24 21:41:49.127 2049 2049 D NavigationModeController: /product/overlay/GoogleConfigOverlay.apk
10-24 21:41:49.127 2049 2049 D NavigationModeController: /product/overlay/GoogleWebViewOverlay.apk
10-24 21:41:49.127 2049 2049 D NavigationModeController: /vendor/overlay/framework-res__auto_generated_rro_vendor.apk
10-24 21:41:49.127 2049 2049 D NavigationModeController: /product/overlay/PixelConfigOverlayCommon.apk
10-24 21:41:49.127 2049 2049 D NavigationModeController: /product/overlay/PixelifyPixelS.apk
10-24 21:41:49.127 2049 2049 D NavigationModeController: /product/overlay/framework-res__auto_generated_rro_product.apk
10-24 21:41:49.127 2049 2049 D NavigationModeController: /product/overlay/PixelConfigOverlay2018.apk
10-24 21:41:49.127 2049 2049 D NavigationModeController: /product/overlay/PixelConfigOverlay2019Midyear.apk
10-24 21:41:49.127 2049 2049 D NavigationModeController: /product/overlay/PixelConfigOverlay2019.apk
10-24 21:41:49.127 2049 2049 D NavigationModeController: /product/overlay/PixelConfigOverlay2021.apk
10-24 21:41:49.127 2049 2049 D NavigationModeController: /product/overlay/Pixelify.apk
10-24 21:41:49.127 2049 2049 D NavigationModeController: and /system_ext/priv-app/SystemUIGoogle/SystemUIGoogle.apk
10-24 21:41:49.127 2049 2049 D NavigationModeController: /product/overlay/NavigationBarMode3Button/NavigationBarMode3ButtonOverlay.apk
10-24 21:41:49.127 2049 2049 D NavigationModeController: /data/resource-cache/com.android.systemui-neutral-7972.frro
10-24 21:41:49.127 2049 2049 D NavigationModeController: /data/resource-cache/com.android.systemui-accent-Xlh5.frro
10-24 21:41:49.127 2049 2049 D NavigationModeController: /vendor/overlay/SystemUIGoogle__auto_generated_rro_vendor.apk
10-24 21:41:49.127 2049 2049 D NavigationModeController: /product/overlay/PixelBatteryHealthOverlay.apk
10-24 21:41:49.127 2049 2049 D NavigationModeController: /product/overlay/SystemUIGoogle__auto_generated_rro_product.apk
10-24 21:41:49.127 2049 2049 D NavigationModeController: /product/overlay/WildlifeSysuiVpnOverlay2022.apk
10-24 21:41:49.127 2049 2049 D NavigationModeController: /product/overlay/SystemUIGXOverlay.apk
10-24 21:41:49.127 2049 2049 D NavigationModeController: getCurrentInteractionMode: mode=0 contextUser=0
10-24 21:41:49.127 1637 2055 D ReflectedParamUpdater: extent() != 1 for single value type: algo.buffers.max-count.values
10-24 21:41:49.128 1637 2055 D ReflectedParamUpdater: extent() != 1 for single value type: output.subscribed-indices.values
10-24 21:41:49.128 1637 2055 D ReflectedParamUpdater: extent() != 1 for single value type: input.buffers.allocator-ids.values
10-24 21:41:49.128 1637 2055 D ReflectedParamUpdater: extent() != 1 for single value type: output.buffers.allocator-ids.values
10-24 21:41:49.128 1637 2055 D ReflectedParamUpdater: extent() != 1 for single value type: algo.buffers.allocator-ids.values
10-24 21:41:49.128 1637 2055 D ReflectedParamUpdater: extent() != 1 for single value type: output.buffers.pool-ids.values
10-24 21:41:49.128 1637 2055 D ReflectedParamUpdater: extent() != 1 for single value type: algo.buffers.pool-ids.values
10-24 21:41:49.128 2146 2146 D CompatibilityChangeReporter: Compat change id reported: 183155436; UID 1073; state: ENABLED
10-24 21:41:49.129 1637 2054 D ReflectedParamUpdater: extent() != 1 for single value type: algo.buffers.max-count.values
10-24 21:41:49.129 1637 2054 D ReflectedParamUpdater: extent() != 1 for single value type: output.subscribed-indices.values
10-24 21:41:49.129 1637 2054 D ReflectedParamUpdater: extent() != 1 for single value type: input.buffers.allocator-ids.values
10-24 21:41:49.129 1637 2055 I CCodecConfig: query failed after returning 7 values (BAD_INDEX)
10-24 21:41:49.129 1637 2054 D ReflectedParamUpdater: extent() != 1 for single value type: output.buffers.allocator-ids.values
10-24 21:41:49.129 1637 2055 D CCodecConfig: c2 config diff is Dict {
10-24 21:41:49.129 1637 2055 D CCodecConfig: c2::u32 coded.bitrate.value = 64000
10-24 21:41:49.129 1637 2055 D CCodecConfig: c2::u32 input.buffers.max-size.value = 32768
10-24 21:41:49.129 1637 2055 D CCodecConfig: c2::u32 input.delay.value = 0
10-24 21:41:49.129 1637 2055 D CCodecConfig: string input.media-type.value = "audio/vorbis"
10-24 21:41:49.129 1637 2055 D CCodecConfig: string output.media-type.value = "audio/raw"
10-24 21:41:49.129 1637 2055 D CCodecConfig: c2::u32 raw.channel-count.value = 1
10-24 21:41:49.129 1637 2055 D CCodecConfig: c2::u32 raw.sample-rate.value = 48000
10-24 21:41:49.129 1637 2055 D CCodecConfig: }
10-24 21:41:49.129 1637 2054 D ReflectedParamUpdater: extent() != 1 for single value type: algo.buffers.allocator-ids.values
10-24 21:41:49.129 1637 2054 D ReflectedParamUpdater: extent() != 1 for single value type: output.buffers.pool-ids.values
10-24 21:41:49.130 1637 2054 D ReflectedParamUpdater: extent() != 1 for single value type: algo.buffers.pool-ids.values
10-24 21:41:49.130 1637 2055 D MediaCodec: flushMediametrics
10-24 21:41:49.130 1637 2055 D CCodec : [c2.android.vorbis.decoder] buffers are bound to CCodec for this session
10-24 21:41:49.130 1637 2055 D CCodecConfig: no c2 equivalents for durationUs
10-24 21:41:49.130 1637 2055 D CCodecConfig: no c2 equivalents for track-id
10-24 21:41:49.130 1637 2055 D CCodecConfig: no c2 equivalents for csd-1
10-24 21:41:49.130 1637 2055 D CCodecConfig: no c2 equivalents for flags
10-24 21:41:49.130 2164 2164 V GraphicsEnvironment: ANGLE Developer option for 'com.google.android.permissioncontroller' set to: 'default'
10-24 21:41:49.130 2164 2164 V GraphicsEnvironment: ANGLE GameManagerService for com.google.android.permissioncontroller: false
10-24 21:41:49.130 2164 2164 V GraphicsEnvironment: Neither updatable production driver nor prerelease driver is supported.
10-24 21:41:49.131 1637 2054 I CCodecConfig: query failed after returning 7 values (BAD_INDEX)
10-24 21:41:49.131 1637 2054 D CCodecConfig: c2 config diff is Dict {