10-24 21:41:46.685 1637 1637 D PackageManager: No files in app dir /apex/com.android.scheduling/app
10-24 21:41:46.685 1637 1637 D PackageManager: No files in app dir /apex/com.android.compos/priv-app
10-24 21:41:46.686 1637 1637 I ApexManager: Registering com.google.android.compos.payload as apk-in-apex of com.android.compos
10-24 21:41:46.688 1637 1637 I ApexManager: Registering com.google.android.uwb.resources as apk-in-apex of com.android.uwb
10-24 21:41:46.688 1637 1637 D PackageManager: No files in app dir /apex/com.android.uwb/app
10-24 21:41:46.688 1637 1637 D PackageManager: No files in app dir /apex/com.google.mainline.primary.libs/priv-app
10-24 21:41:46.688 1637 1637 D PackageManager: No files in app dir /apex/com.google.mainline.primary.libs/app
10-24 21:41:46.688 1637 1637 D PackageManager: No files in app dir /apex/com.android.btservices/priv-app
10-24 21:41:46.690 1637 1637 I ApexManager: Registering com.google.android.bluetooth as apk-in-apex of com.android.btservices
10-24 21:41:46.690 1637 1637 D PackageManager: No files in app dir /apex/com.android.ipsec/priv-app
10-24 21:41:46.690 1637 1637 D PackageManager: No files in app dir /apex/com.android.ipsec/app
10-24 21:41:46.690 1637 1637 D PackageManager: No files in app dir /apex/com.android.os.statsd/priv-app
10-24 21:41:46.690 1637 1637 D PackageManager: No files in app dir /apex/com.android.os.statsd/app
10-24 21:41:46.692 1637 1637 I ApexManager: Registering com.google.android.ondevicepersonalization.services as apk-in-apex of com.android.ondevicepersonalization
10-24 21:41:46.694 1637 1637 I ApexManager: Registering com.google.android.federatedcompute as apk-in-apex of com.android.ondevicepersonalization
10-24 21:41:46.694 1637 1637 D PackageManager: No files in app dir /apex/com.android.media.swcodec/priv-app
10-24 21:41:46.694 1637 1637 D PackageManager: No files in app dir /apex/com.android.media.swcodec/app
10-24 21:41:46.694 1637 1637 D PackageManager: No files in app dir /apex/com.android.vndk.v33/priv-app
10-24 21:41:46.694 1637 1637 D PackageManager: No files in app dir /apex/com.android.vndk.v33/app
10-24 21:41:46.697 1637 1637 I ApexManager: Registering com.google.android.photopicker as apk-in-apex of com.android.mediaprovider
10-24 21:41:46.698 1637 1637 I ApexManager: Registering com.google.android.providers.media.module as apk-in-apex of com.android.mediaprovider
10-24 21:41:46.698 1637 1637 D PackageManager: No files in app dir /apex/com.android.mediaprovider/app
10-24 21:41:46.700 1637 1637 I ApexManager: Registering com.google.android.adservices.api as apk-in-apex of com.android.adservices
10-24 21:41:46.701 1637 1637 I ApexManager: Registering com.google.android.sdksandbox as apk-in-apex of com.android.adservices
10-24 21:41:46.702 1637 1637 D PackageManager: No files in app dir /apex/com.android.resolv/priv-app
10-24 21:41:46.702 1637 1637 D PackageManager: No files in app dir /apex/com.android.resolv/app
10-24 21:41:46.703 1637 1637 I ApexManager: Registering com.google.android.cellbroadcastservice as apk-in-apex of com.android.cellbroadcast
10-24 21:41:46.704 1637 1637 I ApexManager: Registering com.google.android.cellbroadcastreceiver as apk-in-apex of com.android.cellbroadcast
10-24 21:41:46.704 1637 1637 D PackageManager: No files in app dir /apex/com.android.cellbroadcast/app
10-24 21:41:46.706 1637 1637 I ApexManager: Registering com.google.android.wifi.resources as apk-in-apex of com.android.wifi
10-24 21:41:46.707 1637 1637 I ApexManager: Registering com.google.android.hotspot2.osulogin as apk-in-apex of com.android.wifi
10-24 21:41:46.708 1637 1637 I ApexManager: Registering com.google.android.wifi.dialog as apk-in-apex of com.android.wifi
10-24 21:41:46.708 1637 1637 D PackageManager: No files in app dir /apex/com.android.tzdata/priv-app
10-24 21:41:46.708 1637 1637 D PackageManager: No files in app dir /apex/com.android.tzdata/app
10-24 21:41:46.708 1637 1637 D PackageManager: No files in app dir /apex/com.android.adbd/priv-app
10-24 21:41:46.708 1637 1637 D PackageManager: No files in app dir /apex/com.android.adbd/app
10-24 21:41:46.708 1637 1637 D PackageManager: No files in app dir /apex/com.android.runtime/priv-app
10-24 21:41:46.708 1637 1637 D PackageManager: No files in app dir /apex/com.android.runtime/app
10-24 21:41:46.708 1637 1637 D PackageManager: No files in app dir /apex/com.android.neuralnetworks/priv-app
10-24 21:41:46.708 1637 1637 D PackageManager: No files in app dir /apex/com.android.neuralnetworks/app
10-24 21:41:46.708 1637 1637 D PackageManager: No files in app dir /apex/com.android.i18n/priv-app
10-24 21:41:46.708 1637 1637 D PackageManager: No files in app dir /apex/com.android.i18n/app
10-24 21:41:46.708 1637 1637 D PackageManager: No files in app dir /apex/com.android.art/priv-app
10-24 21:41:46.708 1637 1637 D PackageManager: No files in app dir /apex/com.android.art/app
10-24 21:41:46.708 1637 1637 D PackageManager: No files in app dir /apex/com.android.virt/priv-app
10-24 21:41:46.710 1637 1637 I ApexManager: Registering com.google.android.virtualmachine.res as apk-in-apex of com.android.virt
10-24 21:41:46.711 1637 1637 D PackageManager: No files in app dir /apex/com.google.pixel.camera.hal/priv-app
10-24 21:41:46.711 1637 1637 D PackageManager: No files in app dir /apex/com.google.pixel.camera.hal/app
10-24 21:41:46.711 1637 1637 D PackageManager: No files in app dir /apex/com.android.sdkext/priv-app
10-24 21:41:46.711 1637 1637 D PackageManager: No files in app dir /apex/com.android.sdkext/app
10-24 21:41:46.717 1637 1637 I PackageManager: Finished scanning system apps. Time: 588 ms, packageCount: 233 , timePerPackage: 2 , cached: 225
10-24 21:41:46.725 1637 1637 W PackageManager: Relax SCAN_REQUIRE_KNOWN requirement for package com.google.android.captiveportallogin
10-24 21:41:46.728 1637 1637 W PackageManager: Relax SCAN_REQUIRE_KNOWN requirement for package com.google.android.trichromelibrary_506007133
10-24 21:41:46.729 1637 1637 W PackageManager: Relax SCAN_REQUIRE_KNOWN requirement for package com.google.mainline.telemetry
10-24 21:41:46.732 1637 1637 W PackageManager: Relax SCAN_REQUIRE_KNOWN requirement for package com.google.pixel.livewallpaper
10-24 21:41:46.735 1637 1637 D CompatibilityChangeReporter: Compat change id reported: 133396946; UID -1; state: DISABLED
10-24 21:41:46.738 1637 1637 W PackageManager: Relax SCAN_REQUIRE_KNOWN requirement for package com.google.android.apps.accessibility.voiceaccess
10-24 21:41:46.740 1637 1637 D CompatibilityChangeReporter: Compat change id reported: 133396946; UID -1; state: ENABLED
10-24 21:41:46.741 1637 1637 W PackageManager: Relax SCAN_REQUIRE_KNOWN requirement for package com.google.audio.hearing.visualization.accessibility.scribe
10-24 21:41:46.742 1637 1637 W PackageManager: Relax SCAN_REQUIRE_KNOWN requirement for package com.google.android.calculator
10-24 21:41:46.747 1637 1637 W PackageManager: Relax SCAN_REQUIRE_KNOWN requirement for package com.google.android.GoogleCamera
10-24 21:41:46.749 1637 1637 W PackageManager: Relax SCAN_REQUIRE_KNOWN requirement for package com.google.android.as
10-24 21:41:46.751 1637 1637 W PackageManager: Relax SCAN_REQUIRE_KNOWN requirement for package com.google.android.deskclock
10-24 21:41:46.753 1637 1637 W PackageManager: Relax SCAN_REQUIRE_KNOWN requirement for package com.google.android.apps.restore
10-24 21:41:46.758 1637 1637 W PackageManager: Relax SCAN_REQUIRE_KNOWN requirement for package com.google.android.videos
10-24 21:41:46.762 1637 1637 W PackageManager: Relax SCAN_REQUIRE_KNOWN requirement for package com.google.ar.core
10-24 21:41:46.767 1637 1637 W PackageManager: Relax SCAN_REQUIRE_KNOWN requirement for package com.google.android.documentsui
10-24 21:41:46.770 1637 1637 W PackageManager: Relax SCAN_REQUIRE_KNOWN requirement for package com.google.android.tts
10-24 21:41:46.772 1637 1637 W PackageManager: Relax SCAN_REQUIRE_KNOWN requirement for package com.google.android.apps.carrier.carrierwifi
10-24 21:41:46.777 1637 1637 W PackageManager: Relax SCAN_REQUIRE_KNOWN requirement for package com.google.android.apps.helprtc
10-24 21:41:46.778 1637 1637 W PackageManager: Relax SCAN_REQUIRE_KNOWN requirement for package com.google.android.modulemetadata
10-24 21:41:46.780 1000 1000 E Lyric : tuning_provider_base.cc:354: INVALID_ARGUMENT: whi_tuning_tree_set does not have lsc tuning tree.
10-24 21:41:46.787 1637 1637 W PackageManager: Skipping provider name com.venmo.fileprovider (in package com.venmo): name already used by com.venmo
10-24 21:41:46.788 1637 1637 W PackageManager: Relax SCAN_REQUIRE_KNOWN requirement for package com.google.android.apps.camera.services
10-24 21:41:46.793 1637 1637 W PackageManager: Relax SCAN_REQUIRE_KNOWN requirement for package com.google.android.contacts
10-24 21:41:46.799 1637 1637 W PackageManager: Relax SCAN_REQUIRE_KNOWN requirement for package com.google.android.soundpicker
10-24 21:41:46.800 1637 1637 W PackageManager: Relax SCAN_REQUIRE_KNOWN requirement for package com.google.android.apps.safetyhub
10-24 21:41:46.829 1637 1637 W PackageManager: Relax SCAN_REQUIRE_KNOWN requirement for package com.google.android.apps.maps
10-24 21:41:46.837 1637 1637 W PackageManager: Relax SCAN_REQUIRE_KNOWN requirement for package com.google.android.googlequicksearchbox
10-24 21:41:46.841 1637 1637 W PackageManager: Relax SCAN_REQUIRE_KNOWN requirement for package com.google.android.apps.messaging
10-24 21:41:46.856 1637 1637 W PackageManager: Relax SCAN_REQUIRE_KNOWN requirement for package com.google.ambient.streaming
10-24 21:41:46.857 1637 1637 W PackageManager: Relax SCAN_REQUIRE_KNOWN requirement for package com.google.android.odad
10-24 21:41:46.858 1637 1637 W PackageManager: Relax SCAN_REQUIRE_KNOWN requirement for package com.google.android.settings.intelligence
10-24 21:41:46.859 1637 1637 W PackageManager: Skipping provider name com.google.android.settings.intelligence (in package com.google.android.settings.intelligence): name already used by com.google.android.settings.intelligence
10-24 21:41:46.859 1637 1637 W PackageManager: Relax SCAN_REQUIRE_KNOWN requirement for package com.google.android.euicc
10-24 21:41:46.864 1637 1637 W PackageManager: Relax SCAN_REQUIRE_KNOWN requirement for package com.google.android.inputmethod.latin
10-24 21:41:46.868 1637 1637 W PackageManager: Relax SCAN_REQUIRE_KNOWN requirement for package com.google.android.apps.dreamliner
10-24 21:41:46.871 1637 1637 W PackageManager: Relax SCAN_REQUIRE_KNOWN requirement for package com.google.android.apps.recorder
10-24 21:41:46.872 1637 1637 W PackageManager: Relax SCAN_REQUIRE_KNOWN requirement for package com.google.android.partnersetup
10-24 21:41:46.873 1637 1637 W PackageManager: Relax SCAN_REQUIRE_KNOWN requirement for package com.google.android.ims
10-24 21:41:46.874 1637 1637 W PackageManager: Relax SCAN_REQUIRE_KNOWN requirement for package com.google.android.apps.wellbeing
10-24 21:41:46.876 1637 1637 W PackageManager: Relax SCAN_REQUIRE_KNOWN requirement for package com.google.android.apps.gcs
10-24 21:41:46.880 1637 1637 W PackageManager: Skipping provider name com.microsoft.office.outlook.fileprovider (in package com.microsoft.office.outlook): name already used by com.microsoft.office.outlook
10-24 21:41:46.880 1637 1637 W PackageManager: Skipping provider name com.microsoft.office.outlook.provider (in package com.microsoft.office.outlook): name already used by com.microsoft.office.outlook
10-24 21:41:46.882 1637 1637 W PackageManager: Relax SCAN_REQUIRE_KNOWN requirement for package com.google.android.as.oss
10-24 21:41:46.884 1637 1637 W PackageManager: Relax SCAN_REQUIRE_KNOWN requirement for package com.google.android.apps.docs
10-24 21:41:46.889 1637 1637 W PackageManager: Relax SCAN_REQUIRE_KNOWN requirement for package com.google.android.dialer
10-24 21:41:46.893 1637 1637 W PackageManager: Relax SCAN_REQUIRE_KNOWN requirement for package com.google.android.apps.healthdata
10-24 21:41:46.895 1637 1637 W PackageManager: Relax SCAN_REQUIRE_KNOWN requirement for package com.google.android.apps.tycho
10-24 21:41:46.896 1000 1000 I Lyric : tuning_provider_base.cc:413: Tuning binarypb found: 245 Tuning binarypb parsed (SDR): 239 Tuning binarypb parsed (HDR): 0 Tuning binarypb parsed (sensor only): 6 Golden data binarypb found: 5 Golden data binarypb parsed: 5 Calibration applied: 238 Fallbacks parsed: 0
10-24 21:41:46.896 1000 1000 I Lyric : sensor_generic_driver.h:173: NAGUAL: Setting base ISO: 80-->44.4444
10-24 21:41:46.896 1000 1000 I Lyric : sensor_generic_driver.h:173: LAMASSU: Setting base ISO: 80-->29.6736
10-24 21:41:46.896 1000 1000 I Lyric : sensor_generic_driver.h:173: SANDWORM: Setting base ISO: 80-->50.7614
10-24 21:41:46.896 1000 1000 I Lyric : sensor_generic_driver.h:173: BURAQ: Setting base ISO: 80-->56.8182
10-24 21:41:46.896 1000 1000 I Lyric : sensor_generic_driver.h:173: NAGUALRM: Setting base ISO: 80-->80
10-24 21:41:46.896 1000 1000 I Lyric : sensor_generic_driver.h:173: BURAQVIRTUAL: Setting base ISO: 80-->56.8182
10-24 21:41:46.897 1000 1000 I Lyric : Create RadioExt v1.3 client success.
10-24 21:41:46.897 1000 1000 I Lyric : whi_device_context.cc:806: Using Ois-Lc898128 as ois-rear-normal
10-24 21:41:46.898 1637 1637 W PackageManager: Relax SCAN_REQUIRE_KNOWN requirement for package com.google.android.accessibility.soundamplifier
10-24 21:41:46.898 1000 1000 I Lyric : whi_device_context.cc:806: Using Ois-Sem1215sa as ois-rear-tele
10-24 21:41:46.898 1000 1000 I Lyric : lwis_buffer_controller.cc:13: Partial CPU Cache sync is enabled
10-24 21:41:46.899 1000 1000 I native : I0000 00:00:1729820506.899158 1000 catpipe_version.cc:17] Catpipe in production build with version: 486789969
10-24 21:41:46.899 1000 1000 E native : E0000 00:00:1729820506.899323 1000 port_file_content.cc:51] fopen FAIL
10-24 21:41:46.899 1000 1000 I native : I0000 00:00:1729820506.899340 1000 logging.cc:108] No Catpipe logging config file => use default configs: NOT_FOUND: Unable to read file: /data/vendor/camera/catpipe_logger/logging_config.json
10-24 21:41:46.899 1000 1000 I native : === Source Location Trace: ===
10-24 21:41:46.899 1000 1000 I native : wireless/android/camera/catpipe/lib_catnode/logging.cc:71
10-24 21:41:46.899 1000 1000 I native : I0000 00:00:1729820506.899384 1000 node_export.cc:59] Supported CatNode types: BlurRefineNode EspNode FaceDeblurNode EisNode AlignmentNode AlscNode HdrnetV2Node LlvNode RectifaceNode BareboneNode SegmenterNode SteadifaceNode
10-24 21:41:46.901 1000 1000 I native : I0000 00:00:1729820506.901886 1000 node_export.cc:194] CatNodeCreate(EisNode) took 2.1038 ms
10-24 21:41:46.902 1637 1637 W PackageManager: Relax SCAN_REQUIRE_KNOWN requirement for package com.google.android.marvin.talkback
10-24 21:41:46.902 1000 1000 I native : I0000 00:00:1729820506.902978 1000 node_profiler.cc:117] enabled=0, broad_cast_period=150, frame_drop_thresh=45
10-24 21:41:46.903 1000 1000 I native : I0000 00:00:1729820506.903233 1000 node_export.cc:194] CatNodeCreate(EisNode) took 0.2028 ms
10-24 21:41:46.903 1000 1000 I native : I0000 00:00:1729820506.903478 1000 node_profiler.cc:117] enabled=0, broad_cast_period=150, frame_drop_thresh=45
10-24 21:41:46.903 1637 1637 W PackageManager: Relax SCAN_REQUIRE_KNOWN requirement for package com.google.android.apps.wearables.maestro.companion
10-24 21:41:46.906 1637 1637 W PackageManager: Skipping provider name com.amazon.mShop.android.shopping.fileprovider (in package com.amazon.mShop.android.shopping): name already used by com.amazon.mShop.android.shopping
10-24 21:41:46.908 1637 1637 W PackageManager: Relax SCAN_REQUIRE_KNOWN requirement for package com.google.android.apps.work.clouddpc
10-24 21:41:46.919 1637 1637 W PackageManager: Relax SCAN_REQUIRE_KNOWN requirement for package com.google.android.gms
10-24 21:41:46.931 1637 1637 W PackageManager: Relax SCAN_REQUIRE_KNOWN requirement for package com.google.android.apps.photos
10-24 21:41:46.942 1637 1637 W PackageManager: Relax SCAN_REQUIRE_KNOWN requirement for package com.google.android.apps.youtube.music
10-24 21:41:46.951 1000 1000 I native : I0000 00:00:1729820506.951220 1000 aion.cc:946] lib_aion_buffer Provider: GS101
10-24 21:41:46.951 1000 1000 D libEGL : loaded /vendor/lib64/egl/libGLES_mali.so
10-24 21:41:46.952 1637 1637 W PackageManager: Relax SCAN_REQUIRE_KNOWN requirement for package com.android.chrome
10-24 21:41:46.957 1637 1637 W PackageManager: Relax SCAN_REQUIRE_KNOWN requirement for package com.google.android.youtube
10-24 21:41:46.959 1000 1000 I aion_buffer: AIonInit
10-24 21:41:46.959 1000 1000 I DMABUFHEAPS: BufferAllocator.cpp:76: Using DMA-BUF heap named: system
10-24 21:41:46.959 1000 1000 I DMABUFHEAPS: BufferAllocator.cpp:76: Using DMA-BUF heap named: system-uncached
10-24 21:41:46.959 1000 1000 E ion : open /dev/ion failed: No such file or directory
10-24 21:41:46.959 1000 1000 W aion_buffer: AIonInit: ion open failed: No such file or directory
10-24 21:41:46.959 1000 1000 D aion_buffer: AIon hint for imcoming GPU work is enabled.
10-24 21:41:46.959 1000 1000 I native : I0000 00:00:1729820506.959391 1000 xeno_gpu_segmenter.cc:826] Rectiface creates CL-X segmenter pool.
10-24 21:41:46.960 1637 1637 W PackageManager: Relax SCAN_REQUIRE_KNOWN requirement for package com.google.android.projection.gearhead
10-24 21:41:46.961 1000 1000 I native : I0000 00:00:1729820506.961084 1000 xeno_gpu_segmenter.cc:221] Rectiface creates CL segmenter.
10-24 21:41:46.966 1637 1637 W PackageManager: Relax SCAN_REQUIRE_KNOWN requirement for package com.google.android.apps.nbu.files
10-24 21:41:46.968 1637 1637 W PackageManager: Relax SCAN_REQUIRE_KNOWN requirement for package com.google.android.apps.turbo
10-24 21:41:46.970 1637 1637 W PackageManager: Relax SCAN_REQUIRE_KNOWN requirement for package com.google.android.networkstack
10-24 21:41:46.971 1637 1637 W PackageManager: Relax SCAN_REQUIRE_KNOWN requirement for package com.android.vending
10-24 21:41:46.974 1000 1000 I tflite : Initialized TensorFlow Lite runtime.
10-24 21:41:46.975 1637 1637 W PackageManager: Relax SCAN_REQUIRE_KNOWN requirement for package com.google.android.webview
10-24 21:41:46.985 1637 1637 W PackageManager: Relax SCAN_REQUIRE_KNOWN requirement for package com.google.mainline.adservices
10-24 21:41:46.986 1637 1637 W PackageManager: Relax SCAN_REQUIRE_KNOWN requirement for package com.google.android.calendar
10-24 21:41:46.991 1637 1637 W PackageManager: Relax SCAN_REQUIRE_KNOWN requirement for package com.google.android.gm
10-24 21:41:46.993 530 530 I servicemanager: Found android.frameworks.stats.IStats/default in framework VINTF manifest.
10-24 21:41:46.994 1637 1637 I PackageManager: Finished scanning non-system apps. Time: 277 ms, packageCount: 106 , timePerPackage: 2 , cached: 106
10-24 21:41:46.996 1637 1637 W PackageManager: There should probably be exactly one storage manager; found 2: matches=[ResolveInfo{f207ac0 com.google.android.apps.nbu.files/.home.HomeActivity p=100 m=0x108000}, ResolveInfo{6baf3f9 com.google.android.storagemanager/com.android.storagemanager.deletionhelper.DeletionHelperActivity m=0x108000}]
10-24 21:41:46.997 530 530 I servicemanager: Found android.frameworks.stats.IStats/default in framework VINTF manifest.
10-24 21:41:47.000 530 530 I servicemanager: Since 'com.google.edgetpu.IEdgeTpuVendorService/default' could not be found, trying to start it as a lazy AIDL service
10-24 21:41:47.001 0 0 I trusty : [GF_TA][I][gf_algo_test_adapter][get_product_test_other_version] product version = MPALGO_01.00.00.27.01-A.109.10.23.30
10-24 21:41:47.001 0 0 I trusty : [GF_TA][I][gf_delmar_algo][algo_do_init] algorithm version:Shenzhen_v_2.02.02.42.03.56
10-24 21:41:47.001 0 0 I trusty : [GF_TA][I][gf_delmar_algo][algo_do_init] preprocess version:Preprocess_v_2.02.02.35.56
10-24 21:41:47.001 0 0 I trusty : [GF_TA][I][gf_delmar_algo][algo_do_init] production version:MPALGO_01.00.00.27.01-A.109.10.23.30
10-24 21:41:47.001 0 0 I trusty : [GF_TA][I][gf_algo_adapter][gf_adt_get_fake_version] af for g6 opt7
10-24 21:41:47.001 0 0 I trusty : [GF_TA][I][gf_algo_af][af_get_version] Fake algo version : GF_ASP_4.01.31.02
10-24 21:41:47.001 1637 1637 I PackageManager: Time to scan packages: 0.872 seconds
10-24 21:41:47.001 1637 1637 I PackageManager: Permission ownership changed. Updating all permissions.
10-24 21:41:47.020 1637 1637 V PackageManager: reconcileAppsData for null u0 0x1 migrateAppData=true
10-24 21:41:47.022 1184 1184 W HidlServiceManagement: Waited one second for android.frameworks.sensorservice@1.0::ISensorManager/default
10-24 21:41:47.022 531 531 I hwservicemanager: Since android.frameworks.sensorservice@1.0::ISensorManager/default is not registered, trying to start it as a lazy HAL.
10-24 21:41:47.022 1184 1184 I HidlServiceManagement: getService: Trying again for android.frameworks.sensorservice@1.0::ISensorManager/default...
10-24 21:41:47.022 531 1863 W libc : Unable to set property "ctl.interface_start" to "android.frameworks.sensorservice@1.0::ISensorManager/default": error code: 0x20
10-24 21:41:47.022 531 1863 I hwservicemanager: Tried to start android.frameworks.sensorservice@1.0::ISensorManager/default as a lazy service, but was unable to. Usually this happens when a service is not installed, but if the service is intended to be used as a lazy service, then it may be configured incorrectly.
10-24 21:41:47.023 1194 1203 I SELinux : SELinux: Loaded file_contexts
10-24 21:41:47.044 1637 1637 V PackageManager: reconcileAppsData finished 28 packages
10-24 21:41:47.044 1637 1637 D PackageManagerTiming: write settings
10-24 21:41:47.044 1637 1864 D SystemServerTimingAsync: InitThreadPoolExec:prepareAppData
10-24 21:41:47.061 1637 1637 I SELinux : SELinux: Loaded file_contexts
10-24 21:41:47.078 1637 1637 D PackageManagerTiming: GC
10-24 21:41:47.079 1637 1637 I PackageManager: Fix for b/169414761 is applied
10-24 21:41:47.080 1637 1637 V UserSystemPackageInstaller: Checking that all system packages are whitelisted.
10-24 21:41:47.090 1637 1637 W UserSystemPackageInstaller: checkWhitelistedSystemPackages(mode=d) has 77 warnings:
10-24 21:41:47.090 1637 1637 W UserSystemPackageInstaller: com.pixelify.android.theme.font.gsan is allowlisted but not present.
10-24 21:41:47.090 1637 1637 W UserSystemPackageInstaller: com.android.theme.color.amethyst is allowlisted but not present.
10-24 21:41:47.090 1637 1637 W UserSystemPackageInstaller: com.android.theme.icon.pebble is allowlisted but not present.
10-24 21:41:47.090 1637 1637 W UserSystemPackageInstaller: com.pixelify.wallpaper.overlay is allowlisted but not present.
10-24 21:41:47.090 1637 1637 W UserSystemPackageInstaller: com.android.theme.color.sand is allowlisted but not present.
10-24 21:41:47.090 1637 1637 W UserSystemPackageInstaller: com.google.android.apps.nexuslauncher.pixelify.coverlay is allowlisted but not present.
10-24 21:41:47.090 1637 1637 W UserSystemPackageInstaller: com.android.wallpapercropper is allowlisted but not present.
10-24 21:41:47.090 1637 1637 W UserSystemPackageInstaller: com.android.theme.icon.vessel is allowlisted but not present.
10-24 21:41:47.090 1637 1637 W UserSystemPackageInstaller: com.android.theme.color.cinnamon is allowlisted but not present.
10-24 21:41:47.090 1637 1637 W UserSystemPackageInstaller: com.android.settings.pixelify.ss.overlay is allowlisted but not present.
10-24 21:41:47.090 1637 1637 W UserSystemPackageInstaller: com.android.theme.icon_pack.victor.settings is allowlisted but not present.
10-24 21:41:47.090 1637 1637 W UserSystemPackageInstaller: com.android.theme.icon_pack.rounded.systemui is allowlisted but not present.
10-24 21:41:47.090 1637 1637 W UserSystemPackageInstaller: com.pixelifyshape.framework.overlay is allowlisted but not present.
10-24 21:41:47.090 1637 1637 W UserSystemPackageInstaller: com.android.theme.icon.taperedrect is allowlisted but not present.
10-24 21:41:47.090 1637 1637 W UserSystemPackageInstaller: com.google.android.apps.nexuslauncher.pixelify.iconres is allowlisted but not present.
10-24 21:41:47.090 1637 1637 W UserSystemPackageInstaller: com.android.theme.icon_pack.rounded.android is allowlisted but not present.
10-24 21:41:47.090 1637 1637 W UserSystemPackageInstaller: com.android.theme.icon_pack.victor.systemui is allowlisted but not present.
10-24 21:41:47.090 1637 1637 W UserSystemPackageInstaller: com.android.theme.icon_pack.circular.themepicker is allowlisted but not present.
10-24 21:41:47.090 1637 1637 W UserSystemPackageInstaller: com.android.theme.color.tangerine is allowlisted but not present.
10-24 21:41:47.090 1637 1637 W UserSystemPackageInstaller: com.android.theme.color.aquamarine is allowlisted but not present.
10-24 21:41:47.090 1637 1637 W UserSystemPackageInstaller: com.pixelify.android.theme.font.gsanitbold is allowlisted but not present.
10-24 21:41:47.090 1637 1637 W UserSystemPackageInstaller: com.android.theme.color.black is allowlisted but not present.
10-24 21:41:47.090 1637 1637 W UserSystemPackageInstaller: com.android.theme.color.green is allowlisted but not present.
10-24 21:41:47.090 1637 1637 W UserSystemPackageInstaller: com.android.theme.color.ocean is allowlisted but not present.
10-24 21:41:47.090 1637 1637 W UserSystemPackageInstaller: com.android.theme.color.space is allowlisted but not present.
10-24 21:41:47.090 1637 1637 W UserSystemPackageInstaller: com.pixelify.android.theme.font.gsanitalics is allowlisted but not present.
10-24 21:41:47.090 1637 1637 W UserSystemPackageInstaller: com.android.theme.icon_pack.rounded.launcher is allowlisted but not present.
10-24 21:41:47.090 1637 1637 W UserSystemPackageInstaller: com.android.theme.icon_pack.kai.settings is allowlisted but not present.
10-24 21:41:47.090 1637 1637 W UserSystemPackageInstaller: com.pixelify.overlay.asi is allowlisted but not present.
10-24 21:41:47.090 1637 1637 W UserSystemPackageInstaller: com.pixelify.overlay.dps is allowlisted but not present.
10-24 21:41:47.090 1637 1637 W UserSystemPackageInstaller: com.pixelify.overlay.tts is allowlisted but not present.
10-24 21:41:47.090 1637 1637 W UserSystemPackageInstaller: com.android.internal.systemui.navbar.twobutton is allowlisted but not present.
10-24 21:41:47.090 1637 1637 W UserSystemPackageInstaller: com.android.theme.icon_pack.sam.settings is allowlisted but not present.
10-24 21:41:47.090 1637 1637 W UserSystemPackageInstaller: com.android.theme.icon_pack.kai.themepicker is allowlisted but not present.
10-24 21:41:47.090 1637 1637 W UserSystemPackageInstaller: com.pixelify.pixel.theme12 is allowlisted but not present.
10-24 21:41:47.090 1637 1637 W UserSystemPackageInstaller: com.pixelify.pixel.theme31 is allowlisted unnecessarily since it's a static overlay.
10-24 21:41:47.090 1637 1637 W UserSystemPackageInstaller: com.android.theme.icon_pack.victor.launcher is allowlisted but not present.
10-24 21:41:47.090 1637 1637 W UserSystemPackageInstaller: com.pixelify.overlay.ga is allowlisted but not present.
10-24 21:41:47.090 1637 1637 W UserSystemPackageInstaller: com.google.android.apps.nexuslauncher.pixelify.grid is allowlisted but not present.
10-24 21:41:47.090 1637 1637 W UserSystemPackageInstaller: com.android.theme.icon_pack.filled.settings is allowlisted but not present.
10-24 21:41:47.090 1637 1637 W UserSystemPackageInstaller: com.android.theme.icon_pack.kai.systemui is allowlisted but not present.
10-24 21:41:47.090 1637 1637 W UserSystemPackageInstaller: com.android.theme.icon_pack.circular.settings is allowlisted but not present.
10-24 21:41:47.090 1637 1637 W UserSystemPackageInstaller: com.pixelify.gd.overlay is allowlisted but not present.
10-24 21:41:47.090 1637 1637 W UserSystemPackageInstaller: com.android.theme.icon_pack.sam.systemui is allowlisted but not present.
10-24 21:41:47.090 1637 1637 W UserSystemPackageInstaller: com.android.theme.icon.teardrop is allowlisted but not present.
10-24 21:41:47.090 1637 1637 W UserSystemPackageInstaller: com.android.theme.icon_pack.rounded.themepicker is allowlisted but not present.
10-24 21:41:47.091 1637 1637 W UserSystemPackageInstaller: com.google.android.apps.nexuslauncher.pixelify.soverlay is allowlisted but not present.
10-24 21:41:47.091 1637 1637 W UserSystemPackageInstaller: com.android.theme.icon_pack.filled.systemui is allowlisted but not present.
10-24 21:41:47.091 1637 1637 W UserSystemPackageInstaller: com.google.android.apps.wallpaper.nexus is allowlisted but not present.
10-24 21:41:47.091 1637 1637 W UserSystemPackageInstaller: com.pixelify.flagsoverlay is allowlisted but not present.
10-24 21:41:47.091 1637 1637 W UserSystemPackageInstaller: com.android.theme.icon_pack.sam.android is allowlisted but not present.
10-24 21:41:47.091 1637 1637 W UserSystemPackageInstaller: com.android.theme.icon_pack.filled.android is allowlisted but not present.
10-24 21:41:47.091 1637 1637 W UserSystemPackageInstaller: com.android.theme.icon_pack.circular.systemui is allowlisted but not present.
10-24 21:41:47.091 1637 1637 W UserSystemPackageInstaller: com.android.settings.pixelify.overlay is allowlisted unnecessarily since it's a static overlay.
10-24 21:41:47.091 1637 1637 W UserSystemPackageInstaller: com.android.theme.icon_pack.kai.android is allowlisted but not present.
10-24 21:41:47.091 1637 1637 W UserSystemPackageInstaller: com.pixelify.framework.pixel.overlay is allowlisted but not present.
10-24 21:41:47.091 1637 1637 W UserSystemPackageInstaller: com.android.theme.icon_pack.kai.launcher is allowlisted but not present.
10-24 21:41:47.091 1637 1637 W UserSystemPackageInstaller: com.android.theme.icon_pack.sam.launcher is allowlisted but not present.
10-24 21:41:47.091 1637 1637 W UserSystemPackageInstaller: com.android.theme.font.googlesans.inter is allowlisted but not present.
10-24 21:41:47.091 1637 1637 W UserSystemPackageInstaller: com.android.theme.icon.squircle is allowlisted but not present.
10-24 21:41:47.091 1637 1637 W UserSystemPackageInstaller: com.android.theme.icon_pack.victor.android is allowlisted but not present.
10-24 21:41:47.091 1637 1637 W UserSystemPackageInstaller: com.android.theme.color.palette is allowlisted but not present.
10-24 21:41:47.091 1637 1637 W UserSystemPackageInstaller: com.android.theme.icon_pack.filled.launcher is allowlisted but not present.
10-24 21:41:47.091 1637 1637 W UserSystemPackageInstaller: com.android.theme.color.carbon is allowlisted but not present.
10-24 21:41:47.091 1637 1637 W UserSystemPackageInstaller: com.android.theme.icon_pack.circular.launcher is allowlisted but not present.
10-24 21:41:47.091 1637 1637 W UserSystemPackageInstaller: com.pixelify.filpendo.overlay is allowlisted but not present.
10-24 21:41:47.091 1637 1637 W UserSystemPackageInstaller: com.pixelify.dialer.overlay is allowlisted unnecessarily since it's a static overlay.
10-24 21:41:47.091 1637 1637 W UserSystemPackageInstaller: com.android.theme.icon_pack.filled.themepicker is allowlisted but not present.
10-24 21:41:47.091 1637 1637 W UserSystemPackageInstaller: com.pixelify.android.theme.font.gsanbold is allowlisted but not present.
10-24 21:41:47.091 1637 1637 W UserSystemPackageInstaller: com.pixelify.framework.overlay is allowlisted unnecessarily since it's a static overlay.
10-24 21:41:47.091 1637 1637 W UserSystemPackageInstaller: com.android.theme.icon_pack.victor.themepicker is allowlisted but not present.
10-24 21:41:47.091 1637 1637 W UserSystemPackageInstaller: com.android.theme.color.orchid is allowlisted but not present.
10-24 21:41:47.091 1637 1637 W UserSystemPackageInstaller: com.android.theme.color.purple is allowlisted but not present.
10-24 21:41:47.091 1637 1637 W UserSystemPackageInstaller: com.android.theme.icon_pack.sam.themepicker is allowlisted but not present.
10-24 21:41:47.091 1637 1637 W UserSystemPackageInstaller: com.android.theme.icon.roundedrect is allowlisted but not present.
10-24 21:41:47.091 1637 1637 W UserSystemPackageInstaller: com.android.theme.icon_pack.rounded.settings is allowlisted but not present.
10-24 21:41:47.091 1637 1637 W UserSystemPackageInstaller: com.android.theme.icon_pack.circular.android is allowlisted but not present.
10-24 21:41:47.092 1637 1637 I Watchdog: Resuming HandlerChecker: main thread for reason: packagemanagermain. Pause count: 0
10-24 21:41:47.092 1637 1637 I SystemServerDexLoadReporter: Configuring system server dex reporter
10-24 21:41:47.093 1637 1637 D SystemServerTiming: StartOtaDexOptService
10-24 21:41:47.093 1637 1637 I Watchdog: Pausing HandlerChecker: main thread for reason: moveab. Pause count: 1
10-24 21:41:47.094 1637 1637 D OTADexopt: No upgrade, skipping A/B artifacts check.
10-24 21:41:47.094 1637 1637 I Watchdog: Resuming HandlerChecker: main thread for reason: moveab. Pause count: 0
10-24 21:41:47.094 1637 1637 D SystemServerTiming: StartUserManagerService
10-24 21:41:47.094 1637 1637 I SystemServiceManager: Starting com.android.server.pm.UserManagerService$LifeCycle
10-24 21:41:47.094 1637 1637 D SystemServerTiming: InitAttributerCache
10-24 21:41:47.095 1637 1637 D SystemServerTiming: SetSystemProcess
10-24 21:41:47.100 1199 1199 I ServiceManager: Waiting for service 'package_native' on '/dev/binder' successful after waiting 3038ms
10-24 21:41:47.100 1637 1777 I ActivityManager: Connection with lmkd established
10-24 21:41:47.101 529 529 I lowmemorykiller: lmkd data connection established
10-24 21:41:47.102 1637 1637 D CompatibilityChangeReporter: Compat change id reported: 161145287; UID 1000; state: DISABLED
10-24 21:41:47.102 1637 1637 D SystemServerTiming: InitWatchdog
10-24 21:41:47.103 1637 1637 D SystemServerTiming: StartOverlayManagerService
10-24 21:41:47.115 1189 1202 W idmap2d : failed to parse idmap header of '/data/resource-cache/product@overlay@WildlifeSettingsVpnOverlay2022.apk@idmap'
10-24 21:41:47.117 1637 1840 V HistoricalRegistry: Interaction before persistence initialized
10-24 21:41:47.118 1056 1056 I audioserver: Waiting for sensor privacy service
10-24 21:41:47.123 1199 1867 I storaged: storaged: Start
10-24 21:41:47.126 1862 1862 I AidlLazyServiceRegistrar: Registering service com.google.edgetpu.IEdgeTpuVendorService/default
10-24 21:41:47.126 530 530 I servicemanager: Found com.google.edgetpu.IEdgeTpuVendorService/default in device VINTF manifest.
10-24 21:41:47.127 530 530 I BpBinder: onLastStrongRef automatically unlinking death recipients:
10-24 21:41:47.127 1000 1000 I tflite : Replacing 102 node(s) with delegate (edgetpu-custom-op-2) node, yielding 1 partitions.
10-24 21:41:47.132 1194 1203 W installd: Ignoring /data/data/tR1jpwAAAABJHf22sYnqryk7TBj4c3dUft8vpqd2NdiPIAIhskp2lg/XJREegAAAAAiR12hzMBNrWaEFgklz62q with unexpected GID 0 instead of 10190
10-24 21:41:47.133 1862 1862 I vendor.google.edgetpu_vendor_service@1.0-service: Pinned Darwinn Compiler to big cores.
10-24 21:41:47.135 1194 1203 W installd: Ignoring /data/data/V_lDWwAAAABMF9194S7wp-bWtgfWsPMRVh6VFOuGZnXnn1Z8dVxmuA/mDUEHgAAAACN6VDb0SZc1rjmFSt46TfL with unexpected GID 0 instead of 10188
10-24 21:41:47.135 1862 1862 I native : I1024 21:41:47.135727 1862 :272] GetImageInfo not implemented.
10-24 21:41:47.137 1862 1862 I vendor.google.edgetpu_vendor_service@1.0-service: Darwinn TFlite ODC successfully compiled in 4375569 ns.
10-24 21:41:47.138 1000 1000 I native : I0000 00:00:1729820507.138247 1000 darwinn_delegate_kernel.cc:281] TOKEN_9563200764275872675 successfully compiled. Total time: 10 ms
10-24 21:41:47.176 1194 1203 W installd: Ignoring /data/data/Vs8T2QAAAAB-3y-mp3Y12I8gAiGySnaW5EeNFabc8KQpCeslQymPqSKMypolaf3-fIdko6C0cCQ/GwghXwAAAABUJtcfkAITG5QB3CCl5k0h with unexpected GID 0 instead of 10178
10-24 21:41:47.178 1196 1209 I ServiceManager: Waiting for service 'package_native' on '/dev/binder' successful after waiting 3111ms
10-24 21:41:47.222 1189 1202 W idmap2d : failed to find resource 'bool/config_advanced_vpn_enabled'
10-24 21:41:47.222 1189 1202 E idmap2d : no resources were overlaid
10-24 21:41:47.228 587 721 D BootAnimation: Playing files = /product/media/bootanimation-dark.zip/part2, Requested repeat = 180, playUntilComplete = false
10-24 21:41:47.241 1189 1189 W idmap2d : failed to parse idmap header of '/data/resource-cache/product@overlay@OneHandedModeGesturalOverlay@OneHandedModeGesturalOverlay.apk@idmap'
10-24 21:41:47.242 1189 1189 W idmap2d : failed to find resource 'string/one_handed_mode_title'
10-24 21:41:47.244 587 721 D BootAnimation: Playing files = /product/media/bootanimation-dark.zip/part2, Requested repeat = 180, playUntilComplete = false
10-24 21:41:47.254 1637 1864 W PackageManager: Skipping preparing app data for com.google.android.sdksandbox
10-24 21:41:47.261 587 721 D BootAnimation: Playing files = /product/media/bootanimation-dark.zip/part2, Requested repeat = 180, playUntilComplete = false
10-24 21:41:47.274 1275 1275 I [GF_HAL][DelmarAlgo]: [init] HAL_VERSION=ed1d48b_b5534ff_2cad877_2022.05.20_15:29:42
10-24 21:41:47.274 1275 1275 I [GF_HAL][DelmarAlgoUtils]: [printHalVersionInAlgoUtils] HAL_VERSION=ed1d48b_b5534ff_2cad877_2022.05.20_15:29:42
10-24 21:41:47.275 1275 1275 I [GF_HAL][DataSynchronizer]: [injectMtCali] No SA calibration present: /dev/block/by-name/mfg_data.
10-24 21:41:47.275 1275 1275 I biometric_suez: Construct BiometricSuez
10-24 21:41:47.276 530 530 I servicemanager: Found android.frameworks.stats.IStats/default in framework VINTF manifest.
10-24 21:41:47.276 1275 1275 E [GF_HAL][SensorConfigProvider]: [getConfig] exit. err=GF_ERROR_FILE_OPEN_FAILED, errno=1080
10-24 21:41:47.276 1275 1275 D FingerprintHal: [getSensorLocation] sensor0 centerX=720, centerY=2361
10-24 21:41:47.276 1275 1275 D FingerprintHal: [getSensorLocation] radius=142
10-24 21:41:47.276 1275 1275 D FingerprintHal: Skipped disable antispoof
10-24 21:41:47.277 530 530 I servicemanager: Found android.hardware.biometrics.fingerprint.IFingerprint/default in device VINTF manifest.
10-24 21:41:47.278 587 721 D BootAnimation: Playing files = /product/media/bootanimation-dark.zip/part2, Requested repeat = 180, playUntilComplete = false
10-24 21:41:47.287 1000 1000 I native : I0000 00:00:1729820507.287156 1000 xeno_gpu_segmenter.cc:221] Rectiface creates CL segmenter.
10-24 21:41:47.289 1000 1000 I tflite : Replacing 102 node(s) with delegate (edgetpu-custom-op-2) node, yielding 1 partitions.
10-24 21:41:47.290 1862 1862 I vendor.google.edgetpu_vendor_service@1.0-service: Pinned Darwinn Compiler to big cores.
10-24 21:41:47.290 1862 1862 I vendor.google.edgetpu_vendor_service@1.0-service: Darwinn TFlite ODC successfully compiled in 352254 ns.
10-24 21:41:47.291 1000 1000 I native : I0000 00:00:1729820507.291102 1000 darwinn_delegate_kernel.cc:281] TOKEN_9563200764275872675 successfully compiled. Total time: 1 ms
10-24 21:41:47.295 587 721 D BootAnimation: Playing files = /product/media/bootanimation-dark.zip/part2, Requested repeat = 180, playUntilComplete = false
10-24 21:41:47.295 1189 1189 W idmap2d : failed to parse idmap header of '/data/resource-cache/product@overlay@WildlifeSysuiVpnOverlay2022.apk@idmap'
10-24 21:41:47.312 587 721 D BootAnimation: Playing files = /product/media/bootanimation-dark.zip/part2, Requested repeat = 180, playUntilComplete = false
10-24 21:41:47.329 587 721 D BootAnimation: Playing files = /product/media/bootanimation-dark.zip/part2, Requested repeat = 180, playUntilComplete = false
10-24 21:41:47.338 1000 1000 I native : I0000 00:00:1729820507.338056 1000 segmenter_node.cc:375]
10-24 21:41:47.346 587 721 D BootAnimation: Playing files = /product/media/bootanimation-dark.zip/part2, Requested repeat = 180, playUntilComplete = false
10-24 21:41:47.363 587 721 D BootAnimation: Playing files = /product/media/bootanimation-dark.zip/part2, Requested repeat = 180, playUntilComplete = false
10-24 21:41:47.375 1194 1194 W cutils : Expected path /data/user_de/0/com.google.android.gms with mode 700 but found 711
10-24 21:41:47.379 587 721 D BootAnimation: Playing files = /product/media/bootanimation-dark.zip/part2, Requested repeat = 180, playUntilComplete = false
10-24 21:41:47.396 587 721 D BootAnimation: Playing files = /product/media/bootanimation-dark.zip/part2, Requested repeat = 180, playUntilComplete = false
10-24 21:41:47.413 587 721 D BootAnimation: Playing files = /product/media/bootanimation-dark.zip/part2, Requested repeat = 180, playUntilComplete = false
10-24 21:41:47.430 587 721 D BootAnimation: Playing files = /product/media/bootanimation-dark.zip/part2, Requested repeat = 180, playUntilComplete = false
10-24 21:41:47.432 1189 1189 W idmap2d : failed to parse idmap header of '/data/resource-cache/product@overlay@PixelifySettingsOverlay.apk@idmap'
10-24 21:41:47.435 1189 1189 W idmap2d : failed to find resource 'bool/config_vibration_supports_multiple_intensities'
10-24 21:41:47.447 587 721 D BootAnimation: Playing files = /product/media/bootanimation-dark.zip/part2, Requested repeat = 180, playUntilComplete = false
10-24 21:41:47.449 1637 1864 I PackageManager: Deferred reconcileAppsData finished 311 packages
10-24 21:41:47.449 1189 1189 W idmap2d : failed to parse idmap header of '/data/resource-cache/product@overlay@PixelifyDialer.apk@idmap'
10-24 21:41:47.464 587 721 D BootAnimation: Playing files = /product/media/bootanimation-dark.zip/part2, Requested repeat = 180, playUntilComplete = false
10-24 21:41:47.467 1189 1189 W idmap2d : failed to find resource 'bool/call_recording_enabled'
10-24 21:41:47.467 1189 1189 W idmap2d : failed to find resource 'integer/call_recording_audio_source'
10-24 21:41:47.481 587 721 D BootAnimation: Playing files = /product/media/bootanimation-dark.zip/part2, Requested repeat = 180, playUntilComplete = false
10-24 21:41:47.498 587 721 D BootAnimation: Playing files = /product/media/bootanimation-dark.zip/part2, Requested repeat = 180, playUntilComplete = false
10-24 21:41:47.503 1637 1637 D SystemServerTiming: StartResourcesManagerService
10-24 21:41:47.503 1637 1637 D SystemServerTiming: StartSensorPrivacyService
10-24 21:41:47.504 1637 1758 W ActivityTaskManager: Skip updateConfiguration because mWindowManager isn't set
10-24 21:41:47.506 1637 1637 D SystemServerTiming: StartSensorService
10-24 21:41:47.506 1637 1637 I SystemServiceManager: Starting com.android.server.sensors.SensorService
10-24 21:41:47.507 1637 1637 D SystemServerTiming: startCoreServices
10-24 21:41:47.507 1637 1637 D SystemServerTiming: StartSystemConfigService
10-24 21:41:47.507 1637 1637 I SystemServiceManager: Starting com.android.server.SystemConfigService
10-24 21:41:47.507 1637 1880 D SystemServerTimingAsync: InitThreadPoolExec:StartNativeSensorService
10-24 21:41:47.507 1637 1880 D SystemServerTimingAsync: StartNativeSensorService
10-24 21:41:47.507 1637 1637 D SystemServerTiming: StartBatteryService
10-24 21:41:47.507 1637 1880 D SensorService: nuSensorService starting...
10-24 21:41:47.507 1637 1637 I SystemServiceManager: Starting com.android.server.BatteryService
10-24 21:41:47.507 530 530 I servicemanager: Could not find android.hardware.sensors.ISensors/default in the VINTF manifest.
10-24 21:41:47.513 1023 1023 D usf_sensor_hal: accelerometer: Enter Activate. Enable = 0.
10-24 21:41:47.513 1023 1023 D usf_sensor_hal: magnetometer: Enter Activate. Enable = 0.
10-24 21:41:47.513 1023 1023 D usf_sensor_hal: orientation: Enter Activate. Enable = 0.
10-24 21:41:47.513 1023 1023 D usf_sensor_hal: gyroscope: Enter Activate. Enable = 0.
10-24 21:41:47.513 1023 1023 D usf_sensor_hal: ambient light: Enter Activate. Enable = 0.
10-24 21:41:47.513 1023 1023 D usf_sensor_hal: pressure: Enter Activate. Enable = 0.
10-24 21:41:47.513 1023 1023 D usf_sensor_hal: proximity: Enter Activate. Enable = 0.
10-24 21:41:47.513 1023 1023 D usf_sensor_hal: gravity: Enter Activate. Enable = 0.
10-24 21:41:47.513 1023 1023 D usf_sensor_hal: linear acceleration: Enter Activate. Enable = 0.
10-24 21:41:47.513 1023 1023 D usf_sensor_hal: rotation vector: Enter Activate. Enable = 0.
10-24 21:41:47.513 1023 1023 D usf_sensor_hal: magnetometer: Enter Activate. Enable = 0.
10-24 21:41:47.513 1023 1023 D usf_sensor_hal: game rotation vector: Enter Activate. Enable = 0.
10-24 21:41:47.513 1023 1023 D usf_sensor_hal: gyroscope: Enter Activate. Enable = 0.
10-24 21:41:47.513 1023 1023 D usf_sensor_hal: significant motion: Enter Activate. Enable = 0.
10-24 21:41:47.513 1023 1023 D usf_sensor_hal: step detector: Enter Activate. Enable = 0.
10-24 21:41:47.513 1023 1023 D usf_sensor_hal: step counter: Enter Activate. Enable = 0.
10-24 21:41:47.513 1023 1023 D usf_sensor_hal: geomagnetic rotation vector: Enter Activate. Enable = 0.
10-24 21:41:47.513 1023 1023 D usf_sensor_hal: tilt detector: Enter Activate. Enable = 0.
10-24 21:41:47.513 1023 1023 D usf_sensor_hal: device pickup: Enter Activate. Enable = 0.
10-24 21:41:47.513 1023 1023 D usf_sensor_hal: device orientation: Enter Activate. Enable = 0.
10-24 21:41:47.513 1023 1023 D usf_sensor_hal: accelerometer: Enter Activate. Enable = 0.
10-24 21:41:47.513 1023 1023 D usf_sensor_hal: IMU temperature: Enter Activate. Enable = 0.
10-24 21:41:47.513 1023 1023 D usf_sensor_hal: pressure temperature: Enter Activate. Enable = 0.
10-24 21:41:47.513 1023 1023 D usf_sensor_hal: camera vsync: Enter Activate. Enable = 0.
10-24 21:41:47.513 1023 1023 D usf_sensor_hal: camera vsync: Enter Activate. Enable = 0.
10-24 21:41:47.513 1023 1023 D usf_sensor_hal: camera vsync: Enter Activate. Enable = 0.
10-24 21:41:47.513 1023 1023 D usf_sensor_hal: camera vsync: Enter Activate. Enable = 0.
10-24 21:41:47.513 1023 1023 D usf_sensor_hal: rear light: Enter Activate. Enable = 0.
10-24 21:41:47.513 1023 1023 D usf_sensor_hal: double twist: Enter Activate. Enable = 0.
10-24 21:41:47.513 1023 1023 D usf_sensor_hal: binned brightness: Enter Activate. Enable = 0.
10-24 21:41:47.513 1023 1023 D usf_sensor_hal: proximity gated single tap: Enter Activate. Enable = 0.
10-24 21:41:47.513 1023 1023 D usf_sensor_hal: proximity gated long press: Enter Activate. Enable = 0.
10-24 21:41:47.513 1023 1023 D usf_sensor_hal: quick pickup: Enter Activate. Enable = 0.
10-24 21:41:47.513 1023 1023 D usf_sensor_hal: auto brightness: Enter Activate. Enable = 0.
10-24 21:41:47.513 1023 1023 D DynamicSensorHal: DynamicSensorsSubHal::initialize invoked.
10-24 21:41:47.513 1023 1023 D usf_sensor_hal: Enter UsfSensorHalV2_X::initialize
10-24 21:41:47.514 530 530 I servicemanager: Found android.hardware.health.IHealth/default in device VINTF manifest.
10-24 21:41:47.514 1637 1880 I SensorService: Dynamic Sensor Manager's reported power 0.000001 invalid, clamped to 0.001000
10-24 21:41:47.514 1637 1880 I SensorService: LSM6DSR Accelerometer's reported power 0.000000 invalid, clamped to 0.001000
10-24 21:41:47.514 1637 1880 I SensorService: Fusion Mag's reported power 0.000000 invalid, clamped to 0.001000
10-24 21:41:47.514 1637 1880 I SensorService: Orientation Sensor's reported power 0.000000 invalid, clamped to 0.001000
10-24 21:41:47.514 1637 1880 W SensorService: LSM6DSR Gyroscope's max range 34.906585693359 is not a multiple of the resolution 0.001221730490 - updated to 34.906063079834
10-24 21:41:47.514 1637 1880 I SensorService: LSM6DSR Gyroscope's reported power 0.000000 invalid, clamped to 0.001000
10-24 21:41:47.514 1637 1880 I SensorService: TMD3719 Ambient Light's reported power 0.000000 invalid, clamped to 0.001000
10-24 21:41:47.514 1637 1880 I SensorService: ICP10101 Pressure Sensor's reported power 0.000000 invalid, clamped to 0.001000
10-24 21:41:47.514 1637 1880 I SensorService: TMD3719 Proximity (wake-up)'s reported power 0.000000 invalid, clamped to 0.001000
10-24 21:41:47.514 1637 1880 I SensorService: Gravity Sensor's reported power 0.000000 invalid, clamped to 0.001000
10-24 21:41:47.514 1637 1880 I SensorService: Linear Acceleration Sensor's reported power 0.000000 invalid, clamped to 0.001000
10-24 21:41:47.514 1637 1880 I SensorService: Rotation Vector Sensor's reported power 0.000000 invalid, clamped to 0.001000
10-24 21:41:47.514 1637 1880 I SensorService: Fusion Mag-Uncalibrated's reported power 0.000000 invalid, clamped to 0.001000
10-24 21:41:47.514 1637 1880 I SensorService: Game Rotation Vector Sensor's reported power 0.000000 invalid, clamped to 0.001000
10-24 21:41:47.514 1637 1880 W SensorService: LSM6DSR Gyroscope-Uncalibrated's max range 34.906585693359 is not a multiple of the resolution 0.001221730490 - updated to 34.906063079834
10-24 21:41:47.514 1637 1880 I SensorService: LSM6DSR Gyroscope-Uncalibrated's reported power 0.000000 invalid, clamped to 0.001000
10-24 21:41:47.514 1637 1880 I SensorService: Significant Motion (wake-up)'s reported power 0.000000 invalid, clamped to 0.001000
10-24 21:41:47.514 1637 1880 I SensorService: Step Detector's reported power 0.000000 invalid, clamped to 0.001000
10-24 21:41:47.514 1637 1880 I SensorService: Step Counter's reported power 0.000000 invalid, clamped to 0.001000
10-24 21:41:47.514 1637 1880 I SensorService: Geomagnetic Rotation Vector Sensor's reported power 0.000000 invalid, clamped to 0.001000
10-24 21:41:47.514 1637 1880 I SensorService: Tilt Sensor (wake-up)'s reported power 0.000000 invalid, clamped to 0.001000
10-24 21:41:47.514 1637 1880 I SensorService: Device Pickup Sensor (wake-up)'s reported power 0.000000 invalid, clamped to 0.001000
10-24 21:41:47.514 1637 1880 I SensorService: Device Orientation's reported power 0.000000 invalid, clamped to 0.001000
10-24 21:41:47.514 1637 1880 I SensorService: LSM6DSR Accelerometer-Uncalibrated's reported power 0.000000 invalid, clamped to 0.001000
10-24 21:41:47.514 1637 1880 I SensorService: LSM6DSR Temperature's reported power 0.000000 invalid, clamped to 0.001000
10-24 21:41:47.514 1637 1880 I SensorService: ICP10101 Temperature's reported power 0.000000 invalid, clamped to 0.001000
10-24 21:41:47.514 1637 1880 I SensorService: Camera V-Sync 0's reported power 0.000000 invalid, clamped to 0.001000
