10-24 21:41:45.917 1810 1810 I pixel-thermal: Sensor[disp_therm]'s SendCallback: false
10-24 21:41:45.917 1810 1810 I pixel-thermal: Failed to read Sensor[disp_therm]'s SendPowerHint, set to 'false'
10-24 21:41:45.917 1810 1810 I pixel-thermal: Sensor[disp_therm]'s SendPowerHint: false
10-24 21:41:45.917 1810 1810 I pixel-thermal: Failed to read Sensor[disp_therm]'s Hidden, set to 'false'
10-24 21:41:45.917 1810 1810 I pixel-thermal: Sensor[disp_therm]'s Hidden: false
10-24 21:41:45.917 1810 1810 I pixel-thermal: Failed to read Sensor[disp_therm]'s VirtualSensor, set to 'false'
10-24 21:41:45.917 1810 1810 I pixel-thermal: Sensor[disp_therm]'s HotThreshold[0]: nan
10-24 21:41:45.917 1810 1810 I pixel-thermal: Sensor[disp_therm]'s HotThreshold[1]: nan
10-24 21:41:45.917 1810 1810 I pixel-thermal: Sensor[disp_therm]'s HotThreshold[2]: nan
10-24 21:41:45.917 1810 1810 I pixel-thermal: Sensor[disp_therm]'s HotThreshold[3]: nan
10-24 21:41:45.917 1810 1810 I pixel-thermal: Sensor[disp_therm]'s HotThreshold[4]: nan
10-24 21:41:45.917 1810 1810 I pixel-thermal: Sensor[disp_therm]'s HotThreshold[5]: nan
10-24 21:41:45.917 1810 1810 I pixel-thermal: Sensor[disp_therm]'s HotThreshold[6]: nan
10-24 21:41:45.917 1810 1810 I pixel-thermal: Sensor[disp_therm]'s HotHysteresis, default all to 0.0
10-24 21:41:45.917 1810 1810 I pixel-thermal: Sensor[disp_therm]'s ColdThreshold, default all to NAN
10-24 21:41:45.917 1810 1810 I pixel-thermal: Sensor[disp_therm]'s ColdHysteresis, default all to 0.0
10-24 21:41:45.917 1810 1810 I pixel-thermal: Sensor[disp_therm]'s TempPath: /dev/thermal/tz-by-name/disp_therm/adc_channel/channel_temp
10-24 21:41:45.917 1810 1810 I pixel-thermal: Sensor[disp_therm]'s VrThreshold: nan
10-24 21:41:45.917 1810 1810 I pixel-thermal: Sensor[disp_therm]'s Multiplier: 0.001
10-24 21:41:45.917 1810 1810 I pixel-thermal: Sensor[disp_therm]'s Polling delay: 300000
10-24 21:41:45.917 1810 1810 I pixel-thermal: Sensor[disp_therm]'s Passive delay: 2000
10-24 21:41:45.917 1810 1810 I pixel-thermal: Sensor[disp_therm]'s Time resolution: 2000
10-24 21:41:45.917 1810 1810 I pixel-thermal: Sensor[disp_therm]'s is_watch: false
10-24 21:41:45.917 1810 1810 I pixel-thermal: Sensor[10]'s Name: VIRTUAL-NEUTRAL-QI
10-24 21:41:45.917 1810 1810 I pixel-thermal: Sensor[VIRTUAL-NEUTRAL-QI]'s Type: UNKNOWN
10-24 21:41:45.917 1810 1810 I pixel-thermal: Failed to read Sensor[VIRTUAL-NEUTRAL-QI]'s Monitor, set to 'false'
10-24 21:41:45.917 1810 1810 I pixel-thermal: Sensor[VIRTUAL-NEUTRAL-QI]'s SendCallback: false
10-24 21:41:45.917 1810 1810 I pixel-thermal: Failed to read Sensor[VIRTUAL-NEUTRAL-QI]'s SendPowerHint, set to 'false'
10-24 21:41:45.917 1810 1810 I pixel-thermal: Sensor[VIRTUAL-NEUTRAL-QI]'s SendPowerHint: false
10-24 21:41:45.917 1810 1810 I pixel-thermal: Sensor[VIRTUAL-NEUTRAL-QI]'s Hidden: true
10-24 21:41:45.917 1810 1810 I pixel-thermal: Sensor[VIRTUAL-NEUTRAL-QI]'s HotThreshold[0]: nan
10-24 21:41:45.917 1810 1810 I pixel-thermal: Sensor[VIRTUAL-NEUTRAL-QI]'s HotThreshold[1]: nan
10-24 21:41:45.917 1810 1810 I pixel-thermal: Sensor[VIRTUAL-NEUTRAL-QI]'s HotThreshold[2]: nan
10-24 21:41:45.917 1810 1810 I pixel-thermal: Sensor[VIRTUAL-NEUTRAL-QI]'s HotThreshold[3]: nan
10-24 21:41:45.917 1810 1810 I pixel-thermal: Sensor[VIRTUAL-NEUTRAL-QI]'s HotThreshold[4]: nan
10-24 21:41:45.917 1810 1810 I pixel-thermal: Sensor[VIRTUAL-NEUTRAL-QI]'s HotThreshold[5]: nan
10-24 21:41:45.917 1810 1810 I pixel-thermal: Sensor[VIRTUAL-NEUTRAL-QI]'s HotThreshold[6]: nan
10-24 21:41:45.917 1810 1810 I pixel-thermal: Sensor[VIRTUAL-NEUTRAL-QI]'s HotHysteresis, default all to 0.0
10-24 21:41:45.917 1810 1810 I pixel-thermal: Sensor[VIRTUAL-NEUTRAL-QI]'s ColdThreshold, default all to NAN
10-24 21:41:45.917 1810 1810 I pixel-thermal: Sensor[VIRTUAL-NEUTRAL-QI]'s ColdHysteresis, default all to 0.0
10-24 21:41:45.917 1810 1810 I pixel-thermal: Sensor[VIRTUAL-NEUTRAL-QI]'s combination[0]: neutral_therm
10-24 21:41:45.917 1810 1810 I pixel-thermal: Sensor[VIRTUAL-NEUTRAL-QI]'s combination[1]: qi_therm
10-24 21:41:45.917 1810 1810 I pixel-thermal: Sensor[VIRTUAL-NEUTRAL-QI]'s coefficient[0]: 0.6
10-24 21:41:45.917 1810 1810 I pixel-thermal: Sensor[VIRTUAL-NEUTRAL-QI]'s coefficient[1]: 0.4
10-24 21:41:45.917 1810 1810 I pixel-thermal: Sensor[VIRTUAL-NEUTRAL-QI]'s VrThreshold: nan
10-24 21:41:45.917 1810 1810 I pixel-thermal: Sensor[VIRTUAL-NEUTRAL-QI]'s Multiplier: 0.001
10-24 21:41:45.917 1810 1810 I pixel-thermal: Sensor[VIRTUAL-NEUTRAL-QI]'s Polling delay: 300000
10-24 21:41:45.917 1810 1810 I pixel-thermal: Sensor[VIRTUAL-NEUTRAL-QI]'s Passive delay: 2000
10-24 21:41:45.917 1810 1810 I pixel-thermal: Sensor[VIRTUAL-NEUTRAL-QI]'s Time resolution: 2000
10-24 21:41:45.917 1810 1810 I pixel-thermal: Sensor[VIRTUAL-NEUTRAL-QI]'s is_watch: false
10-24 21:41:45.917 1810 1810 I pixel-thermal: Sensor[11]'s Name: VIRTUAL-USB2-BATT
10-24 21:41:45.917 1810 1810 I pixel-thermal: Sensor[VIRTUAL-USB2-BATT]'s Type: UNKNOWN
10-24 21:41:45.917 1810 1810 I pixel-thermal: Failed to read Sensor[VIRTUAL-USB2-BATT]'s Monitor, set to 'false'
10-24 21:41:45.917 1810 1810 I pixel-thermal: Sensor[VIRTUAL-USB2-BATT]'s SendCallback: false
10-24 21:41:45.917 1810 1810 I pixel-thermal: Failed to read Sensor[VIRTUAL-USB2-BATT]'s SendPowerHint, set to 'false'
10-24 21:41:45.917 1810 1810 I pixel-thermal: Sensor[VIRTUAL-USB2-BATT]'s SendPowerHint: false
10-24 21:41:45.917 1810 1810 I pixel-thermal: Sensor[VIRTUAL-USB2-BATT]'s Hidden: true
10-24 21:41:45.917 1810 1810 I pixel-thermal: Sensor[VIRTUAL-USB2-BATT]'s HotThreshold[0]: nan
10-24 21:41:45.917 1810 1810 I pixel-thermal: Sensor[VIRTUAL-USB2-BATT]'s HotThreshold[1]: nan
10-24 21:41:45.917 1810 1810 I pixel-thermal: Sensor[VIRTUAL-USB2-BATT]'s HotThreshold[2]: nan
10-24 21:41:45.917 1810 1810 I pixel-thermal: Sensor[VIRTUAL-USB2-BATT]'s HotThreshold[3]: nan
10-24 21:41:45.917 1810 1810 I pixel-thermal: Sensor[VIRTUAL-USB2-BATT]'s HotThreshold[4]: nan
10-24 21:41:45.917 1810 1810 I pixel-thermal: Sensor[VIRTUAL-USB2-BATT]'s HotThreshold[5]: nan
10-24 21:41:45.917 1810 1810 I pixel-thermal: Sensor[VIRTUAL-USB2-BATT]'s HotThreshold[6]: nan
10-24 21:41:45.917 1810 1810 I pixel-thermal: Sensor[VIRTUAL-USB2-BATT]'s HotHysteresis, default all to 0.0
10-24 21:41:45.917 1810 1810 I pixel-thermal: Sensor[VIRTUAL-USB2-BATT]'s ColdThreshold, default all to NAN
10-24 21:41:45.917 1810 1810 I pixel-thermal: Sensor[VIRTUAL-USB2-BATT]'s ColdHysteresis, default all to 0.0
10-24 21:41:45.917 1810 1810 I pixel-thermal: Sensor[VIRTUAL-USB2-BATT]'s combination[0]: usb_pwr_therm2
10-24 21:41:45.917 1810 1810 I pixel-thermal: Sensor[VIRTUAL-USB2-BATT]'s combination[1]: battery
10-24 21:41:45.917 1810 1810 I pixel-thermal: Sensor[VIRTUAL-USB2-BATT]'s coefficient[0]: 0.05
10-24 21:41:45.917 1810 1810 I pixel-thermal: Sensor[VIRTUAL-USB2-BATT]'s coefficient[1]: 0.95
10-24 21:41:45.917 1810 1810 I pixel-thermal: Sensor[VIRTUAL-USB2-BATT]'s VrThreshold: nan
10-24 21:41:45.917 1810 1810 I pixel-thermal: Sensor[VIRTUAL-USB2-BATT]'s Multiplier: 0.001
10-24 21:41:45.917 1810 1810 I pixel-thermal: Sensor[VIRTUAL-USB2-BATT]'s Polling delay: 300000
10-24 21:41:45.917 1810 1810 I pixel-thermal: Sensor[VIRTUAL-USB2-BATT]'s Passive delay: 2000
10-24 21:41:45.917 1810 1810 I pixel-thermal: Sensor[VIRTUAL-USB2-BATT]'s Time resolution: 2000
10-24 21:41:45.917 1810 1810 I pixel-thermal: Sensor[VIRTUAL-USB2-BATT]'s is_watch: false
10-24 21:41:45.917 1810 1810 I pixel-thermal: Sensor[12]'s Name: VIRTUAL-GNSS-BATT
10-24 21:41:45.917 1810 1810 I pixel-thermal: Sensor[VIRTUAL-GNSS-BATT]'s Type: UNKNOWN
10-24 21:41:45.917 1810 1810 I pixel-thermal: Failed to read Sensor[VIRTUAL-GNSS-BATT]'s Monitor, set to 'false'
10-24 21:41:45.917 1810 1810 I pixel-thermal: Sensor[VIRTUAL-GNSS-BATT]'s SendCallback: false
10-24 21:41:45.917 1810 1810 I pixel-thermal: Failed to read Sensor[VIRTUAL-GNSS-BATT]'s SendPowerHint, set to 'false'
10-24 21:41:45.917 1810 1810 I pixel-thermal: Sensor[VIRTUAL-GNSS-BATT]'s SendPowerHint: false
10-24 21:41:45.917 1810 1810 I pixel-thermal: Sensor[VIRTUAL-GNSS-BATT]'s Hidden: true
10-24 21:41:45.917 1810 1810 I pixel-thermal: Sensor[VIRTUAL-GNSS-BATT]'s HotThreshold[0]: nan
10-24 21:41:45.917 1810 1810 I pixel-thermal: Sensor[VIRTUAL-GNSS-BATT]'s HotThreshold[1]: nan
10-24 21:41:45.917 1810 1810 I pixel-thermal: Sensor[VIRTUAL-GNSS-BATT]'s HotThreshold[2]: nan
10-24 21:41:45.917 1810 1810 I pixel-thermal: Sensor[VIRTUAL-GNSS-BATT]'s HotThreshold[3]: nan
10-24 21:41:45.917 1810 1810 I pixel-thermal: Sensor[VIRTUAL-GNSS-BATT]'s HotThreshold[4]: nan
10-24 21:41:45.917 1810 1810 I pixel-thermal: Sensor[VIRTUAL-GNSS-BATT]'s HotThreshold[5]: nan
10-24 21:41:45.917 1810 1810 I pixel-thermal: Sensor[VIRTUAL-GNSS-BATT]'s HotThreshold[6]: nan
10-24 21:41:45.917 1810 1810 I pixel-thermal: Sensor[VIRTUAL-GNSS-BATT]'s HotHysteresis, default all to 0.0
10-24 21:41:45.917 1810 1810 I pixel-thermal: Sensor[VIRTUAL-GNSS-BATT]'s ColdThreshold, default all to NAN
10-24 21:41:45.917 1810 1810 I pixel-thermal: Sensor[VIRTUAL-GNSS-BATT]'s ColdHysteresis, default all to 0.0
10-24 21:41:45.917 1810 1810 I pixel-thermal: Sensor[VIRTUAL-GNSS-BATT]'s combination[0]: gnss_tcxo_therm
10-24 21:41:45.917 1810 1810 I pixel-thermal: Sensor[VIRTUAL-GNSS-BATT]'s combination[1]: battery
10-24 21:41:45.917 1810 1810 I pixel-thermal: Sensor[VIRTUAL-GNSS-BATT]'s coefficient[0]: 0.5
10-24 21:41:45.917 1810 1810 I pixel-thermal: Sensor[VIRTUAL-GNSS-BATT]'s coefficient[1]: 0.5
10-24 21:41:45.917 1810 1810 I pixel-thermal: Sensor[VIRTUAL-GNSS-BATT]'s VrThreshold: nan
10-24 21:41:45.917 1810 1810 I pixel-thermal: Sensor[VIRTUAL-GNSS-BATT]'s Multiplier: 0.001
10-24 21:41:45.917 1810 1810 I pixel-thermal: Sensor[VIRTUAL-GNSS-BATT]'s Polling delay: 300000
10-24 21:41:45.917 1810 1810 I pixel-thermal: Sensor[VIRTUAL-GNSS-BATT]'s Passive delay: 2000
10-24 21:41:45.917 1810 1810 I pixel-thermal: Sensor[VIRTUAL-GNSS-BATT]'s Time resolution: 2000
10-24 21:41:45.917 1810 1810 I pixel-thermal: Sensor[VIRTUAL-GNSS-BATT]'s is_watch: false
10-24 21:41:45.917 1810 1810 I pixel-thermal: Sensor[13]'s Name: VIRTUAL-QI-DISP
10-24 21:41:45.917 1810 1810 I pixel-thermal: Sensor[VIRTUAL-QI-DISP]'s Type: UNKNOWN
10-24 21:41:45.917 1810 1810 I pixel-thermal: Failed to read Sensor[VIRTUAL-QI-DISP]'s Monitor, set to 'false'
10-24 21:41:45.917 1810 1810 I pixel-thermal: Sensor[VIRTUAL-QI-DISP]'s SendCallback: false
10-24 21:41:45.917 1810 1810 I pixel-thermal: Failed to read Sensor[VIRTUAL-QI-DISP]'s SendPowerHint, set to 'false'
10-24 21:41:45.917 1810 1810 I pixel-thermal: Sensor[VIRTUAL-QI-DISP]'s SendPowerHint: false
10-24 21:41:45.917 1810 1810 I pixel-thermal: Sensor[VIRTUAL-QI-DISP]'s Hidden: true
10-24 21:41:45.917 1810 1810 I pixel-thermal: Sensor[VIRTUAL-QI-DISP]'s HotThreshold[0]: nan
10-24 21:41:45.917 1810 1810 I pixel-thermal: Sensor[VIRTUAL-QI-DISP]'s HotThreshold[1]: nan
10-24 21:41:45.917 1810 1810 I pixel-thermal: Sensor[VIRTUAL-QI-DISP]'s HotThreshold[2]: nan
10-24 21:41:45.917 1810 1810 I pixel-thermal: Sensor[VIRTUAL-QI-DISP]'s HotThreshold[3]: nan
10-24 21:41:45.917 1810 1810 I pixel-thermal: Sensor[VIRTUAL-QI-DISP]'s HotThreshold[4]: nan
10-24 21:41:45.917 1810 1810 I pixel-thermal: Sensor[VIRTUAL-QI-DISP]'s HotThreshold[5]: nan
10-24 21:41:45.917 1810 1810 I pixel-thermal: Sensor[VIRTUAL-QI-DISP]'s HotThreshold[6]: nan
10-24 21:41:45.917 1810 1810 I pixel-thermal: Sensor[VIRTUAL-QI-DISP]'s HotHysteresis, default all to 0.0
10-24 21:41:45.917 1810 1810 I pixel-thermal: Sensor[VIRTUAL-QI-DISP]'s ColdThreshold, default all to NAN
10-24 21:41:45.917 1810 1810 I pixel-thermal: Sensor[VIRTUAL-QI-DISP]'s ColdHysteresis, default all to 0.0
10-24 21:41:45.917 1810 1810 I pixel-thermal: Sensor[VIRTUAL-QI-DISP]'s combination[0]: qi_therm
10-24 21:41:45.917 1810 1810 I pixel-thermal: Sensor[VIRTUAL-QI-DISP]'s combination[1]: disp_therm
10-24 21:41:45.917 1810 1810 I pixel-thermal: Sensor[VIRTUAL-QI-DISP]'s coefficient[0]: 0.15
10-24 21:41:45.917 1810 1810 I pixel-thermal: Sensor[VIRTUAL-QI-DISP]'s coefficient[1]: 0.85
10-24 21:41:45.917 1810 1810 I pixel-thermal: Sensor[VIRTUAL-QI-DISP]'s VrThreshold: nan
10-24 21:41:45.917 1810 1810 I pixel-thermal: Sensor[VIRTUAL-QI-DISP]'s Multiplier: 0.001
10-24 21:41:45.917 1810 1810 I pixel-thermal: Sensor[VIRTUAL-QI-DISP]'s Polling delay: 300000
10-24 21:41:45.917 1810 1810 I pixel-thermal: Sensor[VIRTUAL-QI-DISP]'s Passive delay: 2000
10-24 21:41:45.917 1810 1810 I pixel-thermal: Sensor[VIRTUAL-QI-DISP]'s Time resolution: 2000
10-24 21:41:45.917 1810 1810 I pixel-thermal: Sensor[VIRTUAL-QI-DISP]'s is_watch: false
10-24 21:41:45.917 1810 1810 I pixel-thermal: Sensor[14]'s Name: VIRTUAL-SKIN
10-24 21:41:45.917 1810 1810 I pixel-thermal: Sensor[VIRTUAL-SKIN]'s Type: SKIN
10-24 21:41:45.917 1810 1810 I pixel-thermal: Sensor[VIRTUAL-SKIN]'s SendCallback: true
10-24 21:41:45.917 1810 1810 I pixel-thermal: Sensor[VIRTUAL-SKIN]'s SendPowerHint: true
10-24 21:41:45.917 1810 1810 I pixel-thermal: Failed to read Sensor[VIRTUAL-SKIN]'s Hidden, set to 'false'
10-24 21:41:45.917 1810 1810 I pixel-thermal: Sensor[VIRTUAL-SKIN]'s Hidden: false
10-24 21:41:45.917 1810 1810 I pixel-thermal: Sensor[VIRTUAL-SKIN]'s HotThreshold[0]: nan
10-24 21:41:45.917 1810 1810 I pixel-thermal: Sensor[VIRTUAL-SKIN]'s HotThreshold[1]: 39
10-24 21:41:45.917 1810 1810 I pixel-thermal: Sensor[VIRTUAL-SKIN]'s HotThreshold[2]: 43
10-24 21:41:45.917 1810 1810 I pixel-thermal: Sensor[VIRTUAL-SKIN]'s HotThreshold[3]: 45
10-24 21:41:45.917 1810 1810 I pixel-thermal: Sensor[VIRTUAL-SKIN]'s HotThreshold[4]: 46.5
10-24 21:41:45.917 1810 1810 I pixel-thermal: Sensor[VIRTUAL-SKIN]'s HotThreshold[5]: 52
10-24 21:41:45.917 1810 1810 I pixel-thermal: Sensor[VIRTUAL-SKIN]'s HotThreshold[6]: 55
10-24 21:41:45.917 1810 1810 I pixel-thermal: Sensor[VIRTUAL-SKIN]'s HotHysteresis[0]: 0
10-24 21:41:45.917 1810 1810 I pixel-thermal: Sensor[VIRTUAL-SKIN]'s HotHysteresis[1]: 1.9
10-24 21:41:45.917 1810 1810 I pixel-thermal: Sensor[VIRTUAL-SKIN]'s HotHysteresis[2]: 1.9
10-24 21:41:45.917 1810 1810 I pixel-thermal: Sensor[VIRTUAL-SKIN]'s HotHysteresis[3]: 1.9
10-24 21:41:45.917 1810 1810 I pixel-thermal: Sensor[VIRTUAL-SKIN]'s HotHysteresis[4]: 1.4
10-24 21:41:45.917 1810 1810 I pixel-thermal: Sensor[VIRTUAL-SKIN]'s HotHysteresis[5]: 1.9
10-24 21:41:45.917 1810 1810 I pixel-thermal: Sensor[VIRTUAL-SKIN]'s HotHysteresis[6]: 1.9
10-24 21:41:45.917 1810 1810 I pixel-thermal: Sensor[VIRTUAL-SKIN]'s ColdThreshold, default all to NAN
10-24 21:41:45.917 1810 1810 I pixel-thermal: Sensor[VIRTUAL-SKIN]'s ColdHysteresis, default all to 0.0
10-24 21:41:45.917 1810 1810 I pixel-thermal: Sensor[VIRTUAL-SKIN]'s combination[0]: VIRTUAL-NEUTRAL-QI
10-24 21:41:45.917 1810 1810 I pixel-thermal: Sensor[VIRTUAL-SKIN]'s combination[1]: VIRTUAL-USB2-BATT
10-24 21:41:45.917 1810 1810 I pixel-thermal: Sensor[VIRTUAL-SKIN]'s combination[2]: VIRTUAL-GNSS-BATT
10-24 21:41:45.917 1810 1810 I pixel-thermal: Sensor[VIRTUAL-SKIN]'s combination[3]: VIRTUAL-QI-DISP
10-24 21:41:45.917 1810 1810 I pixel-thermal: Sensor[VIRTUAL-SKIN]'s coefficient[0]: 1
10-24 21:41:45.917 1810 1810 I pixel-thermal: Sensor[VIRTUAL-SKIN]'s coefficient[1]: 1
10-24 21:41:45.917 1810 1810 I pixel-thermal: Sensor[VIRTUAL-SKIN]'s coefficient[2]: 1
10-24 21:41:45.917 1810 1810 I pixel-thermal: Sensor[VIRTUAL-SKIN]'s coefficient[3]: 1
10-24 21:41:45.917 1810 1810 I pixel-thermal: Sensor[VIRTUAL-SKIN]'s VrThreshold: nan
10-24 21:41:45.917 1810 1810 I pixel-thermal: Sensor[VIRTUAL-SKIN]'s Multiplier: 0.001
10-24 21:41:45.917 1810 1810 I pixel-thermal: Sensor[VIRTUAL-SKIN]'s Polling delay: 300000
10-24 21:41:45.917 1810 1810 I pixel-thermal: Sensor[VIRTUAL-SKIN]'s Passive delay: 7000
10-24 21:41:45.917 1810 1810 I pixel-thermal: Sensor[VIRTUAL-SKIN]'s Time resolution: 2000
10-24 21:41:45.917 1810 1810 I pixel-thermal: Start to parse Sensor[VIRTUAL-SKIN]'s K_Po
10-24 21:41:45.917 1810 1810 I pixel-thermal: [0]: nan
10-24 21:41:45.917 1810 1810 I pixel-thermal: [1]: nan
10-24 21:41:45.917 1810 1810 I pixel-thermal: [2]: 1500
10-24 21:41:45.917 1810 1810 I pixel-thermal: [3]: 1500
10-24 21:41:45.917 1810 1810 I pixel-thermal: [4]: nan
10-24 21:41:45.917 1810 1810 I pixel-thermal: [5]: nan
10-24 21:41:45.917 1810 1810 I pixel-thermal: [6]: nan
10-24 21:41:45.917 1810 1810 I pixel-thermal: Start to parse Sensor[VIRTUAL-SKIN]'s K_Pu
10-24 21:41:45.917 1810 1810 I pixel-thermal: [0]: nan
10-24 21:41:45.917 1810 1810 I pixel-thermal: [1]: nan
10-24 21:41:45.917 1810 1810 I pixel-thermal: [2]: 1500
10-24 21:41:45.917 1810 1810 I pixel-thermal: [3]: 750
10-24 21:41:45.917 1810 1810 I pixel-thermal: [4]: nan
10-24 21:41:45.917 1810 1810 I pixel-thermal: [5]: nan
10-24 21:41:45.925 1810 1810 I pixel-thermal: Successfully to register power rail POWER_FOR_CHARGING_THROTTLING
10-24 21:41:45.925 1810 1810 I pixel-thermal: Successfully to register power rail S2S_VDD_G3D
10-24 21:41:45.925 1810 1810 I pixel-thermal: Successfully to register power rail S3M_VDD_CPUCL1
10-24 21:41:45.925 1810 1810 I pixel-thermal: Successfully to register power rail S2M_VDD_CPUCL2
10-24 21:41:45.925 1810 1810 I pixel-thermal: Successfully to register power rail S4M_VDD_CPUCL0
10-24 21:41:45.929 1810 1810 I pixel-thermal: Thermal genl register file to watch...
10-24 21:41:45.929 1810 1810 I pixel-thermal: event multicast_id: 3
10-24 21:41:45.929 1810 1810 I pixel-thermal: Added netlink socket membership: event
10-24 21:41:45.929 1810 1810 I pixel-thermal: ThermalWatcherThread started
10-24 21:41:45.929 744 744 I libperfmgr: Hint type not present in actions: THERMAL_FLASH_LED_REDUCE_LIGHT
10-24 21:41:45.929 744 744 I android.hardware.power-service.pixel.ext-libperfmgr: PowerExt mode THERMAL_FLASH_LED_REDUCE_LIGHT isModeSupported: 0
10-24 21:41:45.929 744 744 I libperfmgr: Hint type not present in actions: THERMAL_FLASH_LED_REDUCE_MODERATE
10-24 21:41:45.929 744 744 I android.hardware.power-service.pixel.ext-libperfmgr: PowerExt mode THERMAL_FLASH_LED_REDUCE_MODERATE isModeSupported: 0
10-24 21:41:45.929 744 744 I libperfmgr: Hint type not present in actions: THERMAL_FLASH_LED_REDUCE_SEVERE
10-24 21:41:45.929 744 744 I android.hardware.power-service.pixel.ext-libperfmgr: PowerExt mode THERMAL_FLASH_LED_REDUCE_SEVERE isModeSupported: 0
10-24 21:41:45.929 744 744 I android.hardware.power-service.pixel.ext-libperfmgr: PowerExt mode THERMAL_FLASH_LED_REDUCE_CRITICAL isModeSupported: 1
10-24 21:41:45.929 744 744 I libperfmgr: Hint type not present in actions: THERMAL_FLASH_LED_REDUCE_EMERGENCY
10-24 21:41:45.929 744 744 I android.hardware.power-service.pixel.ext-libperfmgr: PowerExt mode THERMAL_FLASH_LED_REDUCE_EMERGENCY isModeSupported: 0
10-24 21:41:45.929 744 744 I libperfmgr: Hint type not present in actions: THERMAL_FLASH_LED_REDUCE_SHUTDOWN
10-24 21:41:45.929 744 744 I android.hardware.power-service.pixel.ext-libperfmgr: PowerExt mode THERMAL_FLASH_LED_REDUCE_SHUTDOWN isModeSupported: 0
10-24 21:41:45.929 744 744 I android.hardware.power-service.pixel.ext-libperfmgr: PowerExt mode THERMAL_VIRTUAL-SKIN_LIGHT isModeSupported: 1
10-24 21:41:45.929 744 744 I android.hardware.power-service.pixel.ext-libperfmgr: PowerExt mode THERMAL_VIRTUAL-SKIN_MODERATE isModeSupported: 1
10-24 21:41:45.930 744 744 I android.hardware.power-service.pixel.ext-libperfmgr: PowerExt mode THERMAL_VIRTUAL-SKIN_SEVERE isModeSupported: 1
10-24 21:41:45.930 744 744 I android.hardware.power-service.pixel.ext-libperfmgr: PowerExt mode THERMAL_VIRTUAL-SKIN_CRITICAL isModeSupported: 1
10-24 21:41:45.930 744 744 I android.hardware.power-service.pixel.ext-libperfmgr: PowerExt mode THERMAL_VIRTUAL-SKIN_EMERGENCY isModeSupported: 1
10-24 21:41:45.930 744 744 I libperfmgr: Hint type not present in actions: THERMAL_VIRTUAL-SKIN_SHUTDOWN
10-24 21:41:45.930 744 744 I android.hardware.power-service.pixel.ext-libperfmgr: PowerExt mode THERMAL_VIRTUAL-SKIN_SHUTDOWN isModeSupported: 0
10-24 21:41:45.930 1810 1810 I HidlServiceManagement: Registered android.hardware.thermal@2.0::IThermal/default
10-24 21:41:45.930 1810 1810 I HidlServiceManagement: Removing namespace from process name android.hardware.thermal@2.0-service.pixel to thermal@2.0-service.pixel.
10-24 21:41:45.930 1810 1810 I pixel-thermal: Pixel Thermal HAL Service 2.0 started successfully.
10-24 21:41:45.931 1810 1810 I pixel-thermal: a callback has been registered to ThermalHAL, isFilter: 1 Type: USB_PORT
10-24 21:41:45.931 1810 1810 I pixel-thermal: Sending notification: Type: USB_PORT Name: VIRTUAL-USB-UI CurrentValue: 0 ThrottlingStatus: NONE
10-24 21:41:45.931 1028 1040 I libPixelUsbOverheat: Stop recording. monitorTemperature:0
10-24 21:41:45.932 1637 1637 I IntentFirewall: Read new rules (A:0 B:0 S:0)
10-24 21:41:45.935 1637 1637 D OomAdjuster: Not killing cached processes
10-24 21:41:45.936 1637 1637 D AppOps : AppOpsService published
10-24 21:41:45.944 1637 1637 D SystemServerTiming: StartDataLoaderManagerService
10-24 21:41:45.944 1637 1637 I SystemServiceManager: Starting com.android.server.pm.DataLoaderManagerService
10-24 21:41:45.948 1637 1637 D SystemServerTiming: StartIncrementalService
10-24 21:41:45.960 1637 1637 I incfs-mounts: [incfs] Loaded incremental-fs mount info: 0 instances, 0 mount points
10-24 21:41:45.967 1023 1775 D CHRE : Successfully (re)connected
10-24 21:41:45.967 1023 1776 D CHRE : Successfully (re)connected
10-24 21:41:45.967 1270 1270 I CHRE : Accepted new client connection (count 2), assigned client ID 2
10-24 21:41:45.967 1270 1270 I CHRE : Accepted new client connection (count 3), assigned client ID 3
10-24 21:41:45.968 1270 1513 D CHRE : @ 1.541: Nanoapp list request from client ID 2
10-24 21:41:45.968 1270 1513 D CHRE : @ 1.542: Nanoapp list request from client ID 3
10-24 21:41:45.973 1637 1637 I incfs-mounts: [incfs] Loaded incremental-fs mount info: 1 instances, 1 mount points
10-24 21:41:45.986 1637 1637 I incfs-mounts: [incfs] Loaded incremental-fs mount info: 2 instances, 3 mount points
10-24 21:41:45.988 1637 1637 D SystemServerTiming: StartPowerManager
10-24 21:41:45.988 1637 1637 I SystemServiceManager: Starting com.android.server.power.PowerManagerService
10-24 21:41:45.991 530 530 I servicemanager: Found android.hardware.power.IPower/default in device VINTF manifest.
10-24 21:41:45.991 744 744 I libperfmgr: Hint type not present in actions: INTERACTIVE
10-24 21:41:45.991 744 744 I powerhal-libperfmgr: Power mode INTERACTIVE isModeSupported: 0
10-24 21:41:45.991 744 744 I libperfmgr: Hint type not present in actions: DOUBLE_TAP_TO_WAKE
10-24 21:41:45.991 744 744 I powerhal-libperfmgr: Power mode DOUBLE_TAP_TO_WAKE isModeSupported: 0
10-24 21:41:45.992 1637 1637 D SystemServerTiming: StartThermalManager
10-24 21:41:45.992 1637 1637 I SystemServiceManager: Starting com.android.server.power.ThermalManagerService
10-24 21:41:45.993 1637 1637 D SystemServerTiming: StartHintManager
10-24 21:41:45.993 1637 1637 I SystemServiceManager: Starting com.android.server.power.hint.HintManagerService
10-24 21:41:45.994 1637 1637 D SystemServerTiming: InitPowerManagement
10-24 21:41:45.994 1637 1637 D SystemServerTiming: StartRecoverySystemService
10-24 21:41:45.994 1637 1637 I SystemServiceManager: Starting com.android.server.recoverysystem.RecoverySystemService$Lifecycle
10-24 21:41:45.995 1637 1637 D SystemServerTiming: StartLightsService
10-24 21:41:45.995 1637 1637 I SystemServiceManager: Starting com.android.server.lights.LightsService
10-24 21:41:45.996 530 530 I servicemanager: Could not find android.hardware.light.ILights/default in the VINTF manifest.
10-24 21:41:45.996 1637 1637 D SystemServerTiming: StartDisplayOffloadService
10-24 21:41:45.996 1637 1637 D SystemServerTiming: StartSidekickService
10-24 21:41:45.996 1637 1637 D SystemServerTiming: StartDisplayManager
10-24 21:41:45.997 1637 1637 I SystemServiceManager: Starting com.android.server.display.DisplayManagerService
10-24 21:41:46.002 1637 1637 D SystemServerTiming: WaitForDisplay
10-24 21:41:46.002 1637 1637 I SystemServiceManager: Starting phase 100
10-24 21:41:46.002 1637 1637 D SystemServerTiming: OnBootPhase_100
10-24 21:41:46.002 1637 1637 D SystemServerTiming: OnBootPhase_100_com.android.server.security.FileIntegrityService
10-24 21:41:46.002 1637 1637 D SystemServerTiming: OnBootPhase_100_com.android.server.pm.Installer
10-24 21:41:46.002 1637 1637 D SystemServerTiming: OnBootPhase_100_com.android.server.os.DeviceIdentifiersPolicyService
10-24 21:41:46.002 1637 1637 D SystemServerTiming: OnBootPhase_100_com.android.server.uri.UriGrantsManagerService$Lifecycle
10-24 21:41:46.002 1637 1637 D SystemServerTiming: OnBootPhase_100_com.android.server.powerstats.PowerStatsService
10-24 21:41:46.002 1637 1637 D SystemServerTiming: OnBootPhase_100_com.android.server.wm.ActivityTaskManagerService$Lifecycle
10-24 21:41:46.002 1637 1637 D SystemServerTiming: OnBootPhase_100_com.android.server.am.ActivityManagerService$Lifecycle
10-24 21:41:46.002 1637 1637 D SystemServerTiming: OnBootPhase_100_com.android.server.pm.DataLoaderManagerService
10-24 21:41:46.002 1637 1637 D SystemServerTiming: OnBootPhase_100_com.android.server.power.PowerManagerService
10-24 21:41:46.002 1637 1637 D SystemServerTiming: OnBootPhase_100_com.android.server.power.ThermalManagerService
10-24 21:41:46.002 1637 1637 D SystemServerTiming: OnBootPhase_100_com.android.server.power.hint.HintManagerService
10-24 21:41:46.002 1637 1637 D SystemServerTiming: OnBootPhase_100_com.android.server.recoverysystem.RecoverySystemService$Lifecycle
10-24 21:41:46.002 1637 1637 D SystemServerTiming: OnBootPhase_100_com.android.server.lights.LightsService
10-24 21:41:46.002 1637 1637 D SystemServerTiming: OnBootPhase_100_com.android.server.display.DisplayManagerService
10-24 21:41:46.002 592 592 D display : getColorModes: size(3)
10-24 21:41:46.002 592 592 D display : getColorModes: size(3)
10-24 21:41:46.002 592 592 D display : mode[0] 0
10-24 21:41:46.002 592 592 D display : mode[1] 7
10-24 21:41:46.002 592 592 D display : mode[2] 9
10-24 21:41:46.002 1637 1761 E LocalDisplayAdapter: Can't find display mode with id -1
10-24 21:41:46.003 1637 1761 W LocalDisplayAdapter: DisplayModeSpecs base mode no longer available, using currently active mode.
10-24 21:41:46.008 1637 1761 I DisplayDeviceRepository: Display device added: DisplayDeviceInfo{"Built-in Screen": uniqueId="local:4619827677550801152", 1440 x 3120, modeId 2, defaultModeId 2, supportedModes [{id=1, width=1440, height=3120, fps=60.0, alternativeRefreshRates=[120.00001]}, {id=2, width=1440, height=3120, fps=120.00001, alternativeRefreshRates=[60.0]}, {id=3, width=1080, height=2340, fps=120.00001, alternativeRefreshRates=[60.0]}, {id=4, width=1080, height=2340, fps=60.0, alternativeRefreshRates=[120.00001]}], colorMode 0, supportedColorModes [0, 7, 9], hdrCapabilities HdrCapabilities{mSupportedHdrTypes=[2, 3, 4], mMaxLuminance=800.0, mMaxAverageLuminance=120.0, mMinLuminance=5.0E-4}, allmSupported false, gameContentTypeSupported false, density 560, 515.154 x 511.277 dpi, appVsyncOff 6233332, presDeadline 11500000, cutout DisplayCutout{insets=Rect(0, 145 - 0, 0) waterfall=Insets{left=0, top=0, right=0, bottom=0} boundingRect={Bounds=[Rect(0, 0 - 0, 0), Rect(653, 0 - 783, 145), Rect(0, 0 - 0, 0), Rect(0, 0 - 0, 0)]} cutoutPathParserInfo={CutoutPathParserInfo{displayWidth=1440 displayHeight=3120 physicalDisplayWidth=1440 physicalDisplayHeight=3120 density={3.5} cutoutSpec={M 677,72 a 42,42 0 1 0 84,0 a 42,42 0 1 0 -84,0 Z @left} rotation={0} scale={1.0} physicalPixelDisplaySizeRatio={1.0}}}}, touch INTERNAL, rotation 0, type INTERNAL, address {port=0, model=0x401ceccbbbeef1}, deviceProductInfo DeviceProductInfo{name=Common Panel, manufacturerPnpId=GGL, productId=0, modelYear=null, manufactureDate=ManufactureDate{week=1, year=1990}, connectionToSinkType=0}, state UNKNOWN, frameRateOverride , brightnessMinimum 0.0, brightnessMaximum 1.0, brightnessDefault 0.17429718, roundedCorners RoundedCorners{[RoundedCorner{position=TopLeft, radius=50, center=Point(50, 50)}, RoundedCorner{position=TopRight, radius=50, center=Point(1390, 50)}, RoundedCorner{position=BottomRight, radius=50, center=Point(1390, 3070)}, RoundedCorner{position=BottomLeft, radius=50, center=Point(50, 3070)}]}, FLAG_ALLOWED_TO_BE_DEFAULT_DISPLAY, FLAG_ROTATES_WITH_CONTENT, FLAG_SECURE, FLAG_SUPPORTS_PROTECTED_BUFFERS, installOrientation 0}
10-24 21:41:46.008 1637 1761 I LogicalDisplayMapper: Applying layout: [{addr: {port=0, model=0x401ceccbbbeef1}, dispId: 0(ON)}], Previous layout: null
10-24 21:41:46.010 1637 1761 I LogicalDisplayMapper: Adding new display: 0: DisplayInfo{"Built-in Screen", displayId 0", displayGroupId -1, FLAG_SECURE, FLAG_SUPPORTS_PROTECTED_BUFFERS, FLAG_TRUSTED, real 1440 x 3120, largest app 1440 x 3120, smallest app 1440 x 3120, appVsyncOff 6233332, presDeadline 11500000, mode 2, defaultMode 2, modes [{id=1, width=1440, height=3120, fps=60.0, alternativeRefreshRates=[120.00001]}, {id=2, width=1440, height=3120, fps=120.00001, alternativeRefreshRates=[60.0]}, {id=3, width=1080, height=2340, fps=120.00001, alternativeRefreshRates=[60.0]}, {id=4, width=1080, height=2340, fps=60.0, alternativeRefreshRates=[120.00001]}], hdrCapabilities HdrCapabilities{mSupportedHdrTypes=[2, 3, 4], mMaxLuminance=800.0, mMaxAverageLuminance=120.0, mMinLuminance=5.0E-4}, userDisabledHdrTypes [], minimalPostProcessingSupported false, rotation 0, state UNKNOWN, type INTERNAL, uniqueId "local:4619827677550801152", app 1440 x 3120, density 560 (515.154 x 511.277) dpi, layerStack 0, colorMode 0, supportedColorModes [0, 7, 9], address {port=0, model=0x401ceccbbbeef1}, deviceProductInfo DeviceProductInfo{name=Common Panel, manufacturerPnpId=GGL, productId=0, modelYear=null, manufactureDate=ManufactureDate{week=1, year=1990}, connectionToSinkType=0}, removeMode 0, refreshRateOverride 0.0, brightnessMinimum 0.0, brightnessMaximum 1.0, brightnessDefault 0.17429718, installOrientation ROTATION_0}
10-24 21:41:46.010 1637 1761 I LogicalDisplayMapper: Setting new display group 0 for display 0, from previous group: null
10-24 21:41:46.011 1637 1761 W android.permission.PermissionManager: Missing ActivityManager; assuming 1000 holds android.permission.READ_DEVICE_CONFIG
10-24 21:41:46.015 1637 1637 D SystemServerTiming: StartDomainVerificationService
10-24 21:41:46.016 1637 1637 D SystemServerTiming: StartPackageManagerService
10-24 21:41:46.016 1637 1637 I Watchdog: Pausing HandlerChecker: main thread for reason: packagemanagermain. Pause count: 1
10-24 21:41:46.017 1637 1637 W system_server: 'extract' is an obsolete compiler filter name that will be removed in future releases, please use 'verify' instead.
10-24 21:41:46.017 1637 1637 W system_server: 'extract' is an obsolete compiler filter name that will be removed in future releases, please use 'verify' instead.
10-24 21:41:46.017 1637 1637 D PackageManagerTiming: create package manager
10-24 21:41:46.019 1637 1637 D PackageManagerTiming: createSubComponents
10-24 21:41:46.021 1184 1184 W HidlServiceManagement: Waited one second for android.frameworks.sensorservice@1.0::ISensorManager/default
10-24 21:41:46.021 531 531 I hwservicemanager: Since android.frameworks.sensorservice@1.0::ISensorManager/default is not registered, trying to start it as a lazy HAL.
10-24 21:41:46.022 1184 1184 I HidlServiceManagement: getService: Trying again for android.frameworks.sensorservice@1.0::ISensorManager/default...
10-24 21:41:46.026 1637 1637 D PackageManagerTiming: addSharedUsers
10-24 21:41:46.026 1637 1637 W BackgroundDexOptService: SysProp pm.dexopt.downgrade_after_inactive_days not set
10-24 21:41:46.027 1637 1637 D PackageManagerTiming: get system config
10-24 21:41:46.028 1637 1637 D SELinuxMMAC: Using policy file /system/etc/selinux/plat_mac_permissions.xml
10-24 21:41:46.029 531 1829 W libc : Unable to set property "ctl.interface_start" to "android.frameworks.sensorservice@1.0::ISensorManager/default": error code: 0x20
10-24 21:41:46.029 531 1829 I hwservicemanager: Tried to start android.frameworks.sensorservice@1.0::ISensorManager/default as a lazy service, but was unable to. Usually this happens when a service is not installed, but if the service is intended to be used as a lazy service, then it may be configured incorrectly.
10-24 21:41:46.029 1637 1637 D SELinuxMMAC: Using policy file /system_ext/etc/selinux/system_ext_mac_permissions.xml
10-24 21:41:46.030 1637 1637 D SELinuxMMAC: Using policy file /product/etc/selinux/product_mac_permissions.xml
10-24 21:41:46.030 1637 1637 D SELinuxMMAC: Using policy file /vendor/etc/selinux/vendor_mac_permissions.xml
10-24 21:41:46.031 1637 1637 D PackageManagerTiming: loadFallbacks
10-24 21:41:46.031 1637 1637 D FallbackCategoryProvider: Found 387 fallback categories
10-24 21:41:46.031 1637 1637 D PackageManagerTiming: read user settings
10-24 21:41:46.069 1637 1637 E PackageManager: Package com.google.android.networkstack.tethering was user id 0 but is now user SharedUserSetting{2f8c818 android.uid.networkstack/1073} with id 1073; I am not changing its files so it will probably fail!
10-24 21:41:46.070 1637 1637 E PackageManager: Package com.android.providers.telephony was user id 0 but is now user SharedUserSetting{79340d7 android.uid.phone/1001} with id 1001; I am not changing its files so it will probably fail!
10-24 21:41:46.070 1637 1637 E PackageManager: Package com.android.dynsystem was user id 0 but is now user SharedUserSetting{eb9e3e2 android.uid.system/1000} with id 1000; I am not changing its files so it will probably fail!
10-24 21:41:46.070 1637 1637 E PackageManager: Package com.google.android.cellbroadcastservice was user id 0 but is now user SharedUserSetting{2f8c818 android.uid.networkstack/1073} with id 1073; I am not changing its files so it will probably fail!
10-24 21:41:46.070 1637 1637 E PackageManager: Package com.android.providers.calendar was user id 0 but is now user SharedUserSetting{f2f73cf android.uid.calendar/10084} with id 10084; I am not changing its files so it will probably fail!
10-24 21:41:46.071 1637 1637 E PackageManager: Package com.android.providers.media was user id 0 but is now user SharedUserSetting{8b00d3a android.media/10078} with id 10078; I am not changing its files so it will probably fail!
10-24 21:41:46.071 1637 1637 E PackageManager: Package com.android.mms.service was user id 0 but is now user SharedUserSetting{79340d7 android.uid.phone/1001} with id 1001; I am not changing its files so it will probably fail!
10-24 21:41:46.071 1637 1637 E PackageManager: Package com.android.providers.downloads was user id 0 but is now user SharedUserSetting{8b00d3a android.media/10078} with id 10078; I am not changing its files so it will probably fail!
10-24 21:41:46.071 1637 1637 E PackageManager: Package com.android.providers.downloads.ui was user id 0 but is now user SharedUserSetting{8b00d3a android.media/10078} with id 10078; I am not changing its files so it will probably fail!
10-24 21:41:46.071 1637 1637 E PackageManager: Package com.google.android.apps.accessibility.voiceaccess was user id 0 but is now user SharedUserSetting{1b5bf63 com.google.android.apps.accessibility.voiceaccess.uid/10181} with id 10181; I am not changing its files so it will probably fail!
10-24 21:41:46.071 1637 1637 E PackageManager: Package nextapp.fx was user id 0 but is now user SharedUserSetting{8682cde nextapp.fx/10253} with id 10253; I am not changing its files so it will probably fail!
10-24 21:41:46.071 1637 1637 E PackageManager: Package android was user id 0 but is now user SharedUserSetting{eb9e3e2 android.uid.system/1000} with id 1000; I am not changing its files so it will probably fail!
10-24 21:41:46.071 1637 1637 E PackageManager: Package com.android.mtp was user id 0 but is now user SharedUserSetting{8b00d3a android.media/10078} with id 10078; I am not changing its files so it will probably fail!
10-24 21:41:46.071 1637 1637 E PackageManager: Package com.android.nfc was user id 0 but is now user SharedUserSetting{3383d51 android.uid.nfc/1027} with id 1027; I am not changing its files so it will probably fail!
10-24 21:41:46.071 1637 1637 E PackageManager: Package com.android.ons was user id 0 but is now user SharedUserSetting{79340d7 android.uid.phone/1001} with id 1001; I am not changing its files so it will probably fail!
10-24 21:41:46.071 1637 1637 E PackageManager: Package com.android.stk was user id 0 but is now user SharedUserSetting{79340d7 android.uid.phone/1001} with id 1001; I am not changing its files so it will probably fail!
10-24 21:41:46.071 1637 1637 E PackageManager: Package com.samsung.slsi.telephony.oem.oemrilhookservice was user id 0 but is now user SharedUserSetting{79340d7 android.uid.phone/1001} with id 1001; I am not changing its files so it will probably fail!
10-24 21:41:46.072 1637 1637 E PackageManager: Package com.google.android.bluetooth was user id 0 but is now user SharedUserSetting{4e7898e android.uid.bluetooth/1002} with id 1002; I am not changing its files so it will probably fail!
10-24 21:41:46.072 1637 1637 E PackageManager: Package com.android.providers.settings was user id 0 but is now user SharedUserSetting{eb9e3e2 android.uid.system/1000} with id 1000; I am not changing its files so it will probably fail!
10-24 21:41:46.072 1637 1637 E PackageManager: Package com.google.android.iwlan was user id 0 but is now user SharedUserSetting{eb9e3e2 android.uid.system/1000} with id 1000; I am not changing its files so it will probably fail!
10-24 21:41:46.072 1637 1637 E PackageManager: Package com.android.se was user id 0 but is now user SharedUserSetting{d321cc1 android.uid.se/1068} with id 1068; I am not changing its files so it will probably fail!
10-24 21:41:46.072 1637 1637 E PackageManager: Package com.android.inputdevices was user id 0 but is now user SharedUserSetting{eb9e3e2 android.uid.system/1000} with id 1000; I am not changing its files so it will probably fail!
10-24 21:41:46.072 1637 1637 E PackageManager: Package com.google.android.apps.maps was user id 0 but is now user SharedUserSetting{b12b8f2 com.google.android.apps.maps/10182} with id 10182; I am not changing its files so it will probably fail!
10-24 21:41:46.072 1637 1637 E PackageManager: Package com.google.android.networkstack was user id 0 but is now user SharedUserSetting{2f8c818 android.uid.networkstack/1073} with id 1073; I am not changing its files so it will probably fail!
10-24 21:41:46.072 1637 1637 E PackageManager: Package com.android.server.telecom was user id 0 but is now user SharedUserSetting{eb9e3e2 android.uid.system/1000} with id 1000; I am not changing its files so it will probably fail!
10-24 21:41:46.072 1637 1637 E PackageManager: Package com.android.keychain was user id 0 but is now user SharedUserSetting{eb9e3e2 android.uid.system/1000} with id 1000; I am not changing its files so it will probably fail!
10-24 21:41:46.072 1637 1637 E PackageManager: Package com.google.android.gms was user id 0 but is now user SharedUserSetting{2783fbb com.google.uid.shared/10138} with id 10138; I am not changing its files so it will probably fail!
10-24 21:41:46.072 1637 1637 E PackageManager: Package com.google.android.gsf was user id 0 but is now user SharedUserSetting{2783fbb com.google.uid.shared/10138} with id 10138; I am not changing its files so it will probably fail!
10-24 21:41:46.072 1637 1637 E PackageManager: Package com.android.calllogbackup was user id 0 but is now user SharedUserSetting{3d95e84 android.uid.shared/10070} with id 10070; I am not changing its files so it will probably fail!
10-24 21:41:46.073 1637 1637 E PackageManager: Package com.android.localtransport was user id 0 but is now user SharedUserSetting{eb9e3e2 android.uid.system/1000} with id 1000; I am not changing its files so it will probably fail!
10-24 21:41:46.073 1637 1637 E PackageManager: Package com.google.RilConfigService was user id 0 but is now user SharedUserSetting{79340d7 android.uid.phone/1001} with id 1001; I am not changing its files so it will probably fail!
10-24 21:41:46.073 1637 1637 E PackageManager: Package com.google.SSRestartDetector was user id 0 but is now user SharedUserSetting{eb9e3e2 android.uid.system/1000} with id 1000; I am not changing its files so it will probably fail!
10-24 21:41:46.073 1637 1637 E PackageManager: Package com.google.android.calendar was user id 0 but is now user SharedUserSetting{6d63625 com.google.android.calendar.uid.shared/10174} with id 10174; I am not changing its files so it will probably fail!
10-24 21:41:46.073 1637 1637 E PackageManager: Package com.android.soundpicker was user id 0 but is now user SharedUserSetting{8b00d3a android.media/10078} with id 10078; I am not changing its files so it will probably fail!
10-24 21:41:46.073 1637 1637 E PackageManager: Package org.mozilla.firefox was user id 0 but is now user SharedUserSetting{234e5c6 org.mozilla.firefox.sharedID/10282} with id 10282; I am not changing its files so it will probably fail!
10-24 21:41:46.073 1637 1637 E PackageManager: Package com.android.settings was user id 0 but is now user SharedUserSetting{eb9e3e2 android.uid.system/1000} with id 1000; I am not changing its files so it will probably fail!
10-24 21:41:46.073 1637 1637 E PackageManager: Package com.google.android.projection.gearhead was user id 0 but is now user SharedUserSetting{86b0723 com.google.android.projection.gearhead/10155} with id 10155; I am not changing its files so it will probably fail!
10-24 21:41:46.073 1637 1637 E PackageManager: Package com.android.omadm.service was user id 0 but is now user SharedUserSetting{4e79e com.android.uid.omadm.service/10156} with id 10156; I am not changing its files so it will probably fail!
10-24 21:41:46.073 1637 1637 E PackageManager: Package com.android.cts.ctsshim was user id 0 but is now user SharedUserSetting{cb9f295 com.android.cts.ctsshim/10241} with id 10241; I am not changing its files so it will probably fail!
10-24 21:41:46.073 1637 1637 E PackageManager: Package com.android.phone was user id 0 but is now user SharedUserSetting{79340d7 android.uid.phone/1001} with id 1001; I am not changing its files so it will probably fail!
10-24 21:41:46.073 1637 1637 E PackageManager: Package com.android.shell was user id 0 but is now user SharedUserSetting{8e84c76 android.uid.shell/2000} with id 2000; I am not changing its files so it will probably fail!
10-24 21:41:46.074 1637 1637 E PackageManager: Package com.android.wallpaperbackup was user id 0 but is now user SharedUserSetting{eb9e3e2 android.uid.system/1000} with id 1000; I am not changing its files so it will probably fail!
10-24 21:41:46.074 1637 1637 E PackageManager: Package com.android.providers.blockednumber was user id 0 but is now user SharedUserSetting{3d95e84 android.uid.shared/10070} with id 10070; I am not changing its files so it will probably fail!
10-24 21:41:46.074 1637 1637 E PackageManager: Package com.android.providers.userdictionary was user id 0 but is now user SharedUserSetting{3d95e84 android.uid.shared/10070} with id 10070; I am not changing its files so it will probably fail!
10-24 21:41:46.074 1637 1637 E PackageManager: Package com.android.emergency was user id 0 but is now user SharedUserSetting{4dd796f com.android.emergency.uid/10225} with id 10225; I am not changing its files so it will probably fail!
10-24 21:41:46.074 1637 1637 E PackageManager: Package com.android.location.fused was user id 0 but is now user SharedUserSetting{eb9e3e2 android.uid.system/1000} with id 1000; I am not changing its files so it will probably fail!
10-24 21:41:46.074 1637 1637 E PackageManager: Package com.android.systemui was user id 0 but is now user SharedUserSetting{466be68 android.uid.systemui/10221} with id 10221; I am not changing its files so it will probably fail!
10-24 21:41:46.074 1637 1637 E PackageManager: Package com.android.bluetooth was user id 0 but is now user SharedUserSetting{4e7898e android.uid.bluetooth/1002} with id 1002; I am not changing its files so it will probably fail!
10-24 21:41:46.074 1637 1637 E PackageManager: Package com.android.providers.contacts was user id 0 but is now user SharedUserSetting{3d95e84 android.uid.shared/10070} with id 10070; I am not changing its files so it will probably fail!
10-24 21:41:46.077 1233 1233 W ServiceManager: Waited one second for android.frameworks.stats.IStats/default (is service started? are binder threads started and available?)
10-24 21:41:46.077 530 530 I BpBinder: onLastStrongRef automatically unlinking death recipients:
10-24 21:41:46.119 1637 1637 W PackageSettings: Missing permission state for package com.android.internal.display.cutout.emulation.noCutout on user 0
10-24 21:41:46.119 1637 1637 W PackageSettings: Missing permission state for package com.google.android.overlay.trafficlightfaceoverlay on user 0
10-24 21:41:46.119 1637 1637 W PackageSettings: Missing permission state for package com.android.internal.display.cutout.emulation.corner on user 0
10-24 21:41:46.119 1637 1637 W PackageSettings: Missing permission state for package com.android.settings.overlay.pixel2021 on user 0
10-24 21:41:46.119 1637 1637 W PackageSettings: Missing permission state for package com.android.internal.display.cutout.emulation.double on user 0
10-24 21:41:46.119 1637 1637 W PackageSettings: Missing permission state for package com.google.android.overlay.pixelconfig2018 on user 0
10-24 21:41:46.119 1637 1637 W PackageSettings: Missing permission state for package com.google.android.overlay.pixelconfig2019 on user 0
10-24 21:41:46.119 1637 1637 W PackageSettings: Missing permission state for package com.google.android.overlay.pixelconfig2021 on user 0
10-24 21:41:46.119 1637 1637 W PackageSettings: Missing permission state for package com.google.android.flipendo.auto_generated_rro_vendor__ on user 0
10-24 21:41:46.119 1637 1637 W PackageSettings: Missing permission state for package com.google.android.ext.shared on user 0
10-24 21:41:46.119 1637 1637 W PackageSettings: Missing permission state for package com.android.internal.systemui.navbar.gestural_wide_back on user 0
10-24 21:41:46.119 1637 1637 W PackageSettings: Missing permission state for package com.google.android.euiccoverlay on user 0
10-24 21:41:46.119 1637 1637 W PackageSettings: Missing permission state for package com.google.euiccpixel.permissions on user 0
10-24 21:41:46.119 1637 1637 W PackageSettings: Missing permission state for package com.android.settings.overlay.g8v0u on user 0
10-24 21:41:46.119 1637 1637 W PackageSettings: Missing permission state for package com.google.android.storagemanager.auto_generated_rro_product__ on user 0
10-24 21:41:46.119 1637 1637 W PackageSettings: Missing permission state for package com.android.settings.overlay.raven on user 0
10-24 21:41:46.119 1637 1637 W PackageSettings: Missing permission state for package com.android.simappdialog.auto_generated_rro_product__ on user 0
10-24 21:41:46.119 1637 1637 W PackageSettings: Missing permission state for package com.android.safetyregulatoryinfo.auto_generated_rro_product__ on user 0
10-24 21:41:46.119 1637 1637 W PackageSettings: Missing permission state for package com.android.omadm.service.auto_generated_rro_product__ on user 0
10-24 21:41:46.119 1637 1637 W PackageSettings: Missing permission state for package com.android.htmlviewer on user 0
10-24 21:41:46.119 1637 1637 W PackageSettings: Missing permission state for package com.android.systemui.auto_generated_rro_product__ on user 0
10-24 21:41:46.119 1637 1637 W PackageSettings: Missing permission state for package com.google.android.systemui.overlay.pixelbatteryhealthconfig on user 0
10-24 21:41:46.119 1637 1637 W PackageSettings: Missing permission state for package android.autoinstalls.config.google.nexus on user 0
10-24 21:41:46.119 1637 1637 W PackageSettings: Missing permission state for package com.google.android.apps.scone.overlays on user 0
10-24 21:41:46.120 1637 1637 W PackageSettings: Missing permission state for package com.google.android.overlay.udfpsoverlay on user 0
10-24 21:41:46.120 1637 1637 W PackageSettings: Missing permission state for package com.google.android.wifi.resources.pixel on user 0
10-24 21:41:46.120 1637 1637 W PackageSettings: Missing permission state for package com.google.android.overlay.googlewebview on user 0
10-24 21:41:46.120 1637 1637 W PackageSettings: Missing permission state for package com.android.cellbroadcastreceiver.overlay.pixel on user 0
10-24 21:41:46.120 1637 1637 W PackageSettings: Missing permission state for package com.google.android.overlay.pixelconfig2019midyear on user 0
10-24 21:41:46.120 1637 1637 W PackageSettings: Missing permission state for package com.android.internal.display.cutout.emulation.hole on user 0
10-24 21:41:46.120 1637 1637 W PackageSettings: Missing permission state for package com.android.internal.display.cutout.emulation.tall on user 0
10-24 21:41:46.120 1637 1637 W PackageSettings: Missing permission state for package com.android.networkstack.overlay on user 0
10-24 21:41:46.120 1637 1637 W PackageSettings: Missing permission state for package com.google.android.connectivity.resources.overlay on user 0
10-24 21:41:46.120 1637 1637 W PackageSettings: Missing permission state for package com.android.internal.systemui.navbar.threebutton on user 0
10-24 21:41:46.120 1637 1637 W PackageSettings: Missing permission state for package com.android.settings.auto_generated_rro_vendor__ on user 0
10-24 21:41:46.120 1637 1637 W PackageSettings: Missing permission state for package com.android.systemui.auto_generated_rro_vendor__ on user 0
10-24 21:41:46.120 1637 1637 W PackageSettings: Missing permission state for package com.android.managedprovisioning.overlay on user 0
10-24 21:41:46.120 1637 1637 W PackageSettings: Missing permission state for package com.android.internal.systemui.navbar.gestural_extra_wide_back on user 0
