10-24 21:41:43.891 972 972 E zygote : 58: int com.android.internal.os.Zygote.USAP_MANAGEMENT_MESSAGE_BYTES
10-24 21:41:43.891 972 972 E zygote : 59: java.lang.String com.android.internal.os.Zygote.USAP_POOL_PRIMARY_SOCKET_NAME
10-24 21:41:43.891 972 972 E zygote : 60: java.lang.String com.android.internal.os.Zygote.USAP_POOL_SECONDARY_SOCKET_NAME
10-24 21:41:43.891 972 972 E zygote : 61: int com.android.internal.os.Zygote.USE_APP_IMAGE_STARTUP_CACHE
10-24 21:41:43.891 972 972 E zygote : Failed to register native method com.android.internal.os.Zygote.nativeSpecializeAppProcess(II[II[[IILjava/lang/String;Ljava/lang/String;ZLjava/lang/String;Ljava/lang/String;Z[Ljava/lang/String;[Ljava/lang/String;ZZZ)V in /system/framework/framework.jar!classes4.dex
10-24 21:41:43.891 972 972 E zygote : ----- class 'Lcom/android/internal/os/Zygote;' cl=0x0 -----
10-24 21:41:43.891 972 972 E zygote : objectSize=448 (172 from super)
10-24 21:41:43.891 972 972 E zygote : access=0x0000.0011
10-24 21:41:43.891 972 972 E zygote : super='java.lang.Class' (cl=0x0)
10-24 21:41:43.891 972 972 E zygote : vtable (0 entries, 11 in super):
10-24 21:41:43.891 972 972 E zygote : direct methods (67 entries):
10-24 21:41:43.891 972 972 E zygote : 0: void com.android.internal.os.Zygote.()
10-24 21:41:43.891 972 972 E zygote : 1: void com.android.internal.os.Zygote.()
10-24 21:41:43.891 972 972 E zygote : 2: void com.android.internal.os.Zygote.allowAppFilesAcrossFork(android.content.pm.ApplicationInfo)
10-24 21:41:43.891 972 972 E zygote : 3: void com.android.internal.os.Zygote.allowFilesOpenedByPreload()
10-24 21:41:43.891 972 972 E zygote : 4: void com.android.internal.os.Zygote.appendQuotedShellArgs(java.lang.StringBuilder, java.lang.String[])
10-24 21:41:43.891 972 972 E zygote : 5: void com.android.internal.os.Zygote.applyDebuggerSystemProperty(com.android.internal.os.ZygoteArguments)
10-24 21:41:43.891 972 972 E zygote : 6: void com.android.internal.os.Zygote.applyInvokeWithSecurityPolicy(com.android.internal.os.ZygoteArguments, android.net.Credentials)
10-24 21:41:43.891 972 972 E zygote : 7: void com.android.internal.os.Zygote.applyInvokeWithSystemProperty(com.android.internal.os.ZygoteArguments)
10-24 21:41:43.891 972 972 E zygote : 8: void com.android.internal.os.Zygote.applyUidSecurityPolicy(com.android.internal.os.ZygoteArguments, android.net.Credentials)
10-24 21:41:43.891 972 972 E zygote : 9: void com.android.internal.os.Zygote.blockSigTerm()
10-24 21:41:43.891 972 972 E zygote : 10: void com.android.internal.os.Zygote.boostUsapPriority()
10-24 21:41:43.891 972 972 E zygote : 11: void com.android.internal.os.Zygote.callPostForkChildHooks(int, boolean, boolean, java.lang.String)
10-24 21:41:43.891 972 972 E zygote : 12: void com.android.internal.os.Zygote.callPostForkSystemServerHooks(int)
10-24 21:41:43.891 972 972 E zygote : 13: java.lang.Runnable com.android.internal.os.Zygote.childMain(com.android.internal.os.ZygoteCommandBuffer, android.net.LocalServerSocket, java.io.FileDescriptor)
10-24 21:41:43.891 972 972 E zygote : 14: boolean com.android.internal.os.Zygote.containsInetGid(int[])
10-24 21:41:43.891 972 972 E zygote : 15: android.net.LocalServerSocket com.android.internal.os.Zygote.createManagedSocketFromInitSocket(java.lang.String)
10-24 21:41:43.891 972 972 E zygote : 16: int com.android.internal.os.Zygote.decideGwpAsanLevel(android.content.pm.ApplicationInfo, android.content.pm.ProcessInfo, com.android.internal.compat.IPlatformCompat)
10-24 21:41:43.891 972 972 E zygote : 17: int com.android.internal.os.Zygote.decideTaggingLevel(android.content.pm.ApplicationInfo, android.content.pm.ProcessInfo, com.android.internal.compat.IPlatformCompat)
10-24 21:41:43.891 972 972 E zygote : 18: void com.android.internal.os.Zygote.emptyUsapPool()
10-24 21:41:43.891 972 972 E zygote : 19: boolean com.android.internal.os.Zygote.enableNativeHeapZeroInit(android.content.pm.ApplicationInfo, android.content.pm.ProcessInfo, com.android.internal.compat.IPlatformCompat)
10-24 21:41:43.891 972 972 E zygote : 20: void com.android.internal.os.Zygote.execShell(java.lang.String)
10-24 21:41:43.891 972 972 E zygote : 21: int com.android.internal.os.Zygote.forkAndSpecialize(int, int, int[], int, int[][], int, java.lang.String, java.lang.String, int[], int[], boolean, java.lang.String, java.lang.String, boolean, java.lang.String[], java.lang.String[], boolean, boolean)
10-24 21:41:43.891 972 972 E zygote : 22: java.lang.Runnable com.android.internal.os.Zygote.forkSimpleApps(com.android.internal.os.ZygoteCommandBuffer, java.io.FileDescriptor, int, int, java.lang.String)
10-24 21:41:43.891 972 972 E zygote : 23: int com.android.internal.os.Zygote.forkSystemServer(int, int, int[], int, int[][], long, long)
10-24 21:41:43.891 972 972 E zygote : 24: java.lang.Runnable com.android.internal.os.Zygote.forkUsap(android.net.LocalServerSocket, int[], boolean)
10-24 21:41:43.891 972 972 E zygote : 25: java.lang.String com.android.internal.os.Zygote.getConfigurationProperty(java.lang.String, java.lang.String)
10-24 21:41:43.891 972 972 E zygote : 26: boolean com.android.internal.os.Zygote.getConfigurationPropertyBoolean(java.lang.String, java.lang.Boolean)
10-24 21:41:43.891 972 972 E zygote : 27: int com.android.internal.os.Zygote.getMemorySafetyRuntimeFlags(android.content.pm.ApplicationInfo, android.content.pm.ProcessInfo, java.lang.String, com.android.internal.compat.IPlatformCompat)
10-24 21:41:43.891 972 972 E zygote : 28: int com.android.internal.os.Zygote.getMemorySafetyRuntimeFlagsForSecondaryZygote(android.content.pm.ApplicationInfo, android.content.pm.ProcessInfo)
10-24 21:41:43.891 972 972 E zygote : 29: int com.android.internal.os.Zygote.getRequestedMemtagLevel(android.content.pm.ApplicationInfo, android.content.pm.ProcessInfo, com.android.internal.compat.IPlatformCompat)
10-24 21:41:43.891 972 972 E zygote : 30: int[] com.android.internal.os.Zygote.getUsapPipeFDs()
10-24 21:41:43.891 972 972 E zygote : 31: int com.android.internal.os.Zygote.getUsapPoolCount()
10-24 21:41:43.900 972 972 D nativeloader: Load libstats_jni.so using APEX ns com_android_os_statsd for caller /apex/com.android.os.statsd/javalib/framework-statsd.jar: ok
10-24 21:41:43.903 972 972 I zygote : Explicit concurrent mark compact GC freed 48KB AllocSpace bytes, 0(0B) LOS objects, 99% free, 52KB/24MB, paused 29us,160us total 3.375ms
10-24 21:41:43.906 972 972 I zygote : Explicit concurrent mark compact GC freed 60KB AllocSpace bytes, 0(0B) LOS objects, 99% free, 56KB/24MB, paused 26us,169us total 1.681ms
10-24 21:41:43.908 971 971 I Typeface: Preloading /system/fonts/Roboto-Regular.ttf
10-24 21:41:43.908 971 971 I Typeface: Preloading /system/fonts/RobotoStatic-Regular.ttf
10-24 21:41:43.913 1166 1166 I perfetto: probes.cc:104 Starting /system/bin/traced_probes service
10-24 21:41:43.917 972 972 I Zygote : Accepting command socket connections
10-24 21:41:43.917 1166 1166 I perfetto: probes_producer.cc:346 Disconnected from tracing service
10-24 21:41:43.918 1166 1175 I perfetto: _activity_trigger.cc:71 mm_events ftrace instance not found. Triggering of traces on memory pressure will not be available on this device.
10-24 21:41:43.919 1168 1168 W perfetto: service.cc:237 Started traced, listening on /dev/socket/traced_producer /dev/socket/traced_consumer
10-24 21:41:43.919 1176 1176 I WPKTRT : /dev/umts_wfc1 is opened
10-24 21:41:43.931 971 971 E ActivityRecognitionHardware: activity_recognition HAL is deprecated. class_init is effectively a no-op
10-24 21:41:43.944 1185 1185 E scd : ScdDaemon::Init(/vendor/etc/gnss/scd.conf)
10-24 21:41:43.947 1186 1186 I init_citadel: Starting /vendor/bin/hw/init_citadel
10-24 21:41:43.948 1183 1183 V lhd : GlLhdInterface::Init(/vendor/etc/gnss/lhd.conf)
10-24 21:41:43.949 1183 1183 V lhd : SetCfgValue: LHD config "LheRsmResetTimeoutMS"="10000"
10-24 21:41:43.949 1183 1183 V lhd : SetCfgValue: LHD config "LhePatch"="/vendor/firmware/SensorHub.patch"
10-24 21:41:43.949 1183 1183 V lhd : SetCfgValue: LHD config "Lhe477xDebugFlags"="RPC:FACILITY=65535-dKP+CUST+LHE:STDOUT_PUTS:STDOUT_LOG"
10-24 21:41:43.949 1183 1183 V lhd : SetCfgValue: LHD config "LheBbdPacket"="/dev/ttyBCM"
10-24 21:41:43.949 1183 1183 V lhd : SetCfgValue: LHD config "LheBbdControl"="/dev/bbd_control"
10-24 21:41:43.949 1183 1183 V lhd : SetCfgValue: LHD config "LheAutoBaudDelayMS"="10"
10-24 21:41:43.949 1183 1183 E lhd : OpenFirmwareFile: Fail to open /efs/sec_efs/sensorhub_urgent_fw.patch, errno 2
10-24 21:41:43.949 1183 1183 E lhd : getCustPatchVersion: Fail to parse patch /efs/sec_efs/sensorhub_urgent_fw.patch
10-24 21:41:43.949 1183 1183 E lhd : getCustPatchVersion: not found
10-24 21:41:43.949 1183 1183 E lhd : getConfig: Can't find "LheFailSafe=" in /vendor/etc/gnss/lhd.conf
10-24 21:41:43.949 1183 1183 I lhd : EnableLhdKiller() lhd killer enabled
10-24 21:41:43.949 1183 1183 E lhd : EnableLhdKiller() /sys/bbd/lk_enable open failed(No such file or directory)
10-24 21:41:43.956 1193 1193 I init_citadel: Checking RW firmware version...
10-24 21:41:43.967 1194 1194 I installd: installd firing up
10-24 21:41:43.970 1164 1164 I bootstat: Canonical boot reason: shutdown,userrequested
10-24 21:41:43.970 1164 1164 I bootstat: Canonical boot reason: shutdown,userrequested
10-24 21:41:43.970 1189 1189 I idmap2d : Starting
10-24 21:41:43.977 1164 1164 I bootstat: Last reboot reason read from /metadata/bootstat/persist.sys.boot.reason : shutdown,userrequested. Last reboot reason read from persist.sys.boot.reason : shutdown,userrequested
10-24 21:41:43.977 1164 1164 I bootstat: Normalized last reboot reason : shutdown,userrequested
10-24 21:41:43.977 1196 1196 V MediaUtils: physMem: 12079722496
10-24 21:41:43.977 1196 1196 V MediaUtils: requested limit: 134217728
10-24 21:41:43.977 1196 1196 I libc : malloc_limit: Allocation limit enabled, max size 134217728 bytes
10-24 21:41:43.984 1196 1196 D AudioPowerUsage: AudioPowerUsage
10-24 21:41:43.984 1196 1196 D AudioAnalytics: AudioAnalytics
10-24 21:41:43.984 1196 1196 D MediaMetricsService: MediaMetricsService
10-24 21:41:43.984 578 588 D libnos_transport: Calling App 0 with params 0x0000
10-24 21:41:43.988 578 588 D libnos_transport: App 0 inspection status=0x00000000 reply_len=0 protocol=1 flags=0x0000
10-24 21:41:43.988 578 588 D libnos_transport: Send app 0 command data (1 bytes)
10-24 21:41:43.988 578 588 D libnos_transport: Send app 0 go command 0x00000000
10-24 21:41:43.990 578 588 D libnos_transport: Polling app 0
10-24 21:41:43.990 578 588 D libnos_transport: App 0 polled=1 status=0x80000000 reply_len=72 flags=0x0000
10-24 21:41:43.990 578 588 D libnos_transport: Read app 0 reply data (72 bytes)
10-24 21:41:43.991 578 588 D libnos_transport: App 0 returning 0x0
10-24 21:41:43.991 578 588 D libnos_transport: Calling App 0 with params 0x0007
10-24 21:41:43.991 578 588 D libnos_transport: App 0 inspection status=0x00000000 reply_len=0 protocol=1 flags=0x0000
10-24 21:41:43.991 578 588 D libnos_transport: Send app 0 command data (0 bytes)
10-24 21:41:43.991 578 588 D libnos_transport: Send app 0 go command 0x00000007
10-24 21:41:43.992 578 588 D libnos_transport: Polling app 0
10-24 21:41:43.996 578 588 D libnos_transport: App 0 polled=3 status=0x80000000 reply_len=203 flags=0x0000
10-24 21:41:43.996 578 588 D libnos_transport: Read app 0 reply data (203 bytes)
10-24 21:41:43.996 1200 1200 I wificond: wificond is starting up...
10-24 21:41:43.996 578 588 D libnos_transport: App 0 returning 0x0
10-24 21:41:43.997 578 588 D libnos_transport: Calling App 0 with params 0x000b
10-24 21:41:43.997 530 530 I servicemanager: Could not find android.hardware.net.nlinterceptor.IInterceptor/default in the VINTF manifest.
10-24 21:41:43.997 578 588 D libnos_transport: App 0 inspection status=0x00000000 reply_len=0 protocol=1 flags=0x0000
10-24 21:41:43.997 578 588 D libnos_transport: Send app 0 command data (0 bytes)
10-24 21:41:43.997 578 588 D libnos_transport: Send app 0 go command 0x0000000b
10-24 21:41:43.997 578 588 D libnos_transport: Polling app 0
10-24 21:41:43.998 1200 1200 I HidlServiceManagement: Registered android.system.wifi.keystore@1.0::IKeystore/default
10-24 21:41:43.998 578 588 D libnos_transport: App 0 polled=3 status=0x80000000 reply_len=1024 flags=0x0000
10-24 21:41:43.998 578 588 D libnos_transport: Read app 0 reply data (1024 bytes)
10-24 21:41:44.000 578 588 D libnos_transport: App 0 returning 0x0
10-24 21:41:44.011 1211 1211 I BipChMgr: main() [<--
10-24 21:41:44.011 1211 1211 I BipChMgr: Open() [<--
10-24 21:41:44.013 1195 1195 I main_extractorservice: enable media.extractor memory limits
10-24 21:41:44.013 1195 1195 V MediaUtils: physMem: 12079722496
10-24 21:41:44.013 1195 1195 V MediaUtils: requested limit: 2415944480
10-24 21:41:44.013 1195 1195 I libc : malloc_limit: Allocation limit enabled, max size 2415944480 bytes
10-24 21:41:44.016 1212 1212 W cbd : type=1400 audit(0.0:36): avc: denied { syslog_read } for scontext=u:r:cbd:s0 tcontext=u:r:kernel:s0 tclass=system permissive=0
10-24 21:41:44.014 1184 1184 D gpsd : WakeLock(Release,GPSD)
10-24 21:41:44.019 531 531 I hwservicemanager: Since vendor.samsung_slsi.telephony.hardware.radioExternal@1.0::IOemSlsiRadioExternal/rilExternal is not registered, trying to start it as a lazy HAL.
10-24 21:41:44.019 1184 1184 D gpsd : WakeLock(Release,SUPL)
10-24 21:41:44.020 531 531 I hwservicemanager: Since android.frameworks.sensorservice@1.0::ISensorManager/default is not registered, trying to start it as a lazy HAL.
10-24 21:41:44.020 531 531 I hwservicemanager: Since vendor.samsung_slsi.telephony.hardware.radioExternal@1.0::IOemSlsiRadioExternal/rilExternal is not registered, trying to start it as a lazy HAL.
10-24 21:41:44.020 531 531 I hwservicemanager: Since android.frameworks.sensorservice@1.0::ISensorManager/default is not registered, trying to start it as a lazy HAL.
10-24 21:41:44.020 1195 1195 W mediaextractor: Could not read additional policy file '/vendor/etc/seccomp_policy/mediaextractor.policy'
10-24 21:41:44.021 1184 1184 I HidlServiceManagement: getService: Trying again for android.frameworks.sensorservice@1.0::ISensorManager/default...
10-24 21:41:44.021 1195 1195 W mediaextractor: libminijail[1195]: failed to get path of fd 4: No such file or directory
10-24 21:41:44.021 1195 1195 W mediaextractor: libminijail[1195]: allowing syscall: connect
10-24 21:41:44.021 1195 1195 W mediaextractor: libminijail[1195]: allowing syscall: fcntl
10-24 21:41:44.021 1195 1195 W mediaextractor: libminijail[1195]: allowing syscall: sendto
10-24 21:41:44.021 1195 1195 W mediaextractor: libminijail[1195]: allowing syscall: socket
10-24 21:41:44.021 1195 1195 W mediaextractor: libminijail[1195]: allowing syscall: writev
10-24 21:41:44.021 1195 1195 W mediaextractor: libminijail[1195]: compile_file: (42): syscall readlinkat redefined here
10-24 21:41:44.021 1195 1195 W mediaextractor: libminijail[1195]: compile_file: (38): previous definition here
10-24 21:41:44.022 1195 1195 W mediaextractor: libminijail[1195]: compile_file: /apex/com.android.media/etc/seccomp_policy/crash_dump.arm64.policy(1): syscall read redefined here
10-24 21:41:44.022 1195 1195 W mediaextractor: libminijail[1195]: compile_file: (18): previous definition here
10-24 21:41:44.022 1195 1195 W mediaextractor: libminijail[1195]: compile_file: /apex/com.android.media/etc/seccomp_policy/crash_dump.arm64.policy(2): syscall write redefined here
10-24 21:41:44.022 1195 1195 W mediaextractor: libminijail[1195]: compile_file: (6): previous definition here
10-24 21:41:44.022 1195 1195 W mediaextractor: libminijail[1195]: compile_file: /apex/com.android.media/etc/seccomp_policy/crash_dump.arm64.policy(3): syscall exit redefined here
10-24 21:41:44.022 1195 1195 W mediaextractor: libminijail[1195]: compile_file: (27): previous definition here
10-24 21:41:44.022 1195 1195 W mediaextractor: libminijail[1195]: compile_file: /apex/com.android.media/etc/seccomp_policy/crash_dump.arm64.policy(4): syscall rt_sigreturn redefined here
10-24 21:41:44.022 1195 1195 W mediaextractor: libminijail[1195]: compile_file: (29): previous definition here
10-24 21:41:44.022 1195 1195 W mediaextractor: libminijail[1195]: compile_file: /apex/com.android.media/etc/seccomp_policy/crash_dump.arm64.policy(5): syscall exit_group redefined here
10-24 21:41:44.022 1195 1195 W mediaextractor: libminijail[1195]: compile_file: (28): previous definition here
10-24 21:41:44.022 1195 1195 W mediaextractor: libminijail[1195]: compile_file: /apex/com.android.media/etc/seccomp_policy/crash_dump.arm64.policy(8): syscall futex redefined here
10-24 21:41:44.022 1195 1195 W mediaextractor: libminijail[1195]: compile_file: (4): previous definition here
10-24 21:41:44.022 1195 1195 W mediaextractor: libminijail[1195]: compile_file: /apex/com.android.media/etc/seccomp_policy/crash_dump.arm64.policy(9): syscall getrandom redefined here
10-24 21:41:44.022 1195 1195 W mediaextractor: libminijail[1195]: compile_file: (32): previous definition here
10-24 21:41:44.022 1195 1195 W mediaextractor: libminijail[1195]: compile_file: /apex/com.android.media/etc/seccomp_policy/crash_dump.arm64.policy(14): syscall openat redefined here
10-24 21:41:44.022 1195 1195 W mediaextractor: libminijail[1195]: compile_file: (12): previous definition here
10-24 21:41:44.022 1195 1195 W mediaextractor: libminijail[1195]: compile_file: /apex/com.android.media/etc/seccomp_policy/crash_dump.arm64.policy(15): syscall dup redefined here
10-24 21:41:44.022 1195 1195 W mediaextractor: libminijail[1195]: compile_file: (9): previous definition here
10-24 21:41:44.022 1195 1195 W mediaextractor: libminijail[1195]: compile_file: /apex/com.android.media/etc/seccomp_policy/crash_dump.arm64.policy(16): syscall close redefined here
10-24 21:41:44.022 1195 1195 W mediaextractor: libminijail[1195]: compile_file: (8): previous definition here
10-24 21:41:44.022 1195 1195 W mediaextractor: libminijail[1195]: compile_file: /apex/com.android.media/etc/seccomp_policy/crash_dump.arm64.policy(17): syscall lseek redefined here
10-24 21:41:44.022 1195 1195 W mediaextractor: libminijail[1195]: compile_file: (23): previous definition here
10-24 21:41:44.022 1195 1195 W mediaextractor: libminijail[1195]: compile_file: /apex/com.android.media/etc/seccomp_policy/crash_dump.arm64.policy(18): syscall getdents64 redefined here
10-24 21:41:44.022 1195 1195 W mediaextractor: libminijail[1195]: compile_file: (41): previous definition here
10-24 21:41:44.022 1195 1195 W mediaextractor: libminijail[1195]: compile_file: /apex/com.android.media/etc/seccomp_policy/crash_dump.arm64.policy(19): syscall faccessat redefined here
10-24 21:41:44.022 1195 1195 W mediaextractor: libminijail[1195]: compile_file: (25): previous definition here
10-24 21:41:44.022 1195 1195 W mediaextractor: libminijail[1195]: compile_file: /apex/com.android.media/etc/seccomp_policy/crash_dump.arm64.policy(22): syscall setsockopt redefined here
10-24 21:41:44.022 1195 1195 W mediaextractor: libminijail[1195]: compile_file: (56): previous definition here
10-24 21:41:44.022 1195 1195 W mediaextractor: libminijail[1195]: compile_file: /apex/com.android.media/etc/seccomp_policy/crash_dump.arm64.policy(29): syscall prctl redefined here
10-24 21:41:44.022 1195 1195 W mediaextractor: libminijail[1195]: compile_file: (5): previous definition here
10-24 21:41:44.023 1195 1195 W mediaextractor: libminijail[1195]: compile_file: /apex/com.android.media/etc/seccomp_policy/crash_dump.arm64.policy(30): syscall madvise redefined here
10-24 21:41:44.023 1195 1195 W mediaextractor: libminijail[1195]: compile_file: (14): previous definition here
10-24 21:41:44.023 1195 1195 W mediaextractor: libminijail[1195]: compile_file: /apex/com.android.media/etc/seccomp_policy/crash_dump.arm64.policy(31): syscall mprotect redefined here
10-24 21:41:44.023 1195 1195 W mediaextractor: libminijail[1195]: compile_file: (13): previous definition here
10-24 21:41:44.023 1195 1195 W mediaextractor: libminijail[1195]: compile_file: /apex/com.android.media/etc/seccomp_policy/crash_dump.arm64.policy(32): syscall munmap redefined here
10-24 21:41:44.023 1195 1195 W mediaextractor: libminijail[1195]: compile_file: (11): previous definition here
10-24 21:41:44.023 1195 1195 W mediaextractor: libminijail[1195]: compile_file: /apex/com.android.media/etc/seccomp_policy/crash_dump.arm64.policy(33): syscall getuid redefined here
10-24 21:41:44.023 1195 1195 W mediaextractor: libminijail[1195]: compile_file: (15): previous definition here
10-24 21:41:44.023 1195 1195 W mediaextractor: libminijail[1195]: compile_file: /apex/com.android.media/etc/seccomp_policy/crash_dump.arm64.policy(34): syscall fstat redefined here
10-24 21:41:44.023 1195 1195 W mediaextractor: libminijail[1195]: compile_file: (16): previous definition here
10-24 21:41:44.023 1195 1195 W mediaextractor: libminijail[1195]: compile_file: /apex/com.android.media/etc/seccomp_policy/crash_dump.arm64.policy(35): syscall mmap redefined here
10-24 21:41:44.023 1195 1195 W mediaextractor: libminijail[1195]: compile_file: (10): previous definition here
10-24 21:41:44.027 1211 1211 I HidlServiceManagement: getService: Trying again for vendor.samsung_slsi.telephony.hardware.radioExternal@1.0::IOemSlsiRadioExternal/rilExternal...
10-24 21:41:44.027 1195 1195 W mediaextractor: libminijail[1195]: logging seccomp filter failures
10-24 21:41:44.028 1217 1217 I init_citadel: Running RW version: 0.2.2/nugget_v0.0.ab9477402-86c3b7c-r 2023-01-11 06:37:06 android-build /evt
10-24 21:41:44.038 1183 1183 D lhd : OnIpcConnect
10-24 21:41:44.039 1214 1214 W DMD : **************** Start DMD (0) ****************
10-24 21:41:44.044 1187 1187 I cameraserver: ServiceManager: 0xb400007b9b608860
10-24 21:41:44.044 1187 1187 I CameraService: CameraService started (pid=1187)
10-24 21:41:44.045 1187 1187 I CameraService: CameraService process starting
10-24 21:41:44.045 1237 1237 I init_citadel: Flavor: evt
10-24 21:41:44.045 1187 1187 W BatteryNotifier: batterystats service unavailable!
10-24 21:41:44.045 1187 1187 W BatteryNotifier: batterystats service unavailable!
10-24 21:41:44.048 1187 1187 I ServiceManager: Waiting for service 'android.hardware.camera.provider.ICameraProvider/internal/0' on '/dev/binder'...
10-24 21:41:44.050 530 530 I servicemanager: Found android.hardware.health.IHealth/default in device VINTF manifest.
10-24 21:41:44.057 1242 1242 I init_citadel: Image file: /vendor/firmware/dauntless/evt.ec.bin
10-24 21:41:44.060 1214 1214 D DMD : mkdir_slog : success mkdir!
10-24 21:41:44.060 1214 1214 D DMD : restart_power_on_log: Restarting power on log
10-24 21:41:44.060 1214 1214 W dmd : Thread not started
10-24 21:41:44.060 1214 1214 D DMD : setLimit; capacity:90 managedFileSize:1000
10-24 21:41:44.060 1214 1214 D DMD : refreshFileList
10-24 21:41:44.060 1214 1214 D DMD : Total managed file size: 0 MiB, file counts: 0
10-24 21:41:44.060 1214 1214 D DMD : Remained managed file size: 0
10-24 21:41:44.061 1214 1246 D DMD : ZipHardWorker::Run
10-24 21:41:44.062 1199 1199 I ServiceManager: Waiting for service 'package_native' on '/dev/binder'...
10-24 21:41:44.062 1215 1215 D RFSD : RFS Daemon start!
10-24 21:41:44.062 1215 1215 D RFSD : [RfsService] Modem Path : /mnt/vendor/modem_img/images/default//modem.bin
10-24 21:41:44.062 1215 1215 I RFSD : [RfsService] RecoverFileOwnership
10-24 21:41:44.063 1215 1215 I RFSD : [RfsService] ReadToc
10-24 21:41:44.063 1197 1197 I mediaserver: ServiceManager: 0xf1600fd0
10-24 21:41:44.063 1215 1215 I RFSD : [RfsService] CheckNvFiles
10-24 21:41:44.063 1215 1215 I RFSD : [RfsService] CleanupAllRfsFiles
10-24 21:41:44.064 1232 1232 I securedpud.slider: starting securedpud
10-24 21:41:44.064 1232 1232 I securedpud.slider: trusty dev: /dev/trusty-ipc-dev0
10-24 21:41:44.064 1232 1232 I DMABUFHEAPS: Using DMA-BUF heap named: tui-secure
10-24 21:41:44.065 1197 1197 W BatteryNotifier: batterystats service unavailable!
10-24 21:41:44.066 1197 1197 W BatteryNotifier: batterystats service unavailable!
10-24 21:41:44.067 1056 1056 I ServiceManager: Waiting for service 'media.metrics' on '/dev/binder' successful after waiting 301ms
10-24 21:41:44.067 1196 1209 I ServiceManager: Waiting for service 'package_native' on '/dev/binder'...
10-24 21:41:44.068 1056 1056 I AudioFlinger: Using default 3000 mSec as standby time.
10-24 21:41:44.069 1233 1233 I trusty_metricsd: starting trusty_metricsd
10-24 21:41:44.069 1233 1233 I trusty_metricsd: trusty dev: /dev/trusty-ipc-dev0
10-24 21:41:44.070 531 1228 W libc : Unable to set property "ctl.interface_start" to "android.frameworks.sensorservice@1.0::ISensorManager/default": error code: 0x20
10-24 21:41:44.070 531 1228 I hwservicemanager: Tried to start android.frameworks.sensorservice@1.0::ISensorManager/default as a lazy service, but was unable to. Usually this happens when a service is not installed, but if the service is intended to be used as a lazy service, then it may be configured incorrectly.
10-24 21:41:44.073 1214 1214 D DMD : m_pfnRegisterService=0x0x72c9033040 m_pFnReleaseService=0x0x72c9033300 m_pFnNotifyCallback=0x0x72c9033530
10-24 21:41:44.073 1214 1214 D liboemservice: registerService
10-24 21:41:44.073 1214 1214 D liboemservice: [dm0]setServiceFunction
10-24 21:41:44.073 1214 1214 D liboemservice: [dm0]registerService
10-24 21:41:44.074 530 530 I servicemanager: Since 'android.frameworks.stats.IStats/default' could not be found, trying to start it as a lazy AIDL service
10-24 21:41:44.074 1214 1214 I HidlServiceManagement: Registered vendor.samsung_slsi.telephony.hardware.oemservice@1.0::IOemService/dm0
10-24 21:41:44.074 1214 1214 D liboemservice: registerService as "dm0", OEM_SerivceFunctions=0x0x5ead641868
10-24 21:41:44.074 1214 1214 D DMD : m_pfnRegisterService=0x0x72c9033040 m_pFnReleaseService=0x0x72c9033300 m_pFnNotifyCallback=0x0x72c9033530
10-24 21:41:44.074 1214 1214 D liboemservice: registerService
10-24 21:41:44.074 1214 1214 D liboemservice: [dm1]setServiceFunction
10-24 21:41:44.074 1214 1214 D liboemservice: [dm1]registerService
10-24 21:41:44.075 1215 1215 I RFSD : [RfsService] AllocFile, idx=1
10-24 21:41:44.075 1215 1215 I RFSD : [RfsService::Nv] Touch
10-24 21:41:44.075 1214 1214 I HidlServiceManagement: Registered vendor.samsung_slsi.telephony.hardware.oemservice@1.0::IOemService/dm1
10-24 21:41:44.075 1215 1215 I RFSD : [RfsService::Nv] IsCsumCorrect
10-24 21:41:44.075 1215 1215 I RFSD : [RfsService::Nv] CsumCalc
10-24 21:41:44.075 1214 1214 D liboemservice: registerService as "dm1", OEM_SerivceFunctions=0x0x5ead641870
10-24 21:41:44.077 1214 1214 D DMD : ModemStateMonitor suspend monitoring
10-24 21:41:44.078 1214 1256 D DMD : ActiveModem open : mFd=6
10-24 21:41:44.080 1214 1214 D DMD : [DMStateMachine] addHistory null
10-24 21:41:44.080 1214 1214 D DMD : [HostState] onEnter
10-24 21:41:44.080 1214 1214 D DMD : [onEnter] DM stop request already sent
10-24 21:41:44.080 1214 1214 D DMD : ModemStateMonitor resume monitoring
10-24 21:41:44.081 578 588 D libnos_transport: Calling App 0 with params 0x0007
10-24 21:41:44.081 578 588 D libnos_transport: App 0 inspection status=0x00000000 reply_len=0 protocol=1 flags=0x0000
10-24 21:41:44.081 578 588 D libnos_transport: Send app 0 command data (0 bytes)
10-24 21:41:44.081 1215 1215 E RFSD : [RfsService::Nv] /mnt/vendor/efs/nv_normal.bin : Verified
10-24 21:41:44.081 578 588 D libnos_transport: Send app 0 go command 0x00000007
10-24 21:41:44.082 578 588 D libnos_transport: Polling app 0
10-24 21:41:44.082 1215 1215 I RFSD : [RfsService::Nv] nv_normal.bin file is ok
10-24 21:41:44.082 1215 1215 I RFSD : [RfsService] AllocFile, idx=3
10-24 21:41:44.082 1215 1215 I RFSD : [RfsService::NvProtected] Touch
10-24 21:41:44.082 1215 1215 I RFSD : [RfsService::NvProtected] IsCsumCorrect
10-24 21:41:44.082 1215 1215 I RFSD : [RfsService::NvProtected] CsumCalc
10-24 21:41:44.082 578 588 D libnos_transport: App 0 polled=4 status=0x80000000 reply_len=203 flags=0x0000
10-24 21:41:44.082 578 588 D libnos_transport: Read app 0 reply data (203 bytes)
10-24 21:41:44.084 578 588 D libnos_transport: App 0 returning 0x0
10-24 21:41:44.084 578 588 D libnos_transport: Calling App 0 with params 0x0009
10-24 21:41:44.084 578 588 D libnos_transport: App 0 inspection status=0x00000000 reply_len=0 protocol=1 flags=0x0000
10-24 21:41:44.084 578 588 D libnos_transport: Send app 0 command data (0 bytes)
10-24 21:41:44.084 578 588 D libnos_transport: Send app 0 go command 0x00000009
10-24 21:41:44.084 578 588 D libnos_transport: Polling app 0
10-24 21:41:44.086 578 588 D libnos_transport: App 0 polled=4 status=0x80000000 reply_len=1024 flags=0x0000
10-24 21:41:44.086 578 588 D libnos_transport: Read app 0 reply data (1024 bytes)
10-24 21:41:44.086 1056 1056 D APM_EngineLoader: Loaded engine from libaudiopolicyenginedefault.so
10-24 21:41:44.086 1056 1056 D APM::AudioPolicyEngine/Base: loadAudioPolicyEngineConfig: No configuration found, using default matching phone experience.
10-24 21:41:44.087 578 588 D libnos_transport: App 0 returning 0x0
10-24 21:41:44.088 1056 1056 W APM::AudioPolicyEngine/Base: loadAudioPolicyEngineConfig: No configuration of AUDIO_STREAM_CALL_ASSISTANT found, using default volume configuration
10-24 21:41:44.096 1261 1261 I usbd : Usb HAL found.
10-24 21:41:44.096 1261 1261 I usbd : peristent prop is adb
10-24 21:41:44.101 990 1007 D audio_hw: adev_open
10-24 21:41:44.103 1214 1258 D DMD : ModemStateMonitor : start!!!
10-24 21:41:44.103 1265 1265 I init_citadel: Is RO in file newer: same
10-24 21:41:44.105 1195 1195 I MediaExtractorFactory: plugin directory not present (/system/lib64/extractors)
10-24 21:41:44.105 1195 1195 I MediaExtractorFactory: plugin directory not present (/system_ext/lib64/extractors)
10-24 21:41:44.110 990 1007 D audio_hw_tbl_parser: update usecase: raw-playback dev1 23 dev2 65535 dynamic 1 dsp_vol 0 mmap 1 period 64
10-24 21:41:44.110 990 1007 D audio_hw_tbl_parser: update usecase: low-latency-playback dev1 1 dev2 65535 dynamic 1 dsp_vol 0 mmap 0 period 10
10-24 21:41:44.110 990 1007 D audio_hw_tbl_parser: update usecase: mmap-playback dev1 0 dev2 65535 dynamic 1 dsp_vol 0 mmap 1 period 1
10-24 21:41:44.110 990 1007 D audio_hw_tbl_parser: update usecase: deep-buffer-playback dev1 5 dev2 65535 dynamic 1 dsp_vol 0 mmap 0 period 20
10-24 21:41:44.110 990 1007 D audio_hw_tbl_parser: update usecase: voice-call dev1 4 dev2 11 dynamic 1 dsp_vol 1 mmap 0 period 1
10-24 21:41:44.110 990 1007 D audio_hw_tbl_parser: update usecase: immersive-playback dev1 30 dev2 65535 dynamic 1 dsp_vol 0 mmap 0 period 10
10-24 21:41:44.110 990 1007 D audio_hw_tbl_parser: update usecase: compress-offload-playback dev1 6 dev2 65535 dynamic 1 dsp_vol 1 mmap 0 period 131072
10-24 21:41:44.110 990 1007 D audio_hw_tbl_parser: update usecase: haptic-audio dev1 2 dev2 7 dynamic 1 dsp_vol 0 mmap 0 period 10
10-24 21:41:44.110 990 1007 D audio_hw_tbl_parser: update usecase: voip-playback dev1 16 dev2 65535 dynamic 1 dsp_vol 1 mmap 0 period 10
10-24 21:41:44.110 990 1007 D audio_hw_tbl_parser: update usecase: audio-record dev1 8 dev2 65535 dynamic 1 dsp_vol 0 mmap 0 period 20
10-24 21:41:44.110 990 1007 D audio_hw_tbl_parser: update usecase: hostless-ul dev1 15 dev2 65535 dynamic 1 dsp_vol 0 mmap 0 period 10
10-24 21:41:44.110 990 1007 D audio_hw_tbl_parser: update usecase: voip-record dev1 17 dev2 65535 dynamic 1 dsp_vol 0 mmap 0 period 20
10-24 21:41:44.110 990 1007 D audio_hw_tbl_parser: update usecase: low-latency-record dev1 10 dev2 65535 dynamic 1 dsp_vol 0 mmap 1 period 1
10-24 21:41:44.110 990 1007 D audio_hw_tbl_parser: update usecase: mmap-record dev1 9 dev2 65535 dynamic 1 dsp_vol 1 mmap 1 period 1
10-24 21:41:44.110 990 1007 D audio_hw_tbl_parser: update usecase: hifi-playback dev1 25 dev2 65535 dynamic 1 dsp_vol 0 mmap 0 period 20
10-24 21:41:44.110 990 1007 D audio_hw_tbl_parser: update usecase: hifi-record dev1 26 dev2 65535 dynamic 1 dsp_vol 0 mmap 0 period 20
10-24 21:41:44.110 990 1007 D audio_hw_tbl_parser: update dev: OUT_SPEAKER_BE_CFG intf 9 tuning_id 2 codec_path:speaker be_path:NULL
10-24 21:41:44.110 990 1007 D audio_hw_tbl_parser: update dev: OUT_HAC_HANDSET_BE_CFG intf 10 tuning_id 0 codec_path:voice-hac-handset be_path:hac-handset
10-24 21:41:44.110 990 1007 D audio_hw_tbl_parser: update dev: OUT_USB_HEADSET_BE_CFG intf 11 tuning_id 3 codec_path:NULL be_path:usb-headphone
10-24 21:41:44.110 990 1007 D audio_hw_tbl_parser: update dev: OUT_USB_TTY_FULL_BE_CFG intf 11 tuning_id 3 codec_path:usb-headphone be_path:usb-headphone
10-24 21:41:44.110 990 1007 D audio_hw_tbl_parser: update dev: OUT_USB_TTY_VCO_BE_CFG intf 11 tuning_id 3 codec_path:usb-headphone be_path:usb-headphone
10-24 21:41:44.110 990 1007 D audio_hw_tbl_parser: update dev: OUT_USB_TTY_HCO_BE_CFG intf 9 tuning_id 3 codec_path:voice-speaker be_path:NULL
10-24 21:41:44.110 990 1007 D audio_hw_tbl_parser: update dev: IN_USB_TTY_FULL_MIC_BE_CFG intf 18 tuning_id 17 codec_path:usb-headset-mic be_path:usb-headset-mic
10-24 21:41:44.110 990 1007 D audio_hw_tbl_parser: update dev: IN_USB_TTY_VCO_MIC_BE_CFG intf 16 tuning_id 17 codec_path:voice-speaker-mic be_path:NULL
10-24 21:41:44.110 990 1007 D audio_hw_tbl_parser: update dev: IN_USB_TTY_HCO_MIC_BE_CFG intf 18 tuning_id 17 codec_path:usb-headset-mic be_path:usb-headset-mic
10-24 21:41:44.110 990 1007 D audio_hw_tbl_parser: update dev: IN_SPK_VI_BE_CFG intf 22 tuning_id 20 codec_path:NULL be_path:spk-vi
10-24 21:41:44.110 990 1007 D audio_hw_tbl_parser: update dev: IN_HANDSET_MIC_BE_CFG intf 16 tuning_id 62 codec_path:handset-mic be_path:NULL
10-24 21:41:44.110 990 1007 D audio_hw_tbl_parser: update dev: IN_HANDSET_DUAL_MIC_BE_CFG intf 16 tuning_id 63 codec_path:handset-mic be_path:NULL
10-24 21:41:44.110 990 1007 D audio_hw_tbl_parser: update dev: IN_HANDSET_TRIPLE_MIC_BE_CFG intf 16 tuning_id 64 codec_path:handset-mic be_path:NULL
10-24 21:41:44.110 990 1007 D audio_hw_tbl_parser: update dev: IN_CAMCORDER_LANDSCAPE_BE_CFG intf 16 tuning_id 70 codec_path:camcorder-mic be_path:NULL
10-24 21:41:44.110 990 1007 D audio_hw_tbl_parser: update dev: IN_CAMCORDER_INVERT_LANDSCAPE_BE_CFG intf 16 tuning_id 71 codec_path:camcorder-mic be_path:NULL
10-24 21:41:44.111 990 1007 D audio_hw_tbl_parser: update dev: IN_CAMCORDER_PORTRAIT_BE_CFG intf 16 tuning_id 72 codec_path:camcorder-mic be_path:NULL
10-24 21:41:44.111 990 1007 D audio_hw_tbl_parser: update dev: IN_CAMCORDER_SELFIE_LANDSCAPE_BE_CFG intf 16 tuning_id 73 codec_path:camcorder-mic be_path:NULL
10-24 21:41:44.111 990 1007 D audio_hw_tbl_parser: update dev: IN_CAMCORDER_SELFIE_INVERT_LANDSCAPE_BE_CFG intf 16 tuning_id 74 codec_path:camcorder-mic be_path:NULL
10-24 21:41:44.111 990 1007 D audio_hw_tbl_parser: update dev: IN_CAMCORDER_SELFIE_PORTRAIT_BE_CFG intf 16 tuning_id 75 codec_path:camcorder-mic be_path:NULL
10-24 21:41:44.111 990 1007 D audio_hw_tbl_parser: update dev: IN_CAMCORDER_MIC_BE_CFG intf 16 tuning_id 70 codec_path:camcorder-mic be_path:NULL
10-24 21:41:44.111 990 1007 D audio_hw_tbl_parser: update dev: IN_CAMCORDER_TRIPLE_MIC_BE_CFG intf 16 tuning_id 70 codec_path:camcorder-mic be_path:NULL
10-24 21:41:44.111 990 1007 D audio_hw_tbl_parser: update dev: IN_BTSCO_MIC_BE_CFG intf 17 tuning_id 15 codec_path:bt-mic be_path:bt-mic
10-24 21:41:44.111 990 1007 D audio_hw_tbl_parser: update dev: IN_BTSCO_MIC_NREC_BE_CFG intf 17 tuning_id 15 codec_path:bt-mic be_path:bt-mic
10-24 21:41:44.111 990 1007 D audio_hw_tbl_parser: update dev: IN_BTSCO_MIC_WB_BE_CFG intf 17 tuning_id 15 codec_path:bt-mic be_path:bt-mic
10-24 21:41:44.111 990 1007 D audio_hw_tbl_parser: update dev: IN_BTSCO_MIC_WB_NREC_BE_CFG intf 17 tuning_id 15 codec_path:bt-mic be_path:bt-mic
10-24 21:41:44.111 990 1007 D audio_hw_tbl_parser: update dev: IN_VOICE_RECOGN_USB_HEADSET_MIC_BE_CFG intf 18 tuning_id 12 codec_path:usb-headset-mic be_path:usb-headset-mic
10-24 21:41:44.111 990 1007 D audio_hw_tbl_parser: update dev: IN_USB_HEADSET_MIC_BE_CFG intf 18 tuning_id 16 codec_path:usb-headset-mic be_path:usb-headset-mic
10-24 21:41:44.111 990 1007 D audio_hw_tbl_parser: update dev: IN_VOICECALL_USB_HEADSET_MIC_BE_CFG intf 18 tuning_id 17 codec_path:usb-headset-mic be_path:usb-headset-mic
10-24 21:41:44.111 990 1007 D audio_hw_tbl_parser: update dev: IN_UNPROCESSED_USB_HEADSET_MIC_BE_CFG intf 18 tuning_id 18 codec_path:usb-headset-mic be_path:usb-headset-mic
10-24 21:41:44.111 990 1007 D audio_hw_aoc: update_voip_path_db_mapping: update path 3
10-24 21:41:44.111 990 1007 D audio_hw_aoc: 0 - 0.010000
10-24 21:41:44.111 990 1007 D audio_hw_aoc: 1 - 0.020000
10-24 21:41:44.111 990 1007 D audio_hw_aoc: 2 - 0.040000
10-24 21:41:44.111 990 1007 D audio_hw_aoc: 3 - 0.100000
10-24 21:41:44.111 990 1007 D audio_hw_aoc: 4 - 0.210000
10-24 21:41:44.111 990 1007 D audio_hw_aoc: 5 - 0.470000
10-24 21:41:44.111 990 1007 D audio_hw_aoc: 6 - 1.000000
10-24 21:41:44.115 531 1231 W libc : Unable to set property "ctl.interface_start" to "android.frameworks.sensorservice@1.0::ISensorManager/default": error code: 0x20
10-24 21:41:44.115 531 1231 I hwservicemanager: Tried to start android.frameworks.sensorservice@1.0::ISensorManager/default as a lazy service, but was unable to. Usually this happens when a service is not installed, but if the service is intended to be used as a lazy service, then it may be configured incorrectly.
10-24 21:41:44.116 531 1224 W libc : Unable to set property "ctl.interface_start" to "vendor.samsung_slsi.telephony.hardware.radioExternal@1.0::IOemSlsiRadioExternal/rilExternal": error code: 0x20
10-24 21:41:44.116 531 1224 I hwservicemanager: Tried to start vendor.samsung_slsi.telephony.hardware.radioExternal@1.0::IOemSlsiRadioExternal/rilExternal as a lazy service, but was unable to. Usually this happens when a service is not installed, but if the service is intended to be used as a lazy service, then it may be configured incorrectly.
10-24 21:41:44.116 531 1230 W libc : Unable to set property "ctl.interface_start" to "vendor.samsung_slsi.telephony.hardware.radioExternal@1.0::IOemSlsiRadioExternal/rilExternal": error code: 0x20
10-24 21:41:44.116 531 1230 I hwservicemanager: Tried to start vendor.samsung_slsi.telephony.hardware.radioExternal@1.0::IOemSlsiRadioExternal/rilExternal as a lazy service, but was unable to. Usually this happens when a service is not installed, but if the service is intended to be used as a lazy service, then it may be configured incorrectly.
10-24 21:41:44.116 530 1255 W libc : Unable to set property "ctl.interface_start" to "aidl/android.frameworks.stats.IStats/default": error code: 0x20
10-24 21:41:44.116 530 1255 I servicemanager: Tried to start aidl service android.frameworks.stats.IStats/default as a lazy service, but was unable to. Usually this happens when a service is not installed, but if the service is intended to be used as a lazy service, then it may be configured incorrectly.
10-24 21:41:44.119 1273 1273 I init_citadel: Checking RW firmware version...
10-24 21:41:44.120 1166 1166 I perfetto: probes_producer.cc:311 Connected to the service
10-24 21:41:44.128 1205 1205 I android.hardware.media.omx@1.0-service: mediacodecservice starting
10-24 21:41:44.130 1205 1205 W android.hardware.media.omx@1.0-service: Could not read additional policy file '/vendor/etc/seccomp_policy/mediacodec.policy'
10-24 21:41:44.131 1205 1205 W android.hardware.media.omx@1.0-service: libminijail[1205]: failed to get path of fd 4: No such file or directory
10-24 21:41:44.131 1205 1205 W android.hardware.media.omx@1.0-service: libminijail[1205]: allowing syscall: clock_gettime
10-24 21:41:44.131 1205 1205 W android.hardware.media.omx@1.0-service: libminijail[1205]: allowing syscall: connect
10-24 21:41:44.131 1205 1205 W android.hardware.media.omx@1.0-service: libminijail[1205]: allowing syscall: fcntl64
10-24 21:41:44.131 1205 1205 W android.hardware.media.omx@1.0-service: libminijail[1205]: allowing syscall: socket
10-24 21:41:44.131 1205 1205 W android.hardware.media.omx@1.0-service: libminijail[1205]: allowing syscall: writev
10-24 21:41:44.132 1205 1205 W android.hardware.media.omx@1.0-service: libminijail[1205]: compile_file: (59): syscall getrandom redefined here
10-24 21:41:44.132 1205 1205 W android.hardware.media.omx@1.0-service: libminijail[1205]: compile_file: (15): previous definition here
10-24 21:41:44.132 1205 1205 W android.hardware.media.omx@1.0-service: libminijail[1205]: compile_file: /system/etc/seccomp_policy/crash_dump.arm.policy(1): syscall read redefined here
10-24 21:41:44.132 1205 1205 W android.hardware.media.omx@1.0-service: libminijail[1205]: compile_file: (9): previous definition here
10-24 21:41:44.132 1205 1205 W android.hardware.media.omx@1.0-service: libminijail[1205]: compile_file: /system/etc/seccomp_policy/crash_dump.arm.policy(2): syscall write redefined here
10-24 21:41:44.132 1205 1205 W android.hardware.media.omx@1.0-service: libminijail[1205]: compile_file: (5): previous definition here
10-24 21:41:44.132 1205 1205 W android.hardware.media.omx@1.0-service: libminijail[1205]: compile_file: /system/etc/seccomp_policy/crash_dump.arm.policy(3): syscall exit redefined here
10-24 21:41:44.132 1205 1205 W android.hardware.media.omx@1.0-service: libminijail[1205]: compile_file: (40): previous definition here
10-24 21:41:44.132 1205 1205 W android.hardware.media.omx@1.0-service: libminijail[1205]: compile_file: /system/etc/seccomp_policy/crash_dump.arm.policy(4): syscall rt_sigreturn redefined here
10-24 21:41:44.132 1205 1205 W android.hardware.media.omx@1.0-service: libminijail[1205]: compile_file: (45): previous definition here
10-24 21:41:44.132 1205 1205 W android.hardware.media.omx@1.0-service: libminijail[1205]: compile_file: /system/etc/seccomp_policy/crash_dump.arm.policy(6): syscall exit_group redefined here
10-24 21:41:44.132 1205 1205 W android.hardware.media.omx@1.0-service: libminijail[1205]: compile_file: (44): previous definition here
10-24 21:41:44.132 1205 1205 W android.hardware.media.omx@1.0-service: libminijail[1205]: compile_file: /system/etc/seccomp_policy/crash_dump.arm.policy(7): syscall clock_gettime redefined here
10-24 21:41:44.132 1205 1205 W android.hardware.media.omx@1.0-service: libminijail[1205]: compile_file: (7): previous definition here
10-24 21:41:44.132 1205 1205 W android.hardware.media.omx@1.0-service: libminijail[1205]: compile_file: /system/etc/seccomp_policy/crash_dump.arm.policy(8): syscall gettimeofday redefined here
10-24 21:41:44.132 1205 1205 W android.hardware.media.omx@1.0-service: libminijail[1205]: compile_file: (47): previous definition here
10-24 21:41:44.132 1205 1205 W android.hardware.media.omx@1.0-service: libminijail[1205]: compile_file: /system/etc/seccomp_policy/crash_dump.arm.policy(9): syscall futex redefined here
10-24 21:41:44.132 1205 1205 W android.hardware.media.omx@1.0-service: libminijail[1205]: compile_file: (3): previous definition here
10-24 21:41:44.132 1205 1205 W android.hardware.media.omx@1.0-service: libminijail[1205]: compile_file: /system/etc/seccomp_policy/crash_dump.arm.policy(10): syscall getrandom redefined here
10-24 21:41:44.132 1205 1205 W android.hardware.media.omx@1.0-service: libminijail[1205]: compile_file: (15): previous definition here
10-24 21:41:44.132 1205 1205 W android.hardware.media.omx@1.0-service: libminijail[1205]: compile_file: /system/etc/seccomp_policy/crash_dump.arm.policy(13): syscall ppoll redefined here
10-24 21:41:44.132 1205 1205 W android.hardware.media.omx@1.0-service: libminijail[1205]: compile_file: (13): previous definition here
10-24 21:41:44.132 1205 1205 W android.hardware.media.omx@1.0-service: libminijail[1205]: compile_file: /system/etc/seccomp_policy/crash_dump.arm.policy(14): syscall pipe2 redefined here
10-24 21:41:44.132 1205 1205 W android.hardware.media.omx@1.0-service: libminijail[1205]: compile_file: (46): previous definition here
10-24 21:41:44.132 1205 1205 W android.hardware.media.omx@1.0-service: libminijail[1205]: compile_file: /system/etc/seccomp_policy/crash_dump.arm.policy(15): syscall openat redefined here
10-24 21:41:44.132 1205 1205 W android.hardware.media.omx@1.0-service: libminijail[1205]: compile_file: (30): previous definition here
10-24 21:41:44.133 1205 1205 W android.hardware.media.omx@1.0-service: libminijail[1205]: compile_file: /system/etc/seccomp_policy/crash_dump.arm.policy(16): syscall dup redefined here
10-24 21:41:44.133 1205 1205 W android.hardware.media.omx@1.0-service: libminijail[1205]: compile_file: (12): previous definition here
10-24 21:41:44.133 1205 1205 W android.hardware.media.omx@1.0-service: libminijail[1205]: compile_file: /system/etc/seccomp_policy/crash_dump.arm.policy(17): syscall close redefined here
10-24 21:41:44.133 1205 1205 W android.hardware.media.omx@1.0-service: libminijail[1205]: compile_file: (10): previous definition here
10-24 21:41:44.133 1205 1205 W android.hardware.media.omx@1.0-service: libminijail[1205]: compile_file: /system/etc/seccomp_policy/crash_dump.arm.policy(18): syscall lseek redefined here
10-24 21:41:44.133 1205 1205 W android.hardware.media.omx@1.0-service: libminijail[1205]: compile_file: (50): previous definition here
10-24 21:41:44.133 1205 1205 W android.hardware.media.omx@1.0-service: libminijail[1205]: compile_file: /system/etc/seccomp_policy/crash_dump.arm.policy(19): syscall getdents64 redefined here
10-24 21:41:44.133 1205 1205 W android.hardware.media.omx@1.0-service: libminijail[1205]: compile_file: (58): previous definition here
10-24 21:41:44.133 1253 1253 I gatekeeperd: Starting gatekeeperd...
10-24 21:41:44.133 1205 1205 W android.hardware.media.omx@1.0-service: libminijail[1205]: compile_file: /system/etc/seccomp_policy/crash_dump.arm.policy(20): syscall faccessat redefined here
10-24 21:41:44.133 1205 1205 W android.hardware.media.omx@1.0-service: libminijail[1205]: compile_file: (38): previous definition here
10-24 21:41:44.133 1205 1205 W android.hardware.media.omx@1.0-service: libminijail[1205]: compile_file: /system/etc/seccomp_policy/crash_dump.arm.policy(26): syscall rt_sigprocmask redefined here
10-24 21:41:44.133 1205 1205 W android.hardware.media.omx@1.0-service: libminijail[1205]: compile_file: (41): previous definition here
10-24 21:41:44.133 1205 1205 W android.hardware.media.omx@1.0-service: libminijail[1205]: compile_file: /system/etc/seccomp_policy/crash_dump.arm.policy(29): syscall prctl redefined here
10-24 21:41:44.133 1205 1205 W android.hardware.media.omx@1.0-service: libminijail[1205]: compile_file: (6): previous definition here
10-24 21:41:44.133 1205 1205 W android.hardware.media.omx@1.0-service: libminijail[1205]: compile_file: /system/etc/seccomp_policy/crash_dump.arm.policy(30): syscall madvise redefined here
10-24 21:41:44.133 1205 1205 W android.hardware.media.omx@1.0-service: libminijail[1205]: compile_file: (29): previous definition here
10-24 21:41:44.133 1205 1205 W android.hardware.media.omx@1.0-service: libminijail[1205]: compile_file: /system/etc/seccomp_policy/crash_dump.arm.policy(31): syscall mprotect redefined here
10-24 21:41:44.133 1205 1205 W android.hardware.media.omx@1.0-service: libminijail[1205]: compile_file: (28): previous definition here
10-24 21:41:44.133 1205 1205 W android.hardware.media.omx@1.0-service: libminijail[1205]: compile_file: /system/etc/seccomp_policy/crash_dump.arm.policy(32): syscall munmap redefined here
10-24 21:41:44.133 1205 1205 W android.hardware.media.omx@1.0-service: libminijail[1205]: compile_file: (27): previous definition here
10-24 21:41:44.133 1205 1205 W android.hardware.media.omx@1.0-service: libminijail[1205]: compile_file: /system/etc/seccomp_policy/crash_dump.arm.policy(33): syscall getuid32 redefined here
10-24 21:41:44.133 1205 1205 W android.hardware.media.omx@1.0-service: libminijail[1205]: compile_file: (34): previous definition here
10-24 21:41:44.133 1205 1205 W android.hardware.media.omx@1.0-service: libminijail[1205]: compile_file: /system/etc/seccomp_policy/crash_dump.arm.policy(34): syscall fstat64 redefined here
10-24 21:41:44.134 1205 1205 W android.hardware.media.omx@1.0-service: libminijail[1205]: compile_file: (35): previous definition here
10-24 21:41:44.134 1205 1205 W android.hardware.media.omx@1.0-service: libminijail[1205]: compile_file: /system/etc/seccomp_policy/crash_dump.arm.policy(35): syscall mmap2 redefined here
10-24 21:41:44.134 1205 1205 W android.hardware.media.omx@1.0-service: libminijail[1205]: compile_file: (14): previous definition here
10-24 21:41:44.134 1205 1205 W android.hardware.media.omx@1.0-service: libminijail[1205]: logging seccomp filter failures
10-24 21:41:44.138 1205 1205 D MediaCodecsXmlParser: parsing /vendor/etc/media_codecs.xml...
10-24 21:41:44.139 1205 1205 D MediaCodecsXmlParser: parsing /vendor/etc/media_codecs_google_telephony.xml...
10-24 21:41:44.139 1205 1205 D MediaCodecsXmlParser: unable to open media codecs configuration xml file: /vendor/etc/media_codecs_google_telephony.xml
10-24 21:41:44.139 1205 1205 D MediaCodecsXmlParser: parsing /vendor/etc/media_codecs_performance.xml...
10-24 21:41:44.140 1205 1205 I MediaCodecsXmlParser: Did not find media_codecs_shaping.xml in search path
10-24 21:41:44.141 1205 1205 I HidlServiceManagement: Registered android.hardware.media.omx@1.0::IOmx/default
10-24 21:41:44.141 1205 1205 I HidlServiceManagement: Removing namespace from process name android.hardware.media.omx@1.0-service to omx@1.0-service.
10-24 21:41:44.141 1205 1205 I android.hardware.media.omx@1.0-service: IOmx HAL service created.
10-24 21:41:44.141 1205 1205 I OmxStore: omx common prefix: no nodes
10-24 21:41:44.141 1205 1205 D MediaCodecsXmlParser: parsing /vendor/etc/media_codecs.xml...
10-24 21:41:44.141 1205 1205 D MediaCodecsXmlParser: parsing /vendor/etc/media_codecs_google_telephony.xml...
10-24 21:41:44.142 1205 1205 D MediaCodecsXmlParser: unable to open media codecs configuration xml file: /vendor/etc/media_codecs_google_telephony.xml
