10-24 21:41:48.840 1042 1042 W HwBinder:1042_2: type=1400 audit(0.0:60): avc: denied { read } for name="u:object_r:vendor_codec2_debug_prop:s0" dev="tmpfs" ino=333 scontext=u:r:mediacodec:s0 tcontext=u:object_r:vendor_codec2_debug_prop:s0 tclass=file permissive=0
10-24 21:41:48.840 1042 1042 W HwBinder:1042_2: type=1400 audit(0.0:61): avc: denied { read } for name="u:object_r:vendor_codec2_debug_prop:s0" dev="tmpfs" ino=333 scontext=u:r:mediacodec:s0 tcontext=u:object_r:vendor_codec2_debug_prop:s0 tclass=file permissive=0
10-24 21:41:48.843 1042 1100 W libc : Access denied finding property "vendor.debug.c2.level"
10-24 21:41:48.844 2049 2049 V WindowManagerShell: Adding init callback for DragAndDropController
10-24 21:41:48.845 2049 2049 V WindowManagerShell: Adding init callback for CompatUIController
10-24 21:41:48.848 587 721 D BootAnimation: Playing files = /product/media/bootanimation-dark.zip/part2, Requested repeat = 180, playUntilComplete = false
10-24 21:41:48.848 1042 1042 W HwBinder:1042_2: type=1400 audit(0.0:62): avc: denied { read } for name="u:object_r:vendor_codec2_debug_prop:s0" dev="tmpfs" ino=333 scontext=u:r:mediacodec:s0 tcontext=u:object_r:vendor_codec2_debug_prop:s0 tclass=file permissive=0
10-24 21:41:48.848 1042 1042 W HwBinder:1042_2: type=1400 audit(0.0:63): avc: denied { read } for name="u:object_r:vendor_codec2_debug_prop:s0" dev="tmpfs" ino=333 scontext=u:r:mediacodec:s0 tcontext=u:object_r:vendor_codec2_debug_prop:s0 tclass=file permissive=0
10-24 21:41:48.850 1042 1100 W libc : Access denied finding property "vendor.debug.c2.level"
10-24 21:41:48.851 1042 1100 W libc : Access denied finding property "vendor.debug.c2.level"
10-24 21:41:48.851 1042 1100 W ColorUtils: expected specified color aspects (0:0:0:0)
10-24 21:41:48.851 1042 1100 I samsung.hardware.media.c2@1.0-service: missing struct descriptor #Param::CoreIndex(--1812) for field values of struct #Param::CoreIndex(F-11812)
10-24 21:41:48.856 2049 2049 V WindowManagerShell: Adding init callback for RecentTasksController
10-24 21:41:48.858 2049 2049 V WindowManagerShell: Adding init callback for ShellTaskOrganizer
10-24 21:41:48.858 1637 1965 W BestClock: java.time.DateTimeException: Missing NTP fix
10-24 21:41:48.859 1637 1965 D NetworkStatsObservers: Registering observer for RequestInfo from pid/uid:1637/1000(android) for DataUsageRequest [ requestId=1, networkTemplate=NetworkTemplate: matchRule=MOBILE, matchSubscriberIds=[], matchWifiNetworkKeys=[], thresholdInBytes=0 ] accessLevel:3
10-24 21:41:48.859 1637 1965 D NetworkStatsObservers: Registering observer for RequestInfo from pid/uid:1637/1000(android) for DataUsageRequest [ requestId=2, networkTemplate=NetworkTemplate: matchRule=WIFI, matchSubscriberIds=[], matchWifiNetworkKeys=[], thresholdInBytes=0 ] accessLevel:3
10-24 21:41:48.859 1042 1100 W libc : Access denied finding property "vendor.debug.c2.level"
10-24 21:41:48.859 1042 1100 W libc : Access denied finding property "vendor.debug.c2.level"
10-24 21:41:48.856 1042 1042 W HwBinder:1042_2: type=1400 audit(0.0:64): avc: denied { read } for name="u:object_r:vendor_codec2_debug_prop:s0" dev="tmpfs" ino=333 scontext=u:r:mediacodec:s0 tcontext=u:object_r:vendor_codec2_debug_prop:s0 tclass=file permissive=0
10-24 21:41:48.860 1637 1977 D ConnectivityService: NetReassign [no changes] [c 0] [a 0] [i 0]
10-24 21:41:48.861 1637 1964 W BestClock: java.time.DateTimeException: Missing NTP fix
10-24 21:41:48.861 1042 1100 W libc : Access denied finding property "vendor.debug.c2.level"
10-24 21:41:48.856 1042 1042 W HwBinder:1042_2: type=1400 audit(0.0:65): avc: denied { read } for name="u:object_r:vendor_codec2_debug_prop:s0" dev="tmpfs" ino=333 scontext=u:r:mediacodec:s0 tcontext=u:object_r:vendor_codec2_debug_prop:s0 tclass=file permissive=0
10-24 21:41:48.860 1042 1042 W HwBinder:1042_2: type=1400 audit(0.0:66): avc: denied { read } for name="u:object_r:vendor_codec2_debug_prop:s0" dev="tmpfs" ino=333 scontext=u:r:mediacodec:s0 tcontext=u:object_r:vendor_codec2_debug_prop:s0 tclass=file permissive=0
10-24 21:41:48.861 1042 1100 W libc : Access denied finding property "vendor.debug.c2.level"
10-24 21:41:48.860 1042 1042 W HwBinder:1042_2: type=1400 audit(0.0:67): avc: denied { read } for name="u:object_r:vendor_codec2_debug_prop:s0" dev="tmpfs" ino=333 scontext=u:r:mediacodec:s0 tcontext=u:object_r:vendor_codec2_debug_prop:s0 tclass=file permissive=0
10-24 21:41:48.864 1637 1964 W BestClock: java.time.DateTimeException: Missing NTP fix
10-24 21:41:48.864 587 721 D BootAnimation: Playing files = /product/media/bootanimation-dark.zip/part2, Requested repeat = 180, playUntilComplete = false
10-24 21:41:48.865 1637 1964 W BestClock: java.time.DateTimeException: Missing NTP fix
10-24 21:41:48.867 1637 1964 W BestClock: java.time.DateTimeException: Missing NTP fix
10-24 21:41:48.868 1042 1042 W HwBinder:1042_2: type=1400 audit(0.0:68): avc: denied { read } for name="u:object_r:vendor_codec2_debug_prop:s0" dev="tmpfs" ino=333 scontext=u:r:mediacodec:s0 tcontext=u:object_r:vendor_codec2_debug_prop:s0 tclass=file permissive=0
10-24 21:41:48.868 1042 1042 W HwBinder:1042_2: type=1400 audit(0.0:69): avc: denied { read } for name="u:object_r:vendor_codec2_debug_prop:s0" dev="tmpfs" ino=333 scontext=u:r:mediacodec:s0 tcontext=u:object_r:vendor_codec2_debug_prop:s0 tclass=file permissive=0
10-24 21:41:48.870 1042 1100 W libc : Access denied finding property "vendor.debug.c2.level"
10-24 21:41:48.870 1042 1100 W libc : Access denied finding property "vendor.debug.c2.level"
10-24 21:41:48.871 1042 1100 W ColorUtils: expected specified color aspects (0:0:0:0)
10-24 21:41:48.871 1042 1100 I samsung.hardware.media.c2@1.0-service: missing struct descriptor #Param::CoreIndex(--1812) for field values of struct #Param::CoreIndex(F-11812)
10-24 21:41:48.872 1637 1977 D ConnectivityService: NetReassign [no changes] [c 0] [a 0] [i 0]
10-24 21:41:48.872 1637 1637 D SystemServerTiming: PhaseThirdPartyAppsCanStart
10-24 21:41:48.872 1637 1637 I SystemServiceManager: Starting phase 600
10-24 21:41:48.872 1637 1637 D SystemServerTiming: OnBootPhase_600
10-24 21:41:48.872 1637 1637 D SystemServerTiming: OnBootPhase_600_com.android.server.security.FileIntegrityService
10-24 21:41:48.872 1637 1637 D SystemServerTiming: OnBootPhase_600_com.android.server.pm.Installer
10-24 21:41:48.872 1637 1637 D SystemServerTiming: OnBootPhase_600_com.android.server.os.DeviceIdentifiersPolicyService
10-24 21:41:48.872 1637 1637 D SystemServerTiming: OnBootPhase_600_com.android.server.uri.UriGrantsManagerService$Lifecycle
10-24 21:41:48.872 1637 1637 D SystemServerTiming: OnBootPhase_600_com.android.server.powerstats.PowerStatsService
10-24 21:41:48.872 1637 1637 D SystemServerTiming: OnBootPhase_600_com.android.server.wm.ActivityTaskManagerService$Lifecycle
10-24 21:41:48.872 1637 1637 D SystemServerTiming: OnBootPhase_600_com.android.server.am.ActivityManagerService$Lifecycle
10-24 21:41:48.874 1637 1637 I ExplicitHealthCheckController: Explicit health checks enabled.
10-24 21:41:48.874 1637 1637 I PackageWatchdog: Syncing state, reason: health check state enabled
10-24 21:41:48.874 1637 1637 I PackageWatchdog: Not pruning observers, elapsed time: 0ms
10-24 21:41:48.874 1637 1769 I PackageWatchdog: Saving observer state to file
10-24 21:41:48.875 1637 1637 D SystemServerTiming: OnBootPhase_600_com.android.server.pm.DataLoaderManagerService
10-24 21:41:48.875 1637 1637 D SystemServerTiming: OnBootPhase_600_com.android.server.power.PowerManagerService
10-24 21:41:48.876 1637 1637 D SystemServerTiming: OnBootPhase_600_com.android.server.power.ThermalManagerService
10-24 21:41:48.876 1637 1637 D SystemServerTiming: OnBootPhase_600_com.android.server.power.hint.HintManagerService
10-24 21:41:48.876 1637 1637 D SystemServerTiming: OnBootPhase_600_com.android.server.recoverysystem.RecoverySystemService$Lifecycle
10-24 21:41:48.876 1637 1637 D SystemServerTiming: OnBootPhase_600_com.android.server.lights.LightsService
10-24 21:41:48.876 1637 1637 D SystemServerTiming: OnBootPhase_600_com.android.server.display.DisplayManagerService
10-24 21:41:48.876 1637 1637 D SystemServerTiming: OnBootPhase_600_com.android.server.pm.verify.domain.DomainVerificationService
10-24 21:41:48.876 1637 1637 D SystemServerTiming: OnBootPhase_600_com.android.server.pm.PackageInstallerService$Lifecycle
10-24 21:41:48.876 1637 1637 D SystemServerTiming: OnBootPhase_600_com.android.server.pm.UserManagerService$LifeCycle
10-24 21:41:48.876 1637 1637 D SystemServerTiming: OnBootPhase_600_com.android.server.om.OverlayManagerService
10-24 21:41:48.876 1637 1637 D SystemServerTiming: OnBootPhase_600_com.android.server.resources.ResourcesManagerService
10-24 21:41:48.876 1637 1637 D SystemServerTiming: OnBootPhase_600_com.android.server.sensorprivacy.SensorPrivacyService
10-24 21:41:48.876 1637 1637 D SystemServerTiming: OnBootPhase_600_com.android.server.sensors.SensorService
10-24 21:41:48.876 1637 1637 D SystemServerTiming: OnBootPhase_600_com.android.server.SystemConfigService
10-24 21:41:48.876 1637 1637 D SystemServerTiming: OnBootPhase_600_com.android.server.BatteryService
10-24 21:41:48.876 1637 1637 D SystemServerTiming: OnBootPhase_600_com.android.server.usage.UsageStatsService
10-24 21:41:48.876 1637 1637 D SystemServerTiming: OnBootPhase_600_com.android.server.webkit.WebViewUpdateService
10-24 21:41:48.876 1637 1637 D SystemServerTiming: OnBootPhase_600_com.android.server.CachedDeviceStateService
10-24 21:41:48.876 1637 1637 D SystemServerTiming: OnBootPhase_600_com.android.server.BinderCallsStatsService$LifeCycle
10-24 21:41:48.876 1637 1637 D SystemServerTiming: OnBootPhase_600_com.android.server.LooperStatsService$Lifecycle
10-24 21:41:48.876 1637 1637 D SystemServerTiming: OnBootPhase_600_com.android.server.rollback.RollbackManagerService
10-24 21:41:48.876 1637 1637 D SystemServerTiming: OnBootPhase_600_com.android.server.os.NativeTombstoneManagerService
10-24 21:41:48.876 1637 1637 D SystemServerTiming: OnBootPhase_600_com.android.server.os.BugreportManagerService
10-24 21:41:48.876 1637 1637 D SystemServerTiming: OnBootPhase_600_com.android.server.gpu.GpuService
10-24 21:41:48.876 1637 1637 D SystemServerTiming: OnBootPhase_600_com.android.server.security.KeyChainSystemService
10-24 21:41:48.876 1637 1637 D SystemServerTiming: OnBootPhase_600_com.android.server.BinaryTransparencyService
10-24 21:41:48.876 1637 1637 D SystemServerTiming: OnBootPhase_600_com.android.server.telecom.TelecomLoaderService
10-24 21:41:48.876 1637 1637 D SystemServerTiming: OnBootPhase_600_com.android.server.accounts.AccountManagerService$Lifecycle
10-24 21:41:48.876 1637 1637 D SystemServerTiming: OnBootPhase_600_com.android.server.content.ContentService$Lifecycle
10-24 21:41:48.876 1637 1637 D SystemServerTiming: OnBootPhase_600_com.android.server.DropBoxManagerService
10-24 21:41:48.876 1637 1637 D SystemServerTiming: OnBootPhase_600_com.android.role.RoleService
10-24 21:41:48.876 1637 1637 D SystemServerTiming: OnBootPhase_600_com.android.server.vibrator.VibratorManagerService$Lifecycle
10-24 21:41:48.876 1637 1637 D SystemServerTiming: OnBootPhase_600_com.android.server.tare.InternalResourceService
10-24 21:41:48.876 1637 1637 D SystemServerTiming: OnBootPhase_600_com.android.server.alarm.AlarmManagerService
10-24 21:41:48.876 1637 1637 D SystemServerTiming: OnBootPhase_600_com.android.server.devicestate.DeviceStateManagerService
10-24 21:41:48.876 1637 1637 D SystemServerTiming: OnBootPhase_600_com.android.server.camera.CameraServiceProxy
10-24 21:41:48.876 1637 1637 D SystemServerTiming: OnBootPhase_600_com.android.server.bluetooth.BluetoothService
10-24 21:41:48.876 1637 1637 D SystemServerTiming: OnBootPhase_600_com.android.server.connectivity.IpConnectivityMetrics
10-24 21:41:48.876 1637 1637 D SystemServerTiming: OnBootPhase_600_com.android.server.net.watchlist.NetworkWatchlistService$Lifecycle
10-24 21:41:48.876 1637 1637 D SystemServerTiming: OnBootPhase_600_com.android.server.PinnerService
10-24 21:41:48.876 1637 1637 D SystemServerTiming: OnBootPhase_600_com.android.server.integrity.AppIntegrityManagerService
10-24 21:41:48.876 1637 1637 D SystemServerTiming: OnBootPhase_600_com.android.server.logcat.LogcatManagerService
10-24 21:41:48.876 1637 1637 D SystemServerTiming: OnBootPhase_600_com.android.server.inputmethod.InputMethodManagerService$Lifecycle
10-24 21:41:48.876 1637 1637 D SystemServerTiming: OnBootPhase_600_com.android.server.accessibility.AccessibilityManagerService$Lifecycle
10-24 21:41:48.877 1637 1637 D SystemServerTiming: OnBootPhase_600_com.android.server.StorageManagerService$Lifecycle
10-24 21:41:48.877 1637 1637 D SystemServerTiming: OnBootPhase_600_com.android.server.usage.StorageStatsService$Lifecycle
10-24 21:41:48.877 1637 1637 D SystemServerTiming: OnBootPhase_600_com.android.server.UiModeManagerService
10-24 21:41:48.877 1637 1637 D SystemServerTiming: OnBootPhase_600_com.android.server.locales.LocaleManagerService
10-24 21:41:48.877 1637 1637 D SystemServerTiming: OnBootPhase_600_com.android.server.locksettings.LockSettingsService$Lifecycle
10-24 21:41:48.877 1637 1637 D SystemServerTiming: OnBootPhase_600_com.android.server.PersistentDataBlockService
10-24 21:41:48.877 1637 1637 D SystemServerTiming: OnBootPhase_600_com.android.server.testharness.TestHarnessModeService
10-24 21:41:48.877 1637 1637 D SystemServerTiming: OnBootPhase_600_com.android.server.oemlock.OemLockService
10-24 21:41:48.877 1637 1637 D SystemServerTiming: OnBootPhase_600_com.android.server.DeviceIdleController
10-24 21:41:48.877 1637 1637 D SystemServerTiming: OnBootPhase_600_com.android.server.devicepolicy.DevicePolicyManagerService$Lifecycle
10-24 21:41:48.877 1637 1637 D SystemServerTiming: OnBootPhase_600_com.android.server.musicrecognition.MusicRecognitionManagerService
10-24 21:41:48.878 1637 1637 D SystemServerTiming: OnBootPhase_600_com.android.server.contentcapture.ContentCaptureManagerService
10-24 21:41:48.878 1637 1637 D SystemServerTiming: OnBootPhase_600_com.android.server.attention.AttentionManagerService
10-24 21:41:48.878 1637 1637 D SystemServerTiming: OnBootPhase_600_com.android.server.rotationresolver.RotationResolverManagerService
10-24 21:41:48.878 1637 1637 D SystemServerTiming: OnBootPhase_600_com.android.server.systemcaptions.SystemCaptionsManagerService
10-24 21:41:48.878 1637 1637 D SystemServerTiming: OnBootPhase_600_com.android.server.texttospeech.TextToSpeechManagerService
10-24 21:41:48.878 1637 1637 D SystemServerTiming: OnBootPhase_600_com.android.server.ambientcontext.AmbientContextManagerService
10-24 21:41:48.878 1637 1637 D SystemServerTiming: OnBootPhase_600_com.android.server.speech.SpeechRecognitionManagerService
10-24 21:41:48.878 1637 1637 D SystemServerTiming: OnBootPhase_600_com.android.server.appprediction.AppPredictionManagerService
10-24 21:41:48.878 1637 1637 D SystemServerTiming: OnBootPhase_600_com.android.server.contentsuggestions.ContentSuggestionsManagerService
10-24 21:41:48.878 1637 1637 D SystemServerTiming: OnBootPhase_600_com.android.server.searchui.SearchUiManagerService
10-24 21:41:48.879 1637 1637 D SystemServerTiming: OnBootPhase_600_com.android.server.smartspace.SmartspaceManagerService
10-24 21:41:48.879 1637 1637 D SystemServerTiming: OnBootPhase_600_com.android.server.graphics.fonts.FontManagerService$Lifecycle
10-24 21:41:48.879 1637 1637 D SystemServerTiming: OnBootPhase_600_com.android.server.textservices.TextServicesManagerService$Lifecycle
10-24 21:41:48.879 1637 1637 D SystemServerTiming: OnBootPhase_600_com.android.server.textclassifier.TextClassificationManagerService$Lifecycle
10-24 21:41:48.879 1637 1637 D SystemServerTiming: OnBootPhase_600_com.android.server.NetworkScoreService$Lifecycle
10-24 21:41:48.879 1637 1637 D SystemServerTiming: OnBootPhase_600_com.android.server.NetworkStatsServiceInitializer
10-24 21:41:48.879 1637 1637 D SystemServerTiming: OnBootPhase_600_com.android.server.wifi.WifiService
10-24 21:41:48.879 1637 1637 D SystemServerTiming: OnBootPhase_600_com.android.server.wifi.scanner.WifiScanningService
10-24 21:41:48.879 1637 1637 D SystemServerTiming: OnBootPhase_600_com.android.server.wifi.rtt.RttService
10-24 21:41:48.879 1637 1637 D SystemServerTiming: OnBootPhase_600_com.android.server.wifi.aware.WifiAwareService
10-24 21:41:48.879 1637 1637 D SystemServerTiming: OnBootPhase_600_com.android.server.wifi.p2p.WifiP2pService
10-24 21:41:48.879 1637 1637 D SystemServerTiming: OnBootPhase_600_com.android.server.ConnectivityServiceInitializer
10-24 21:41:48.879 1637 1637 D SystemServerTiming: OnBootPhase_600_com.android.server.notification.NotificationManagerService
10-24 21:41:48.880 2049 2049 V WindowManagerShell: Adding init callback for OneHandedController
10-24 21:41:48.881 587 721 D BootAnimation: Playing files = /product/media/bootanimation-dark.zip/part2, Requested repeat = 180, playUntilComplete = false
10-24 21:41:48.882 1032 1032 I google.hardware.media.c2@1.0-service: missing struct descriptor #Param::CoreIndex(--001) for field red of struct #Param::CoreIndex(--002)
10-24 21:41:48.882 1032 1032 I google.hardware.media.c2@1.0-service: missing struct descriptor #Param::CoreIndex(--001) for field green of struct #Param::CoreIndex(--002)
10-24 21:41:48.882 1032 1032 I google.hardware.media.c2@1.0-service: missing struct descriptor #Param::CoreIndex(--001) for field blue of struct #Param::CoreIndex(--002)
10-24 21:41:48.882 1032 1032 I google.hardware.media.c2@1.0-service: missing struct descriptor #Param::CoreIndex(--001) for field white of struct #Param::CoreIndex(--002)
10-24 21:41:48.882 1637 1637 D SystemServerTiming: OnBootPhase_600_com.android.server.storage.DeviceStorageMonitorService
10-24 21:41:48.882 1637 1637 D SystemServerTiming: OnBootPhase_600_com.android.server.location.LocationManagerService$Lifecycle
10-24 21:41:48.883 972 972 I Zygote : Entering forkRepeatedly native zygote loop
10-24 21:41:48.885 2049 2049 V WindowManagerShell: Adding init callback for DefaultTransitionHandler
10-24 21:41:48.885 2049 2049 V WindowManagerShell: addHandler: Default
10-24 21:41:48.885 2049 2049 V WindowManagerShell: addHandler: Remote
10-24 21:41:48.885 2049 2049 V WindowManagerShell: Adding init callback for Transitions
10-24 21:41:48.886 1023 1023 D usf_sensor_hal: significant motion: Enter Batch. period = 1000000, latency = 0.
10-24 21:41:48.886 1023 1023 D usf_sensor_hal: significant motion: Enter Activate. Enable = 1.
10-24 21:41:48.886 972 972 D Zygote : Forked child process 2079
10-24 21:41:48.887 1637 1771 W ActivityManager: Slow operation: 81ms so far, now at startProcess: returned from zygote!
10-24 21:41:48.887 1637 1771 W ActivityManager: Slow operation: 82ms so far, now at startProcess: done updating battery stats
10-24 21:41:48.887 1637 1771 W ActivityManager: Slow operation: 82ms so far, now at startProcess: building log message
10-24 21:41:48.887 1637 1771 I ActivityManager: Start proc 2079:WebViewLoader-armeabi-v7a/1037 [android.webkit.WebViewLibraryLoader$RelroFileCreator] for
10-24 21:41:48.887 1637 1771 W ActivityManager: Slow operation: 82ms so far, now at startProcess: starting to update pids map
10-24 21:41:48.887 1637 1771 W ActivityManager: Slow operation: 82ms so far, now at startProcess: done updating pids map
10-24 21:41:48.887 1637 1771 W ActivityManager: Slow operation: 81ms so far, now at startProcess: asking zygote to start proc
10-24 21:41:48.887 1267 1267 D AOC : A3:MSG: usf_sensor.cc, 1368: USF: Received start sampling request for Significant Motion.
10-24 21:41:48.887 1267 1267 D AOC : A3:MSG: vsc_sensor.cc, 37: VSC: [Significant Motion] enable: period 1, latency = 0
10-24 21:41:48.887 1267 1267 D AOC : A3:MSG: significant_motion_detect.c, 125: [SMD] Initializing activity algo instance
10-24 21:41:48.887 1267 1267 D AOC : A3:MSG: vsc_controller.cc, 537: VSC: [Significant Motion] requestSensorEvents: sensor 0x10001, period=20 latency=3200ms
10-24 21:41:48.888 1267 1267 D AOC : A3:MSG: usf_sensor.cc, 1368: USF: Received start sampling request for LSM6DSR Accelerometer.
10-24 21:41:48.889 2049 2049 V WindowManagerShell: Adding init callback for BubbleController
10-24 21:41:48.890 1267 1267 D AOC : A3:MSG: lsm6dsr_device.cc, 755: USF: Lsm6dsrDevice: Sensor 0: Enabled 1, odr_index 3.
10-24 21:41:48.890 1267 1267 D AOC : A3:MSG: lsm6dsr_fifo.cc, 747: USF: Lsm6dsrFifo: ODR: XL/G/T/TS: 52/0/13/6 WM: 142 Intr: 1.
10-24 21:41:48.891 1267 1267 D AOC : A3:MSG: lsm6dsr_device.cc, 663: USF: Lsm6dsrDevice: Fifo was disabled for 597901ns.
10-24 21:41:48.892 2049 2049 V WindowManagerShell: Adding init callback for SplitScreenController
10-24 21:41:48.893 1637 1840 D CompatibilityChangeReporter: Compat change id reported: 161145287; UID 10221; state: DISABLED
10-24 21:41:48.893 1637 1637 I ServiceWatcher: [fused] chose new implementation 1000/com.android.location.fused/.FusedLocationService@0
10-24 21:41:48.894 530 530 I servicemanager: Found android.hardware.gnss.IGnss/default in device VINTF manifest.
10-24 21:41:48.894 2049 2049 D CompatibilityChangeReporter: Compat change id reported: 160794467; UID 10221; state: ENABLED
10-24 21:41:48.894 1637 1637 D GnssJni : Successfully got GNSS AIDL handle. Version=2.
10-24 21:41:48.896 971 971 D Zygote : Forked child process 2083
10-24 21:41:48.896 1637 1771 W ActivityManager: Slow operation: 90ms so far, now at startProcess: returned from zygote!
10-24 21:41:48.896 1637 1771 W ActivityManager: Slow operation: 90ms so far, now at startProcess: done updating battery stats
10-24 21:41:48.896 1637 1771 W ActivityManager: Slow operation: 90ms so far, now at startProcess: building log message
10-24 21:41:48.896 1637 1771 I ActivityManager: Start proc 2083:WebViewLoader-arm64-v8a/1037 [android.webkit.WebViewLibraryLoader$RelroFileCreator] for
10-24 21:41:48.896 1637 1771 W ActivityManager: Slow operation: 90ms so far, now at startProcess: starting to update pids map
10-24 21:41:48.896 1637 1771 W ActivityManager: Slow operation: 90ms so far, now at startProcess: done updating pids map
10-24 21:41:48.896 1244 1244 W HwBinder:1244_2: type=1400 audit(0.0:70): avc: denied { read } for name="u:object_r:aac_drc_prop:s0" dev="tmpfs" ino=81 scontext=u:r:mediaswcodec:s0 tcontext=u:object_r:aac_drc_prop:s0 tclass=file permissive=0
10-24 21:41:48.896 1244 1244 W HwBinder:1244_2: type=1400 audit(0.0:71): avc: denied { read } for name="u:object_r:aac_drc_prop:s0" dev="tmpfs" ino=81 scontext=u:r:mediaswcodec:s0 tcontext=u:object_r:aac_drc_prop:s0 tclass=file permissive=0
10-24 21:41:48.896 1244 1244 W HwBinder:1244_2: type=1400 audit(0.0:72): avc: denied { read } for name="u:object_r:aac_drc_prop:s0" dev="tmpfs" ino=81 scontext=u:r:mediaswcodec:s0 tcontext=u:object_r:aac_drc_prop:s0 tclass=file permissive=0
10-24 21:41:48.896 1244 1244 W HwBinder:1244_2: type=1400 audit(0.0:73): avc: denied { read } for name="u:object_r:aac_drc_prop:s0" dev="tmpfs" ino=81 scontext=u:r:mediaswcodec:s0 tcontext=u:object_r:aac_drc_prop:s0 tclass=file permissive=0
10-24 21:41:48.896 1244 1244 W HwBinder:1244_2: type=1400 audit(0.0:74): avc: denied { read } for name="u:object_r:aac_drc_prop:s0" dev="tmpfs" ino=81 scontext=u:r:mediaswcodec:s0 tcontext=u:object_r:aac_drc_prop:s0 tclass=file permissive=0
10-24 21:41:48.896 1244 1244 W HwBinder:1244_2: type=1400 audit(0.0:75): avc: denied { read } for name="u:object_r:aac_drc_prop:s0" dev="tmpfs" ino=81 scontext=u:r:mediaswcodec:s0 tcontext=u:object_r:aac_drc_prop:s0 tclass=file permissive=0
10-24 21:41:48.897 1244 1449 W libc : Access denied finding property "aac_drc_heavy"
10-24 21:41:48.897 2049 2049 V WindowManagerShell: Adding init callback for PipTouchHandler
10-24 21:41:48.897 1244 1449 W libc : Access denied finding property "aac_drc_reference_level"
10-24 21:41:48.897 1244 1449 W libc : Access denied finding property "aac_drc_enc_target_level"
10-24 21:41:48.898 1244 1449 W libc : Access denied finding property "aac_drc_boost"
10-24 21:41:48.898 1244 1449 W libc : Access denied finding property "aac_drc_cut"
10-24 21:41:48.898 1244 1449 W libc : Access denied finding property "ro.aac_drc_effect_type"
10-24 21:41:48.898 2049 2049 V WindowManagerShell: Adding init callback for PipController
10-24 21:41:48.898 587 721 D BootAnimation: Playing files = /product/media/bootanimation-dark.zip/part2, Requested repeat = 180, playUntilComplete = false
10-24 21:41:48.900 2049 2049 V WindowManagerShell: Adding init callback for FullscreenTaskListener
10-24 21:41:48.901 2049 2049 V WindowManagerShell: Adding init callback for HideDisplayCutoutController
10-24 21:41:48.903 1637 1637 D GnssJni : Successfully linked to GNSS AIDL HAl death notification
10-24 21:41:48.903 985 985 D GnssAidl: Gnss::getExtensionPsds
10-24 21:41:48.903 985 1002 D GnssAidl: Gnss::getExtensionAGnssRil
10-24 21:41:48.903 985 1002 D GnssAidl: Gnss::getExtensionAGnss
10-24 21:41:48.903 985 1002 D GnssAidl: Gnss::getExtensionGnssNavigationMessage
10-24 21:41:48.904 985 1002 D GnssAidl: Gnss::getExtensionGnssMeasurement
10-24 21:41:48.904 985 1002 D GnssMeasurementInterfaceAidl: GnssMeasurementInterface
10-24 21:41:48.904 985 1002 D GnssAidl: Gnss::getExtensionGnssAntennaInfo
10-24 21:41:48.904 985 1002 D GnssAidl: Gnss::getExtensionMeasurementCorrections
10-24 21:41:48.904 985 1002 D GnssAidl: Gnss::getExtensionGnssDebug
10-24 21:41:48.904 985 1002 D GnssAidl: Gnss::getExtensionGnssConfiguration
10-24 21:41:48.904 2083 2083 I libc : SetHeapTaggingLevel: tag level set to 0
10-24 21:41:48.904 985 1002 D GnssAidl: Gnss::getExtensionGnssGeofence
10-24 21:41:48.904 1637 1637 E GnssUtilsJni: Unable to get a handle to GnssGeofence AIDL interface. AIDL transport error: Status(-8, EX_SERVICE_SPECIFIC): '1: '
10-24 21:41:48.904 985 1002 D GnssAidl: Gnss::getExtensionGnssBatching
10-24 21:41:48.904 1637 1637 E GnssUtilsJni: Unable to get a handle to GnssBatching interface. AIDL transport error: Status(-8, EX_SERVICE_SPECIFIC): '1: '
10-24 21:41:48.904 985 1002 D GnssAidl: Gnss::getExtensionGnssVisibilityControl
10-24 21:41:48.904 985 1002 D GnssAidl: Gnss::getExtensionGnssPowerIndication
10-24 21:41:48.904 985 1002 D GnssAidl: Gnss::setCallback
10-24 21:41:48.904 985 1002 D libgps : Init: created thread tid(0xba580cb0)
10-24 21:41:48.904 985 2087 D libgps : ipc_thread_proc: IPC thread started by Java framework
10-24 21:41:48.904 985 1002 D libgps : SendGpsExtensionMessage: Waiting for IPC connection...
10-24 21:41:48.906 2083 2083 I WebViewLoader-a: Using CollectorTypeCMC GC.
10-24 21:41:48.907 1184 1184 D gpsd : WakeLock(Acquire,GPSD)
10-24 21:41:48.907 985 2087 D libgps : OnIpcConnectionEstablished:
10-24 21:41:48.907 985 2087 D libgps : GeofenceControllerStateWaitForConnection: EXIT
10-24 21:41:48.907 985 2087 D libgps : GeofenceControllerStateConnected: ENTRY
10-24 21:41:48.907 2084 2084 I zn-zygisk-companion32: spawning companion for zygisk_shamiko
10-24 21:41:48.907 1184 1184 I LibSITRil-Gps: RequestAGPS: msgId=233 data=0x0 data_len=0 callback=0x5716daf66c
10-24 21:41:48.907 1184 1184 D RILClient: [OemClient]REQ (clientId = 1, t = 3, msgId = 233, len = 0 channel = 0)
10-24 21:41:48.907 2083 2083 E WebViewLoader-a: Not starting debugger since process cannot load the jdwp agent.
10-24 21:41:48.907 1184 1229 D RILClient: [OemClient]RSP: (clientId = 1, t = 3, msgId = 233, len = 0, channel = 0, status = 1)
10-24 21:41:48.910 2049 2049 V WindowManagerShell: Adding init callback for StartingWindowController
10-24 21:41:48.910 2049 2049 V WindowManagerShell: Adding init callback for ProtoLogController
10-24 21:41:48.910 2083 2083 D nativeloader: Load libframework-connectivity-tiramisu-jni.so using APEX ns com_android_tethering for caller /apex/com.android.tethering/javalib/framework-connectivity-t.jar: ok
10-24 21:41:48.912 2049 2049 V WindowManagerShell: Adding init callback for KidsModeTaskOrganizer
10-24 21:41:48.914 2083 2083 V WebViewLibraryLoader: RelroFileCreator (64bit = true), package: com.google.android.webview library: libmonochrome_64.so
10-24 21:41:48.915 587 721 D BootAnimation: Playing files = /product/media/bootanimation-dark.zip/part2, Requested repeat = 180, playUntilComplete = false
10-24 21:41:48.916 2083 2083 W ziparchive: Unable to open '/data/app/~~C25frjSHJD_wd1ZSt1ZfwQ==/com.google.android.trichromelibrary_666810033-MLhUIMyNT4-Mco-gFfDAYA==/base.dm': No such file or directory
10-24 21:41:48.916 2083 2083 W ziparchive: Unable to open '/data/app/~~C25frjSHJD_wd1ZSt1ZfwQ==/com.google.android.trichromelibrary_666810033-MLhUIMyNT4-Mco-gFfDAYA==/base.dm': No such file or directory
10-24 21:41:48.917 2083 2083 W WebViewLoader-a: Entry not found
10-24 21:41:48.918 2083 2083 D nativeloader: Configuring clns-4 for other apk /data/app/~~C25frjSHJD_wd1ZSt1ZfwQ==/com.google.android.trichromelibrary_666810033-MLhUIMyNT4-Mco-gFfDAYA==/base.apk. target_sdk_version=34, uses_libraries=ALL, library_path=/data/app/~~PfPBscyucqTi9jRuMzNghg==/com.google.android.webview-_DPW-uqDpJKBf586imRplg==/lib/arm64:/data/app/~~PfPBscyucqTi9jRuMzNghg==/com.google.android.webview-_DPW-uqDpJKBf586imRplg==/base.apk!/lib/arm64-v8a:/data/app/~~C25frjSHJD_wd1ZSt1ZfwQ==/com.google.android.trichromelibrary_666810033-MLhUIMyNT4-Mco-gFfDAYA==/base.apk!/lib/arm64-v8a, permitted_path=/data:/mnt/expand
10-24 21:41:48.921 1244 1449 I mediaswcodec: missing struct descriptor #Param::CoreIndex(--001) for field red of struct #Param::CoreIndex(--002)
10-24 21:41:48.921 1244 1449 I mediaswcodec: missing struct descriptor #Param::CoreIndex(--001) for field green of struct #Param::CoreIndex(--002)
10-24 21:41:48.921 1244 1449 I mediaswcodec: missing struct descriptor #Param::CoreIndex(--001) for field blue of struct #Param::CoreIndex(--002)
10-24 21:41:48.921 1244 1449 I mediaswcodec: missing struct descriptor #Param::CoreIndex(--001) for field white of struct #Param::CoreIndex(--002)
10-24 21:41:48.921 2049 2049 V WindowManagerShell: Adding init callback for BackAnimationController
10-24 21:41:48.922 2049 2071 V WindowManagerShell: Initializing Shell Components: 22
10-24 21:41:48.922 2049 2071 V WindowManagerShell: DisplayChangeController init took 0ms
10-24 21:41:48.923 2049 2071 V WindowManagerShell: DisplayController init took 1ms
10-24 21:41:48.923 2049 2071 V WindowManagerShell: DisplayInsetsController init took 0ms
10-24 21:41:48.923 2049 2071 V WindowManagerShell: DisplayImeController init took 0ms
10-24 21:41:48.923 2049 2071 V WindowManagerShell: Adding dump callback for ShellController
10-24 21:41:48.923 2049 2071 V WindowManagerShell: ShellController init took 0ms
10-24 21:41:48.923 2049 2071 V WindowManagerShell: DragAndDropController init took 0ms
10-24 21:41:48.924 2049 2071 V WindowManagerShell: CompatUIController init took 1ms
10-24 21:41:48.924 2049 2071 V WindowManagerShell: Adding external interface from RecentTasksController with key extra_shell_recent_tasks
10-24 21:41:48.924 2049 2071 V WindowManagerShell: Adding dump callback for RecentTasksController
10-24 21:41:48.925 2049 2071 V WindowManagerShell: RecentTasksController init took 0ms
10-24 21:41:48.925 2049 2071 V WindowManagerShell: Adding dump callback for ShellTaskOrganizer
10-24 21:41:48.925 2083 2083 D nativeloader: Configuring clns-5 for other apk /data/app/~~PfPBscyucqTi9jRuMzNghg==/com.google.android.webview-_DPW-uqDpJKBf586imRplg==/base.apk. target_sdk_version=34, uses_libraries=, library_path=/data/app/~~PfPBscyucqTi9jRuMzNghg==/com.google.android.webview-_DPW-uqDpJKBf586imRplg==/lib/arm64:/data/app/~~PfPBscyucqTi9jRuMzNghg==/com.google.android.webview-_DPW-uqDpJKBf586imRplg==/base.apk!/lib/arm64-v8a:/data/app/~~C25frjSHJD_wd1ZSt1ZfwQ==/com.google.android.trichromelibrary_666810033-MLhUIMyNT4-Mco-gFfDAYA==/base.apk!/lib/arm64-v8a, permitted_path=/data:/mnt/expand
10-24 21:41:48.925 1637 1840 W PackageManager: Loading a package that does not exist for the calling user. package=null, user=0
10-24 21:41:48.926 2049 2071 V WindowManagerShell: ShellTaskOrganizer init took 2ms
10-24 21:41:48.926 2049 2071 V WindowManagerShell: Adding dump callback for OneHandedController
10-24 21:41:48.927 2079 2079 I WebViewLoader-a: Using CollectorTypeCMC GC.
10-24 21:41:48.928 2079 2079 E WebViewLoader-a: Not starting debugger since process cannot load the jdwp agent.
10-24 21:41:48.929 590 631 D PermissionCache: checking android.permission.ACCESS_SURFACE_FLINGER for uid=10221 => granted (217 us)
10-24 21:41:48.930 590 631 D PermissionCache: checking android.permission.INTERNAL_SYSTEM_WINDOW for uid=10221 => granted (72 us)
10-24 21:41:48.931 2049 2071 V WindowManagerShell: Adding external interface from OneHandedController with key extra_shell_one_handed
10-24 21:41:48.931 2049 2071 V WindowManagerShell: OneHandedController init took 5ms
10-24 21:41:48.931 2079 2079 D nativeloader: Load libframework-connectivity-tiramisu-jni.so using APEX ns com_android_tethering for caller /apex/com.android.tethering/javalib/framework-connectivity-t.jar: ok
10-24 21:41:48.932 587 721 D BootAnimation: Playing files = /product/media/bootanimation-dark.zip/part2, Requested repeat = 180, playUntilComplete = false
10-24 21:41:48.933 2049 2071 V WindowManagerShell: DefaultTransitionHandler init took 1ms
10-24 21:41:48.933 2049 2071 V WindowManagerShell: Adding external interface from Transitions with key extra_shell_shell_transitions
10-24 21:41:48.933 2049 2071 V WindowManagerShell: Transitions init took 1ms
10-24 21:41:48.934 1244 1449 I mediaswcodec: missing struct descriptor #Param::CoreIndex(--1812) for field values of struct #Param::CoreIndex(F-11812)
10-24 21:41:48.935 2049 2071 V WindowManagerShell: Adding dump callback for BubbleController
10-24 21:41:48.935 2049 2071 V WindowManagerShell: BubbleController init took 2ms
10-24 21:41:48.935 2049 2071 V WindowManagerShell: Adding dump callback for SplitScreenController
10-24 21:41:48.935 2049 2071 V WindowManagerShell: Adding command class splitscreen for SplitScreenController
10-24 21:41:48.935 2049 2071 V WindowManagerShell: Adding external interface from SplitScreenController with key extra_shell_split_screen
10-24 21:41:48.938 2079 2079 V WebViewLibraryLoader: RelroFileCreator (64bit = false), package: com.google.android.webview library: libmonochrome_64.so
10-24 21:41:48.938 2049 2071 V WindowManagerShell: addHandler: StageCoordinator
10-24 21:41:48.938 2049 2071 D CompatibilityChangeReporter: Compat change id reported: 147798919; UID 10221; state: ENABLED
10-24 21:41:48.938 2049 2071 V WindowManagerShell: SplitScreenController init took 3ms
10-24 21:41:48.940 2079 2079 W ziparchive: Unable to open '/data/app/~~C25frjSHJD_wd1ZSt1ZfwQ==/com.google.android.trichromelibrary_666810033-MLhUIMyNT4-Mco-gFfDAYA==/base.dm': No such file or directory
10-24 21:41:48.940 2079 2079 W ziparchive: Unable to open '/data/app/~~C25frjSHJD_wd1ZSt1ZfwQ==/com.google.android.trichromelibrary_666810033-MLhUIMyNT4-Mco-gFfDAYA==/base.dm': No such file or directory
10-24 21:41:48.940 2079 2079 W WebViewLoader-a: Entry not found
10-24 21:41:48.941 1244 1449 I mediaswcodec: missing struct descriptor #Param::CoreIndex(--004) for field values of struct #Param::CoreIndex(F-12004)
10-24 21:41:48.941 1244 1449 I mediaswcodec: missing struct descriptor #Param::CoreIndex(--1812) for field values of struct #Param::CoreIndex(F-11812)
10-24 21:41:48.941 2079 2079 D nativeloader: Configuring clns-4 for other apk /data/app/~~C25frjSHJD_wd1ZSt1ZfwQ==/com.google.android.trichromelibrary_666810033-MLhUIMyNT4-Mco-gFfDAYA==/base.apk. target_sdk_version=34, uses_libraries=ALL, library_path=/data/app/~~PfPBscyucqTi9jRuMzNghg==/com.google.android.webview-_DPW-uqDpJKBf586imRplg==/lib/arm:/data/app/~~PfPBscyucqTi9jRuMzNghg==/com.google.android.webview-_DPW-uqDpJKBf586imRplg==/base.apk!/lib/armeabi-v7a:/data/app/~~C25frjSHJD_wd1ZSt1ZfwQ==/com.google.android.trichromelibrary_666810033-MLhUIMyNT4-Mco-gFfDAYA==/base.apk!/lib/armeabi-v7a, permitted_path=/data:/mnt/expand
10-24 21:41:48.941 2049 2071 V WindowManagerShell: PipTouchHandler init took 3ms
10-24 21:41:48.942 2049 2071 V WindowManagerShell: Adding dump callback for PipController
10-24 21:41:48.943 2049 2071 V WindowManagerShell: Adding external interface from PipController with key extra_shell_pip
10-24 21:41:48.943 2049 2071 V WindowManagerShell: PipController init took 2ms
10-24 21:41:48.943 2049 2071 V WindowManagerShell: FullscreenTaskListener init took 0ms
10-24 21:41:48.943 2049 2071 V WindowManagerShell: Adding dump callback for HideDisplayCutoutController
10-24 21:41:48.943 2049 2071 V WindowManagerShell: HideDisplayCutoutController init took 0ms
10-24 21:41:48.943 2049 2071 V WindowManagerShell: Adding external interface from StartingWindowController with key extra_shell_starting_window
10-24 21:41:48.943 2049 2071 V WindowManagerShell: StartingWindowController init took 0ms
10-24 21:41:48.943 2049 2071 V WindowManagerShell: Adding command class protolog for ProtoLogController
10-24 21:41:48.943 2049 2071 V WindowManagerShell: ProtoLogController init took 0ms
10-24 21:41:48.944 2049 2071 V WindowManagerShell: Adding dump callback for KidsModeTaskOrganizer
10-24 21:41:48.945 2049 2071 V WindowManagerShell: KidsModeTaskOrganizer init took 1ms
10-24 21:41:48.945 2049 2071 D ShellBackPreview: Back animation enabled=false
10-24 21:41:48.945 2049 2071 V WindowManagerShell: Adding external interface from BackAnimationController with key extra_shell_back_animation
10-24 21:41:48.945 2049 2071 V WindowManagerShell: BackAnimationController init took 1ms
10-24 21:41:48.945 2049 2071 V WindowManagerShell: Display added: 0
10-24 21:41:48.945 1637 1840 W PackageManager: Loading a package that does not exist for the calling user. package=null, user=0
10-24 21:41:48.945 2079 2079 D nativeloader: Configuring clns-5 for other apk /data/app/~~PfPBscyucqTi9jRuMzNghg==/com.google.android.webview-_DPW-uqDpJKBf586imRplg==/base.apk. target_sdk_version=34, uses_libraries=, library_path=/data/app/~~PfPBscyucqTi9jRuMzNghg==/com.google.android.webview-_DPW-uqDpJKBf586imRplg==/lib/arm:/data/app/~~PfPBscyucqTi9jRuMzNghg==/com.google.android.webview-_DPW-uqDpJKBf586imRplg==/base.apk!/lib/armeabi-v7a:/data/app/~~C25frjSHJD_wd1ZSt1ZfwQ==/com.google.android.trichromelibrary_666810033-MLhUIMyNT4-Mco-gFfDAYA==/base.apk!/lib/armeabi-v7a, permitted_path=/data:/mnt/expand
10-24 21:41:48.949 587 721 D BootAnimation: Playing files = /product/media/bootanimation-dark.zip/part2, Requested repeat = 180, playUntilComplete = false
10-24 21:41:48.950 2083 2083 I WebViewLoader-a: System.exit called, status: 0
10-24 21:41:48.950 2083 2083 I AndroidRuntime: VM exiting with result code 0, cleanup skipped.
10-24 21:41:48.955 1637 1742 D GnssCallbckJni: GnssCallbackAidl::gnssSetCapabilitiesCb: 9927u
10-24 21:41:48.955 1637 1742 I GnssManager: gnss capabilities changed to [SCHEDULING MSB MSA MEASUREMENTS NAVIGATION_MESSAGES SATELLITE_BLOCKLIST SATELLITE_PVT MEASUREMENT_CORRECTIONS]
10-24 21:41:48.955 985 1002 D AGnssAidl: setCallback
10-24 21:41:48.955 1637 1637 I GnssLocationProviderJni: Unable to initialize IGnssGeofencing interface.
10-24 21:41:48.955 1637 1637 I GnssLocationProviderJni: Unable to initialize IGnssNi interface.
10-24 21:41:48.955 1637 1742 D GnssCallbckJni: gnssSetSystemInfoCb: yearOfHw=2020, name=Broadcom, BCM4776, GLL ver. 147.20.23 557990
10-24 21:41:48.955 985 1002 D AGnssRilAidl: setCallback
10-24 21:41:48.956 1184 1184 I LibSITRil-Gps: RequestAGPS: msgId=216 data=0x7fc1d048f0 data_len=1 callback=0x5716daf66c
10-24 21:41:48.956 1184 1184 D RILClient: [OemClient]REQ (clientId = 1, t = 4, msgId = 216, len = 1 channel = 0)
10-24 21:41:48.956 1637 1637 D MeasurementCorrectionsCbJni: setCapabilitiesCb: 7u
10-24 21:41:48.956 1637 1742 D AGnssCbJni: agnssStatusCbImpl. type: 1, status:2
10-24 21:41:48.956 1184 1229 D RILClient: [OemClient]RSP: (clientId = 1, t = 4, msgId = 216, len = 0, channel = 0, status = 1)
10-24 21:41:48.956 1637 1637 I GnssManager: gnss capabilities changed to [SCHEDULING MSB MSA MEASUREMENTS NAVIGATION_MESSAGES SATELLITE_BLOCKLIST SATELLITE_PVT MEASUREMENT_CORRECTIONS LOS_SATS EXCESS_PATH_LENGTH REFLECTING_PLANE]
10-24 21:41:48.956 1637 1840 D CompatibilityChangeReporter: Compat change id reported: 171306433; UID 1000; state: ENABLED
10-24 21:41:48.956 1637 1840 D CompatibilityChangeReporter: Compat change id reported: 218533173; UID 1000; state: ENABLED
10-24 21:41:48.957 1637 1637 D GnssLocationProviderJni: GnssPowerIndicationCallback::setCapabilitiesCb: 63u
10-24 21:41:48.957 1637 1637 I GnssManager: gnss capabilities changed to [SCHEDULING MSB MSA MEASUREMENTS NAVIGATION_MESSAGES SATELLITE_BLOCKLIST SATELLITE_PVT MEASUREMENT_CORRECTIONS LOS_SATS EXCESS_PATH_LENGTH REFLECTING_PLANE TOTAL_POWER SINGLEBAND_TRACKING_POWER MULTIBAND_TRACKING_POWER SINGLEBAND_ACQUISITION_POWER MULTIBAND_ACQUISITION_POWER OTHER_MODES_POWER]
10-24 21:41:48.957 1637 1742 D AGnssRilCbJni: requestSetIdCb. setIdflag: 1,
10-24 21:41:48.957 985 1002 D GnssAidl: Gnss::close
10-24 21:41:48.957 1637 1637 I GnssManager: gnss hal initialized
10-24 21:41:48.957 1637 1637 I GnssManager: gnss hal started
10-24 21:41:48.957 985 985 D GnssAntennaInfoAidl: setCallback
10-24 21:41:48.957 1637 1840 I ActivityManager: Process WebViewLoader-arm64-v8a (pid 2083) has died: psvc PER
10-24 21:41:48.957 1637 1777 I libprocessgroup: Successfully killed process cgroup uid 1037 pid 2083 in 0ms
10-24 21:41:48.958 1184 1184 I LibSITRil-Gps: RequestAGPS: msgId=216 data=0x7fc1d048f0 data_len=1 callback=0x5716daf66c
10-24 21:41:48.958 1184 1184 D RILClient: [OemClient]REQ (clientId = 1, t = 5, msgId = 216, len = 1 channel = 0)
10-24 21:41:48.958 1184 1229 D RILClient: [OemClient]RSP: (clientId = 1, t = 5, msgId = 216, len = 0, channel = 0, status = 1)
10-24 21:41:48.959 971 971 I Zygote : Process 2083 exited cleanly (0)
10-24 21:41:48.959 1637 1742 D CompatibilityChangeReporter: Compat change id reported: 168419799; UID 10221; state: DISABLED
10-24 21:41:48.960 1244 1449 D C2SoftH263Enc: Given level 3004 does not cover current configuration: adjusting to 3003
10-24 21:41:48.962 1637 1637 E ActivityRecognitionHardware: activity_recognition HAL is deprecated. is_supported is effectively a no-op
10-24 21:41:48.962 1637 1743 D CoreBackPreview: Window{c035d09 u0 ShellDropTarget}: Setting back callback OnBackInvokedCallbackInfo{mCallback=android.window.IOnBackInvokedCallback$Stub$Proxy@c91dd7a, mPriority=0}
10-24 21:41:48.963 1637 1637 W SystemServiceManager: Service com.android.server.location.LocationManagerService$Lifecycle took 81 ms in onBootPhase
10-24 21:41:48.963 1637 1637 D SystemServerTiming: OnBootPhase_600_com.android.server.timedetector.TimeDetectorService$Lifecycle
10-24 21:41:48.963 1637 1637 D SystemServerTiming: OnBootPhase_600_com.android.server.timezonedetector.TimeZoneDetectorService$Lifecycle
10-24 21:41:48.963 1637 1637 D SystemServerTiming: OnBootPhase_600_com.android.server.timezonedetector.location.LocationTimeZoneManagerService$Lifecycle
10-24 21:41:48.963 1637 1637 D SystemServerTiming: OnBootPhase_600_com.android.server.search.SearchManagerService$Lifecycle
10-24 21:41:48.963 1637 1637 D SystemServerTiming: OnBootPhase_600_com.android.server.wallpaper.WallpaperManagerService$Lifecycle
10-24 21:41:48.963 1637 1637 D WallpaperManagerService: Wallpaper_switch-user-0
10-24 21:41:48.963 1637 1637 V WallpaperManagerService: bindWallpaperComponentLocked: componentName=ComponentInfo{com.android.systemui/com.android.systemui.wallpapers.ImageWallpaper}
10-24 21:41:48.963 1637 1637 D WallpaperManagerService: WPMS.bindWallpaperComponentLocked-ComponentInfo{com.android.systemui/com.android.systemui.wallpapers.ImageWallpaper}
10-24 21:41:48.963 1637 1637 D SystemServerTiming: OnBootPhase_600_com.android.server.wallpapereffectsgeneration.WallpaperEffectsGenerationManagerService
10-24 21:41:48.964 1637 1637 D SystemServerTiming: OnBootPhase_600_com.android.server.audio.AudioService$Lifecycle
10-24 21:41:48.964 1637 1637 D SystemServerTiming: OnBootPhase_600_com.android.server.soundtrigger_middleware.SoundTriggerMiddlewareService$Lifecycle
10-24 21:41:48.964 1637 1637 D SystemServerTiming: OnBootPhase_600_com.android.server.DockObserver
10-24 21:41:48.964 1637 1637 D SystemServerTiming: OnBootPhase_600_com.android.server.midi.MidiService$Lifecycle
10-24 21:41:48.964 1637 1637 D SystemServerTiming: OnBootPhase_600_com.android.server.adb.AdbService$Lifecycle
10-24 21:41:48.964 1637 1637 D SystemServerTiming: OnBootPhase_600_com.android.server.usb.UsbService$Lifecycle
10-24 21:41:48.964 1637 1637 D SystemServerTiming: OnBootPhase_600_com.android.server.twilight.TwilightService
10-24 21:41:48.964 1637 1637 D SystemServerTiming: OnBootPhase_600_com.android.server.display.color.ColorDisplayService
10-24 21:41:48.964 1637 1637 D SystemServerTiming: OnBootPhase_600_com.android.server.job.JobSchedulerService
10-24 21:41:48.965 1637 1637 D ConnectivityService: requestNetwork for uid/pid:1000/1637 asUid: 10293 activeRequest: null callbackRequest: 13 [NetworkRequest [ REQUEST id=14, [ Capabilities: INTERNET&NOT_RESTRICTED&TRUSTED&NOT_VCN_MANAGED Uid: 10293 RequestorUid: 1000 RequestorPkg: android UnderlyingNetworks: Null] ]] callback flags: 0 order: 2147483647 isUidTracked: false declaredMethods: 0xffffffff
10-24 21:41:48.965 985 1002 D GnssConfigurationAidl: GnssConfiguration::setEsExtensionSec(0)
10-24 21:41:48.966 1637 1977 D ConnectivityService: NetReassign [no changes] [c 0] [a 0] [i 0]
10-24 21:41:48.966 985 1002 D GnssConfigurationAidl: GnssConfiguration::setSuplVersion(131072)
10-24 21:41:48.966 1637 1637 D ConnectivityService: requestNetwork for uid/pid:1000/1637 asUid: 10292 activeRequest: null callbackRequest: 15 [NetworkRequest [ REQUEST id=16, [ Capabilities: INTERNET&NOT_RESTRICTED&TRUSTED&NOT_VCN_MANAGED Uid: 10292 RequestorUid: 1000 RequestorPkg: android UnderlyingNetworks: Null] ]] callback flags: 0 order: 2147483647 isUidTracked: false declaredMethods: 0xffffffff
10-24 21:41:48.966 587 721 D BootAnimation: Playing files = /product/media/bootanimation-dark.zip/part2, Requested repeat = 180, playUntilComplete = false
10-24 21:41:48.966 1637 1977 D ConnectivityService: NetReassign [no changes] [c 0] [a 0] [i 0]
10-24 21:41:48.966 1637 1637 D ConnectivityService: requestNetwork for uid/pid:1000/1637 asUid: 10230 activeRequest: null callbackRequest: 17 [NetworkRequest [ REQUEST id=18, [ Capabilities: INTERNET&NOT_RESTRICTED&TRUSTED&NOT_VCN_MANAGED Uid: 10230 RequestorUid: 1000 RequestorPkg: android UnderlyingNetworks: Null] ]] callback flags: 0 order: 2147483647 isUidTracked: false declaredMethods: 0xffffffff
10-24 21:41:48.967 1637 1977 D ConnectivityService: NetReassign [no changes] [c 0] [a 0] [i 0]
10-24 21:41:48.967 985 1002 D GnssConfigurationAidl: GnssConfiguration::setGlonassPositioningProtocol(0)
10-24 21:41:48.968 985 1002 D GnssConfigurationAidl: GnssConfiguration::setSuplMode(1)
10-24 21:41:48.968 1637 1637 D ConnectivityService: requestNetwork for uid/pid:1000/1637 asUid: 10197 activeRequest: null callbackRequest: 19 [NetworkRequest [ REQUEST id=20, [ Capabilities: INTERNET&NOT_RESTRICTED&TRUSTED&NOT_VCN_MANAGED Uid: 10197 RequestorUid: 1000 RequestorPkg: android UnderlyingNetworks: Null] ]] callback flags: 0 order: 2147483647 isUidTracked: false declaredMethods: 0xffffffff
10-24 21:41:48.968 985 1002 D GnssConfigurationAidl: GnssConfiguration::setLppProfile(2)
10-24 21:41:48.968 985 1002 D GnssConfigurationAidl: GnssConfiguration::setEmergencySuplPdn(T)
10-24 21:41:48.968 1637 1637 D ConnectivityService: requestNetwork for uid/pid:1000/1637 asUid: 10195 activeRequest: null callbackRequest: 21 [NetworkRequest [ REQUEST id=22, [ Capabilities: INTERNET&NOT_RESTRICTED&TRUSTED&NOT_VCN_MANAGED Uid: 10195 RequestorUid: 1000 RequestorPkg: android UnderlyingNetworks: Null] ]] callback flags: 0 order: 2147483647 isUidTracked: false declaredMethods: 0xffffffff
10-24 21:41:48.968 1637 1977 D ConnectivityService: NetReassign [no changes] [c 0] [a 0] [i 0]
10-24 21:41:48.969 1637 1977 D ConnectivityService: NetReassign [no changes] [c 0] [a 0] [i 1]
10-24 21:41:48.969 1637 1637 D ConnectivityService: requestNetwork for uid/pid:1000/1637 asUid: 10188 activeRequest: null callbackRequest: 23 [NetworkRequest [ REQUEST id=24, [ Capabilities: INTERNET&NOT_RESTRICTED&TRUSTED&NOT_VCN_MANAGED Uid: 10188 RequestorUid: 1000 RequestorPkg: android UnderlyingNetworks: Null] ]] callback flags: 0 order: 2147483647 isUidTracked: false declaredMethods: 0xffffffff
10-24 21:41:48.969 1637 1637 D ConnectivityService: requestNetwork for uid/pid:1000/1637 asUid: 10186 activeRequest: null callbackRequest: 26 [NetworkRequest [ REQUEST id=27, [ Capabilities: INTERNET&NOT_RESTRICTED&TRUSTED&NOT_VCN_MANAGED Uid: 10186 RequestorUid: 1000 RequestorPkg: android UnderlyingNetworks: Null] ]] callback flags: 0 order: 2147483647 isUidTracked: false declaredMethods: 0xffffffff
10-24 21:41:48.969 1637 1977 D ConnectivityService: NetReassign [no changes] [c 0] [a 0] [i 0]
10-24 21:41:48.969 1637 1977 D ConnectivityService: NetReassign [no changes] [c 0] [a 0] [i 0]
10-24 21:41:48.969 1637 1977 D ConnectivityService: NetReassign [no changes] [c 0] [a 0] [i 0]
10-24 21:41:48.969 1637 1637 D ConnectivityService: requestNetwork for uid/pid:1000/1637 asUid: 10182 activeRequest: null callbackRequest: 28 [NetworkRequest [ REQUEST id=29, [ Capabilities: INTERNET&NOT_RESTRICTED&TRUSTED&NOT_VCN_MANAGED Uid: 10182 RequestorUid: 1000 RequestorPkg: android UnderlyingNetworks: Null] ]] callback flags: 0 order: 2147483647 isUidTracked: false declaredMethods: 0xffffffff
10-24 21:41:48.969 1637 1758 D CompatibilityChangeReporter: Compat change id reported: 168936375; UID 1000; state: ENABLED
10-24 21:41:48.970 1637 1977 D ConnectivityService: NetReassign [no changes] [c 0] [a 0] [i 1]
