--------- beginning of main
10-24 21:41:40.583 529 529 I lowmemorykiller: Using psi monitors for memory pressure detection
10-24 21:41:40.584 529 529 I lowmemorykiller: Process polling is supported
10-24 21:41:40.584 529 529 I lowmemorykiller: Process reaper initialized with 2 threads in the pool
10-24 21:41:40.654 532 532 I SELinux : SELinux: Loaded service_contexts from:
10-24 21:41:40.654 532 532 I SELinux : /vendor/etc/selinux/vndservice_contexts
10-24 21:41:40.655 531 531 I hwservicemanager: getFrameworkHalManifest: Reading VINTF information.
10-24 21:41:40.656 530 530 I SELinux : SELinux: Loaded service_contexts from:
10-24 21:41:40.656 530 530 I SELinux : /system/etc/selinux/plat_service_contexts
10-24 21:41:40.656 530 530 I SELinux : /system_ext/etc/selinux/system_ext_service_contexts
10-24 21:41:40.656 530 530 I SELinux : /product/etc/selinux/product_service_contexts
10-24 21:41:40.656 530 530 I SELinux : /vendor/etc/selinux/vendor_service_contexts
10-24 21:41:40.659 531 531 I hwservicemanager: getDeviceHalManifest: Reading VINTF information.
12-31 19:00:00.108 528 528 W auditd : type=2000 audit(0.0:1): state=initialized audit_enabled=0 res=1
10-24 21:41:40.020 528 528 W auditd : type=1403 audit(0.0:2): auid=4294967295 ses=4294967295 lsm=selinux res=1
10-24 21:41:40.024 528 528 W auditd : type=1404 audit(0.0:3): enforcing=1 old_enforcing=0 auid=4294967295 ses=4294967295 enabled=1 old-enabled=1 lsm=selinux res=1 --------- beginning of kernel
10-24 21:41:40.661 0 0 I trusty : boot args 0x*** 0x*** 0x1000 0x0
10-24 21:41:40.661 0 0 I trusty : gicc 0x***, gicd 0x***, gicr 0x***
10-24 21:41:40.661 0 0 I trusty : initializing trusty (Project: slider, Build: 9457577, Built: 11:52:36 Jan 5 2023)
10-24 21:41:40.665 531 531 W libvintf: Ignoring on manifest android.hardware.security.sharedsecret. Only "inet" supported.
10-24 21:41:40.670 531 531 I hwservicemanager: getDeviceHalManifest: Successfully processed VINTF information
10-24 21:41:40.670 531 531 I hwservicemanager: getFrameworkHalManifest: Successfully processed VINTF information
10-24 21:41:40.670 531 531 I hwservicemanager: hwservicemanager is ready now.
10-24 21:41:40.695 551 551 E TrustyAppLoader: Error opening file /vendor/firmware/faceauth.app: No such file or directory --------- beginning of system
10-24 21:41:40.707 550 550 I vold : Vold 3.0 (the awakening) firing up
10-24 21:41:40.707 550 550 D vold : Detected support for: ext4 f2fs vfat
10-24 21:41:40.711 550 550 D vold : VoldNativeService::start() completed OK
10-24 21:41:40.717 1 1 W libc : Unable to set property "ro.boottime.init.mount_all.early" to "28": error code: 0xb
10-24 21:41:40.757 572 572 I storageproxyd: starting storageproxyd
10-24 21:41:40.757 572 572 I storageproxyd: storage data root: /data/vendor/ss
10-24 21:41:40.757 572 572 I storageproxyd: trusty dev: /dev/trusty-ipc-dev0
10-24 21:41:40.757 572 572 I storageproxyd: rpmb dev: /dev/sg1
10-24 21:41:40.758 575 575 I HidlServiceManagement: Registered android.hardware.boot@1.2::IBootControl/default
10-24 21:41:40.758 575 575 I HidlServiceManagement: Removing namespace from process name android.hardware.boot@1.2-service-gs101 to boot@1.2-service-gs101.
10-24 21:41:40.760 530 530 I servicemanager: Since 'android.system.suspend.ISystemSuspend/default' could not be found, trying to start it as a lazy AIDL service
10-24 21:41:40.761 530 580 W libc : Unable to set property "ctl.interface_start" to "aidl/android.system.suspend.ISystemSuspend/default": error code: 0x20
10-24 21:41:40.761 530 580 I servicemanager: Tried to start aidl service android.system.suspend.ISystemSuspend/default as a lazy service, but was unable to. Usually this happens when a service is not installed, but if the service is intended to be used as a lazy service, then it may be configured incorrectly.
10-24 21:41:40.762 530 530 I servicemanager: getDeviceHalManifest: Reading VINTF information.
10-24 21:41:40.763 579 579 I fsverity_init: LoadKeyFromFile path=/system/etc/security/fsverity/fsverity-release.x509.der keyname=fsv_system_0
10-24 21:41:40.763 530 530 W libvintf: Ignoring on manifest android.hardware.security.sharedsecret. Only "inet" supported.
10-24 21:41:40.764 570 570 W modprobe: type=1400 audit(0.0:4): avc: denied { search } for name="regmap" dev="debugfs" ino=1049 scontext=u:r:init-insmod-sh:s0 tcontext=u:object_r:vendor_regmap_debugfs:s0 tclass=dir permissive=0
10-24 21:41:40.764 570 570 W modprobe: type=1400 audit(0.0:5): avc: denied { search } for name="regmap" dev="debugfs" ino=1049 scontext=u:r:init-insmod-sh:s0 tcontext=u:object_r:vendor_regmap_debugfs:s0 tclass=dir permissive=0
10-24 21:41:40.765 530 530 I servicemanager: getDeviceHalManifest: Successfully processed VINTF information
10-24 21:41:40.765 530 530 I servicemanager: getFrameworkHalManifest: Reading VINTF information.
10-24 21:41:40.765 530 530 I servicemanager: getFrameworkHalManifest: Successfully processed VINTF information
10-24 21:41:40.765 530 530 I servicemanager: Found android.system.suspend.ISystemSuspend/default in framework VINTF manifest.
10-24 21:41:40.766 579 579 I fsverity_init: LoadKeyFromFile path=/product/etc/security/fsverity/gms_fsverity_cert.der keyname=fsv_product_0
10-24 21:41:40.766 573 573 I HidlServiceManagement: Registered android.system.suspend@1.0::ISystemSuspend/default
10-24 21:41:40.766 573 573 I HidlServiceManagement: Removing namespace from process name android.system.suspend@1.0-service to suspend@1.0-service.
10-24 21:41:40.767 579 579 I fsverity_init: LoadKeyFromFile path=/product/etc/security/fsverity/play_store_fsi_cert.der keyname=fsv_product_1
10-24 21:41:40.768 578 578 I citadeld: Starting citadeld
10-24 21:41:40.769 578 582 I citadeld: Event dispatcher startup.
10-24 21:41:40.769 578 582 D libnos_transport: Calling App 0 with params 0x0010
10-24 21:41:40.769 578 585 I citadeld: waiting for powerstats service to appear
10-24 21:41:40.769 578 586 I citadeld: waiting for IStats service to appear
10-24 21:41:40.770 530 530 I servicemanager: Found android.frameworks.stats.IStats/default in framework VINTF manifest.
10-24 21:41:40.770 530 530 I servicemanager: Since 'android.frameworks.stats.IStats/default' could not be found, trying to start it as a lazy AIDL service
10-24 21:41:40.771 530 589 W libc : Unable to set property "ctl.interface_start" to "aidl/android.frameworks.stats.IStats/default": error code: 0x20
10-24 21:41:40.771 530 589 I servicemanager: Tried to start aidl service android.frameworks.stats.IStats/default as a lazy service, but was unable to. Usually this happens when a service is not installed, but if the service is intended to be used as a lazy service, then it may be configured incorrectly.
10-24 21:41:40.773 578 582 D libnos_transport: App 0 inspection status=0x00000000 reply_len=0 protocol=1 flags=0x0000
10-24 21:41:40.773 578 582 D libnos_transport: Send app 0 command data (0 bytes)
10-24 21:41:40.773 578 582 D libnos_transport: Send app 0 go command 0x00000010
10-24 21:41:40.773 578 582 D libnos_transport: Polling app 0
10-24 21:41:40.773 578 582 D libnos_transport: App 0 polled=2 status=0x80000000 reply_len=64 flags=0x0000
10-24 21:41:40.773 578 582 D libnos_transport: Read app 0 reply data (64 bytes)
10-24 21:41:40.774 578 582 D libnos_transport: App 0 returning 0x0
10-24 21:41:40.774 578 582 I citadeld: event_report 0/0.009058 2 0x00000001 0x80000000 0x02000000 0x00000000
10-24 21:41:40.774 578 582 D libnos_transport: Calling App 0 with params 0x0010
10-24 21:41:40.774 578 582 D libnos_transport: App 0 inspection status=0x00000000 reply_len=0 protocol=1 flags=0x0000
10-24 21:41:40.774 578 582 D libnos_transport: Send app 0 command data (0 bytes)
10-24 21:41:40.774 578 582 D libnos_transport: Send app 0 go command 0x00000010
10-24 21:41:40.775 578 582 D libnos_transport: Polling app 0
10-24 21:41:40.775 578 582 D libnos_transport: App 0 polled=2 status=0x80000000 reply_len=0 flags=0x0000
10-24 21:41:40.775 578 582 D libnos_transport: App 0 returning 0x0
10-24 21:41:40.775 577 577 I trusty_keymaster_hal: Initializing TrustyKeymaster as KmVersion: 200
10-24 21:41:40.779 577 577 E android.hardware.security.keymint-service.trusty: Adding service instance: android.hardware.security.keymint.IKeyMintDevice/default
10-24 21:41:40.779 530 530 I servicemanager: Found android.hardware.security.keymint.IKeyMintDevice/default in device VINTF manifest.
10-24 21:41:40.779 577 577 E android.hardware.security.keymint-service.trusty: Adding service instance: android.hardware.security.secureclock.ISecureClock/default
10-24 21:41:40.779 530 530 I servicemanager: Found android.hardware.security.secureclock.ISecureClock/default in device VINTF manifest.
10-24 21:41:40.779 577 577 E android.hardware.security.keymint-service.trusty: Adding service instance: android.hardware.security.sharedsecret.ISharedSecret/default
10-24 21:41:40.780 530 530 I servicemanager: Found android.hardware.security.sharedsecret.ISharedSecret/default in device VINTF manifest.
10-24 21:41:40.780 577 577 E android.hardware.security.keymint-service.trusty: Adding service instance: android.hardware.security.keymint.IRemotelyProvisionedComponent/default
10-24 21:41:40.780 530 530 I servicemanager: Found android.hardware.security.keymint.IRemotelyProvisionedComponent/default in device VINTF manifest.
10-24 21:41:40.798 576 576 I android.hardware.security.keymint-service.citadel: Keymint HAL service starting
10-24 21:41:40.798 550 550 D vold : fscrypt_mount_metadata_encrypted: /data encrypt: 0 format: 0 with null
10-24 21:41:40.798 550 550 D vold : metadata_key_dir/key: /metadata/vold/metadata_encryption/key
10-24 21:41:40.798 576 576 I android.hardware.security.keymint-service.citadel: SecurityLevel: 2 registered
10-24 21:41:40.798 550 550 D vold : Key exists, using: /metadata/vold/metadata_encryption/key
10-24 21:41:40.799 578 588 D libnos_transport: Calling App 2 with params 0x0017
10-24 21:41:40.799 578 588 D libnos_transport: App 2 inspection status=0x00000000 reply_len=0 protocol=1 flags=0x0000
10-24 21:41:40.799 578 588 D libnos_transport: Send app 2 command data (13 bytes)
10-24 21:41:40.799 578 588 D libnos_transport: Send app 2 go command 0x00020017
10-24 21:41:40.799 578 588 D libnos_transport: Polling app 2
10-24 21:41:40.800 530 530 I servicemanager: Since 'android.system.keystore2.IKeystoreService/default' could not be found, trying to start it as a lazy AIDL service
10-24 21:41:40.801 530 530 I servicemanager: Found android.hardware.graphics.allocator.IAllocator/default in device VINTF manifest.
10-24 21:41:40.803 578 588 D libnos_transport: App 2 poll=16 status=0x00000000 reply_len=0 flags=0x0001
10-24 21:41:40.806 578 588 D libnos_transport: App 2 poll=32 status=0x00000000 reply_len=0 flags=0x0001
10-24 21:41:40.809 578 588 D libnos_transport: App 2 poll=48 status=0x00000000 reply_len=0 flags=0x0001
10-24 21:41:40.812 578 588 D libnos_transport: App 2 poll=64 status=0x00000000 reply_len=0 flags=0x0001
10-24 21:41:40.812 578 588 D libnos_transport: App 2 polled=67 status=0x80000000 reply_len=0 flags=0x0000
10-24 21:41:40.813 578 588 D libnos_transport: App 2 returning 0x0
10-24 21:41:40.813 578 588 D libnos_transport: Calling App 2 with params 0x0018
10-24 21:41:40.813 578 588 D libnos_transport: App 2 inspection status=0x00000000 reply_len=0 protocol=1 flags=0x0000
10-24 21:41:40.813 578 588 D libnos_transport: Send app 2 command data (0 bytes)
10-24 21:41:40.813 578 588 D libnos_transport: Send app 2 go command 0x00020018
10-24 21:41:40.814 578 588 D libnos_transport: Polling app 2
10-24 21:41:40.814 578 588 D libnos_transport: App 2 polled=2 status=0x80000000 reply_len=4 flags=0x0000
10-24 21:41:40.814 578 588 D libnos_transport: Read app 2 reply data (4 bytes)
10-24 21:41:40.814 578 588 D libnos_transport: App 2 returning 0x0
10-24 21:41:40.814 576 576 I android.hardware.security.keymint-service.citadel: adding keymint service instance: android.hardware.security.keymint.IKeyMintDevice/strongbox
10-24 21:41:40.815 530 530 I servicemanager: Found android.hardware.security.keymint.IKeyMintDevice/strongbox in device VINTF manifest.
10-24 21:41:40.815 576 576 I android.hardware.security.keymint-service.citadel: SharedSecret created
10-24 21:41:40.815 576 576 I android.hardware.security.keymint-service.citadel: adding keymint service instance: android.hardware.security.sharedsecret.ISharedSecret/strongbox
10-24 21:41:40.815 574 574 I keystore2: keystore2_main: Keystore2 is starting.
10-24 21:41:40.815 574 574 I keystore2: keystore2_main: Setting up sqlite logging for keystore2
10-24 21:41:40.815 530 530 I servicemanager: Found android.hardware.security.sharedsecret.ISharedSecret/strongbox in device VINTF manifest.
10-24 21:41:40.816 574 574 W keystore2: keystore2::metrics_store: In update_keystore_crash_sysprop: Failed to read the existing system property due to: In read_keystore_crash_count: Property not set..Therefore, keystore crashes will not be logged.
10-24 21:41:40.817 574 574 I keystore2: keystore2_main: Starting thread pool now.
10-24 21:41:40.818 574 574 I keystore2: getDeviceHalManifest: Reading VINTF information.
10-24 21:41:40.819 574 574 W libvintf: Ignoring on manifest android.hardware.security.sharedsecret. Only "inet" supported.
10-24 21:41:40.820 574 574 I keystore2: getDeviceHalManifest: Successfully processed VINTF information
10-24 21:41:40.821 574 574 I keystore2: keystore2::globals: KeyMint device is current version (Some(200)) for security level: SecurityLevel(1)
10-24 21:41:40.822 574 574 I keystore2: keystore2::globals: KeyMint device is current version (Some(200)) for security level: SecurityLevel(2)
10-24 21:41:40.822 530 530 I servicemanager: Found android.system.keystore2.IKeystoreService/default in framework VINTF manifest.
10-24 21:41:40.822 530 530 I BpBinder: onLastStrongRef automatically unlinking death recipients:
10-24 21:41:40.823 592 592 D hwcomposer: HWC module_api_version(2), hal_api_version(0)
10-24 21:41:40.823 592 592 D display : HWC2 : ExynosDevice : interface type(2)
10-24 21:41:40.823 592 592 I display : otfMPP type(1, 2), physical_index(0), logical_index(0)
10-24 21:41:40.823 592 592 I display : otfMPP type(1, 2), physical_index(1), logical_index(0)
10-24 21:41:40.823 592 592 I display : otfMPP type(1, 2), physical_index(2), logical_index(0)
10-24 21:41:40.823 592 592 I display : otfMPP type(6, 64), physical_index(0), logical_index(0)
10-24 21:41:40.823 592 592 I display : otfMPP type(6, 64), physical_index(1), logical_index(0)
10-24 21:41:40.823 592 609 I display : DPP_GF2 threadLoop is started
10-24 21:41:40.823 592 592 I display : otfMPP type(6, 64), physical_index(2), logical_index(0)
10-24 21:41:40.823 574 605 I SELinux : SELinux: Loaded keystore2_key_contexts from:
10-24 21:41:40.823 592 608 I display : DPP_GF1 threadLoop is started
10-24 21:41:40.823 574 605 I SELinux : /system/etc/selinux/plat_keystore2_key_contexts
10-24 21:41:40.823 592 592 I display : m2mMPP type(8, 4096), physical_index(0), logical_index(0)
10-24 21:41:40.823 592 612 I display : DPP_VGRFS2 threadLoop is started
10-24 21:41:40.823 592 592 I libacryl: G2D API Version 1
10-24 21:41:40.823 592 592 I display : [G2D0-YUV_PRI][0] mAcrylicHandle is created: 0xb4000070c5a13320
10-24 21:41:40.823 592 592 I display : m2mMPP type(8, 4096), physical_index(0), logical_index(1)
10-24 21:41:40.823 592 592 I libacryl: G2D API Version 1
10-24 21:41:40.823 592 592 I display : [G2D0-YUV_PRI][1] mAcrylicHandle is created: 0xb4000070c5a129e0
10-24 21:41:40.823 592 607 I display : DPP_GF0 threadLoop is started
10-24 21:41:40.823 592 592 I display : m2mMPP type(8, 4096), physical_index(0), logical_index(2)
10-24 21:41:40.823 592 592 I libacryl: G2D API Version 1
10-24 21:41:40.823 592 592 I display : [G2D0-YUV_EXT][2] mAcrylicHandle is created: 0xb4000070c5a104e0
10-24 21:41:40.823 592 613 I display : G2D0-YUV_PRI threadLoop is started
10-24 21:41:40.823 592 592 I display : m2mMPP type(8, 8192), physical_index(0), logical_index(3)
10-24 21:41:40.823 592 614 I display : G2D0-YUV_PRI threadLoop is started
10-24 21:41:40.823 592 592 I libacryl: G2D API Version 1
10-24 21:41:40.823 592 592 I display : [G2D0-RGB_PRI][3] mAcrylicHandle is created: 0xb4000070c5a130d0
10-24 21:41:40.823 592 615 I display : G2D0-YUV_EXT threadLoop is started
10-24 21:41:40.823 592 592 I display : m2mMPP type(8, 8192), physical_index(0), logical_index(4)
10-24 21:41:40.823 592 592 I libacryl: G2D API Version 1
10-24 21:41:40.823 592 592 I display : [G2D0-RGB_EXT][4] mAcrylicHandle is created: 0xb4000070c5a16160
10-24 21:41:40.823 592 592 I display : m2mMPP type(8, 16384), physical_index(0), logical_index(5)
10-24 21:41:40.823 592 592 I libacryl: G2D API Version 1
10-24 21:41:40.823 592 592 I display : [G2D0-COMBO_VIR][5] mAcrylicHandle is created: 0xb4000070c5a0fba0
10-24 21:41:40.823 592 616 I display : G2D0-RGB_PRI threadLoop is started
10-24 21:41:40.823 592 592 I display : mOtfMPPs(6), mM2mMPPs(6)
10-24 21:41:40.823 592 617 I display : G2D0-RGB_EXT threadLoop is started
10-24 21:41:40.823 592 592 D display : Create display[0] type: 0, index: 0
10-24 21:41:40.823 592 592 I display : window configs size(6)
10-24 21:41:40.823 592 611 I display : DPP_VGRFS1 threadLoop is started
10-24 21:41:40.823 592 592 D display : Create display[1] type: 0, index: 1
10-24 21:41:40.823 592 592 I display : window configs size(6)
10-24 21:41:40.824 592 592 E display : initBrightnessSysfs /sys/class/backlight/panel1-backlight/brightness fail to open
10-24 21:41:40.824 592 592 E display : Fail to open file /data/vendor/log/hwc/hwc_error_log.txt, error: No such file or directory
10-24 21:41:40.824 574 574 I keystore2: keystore2_main: Successfully registered Keystore 2.0 service.
10-24 21:41:40.824 592 592 E display : Fail to open file /data/log/hwc_error_log.txt, error: No such file or directory
10-24 21:41:40.824 574 574 I keystore2: keystore2_main: Joining thread pool now.
10-24 21:41:40.824 592 592 I display : Initial errlog size: -2 bytes
10-24 21:41:40.824 592 618 I display : G2D0-COMBO_VIR threadLoop is started
10-24 21:41:40.824 592 592 I hwc-drm-crtc: Failed to get cgc_lut_fd property
10-24 21:41:40.824 592 592 I hwc-drm-crtc: Failed to get &adjusted_vblank property
10-24 21:41:40.824 592 592 I hwc-drm-crtc: Failed to get cgc_lut property
10-24 21:41:40.824 592 592 I hwc-drm-crtc: Failed to get cgc_lut_fd property
10-24 21:41:40.824 592 592 I hwc-drm-crtc: Failed to get °amma_lut property
10-24 21:41:40.824 592 592 I hwc-drm-crtc: Failed to get °amma_lut_size property
10-24 21:41:40.824 592 592 I hwc-drm-crtc: Failed to get &gamma_lut property
10-24 21:41:40.824 592 592 I hwc-drm-crtc: Failed to get &gamma_lut_size property
10-24 21:41:40.824 592 592 I hwc-drm-crtc: Failed to get &linear_matrix property
10-24 21:41:40.824 592 592 I hwc-drm-crtc: Failed to get &gamma_matrix property
10-24 21:41:40.824 592 592 I hwc-drm-crtc: Failed to get &disp_dither property
10-24 21:41:40.824 592 592 I hwc-drm-crtc: Failed to get &cgc_dither property
10-24 21:41:40.824 592 592 I hwc-drm-crtc: Failed to get &adjusted_vblank property
10-24 21:41:40.824 592 592 I hwc-drm-crtc: Failed to get &dqe_enabled_property property
10-24 21:41:40.824 592 592 I hwc-drm-crtc: Failed to get &histogram_roi property
10-24 21:41:40.824 592 592 I hwc-drm-crtc: Failed to get &histogram_weights property
10-24 21:41:40.824 592 592 I hwc-drm-crtc: Failed to get &histogram_threshold property
10-24 21:41:40.824 592 592 I hwc-drm-crtc: Failed to get &histogram_position property
10-24 21:41:40.825 592 592 W hwc-drm-connector: Could not get EDID property
10-24 21:41:40.825 592 592 E hwc-drm-connector: Could not get max_luminance property
10-24 21:41:40.825 592 592 E hwc-drm-connector: Could not get max_avg_luminance property
10-24 21:41:40.825 592 592 E hwc-drm-connector: Could not get min_luminance property
10-24 21:41:40.825 592 592 E hwc-drm-connector: Could not get hdr_formats property
10-24 21:41:40.825 592 592 E hwc-drm-connector: Could not get orientation property
10-24 21:41:40.825 592 592 E hwc-drm-connector: Could not get lp_mode property
10-24 21:41:40.825 592 592 E hwc-drm-connector: Could not get brightness_capability property
10-24 21:41:40.825 592 592 E hwc-drm-connector: Could not get brightness_level property
10-24 21:41:40.825 592 592 E hwc-drm-connector: Could not get hbm_mode property
10-24 21:41:40.825 592 592 E hwc-drm-connector: Could not get dimming_on property
10-24 21:41:40.825 592 592 E hwc-drm-connector: Could not get local_hbm_mode property
10-24 21:41:40.825 592 592 E hwc-drm-connector: Could not get mipi_sync property
10-24 21:41:40.825 592 592 E hwc-drm-connector: Could not get panel_idle_support property
10-24 21:41:40.825 592 592 E hwc-drm-connector: Could not get vrr_switch_duration property
10-24 21:41:40.825 592 592 D hwc-drm-connector: Updating LP mode to: 1440x3120x30
10-24 21:41:40.826 592 592 I hwc-drm-plane: Could not get tone_mapping property
10-24 21:41:40.826 592 592 I hwc-drm-plane: Could not get block property
10-24 21:41:40.826 592 592 I hwc-drm-plane: Could not get block property
10-24 21:41:40.827 592 592 I hwc-drm-plane: Could not get tone_mapping property
10-24 21:41:40.827 592 592 I hwc-drm-plane: Could not get block property
10-24 21:41:40.827 592 592 I hwc-drm-plane: Could not get block property
10-24 21:41:40.828 592 610 I display : DPP_VGRFS0 threadLoop is started
10-24 21:41:40.828 592 592 I hwc-drm-plane: Could not get tone_mapping property
10-24 21:41:40.828 592 592 I hwc-drm-plane: Could not get block property
10-24 21:41:40.828 592 592 I hwc-drm-plane: Could not get block property
10-24 21:41:40.828 592 592 E hwc-drm-event-listener: Failed to add tui fd into epoll: Bad file descriptor
10-24 21:41:40.829 592 592 I hwc-drm-device: Display 0 has writeback attach to it
10-24 21:41:40.829 592 592 I display : makeDPURestrictions:: Apply DPP downscale restriction on 1/1
10-24 21:41:40.829 592 592 I display : makeDPURestrictions:: Apply DPP downscale restriction on 1/2
10-24 21:41:40.829 592 592 I display : window configs size(6) rcd configs zie(0)
10-24 21:41:40.829 592 592 D display : supported writeback format[0] RA24, 1
10-24 21:41:40.829 592 592 D display : initDrmDevice:: display type: 0, index: 0, drmDisplayId: 0, crtc id: 161, connector id: 186
10-24 21:41:40.829 592 592 D display : Init blend enums
10-24 21:41:40.829 592 592 D display : blend [hal: 3, drm: 1]
10-24 21:41:40.829 592 592 D display : blend [hal: 2, drm: 0]
10-24 21:41:40.829 592 592 D display : blend [hal: 1, drm: 2]
10-24 21:41:40.829 592 592 D display : Init standard enums
10-24 21:41:40.829 592 592 D display : standard [hal: 11, drm: 11]
10-24 21:41:40.829 592 592 D display : standard [hal: 10, drm: 10]
10-24 21:41:40.829 592 592 D display : standard [hal: 9, drm: 9]
10-24 21:41:40.829 592 592 D display : standard [hal: 8, drm: 8]
10-24 21:41:40.829 592 592 D display : standard [hal: 7, drm: 7]
10-24 21:41:40.829 592 592 D display : standard [hal: 6, drm: 6]
10-24 21:41:40.829 592 592 D display : standard [hal: 5, drm: 5]
10-24 21:41:40.829 592 592 D display : standard [hal: 4, drm: 4]
10-24 21:41:40.829 592 592 D display : standard [hal: 3, drm: 3]
10-24 21:41:40.829 592 592 D display : standard [hal: 2, drm: 2]
10-24 21:41:40.829 592 592 D display : standard [hal: 1, drm: 1]
10-24 21:41:40.829 592 592 D display : standard [hal: 0, drm: 0]
10-24 21:41:40.829 592 592 D display : Init transfer enums
10-24 21:41:40.829 592 592 D display : transfer [hal: 8, drm: 8]
10-24 21:41:40.829 592 592 D display : transfer [hal: 7, drm: 7]
10-24 21:41:40.829 592 592 D display : transfer [hal: 6, drm: 6]
10-24 21:41:40.829 592 592 D display : transfer [hal: 5, drm: 5]
10-24 21:41:40.829 592 592 D display : transfer [hal: 4, drm: 4]
10-24 21:41:40.829 592 592 D display : transfer [hal: 3, drm: 3]
10-24 21:41:40.829 592 592 D display : transfer [hal: 2, drm: 2]
10-24 21:41:40.829 592 592 D display : transfer [hal: 1, drm: 1]
10-24 21:41:40.829 592 592 D display : transfer [hal: 0, drm: 0]
10-24 21:41:40.829 592 592 D display : Init range enums
10-24 21:41:40.829 592 592 D display : range [hal: 3, drm: 3]
10-24 21:41:40.829 592 592 D display : range [hal: 2, drm: 2]
10-24 21:41:40.829 592 592 D display : range [hal: 1, drm: 1]
10-24 21:41:40.829 592 592 D display : range [hal: 0, drm: 0]
10-24 21:41:40.829 592 592 D display : PrimaryDisplay display config[0] 1440x3120x60:: id(35), clock(298620), flags(0), type(72)
10-24 21:41:40.829 592 592 D display : h_display(1440), h_sync_start(1520), h_sync_end(1544), h_total(1580), h_skew(0)
10-24 21:41:40.829 592 592 D display : v_display(3120), v_sync_start(3132), v_sync_end(3136), v_total(3150), v_scan(0), v_refresh(60.000000)
10-24 21:41:40.829 592 592 D display : PrimaryDisplay display config[1] 1440x3120x120:: id(36), clock(597240), flags(0), type(64)
10-24 21:41:40.829 592 592 D display : h_display(1440), h_sync_start(1520), h_sync_end(1544), h_total(1580), h_skew(0)
10-24 21:41:40.829 592 592 D display : v_display(3120), v_sync_start(3132), v_sync_end(3136), v_total(3150), v_scan(0), v_refresh(120.000000)
10-24 21:41:40.829 592 592 D display : PrimaryDisplay display config[2] 1080x2340x120:: id(37), clock(346968), flags(0), type(64)
10-24 21:41:40.829 592 592 D display : h_display(1080), h_sync_start(1160), h_sync_end(1184), h_total(1220), h_skew(0)
10-24 21:41:40.829 592 592 D display : v_display(2340), v_sync_start(2352), v_sync_end(2356), v_total(2370), v_scan(0), v_refresh(120.000000)
10-24 21:41:40.829 592 592 D display : PrimaryDisplay display config[3] 1080x2340x60:: id(38), clock(173484), flags(0), type(64)
10-24 21:41:40.829 592 592 D display : h_display(1080), h_sync_start(1160), h_sync_end(1184), h_total(1220), h_skew(0)
10-24 21:41:40.829 592 592 D display : v_display(2340), v_sync_start(2352), v_sync_end(2356), v_total(2370), v_scan(0), v_refresh(60.000000)
10-24 21:41:40.829 592 592 D display : config group(0), w(1440), h(3120), vsync(16666667), xdpi(515154), ydpi(511277)
10-24 21:41:40.829 592 592 D display : config group(0), w(1440), h(3120), vsync(8333333), xdpi(515154), ydpi(511277)
10-24 21:41:40.829 592 592 D display : config group(1), w(1080), h(2340), vsync(8333333), xdpi(386366), ydpi(383458)
10-24 21:41:40.829 592 592 D display : config group(1), w(1080), h(2340), vsync(16666667), xdpi(386366), ydpi(383458)
10-24 21:41:40.829 592 592 I display : Preferred mode id: 35(), state: 1
10-24 21:41:40.828 570 570 W modprobe: type=1400 audit(0.0:6): avc: denied { search } for name="regmap" dev="debugfs" ino=1049 scontext=u:r:init-insmod-sh:s0 tcontext=u:object_r:vendor_regmap_debugfs:s0 tclass=dir permissive=0
10-24 21:41:40.833 592 592 D hwc-drm-connector: Updating LP mode to: 1440x3120x30
10-24 21:41:40.833 592 592 I display : setActiveConfig:: PrimaryDisplay config(35)
10-24 21:41:40.833 592 592 I display : [PrimaryDisplay] resetConfigRequestStateLocked: mConfigRequestState (0) is not REQUESTED
10-24 21:41:40.833 592 592 D display : Init color mode enums
10-24 21:41:40.833 592 592 D display : Colormode [hal: 7, drm: 7]
10-24 21:41:40.833 592 592 D display : Colormode [hal: 6, drm: 6]
10-24 21:41:40.833 592 592 D display : Colormode [hal: 0, drm: 0]
10-24 21:41:40.833 592 592 D display : mipi sync [hal 0x3, drm: 3, sync_bl]
10-24 21:41:40.833 592 592 D display : mipi sync [hal 0x2, drm: 2, sync_ghbm]
10-24 21:41:40.833 592 592 D display : mipi sync [hal 0x1, drm: 1, sync_lhbm]
10-24 21:41:40.833 592 592 D display : mipi sync [hal 0x0, drm: 0, sync_refresh_rate]
10-24 21:41:40.833 592 592 D display : hbm mode [hal: 2, drm: 2, On IRC Off]
10-24 21:41:40.833 592 592 D display : hbm mode [hal: 1, drm: 1, On IRC On]
10-24 21:41:40.833 592 592 D display : hbm mode [hal: 0, drm: 0, Off]
10-24 21:41:40.833 592 592 I display : initBrightnessTable mDimBrightness=0, mDbmSupported=0
10-24 21:41:40.833 592 592 D display : Init bpc enums
10-24 21:41:40.833 592 592 D display : bpc [bpc: 2, drm: 2]
10-24 21:41:40.833 592 592 D display : bpc [bpc: 1, drm: 1]
10-24 21:41:40.833 592 592 D display : bpc [bpc: 0, drm: 0]
10-24 21:41:40.833 592 592 I display : window configs size(6) rcd configs zie(0)
10-24 21:41:40.833 592 623 E display : isCallbackRegisteredLocked:: 1 callback is not registered
10-24 21:41:40.833 592 592 I display : writeback is not supported
10-24 21:41:40.833 592 592 E display : SecondaryDisplay:: GetCrtcForDisplay is NULL (id: 1)
10-24 21:41:40.833 592 592 D display : Remove display[1], Failed to initialize display interface
10-24 21:41:40.833 592 592 I libacryl: G2D API Version 1
10-24 21:41:40.833 592 620 I ServiceManager: Waiting for service 'android.hardware.power.IPower/default' on '/dev/binder'...
10-24 21:41:40.834 530 530 I servicemanager: Found com.google.hardware.pixel.display.IDisplay/default in device VINTF manifest.
10-24 21:41:40.834 592 592 I display : com.google.hardware.pixel.display.IDisplay/default service start...
10-24 21:41:40.834 592 592 W ProcessState: Extra binder thread started, but 0 threads requested. Do not use *startThreadPool when zero threads are requested.
10-24 21:41:40.834 592 592 I display : Atc Profile version = 0.5
10-24 21:41:40.837 592 592 I libdisplaycolor: library info: build_signature: abfarm-2004-0357 b01cb19de124ff00e691264bacbe6b5404a5341e aosp_slider-userdebug
10-24 21:41:40.838 592 592 I libdisplaycolor: create pipeline for display: 0 serial: a70814271a1f0e
10-24 21:41:40.838 592 592 I libdisplaycolor: loading /mnt/vendor/persist/display/factory_cal0.pb
10-24 21:41:40.839 592 592 I libdisplaycolor: load binary calibration data successfully /mnt/vendor/persist/display/factory_cal0.pb
10-24 21:41:40.839 592 592 I libdisplaycolor: ver: 1.0.1
10-24 21:41:40.839 592 592 I libdisplaycolor: panel serial: a70814271a1f0e
10-24 21:41:40.839 592 592 I libdisplaycolor: description: generated by display color library
10-24 21:41:40.839 592 592 I libdisplaycolor: sw_build: Android/factory_raven/raven:S/SFA1.210601.023/7639405:userdebug/test-keys
10-24 21:41:40.839 592 592 W libdisplaycolor: device panel name [samsung-s6e3hc3] mismatches
10-24 21:41:40.839 592 592 I libdisplaycolor: calib factory data load from pb successfully
10-24 21:41:40.840 592 592 I libdisplaycolor: loading /vendor/etc/display_colordata_cal0.pb
10-24 21:41:40.840 592 592 I libdisplaycolor: load binary calibration data successfully /vendor/etc/display_colordata_cal0.pb
10-24 21:41:40.840 592 592 I libdisplaycolor: ver: 1.0.1
10-24 21:41:40.840 592 592 I libdisplaycolor: panel serial: a11a0630151094
10-24 21:41:40.840 592 592 I libdisplaycolor: description: generated by display color library
10-24 21:41:40.840 592 592 I libdisplaycolor: sw_build: google/raven/raven:S/MASTER/7354887:userdebug/dev-keys
10-24 21:41:40.841 592 592 I libdisplaycolor: calib adpt data load from pb successfully
10-24 21:41:40.841 592 592 I libdisplaycolor: loading /vendor/etc/display_colordata_dev_cal0.pb
10-24 21:41:40.841 592 592 I libdisplaycolor: load binary calibration data successfully /vendor/etc/display_colordata_dev_cal0.pb
10-24 21:41:40.841 592 592 I libdisplaycolor: ver: 1.0.1
10-24 21:41:40.841 592 592 I libdisplaycolor: panel serial: a11a0630151094
10-24 21:41:40.841 592 592 I libdisplaycolor: description: generated by offline tool
10-24 21:41:40.841 592 592 I libdisplaycolor: sw_build: N/A
10-24 21:41:40.842 592 592 I libdisplaycolor: calib adpt data load from pb successfully
10-24 21:41:40.842 592 592 I libdisplaycolor: loading /vendor/etc/display_colordata_samsung-s6e3hc3_cal0.pb
10-24 21:41:40.842 592 592 E libdisplaycolor: failed to get input binary /vendor/etc/display_colordata_samsung-s6e3hc3_cal0.pb
10-24 21:41:40.842 592 592 E libdisplaycolor: failed to load /vendor/etc/display_colordata_samsung-s6e3hc3_cal0.txt
10-24 21:41:40.842 592 592 E libdisplaycolor: failed to load proto: /vendor/etc/display_colordata_samsung-s6e3hc3_cal0 error: -2
10-24 21:41:40.842 592 592 I libdisplaycolor: no panel color data
10-24 21:41:40.842 592 592 I libdisplaycolor: natural mode enabled for display 0
10-24 21:41:40.842 592 592 I libdisplaycolor: adaptive mode enabled for display 0
10-24 21:41:40.842 592 592 I libdisplaycolor: boost mode enabled for display 0
10-24 21:41:40.842 592 592 I libdisplaycolor: created.
10-24 21:41:40.843 592 592 D hwcomposer: Start HWCService
10-24 21:41:40.843 592 592 I HidlServiceManagement: Registered android.hardware.graphics.composer@2.4::IComposer/default
10-24 21:41:40.843 592 592 I HidlServiceManagement: Removing namespace from process name android.hardware.graphics.composer@2.4-service to composer@2.4-service.
10-24 21:41:40.856 531 531 I hwservicemanager: getTransport: Cannot find entry android.hardware.configstore@1.0::ISurfaceFlingerConfigs/default in either framework or device VINTF manifest.
10-24 21:41:40.859 590 590 I SurfaceFlinger: Using HWComposer service: default
10-24 21:41:40.859 590 590 I SurfaceFlinger: SurfaceFlinger is starting
10-24 21:41:40.859 590 590 I SurfaceFlinger: Enabling backpressure propagation for Client Composition
10-24 21:41:40.863 590 590 I SurfaceFlinger: SurfaceFlinger's main thread ready to run. Initializing graphics H/W...
10-24 21:41:40.863 590 590 D RenderEngine: Threaded RenderEngine with SkiaGL Backend
10-24 21:41:40.953 590 634 D libEGL : loaded /vendor/lib64/egl/libGLES_mali.so
10-24 21:41:40.955 530 530 I servicemanager: Since 'SurfaceFlinger' could not be found, trying to start it as a lazy AIDL service
10-24 21:41:41.003 590 634 D RenderEngine: Background Blurs Enabled
10-24 21:41:41.004 590 634 I RenderEngine: OpenGL ES informations:
10-24 21:41:41.004 590 634 I RenderEngine: vendor : ARM
10-24 21:41:41.004 590 634 I RenderEngine: renderer : Mali-G78
10-24 21:41:41.004 590 634 I RenderEngine: version : OpenGL ES 3.2 v1.r38p1-01eac0.1a610aadd6bd0e3c95c856461c1c5ef1
10-24 21:41:41.004 590 634 I RenderEngine: extensions: GL_EXT_debug_marker GL_ARM_rgba8 GL_ARM_mali_shader_binary GL_OES_depth24 GL_OES_depth_texture GL_OES_depth_texture_cube_map GL_OES_packed_depth_stencil GL_OES_rgb8_rgba8 GL_EXT_read_format_bgra GL_OES_compressed_paletted_texture GL_OES_compressed_ETC1_RGB8_texture GL_OES_standard_derivatives GL_OES_EGL_image GL_OES_EGL_image_external GL_OES_EGL_image_external_essl3 GL_OES_EGL_sync GL_OES_texture_npot GL_OES_vertex_half_float GL_OES_required_internalformat GL_OES_vertex_array_object GL_OES_mapbuffer GL_EXT_texture_format_BGRA8888 GL_EXT_texture_rg GL_EXT_texture_type_2_10_10_10_REV GL_OES_fbo_render_mipmap GL_OES_element_index_uint GL_EXT_shadow_samplers GL_OES_texture_compression_astc GL_KHR_texture_compression_astc_ldr GL_KHR_texture_compression_astc_hdr GL_KHR_texture_compression_astc_sliced_3d GL_EXT_texture_compression_astc_decode_mode GL_EXT_texture_compression_astc_decode_mode_rgb9e5 GL_KHR_debug GL_EXT_occlusion_query_boolean GL_EXT_disjoint_timer_query GL_EXT_blend_minmax GL_EXT_discard_
10-24 21:41:41.004 590 634 I RenderEngine: GL_MAX_TEXTURE_SIZE = 16383
10-24 21:41:41.004 590 634 I RenderEngine: GL_MAX_VIEWPORT_DIMS = 16383
10-24 21:41:41.004 530 530 I servicemanager: Could not find android.hardware.graphics.composer3.IComposer/default in the VINTF manifest.
10-24 21:41:41.010 590 590 I SurfaceFlinger: Connecting HAL display 0
10-24 21:41:41.010 592 592 D display : PrimaryDisplay: edid_property is supported but blob is not valid
10-24 21:41:41.010 592 592 D display : using Display Fake Edid
10-24 21:41:41.010 592 592 D display : PrimaryDisplay: edid_property is supported but blob is not valid
10-24 21:41:41.010 592 592 D display : using Display Fake Edid
10-24 21:41:41.010 590 590 I HWComposer: Switching to generalized multi-display mode
10-24 21:41:41.010 590 590 W DisplayIdentification: Invalid EDID: model year or manufacture year cannot be in the range [0x0, 0xf].
10-24 21:41:41.010 592 592 D display : PrimaryDisplay display config[0] 1440x3120x60:: id(35), clock(298620), flags(0), type(72)
10-24 21:41:41.010 592 592 D display : h_display(1440), h_sync_start(1520), h_sync_end(1544), h_total(1580), h_skew(0)
10-24 21:41:41.010 592 592 D display : v_display(3120), v_sync_start(3132), v_sync_end(3136), v_total(3150), v_scan(0), v_refresh(60.000000)
10-24 21:41:41.010 592 592 D display : PrimaryDisplay display config[1] 1440x3120x120:: id(36), clock(597240), flags(0), type(64)
10-24 21:41:41.010 592 592 D display : h_display(1440), h_sync_start(1520), h_sync_end(1544), h_total(1580), h_skew(0)
10-24 21:41:41.010 592 592 D display : v_display(3120), v_sync_start(3132), v_sync_end(3136), v_total(3150), v_scan(0), v_refresh(120.000000)
10-24 21:41:41.010 592 592 D display : PrimaryDisplay display config[2] 1080x2340x120:: id(37), clock(346968), flags(0), type(64)
10-24 21:41:41.010 592 592 D display : h_display(1080), h_sync_start(1160), h_sync_end(1184), h_total(1220), h_skew(0)
10-24 21:41:41.010 592 592 D display : v_display(2340), v_sync_start(2352), v_sync_end(2356), v_total(2370), v_scan(0), v_refresh(120.000000)
10-24 21:41:41.010 592 592 D display : PrimaryDisplay display config[3] 1080x2340x60:: id(38), clock(173484), flags(0), type(64)
10-24 21:41:41.010 592 592 D display : h_display(1080), h_sync_start(1160), h_sync_end(1184), h_total(1220), h_skew(0)
10-24 21:41:41.010 592 592 D display : v_display(2340), v_sync_start(2352), v_sync_end(2356), v_total(2370), v_scan(0), v_refresh(60.000000)
10-24 21:41:41.010 592 592 D display : config group(0), w(1440), h(3120), vsync(16666667), xdpi(515154), ydpi(511277)
10-24 21:41:41.010 592 592 D display : config group(0), w(1440), h(3120), vsync(8333333), xdpi(515154), ydpi(511277)
10-24 21:41:41.010 592 592 D display : config group(1), w(1080), h(2340), vsync(8333333), xdpi(386366), ydpi(383458)
10-24 21:41:41.010 592 592 D display : config group(1), w(1080), h(2340), vsync(16666667), xdpi(386366), ydpi(383458)
10-24 21:41:41.011 592 592 D display : getColorModes: size(3)
10-24 21:41:41.011 592 592 D display : getColorModes: size(3)
10-24 21:41:41.011 592 592 D display : mode[0] 0
10-24 21:41:41.011 592 592 D display : mode[1] 7
10-24 21:41:41.011 592 592 D display : mode[2] 9
10-24 21:41:41.011 592 592 D hwcomposer: exynos_getRenderIntents:: mode(0)
10-24 21:41:41.011 592 592 D display : getRenderIntents, size(3)
10-24 21:41:41.011 592 592 D display : intent num(1)
10-24 21:41:41.011 592 592 D hwcomposer: exynos_getRenderIntents:: mode(0)
10-24 21:41:41.011 592 592 D display : getRenderIntents, size(3)
10-24 21:41:41.011 592 592 D display : intent[0] 0
10-24 21:41:41.011 592 592 D hwcomposer: exynos_getRenderIntents:: mode(7)
10-24 21:41:41.011 592 592 D display : getRenderIntents, size(3)
10-24 21:41:41.011 592 592 D display : intent num(3)
10-24 21:41:41.011 592 592 D hwcomposer: exynos_getRenderIntents:: mode(7)
10-24 21:41:41.011 592 592 D display : getRenderIntents, size(3)
10-24 21:41:41.011 592 592 D display : intent[0] 0
10-24 21:41:41.011 592 592 D display : intent[1] 1
10-24 21:41:41.011 592 592 D display : intent[2] 256
10-24 21:41:41.011 592 592 D hwcomposer: exynos_getRenderIntents:: mode(9)
10-24 21:41:41.011 592 592 D display : getRenderIntents, size(3)
10-24 21:41:41.011 592 592 D display : intent num(3)
10-24 21:41:41.011 592 592 D hwcomposer: exynos_getRenderIntents:: mode(9)
10-24 21:41:41.011 592 592 D display : getRenderIntents, size(3)
10-24 21:41:41.011 592 592 D display : intent[0] 0
10-24 21:41:41.011 592 592 D display : intent[1] 1
10-24 21:41:41.011 592 592 D display : intent[2] 256
10-24 21:41:41.011 592 592 I display : PrimaryDisplay: get hdrCapabilities info max_luminance(8000000), max_avg_luminance(1200000), min_luminance(5), hdr_formats(0xc)
10-24 21:41:41.011 592 592 I display : PrimaryDisplay: mHdrTypes size(3), maxLuminance(800.000000), maxAverageLuminance(120.000000), minLuminance(0.000500)
10-24 21:41:41.011 531 531 I hwservicemanager: getTransport: Cannot find entry android.hardware.configstore@1.1::ISurfaceFlingerConfigs/default in either framework or device VINTF manifest.
10-24 21:41:41.013 531 531 I hwservicemanager: getTransport: Cannot find entry android.hardware.graphics.allocator@4.0::IAllocator/default in either framework or device VINTF manifest.
10-24 21:41:41.013 530 530 I servicemanager: Found android.hardware.graphics.allocator.IAllocator/default in device VINTF manifest.
10-24 21:41:41.014 591 598 I DMABUFHEAPS: Using DMA-BUF heap named: system-uncached
10-24 21:41:41.015 591 598 I DMABUFHEAPS: Using DMA-BUF heap named: system
10-24 21:41:41.019 592 592 D hwcomposer: exynos_setColorModeWithRenderIntent:: mode(7), intent(0)
10-24 21:41:41.019 592 592 D display : setColorModeWithRenderIntent: mode(7), intent(0)
10-24 21:41:41.019 590 709 W EventThread: Ignoring VSYNC request while display is disconnected
10-24 21:41:41.019 590 709 W EventThread: Ignoring VSYNC request while display is disconnected
10-24 21:41:41.019 590 708 W SurfaceFlinger: Failed to set thread name on dispatch thread
10-24 21:41:41.019 590 708 W Scheduler: No mode changed params found, not dispatching cached mode.
10-24 21:41:41.020 590 710 W EventThread: Ignoring VSYNC request while display is disconnected
10-24 21:41:41.020 590 710 W EventThread: Ignoring VSYNC request while display is disconnected
10-24 21:41:41.020 590 590 I SurfaceFlinger: Dispatching display hotplug event displayId=4619827677550801152, connected=1
10-24 21:41:41.020 590 709 W EventThread: Ignoring VSYNC request while display is disconnected
10-24 21:41:41.020 590 709 W EventThread: Ignoring VSYNC request while display is disconnected
10-24 21:41:41.020 590 713 W SurfaceFlinger: Failed to set thread name on dispatch thread
10-24 21:41:41.021 530 530 I BpBinder: onLastStrongRef automatically unlinking death recipients:
10-24 21:41:41.021 587 587 D BootAnimation: BootAnimationStartTiming start time: 2397ms
10-24 21:41:41.021 587 587 D BootAnimation: BootAnimationPreloadTiming start time: 2397ms
10-24 21:41:41.021 590 590 I HidlServiceManagement: Registered android.frameworks.displayservice@1.0::IDisplayService/default
10-24 21:41:41.021 590 590 D SurfaceFlinger: Setting power mode 2 on display 4619827677550801152
10-24 21:41:41.021 590 590 I SurfaceFlinger: Active display is 4619827677550801152
10-24 21:41:41.023 587 587 D BootAnimation: /product/media/bootanimation-dark.zip is loaded successfully
10-24 21:41:41.028 592 592 D display : setPowerMode:: FBIOBLANK mode(2), blank(0)
10-24 21:41:41.028 592 592 I display : Fail to access `/mnt/vendor/persist/display/gamma_calib_data_samsung-s6e3hc3_a70814271a1f0e.cal` (No such file or directory), try golden gamma calibration
10-24 21:41:41.028 592 592 W display : Unable to open gamma calibration '/mnt/vendor/persist/display/gamma_calib_data_samsung-s6e3hc3.cal', error = No such file or directory
10-24 21:41:41.028 592 592 I display : getDisplayIdleTimerEnabled() get panel_idle(1) from the sysfs node
10-24 21:41:41.028 592 592 I display : setDisplayNeedHandleIdleExit() writes panel_need_handle_idle_exit(0) to sysfs node
10-24 21:41:41.028 590 590 D SurfaceFlinger: Finished setting power mode 2 on display 4619827677550801152
10-24 21:41:41.067 587 587 D BootAnimation: BootAnimationPreloadStopTiming start time: 2443ms
10-24 21:41:41.068 592 592 D display : getColorModes: size(3)
10-24 21:41:41.068 592 592 D display : getColorModes: size(3)
10-24 21:41:41.068 592 592 D display : mode[0] 0
10-24 21:41:41.068 592 592 D display : mode[1] 7
10-24 21:41:41.068 592 592 D display : mode[2] 9
10-24 21:41:41.076 587 721 D libEGL : loaded /vendor/lib64/egl/libGLES_mali.so
10-24 21:41:41.116 587 721 I BootAnimation: Dynamically coloring boot animation. Sysprops loaded? 0
10-24 21:41:41.116 587 721 D BootAnimation: BootAnimationShownTiming start time: 2492ms
10-24 21:41:41.116 587 721 D BootAnimation: Playing files = /product/media/bootanimation-dark.zip/part0, Requested repeat = 1, playUntilComplete = true
10-24 21:41:41.119 531 531 I hwservicemanager: getTransport: Cannot find entry android.hardware.graphics.allocator@4.0::IAllocator/default in either framework or device VINTF manifest.
10-24 21:41:41.119 530 530 I servicemanager: Found android.hardware.graphics.allocator.IAllocator/default in device VINTF manifest.
10-24 21:41:41.139 590 590 I SurfaceFlinger: Enter boot animation
10-24 21:41:41.139 592 592 D hwcomposer: exynos_setColorModeWithRenderIntent:: mode(7), intent(1)
10-24 21:41:41.314 578 584 D libnos_transport: Calling App 0 with params 0x0200
10-24 21:41:41.318 578 584 D libnos_transport: App 0 inspection status=0x00000000 reply_len=0 protocol=1 flags=0x0000
10-24 21:41:41.318 578 584 D libnos_transport: Send app 0 command data (0 bytes)
10-24 21:41:41.318 578 584 D libnos_transport: Send app 0 go command 0x00000200
10-24 21:41:41.318 578 584 D libnos_transport: Polling app 0
10-24 21:41:41.321 578 584 D libnos_transport: App 0 poll=16 status=0x00000000 reply_len=0 flags=0x0001
10-24 21:41:41.323 574 604 W keystore2: keystore2::watchdog: ### Keystore Watchdog report - BEGIN ###
10-24 21:41:41.323 574 604 W keystore2: keystore2::watchdog: When extracting from a bug report, please include this header
10-24 21:41:41.323 574 604 W keystore2: keystore2::watchdog: and all 1 records below.
10-24 21:41:41.323 574 604 W keystore2: keystore2::watchdog: ThreadId(6) IKeystoreSecurityLevel::createOperation Pending: 500.134115ms Overdue 134.928┬╡s: SecurityLevel SecurityLevel(1)
10-24 21:41:41.323 574 604 W keystore2: keystore2::watchdog: ### Keystore Watchdog report - END ###
10-24 21:41:41.324 578 584 D libnos_transport: App 0 poll=32 status=0x00000000 reply_len=0 flags=0x0001
10-24 21:41:41.327 578 584 D libnos_transport: App 0 poll=48 status=0x00000000 reply_len=0 flags=0x0001
10-24 21:41:41.330 578 584 D libnos_transport: App 0 poll=64 status=0x00000000 reply_len=0 flags=0x0001
10-24 21:41:41.333 578 584 D libnos_transport: App 0 poll=80 status=0x00000000 reply_len=0 flags=0x0001
10-24 21:41:41.336 578 584 D libnos_transport: App 0 poll=96 status=0x00000000 reply_len=0 flags=0x0001
10-24 21:41:41.338 578 584 D libnos_transport: App 0 poll=112 status=0x00000000 reply_len=0 flags=0x0001
10-24 21:41:41.341 578 584 D libnos_transport: App 0 poll=128 status=0x00000000 reply_len=0 flags=0x0001
10-24 21:41:41.344 578 584 D libnos_transport: App 0 poll=144 status=0x00000000 reply_len=0 flags=0x0001
10-24 21:41:41.346 578 584 D libnos_transport: App 0 polled=155 status=0x80000000 reply_len=92 flags=0x0000
10-24 21:41:41.346 578 584 D libnos_transport: Read app 0 reply data (92 bytes)
10-24 21:41:41.346 578 584 D libnos_transport: App 0 returning 0x0
10-24 21:41:41.347 578 584 D libnos_transport: Calling App 0 with params 0x0007
10-24 21:41:41.347 578 584 D libnos_transport: App 0 inspection status=0x00000000 reply_len=0 protocol=1 flags=0x0000
10-24 21:41:41.347 578 584 D libnos_transport: Send app 0 command data (1024 bytes)
10-24 21:41:41.348 578 584 D libnos_transport: Send app 0 go command 0x00000007
10-24 21:41:41.348 578 584 D libnos_transport: Polling app 0
10-24 21:41:41.349 578 584 D libnos_transport: App 0 polled=7 status=0x80000000 reply_len=203 flags=0x0000
10-24 21:41:41.349 578 584 D libnos_transport: Read app 0 reply data (203 bytes)
10-24 21:41:41.350 578 584 D libnos_transport: App 0 returning 0x0
10-24 21:41:41.350 578 584 W citadeld: IStats service is not ready yet/drop atom
10-24 21:41:41.760 572 572 W ServiceManager: Waited one second for android.system.suspend.ISystemSuspend/default (is service started? are binder threads started and available?)
10-24 21:41:41.761 530 530 I BpBinder: onLastStrongRef automatically unlinking death recipients:
10-24 21:41:41.762 572 572 D storageproxyd: UNIT ATTENTION with sense data: key=6, asc=41, ascq=0
10-24 21:41:41.768 0 0 I trusty : hwkey_srv: 552: committed=5/00000***/00000*** running=5/00000***/00000*** time=***ns
10-24 21:41:41.770 578 586 W ServiceManager: Waited one second for android.frameworks.stats.IStats/default (is service started? are binder threads started and available?)
10-24 21:41:41.770 572 572 E storageproxyd: storage_file_open: Could not create parent directory "/data/vendor/ss/alternate": No such file or directory
10-24 21:41:41.770 530 530 I servicemanager: Since 'android.frameworks.stats.IStats/default' could not be found, trying to start it as a lazy AIDL service
10-24 21:41:41.772 0 0 I trusty : int fs_init_from_super(struct fs *, const struct super_block *, fs_init_flags32_t):584: loaded super block version 2
10-24 21:41:41.773 578 588 D libnos_transport: Calling App 2 with params 0x0013
10-24 21:41:41.773 578 588 D libnos_transport: App 2 inspection status=0x00000000 reply_len=0 protocol=1 flags=0x0000
10-24 21:41:41.773 578 588 D libnos_transport: Send app 2 command data (0 bytes)
10-24 21:41:41.773 578 588 D libnos_transport: Send app 2 go command 0x00020013
10-24 21:41:41.773 578 588 D libnos_transport: Polling app 2
10-24 21:41:41.774 578 588 D libnos_transport: App 2 polled=2 status=0x80000000 reply_len=70 flags=0x0000
10-24 21:41:41.774 578 588 D libnos_transport: Read app 2 reply data (70 bytes)
10-24 21:41:41.776 578 588 D libnos_transport: App 2 returning 0x0
10-24 21:41:41.776 550 550 D vold : Mounting metadata-encrypted filesystem:/data
10-24 21:41:41.776 550 550 I vold : [libfs_mgr]Set readahead_kb: 128 on /sys/class/block/dm-42/queue/read_ahead_kb
10-24 21:41:41.776 550 550 I vold : [libfs_mgr]Set readahead_kb: 128 on /sys/class/block/sda27/../queue/read_ahead_kb
10-24 21:41:41.777 0 0 I trusty : system_state_server: 294: trusty=0/0/0 prov=0/0/1/0/0 app=0/0 roll=0/0/0/0
10-24 21:41:41.777 578 588 D libnos_transport: Calling App 2 with params 0x0014
10-24 21:41:41.777 578 588 D libnos_transport: App 2 inspection status=0x00000000 reply_len=0 protocol=1 flags=0x0000
10-24 21:41:41.777 578 588 D libnos_transport: Send app 2 command data (106 bytes)
10-24 21:41:41.777 550 550 I vold : [libfs_mgr]Running /system/bin/fsck.f2fs -a -c 10000 --debug-cache /dev/block/dm-42
