10-24 21:41:47.739 1637 1915 I InputReader: Device added: id=2, eventHubId=4, name='goodix_fingerprint', descriptor='b7b9c5afc0b05e8bbf15d2ca5b330d3bc3d421d4',sources=KEYBOARD
10-24 21:41:47.739 1637 1915 I InputReader: Device added: id=3, eventHubId=3, name='gpio_keys', descriptor='485d69228e24f5e46da1598745890b214130dbc4',sources=KEYBOARD
10-24 21:41:47.740 1637 1915 I InputReader: Touch device 'sec_touchscreen' could not query the properties of its associated display. The device will be inoperable until the display size becomes available.
10-24 21:41:47.740 1637 1915 I InputReader: Device added: id=4, eventHubId=1, name='sec_touchscreen', descriptor='0fa9d3d0d40f7f5b316320876742e00ad5eb1ba9',sources=KEYBOARD | TOUCHSCREEN
10-24 21:41:47.740 1637 1769 D PinnerService: pinRangeStream: null
10-24 21:41:47.741 1323 1323 I TrickyStore: teeBroken=false
10-24 21:41:47.744 1637 1769 D PinnerService: pinRangeStream: null
10-24 21:41:47.744 1637 1637 I WindowManager: SAFE MODE not enabled
10-24 21:41:47.744 1637 1637 D SystemServerTiming: StartInputMethodManagerLifecycle
10-24 21:41:47.744 1637 1637 I SystemServiceManager: Starting com.android.server.inputmethod.InputMethodManagerService$Lifecycle
10-24 21:41:47.744 1637 1769 D PinnerService: pinRangeStream: null
10-24 21:41:47.745 1637 1769 D PinnerService: pinRangeStream: null
10-24 21:41:47.747 1637 1637 D SystemServerTiming: StartAccessibilityManagerService
10-24 21:41:47.747 1323 1323 I TrickyStore: trying to inject keystore ...
10-24 21:41:47.747 1637 1637 I SystemServiceManager: Starting com.android.server.accessibility.AccessibilityManagerService$Lifecycle
10-24 21:41:47.747 1323 1323 I TrickyStore: injecting /data/adb/modules/tricky_store/libtricky_store.so and calling entry in 574
10-24 21:41:47.747 1637 1769 D PinnerService: pinRangeStream: null
10-24 21:41:47.747 1637 1769 D PinnerService: pinRangeStream: null
10-24 21:41:47.751 587 721 D BootAnimation: Playing files = /product/media/bootanimation-dark.zip/part2, Requested repeat = 180, playUntilComplete = false
10-24 21:41:47.760 1637 1637 D SystemServerTiming: MakeDisplayReady
10-24 21:41:47.762 1323 1323 E TrickyStore: send to remote failed with 13: Permission denied
10-24 21:41:47.762 1323 1323 E TrickyStore: setregs failed with 3: No such process
10-24 21:41:47.762 1323 1323 E TrickyStore: failed to set regs
10-24 21:41:47.762 1323 1323 E TrickyStore: failed to inject! daemon exit
10-24 21:41:47.760 1323 1323 W main : type=1400 audit(0.0:38): avc: denied { sendto } for path=0032304930303030303030305867303030 scontext=u:object_r:system_file:s0 tcontext=u:r:keystore:s0 tclass=unix_dgram_socket permissive=0
10-24 21:41:47.763 1637 1637 I ActivityTaskManager: Config changes=20005df8 {1.0 ?mcc?mnc [en_US] ldltr sw411dp w411dp h850dp 560dpi nrml long port ?uimode ?night -touch -keyb/v/h -nav/h winConfig={ mBounds=Rect(0, 0 - 1440, 3120) mAppBounds=Rect(0, 145 - 1440, 3120) mMaxBounds=Rect(0, 0 - 1440, 3120) mDisplayRotation=ROTATION_0 mWindowingMode=fullscreen mDisplayWindowingMode=fullscreen mActivityType=undefined mAlwaysOnTop=undefined mRotation=ROTATION_0} s.2 ?fontWeightAdjustment}
10-24 21:41:47.765 1637 1637 I WindowManager: Override config changes=60007dfc {1.0 ?mcc?mnc [en_US] ldltr sw411dp w411dp h850dp 560dpi nrml long port ?uimode ?night -touch -keyb/v/h -nav/h winConfig={ mBounds=Rect(0, 0 - 1440, 3120) mAppBounds=Rect(0, 145 - 1440, 3120) mMaxBounds=Rect(0, 0 - 1440, 3120) mDisplayRotation=ROTATION_0 mWindowingMode=fullscreen mDisplayWindowingMode=fullscreen mActivityType=undefined mAlwaysOnTop=undefined mRotation=ROTATION_0} s.2 ?fontWeightAdjustment} for displayId=0
10-24 21:41:47.768 587 721 D BootAnimation: Playing files = /product/media/bootanimation-dark.zip/part2, Requested repeat = 180, playUntilComplete = false
10-24 21:41:47.768 1323 1323 I TrickyStore: System.exit called, status: 1
10-24 21:41:47.768 1323 1323 I AndroidRuntime: VM exiting with result code 1.
10-24 21:41:47.769 1637 1637 I ActivityTaskManager: Config changes=8 {1.0 ?mcc?mnc [en_US] ldltr sw411dp w411dp h850dp 560dpi nrml long port ?uimode ?night finger -keyb/v/h -nav/h winConfig={ mBounds=Rect(0, 0 - 1440, 3120) mAppBounds=Rect(0, 145 - 1440, 3120) mMaxBounds=Rect(0, 0 - 1440, 3120) mDisplayRotation=ROTATION_0 mWindowingMode=fullscreen mDisplayWindowingMode=fullscreen mActivityType=undefined mAlwaysOnTop=undefined mRotation=ROTATION_0} s.4 ?fontWeightAdjustment}
10-24 21:41:47.771 1637 1637 I WindowManager: Override config changes=8 {1.0 ?mcc?mnc [en_US] ldltr sw411dp w411dp h850dp 560dpi nrml long port ?uimode ?night finger -keyb/v/h -nav/h winConfig={ mBounds=Rect(0, 0 - 1440, 3120) mAppBounds=Rect(0, 145 - 1440, 3120) mMaxBounds=Rect(0, 0 - 1440, 3120) mDisplayRotation=ROTATION_0 mWindowingMode=fullscreen mDisplayWindowingMode=fullscreen mActivityType=undefined mAlwaysOnTop=undefined mRotation=ROTATION_0} s.4 ?fontWeightAdjustment} for displayId=0
10-24 21:41:47.772 1637 1761 I InputManager-JNI: Viewport [0] to add: local:4619827677550801152, isActive: false
10-24 21:41:47.772 1637 1637 D SystemServerTiming: StartStorageManagerService
10-24 21:41:47.772 1637 1915 I InputReader: Reconfiguring input devices, changes=DISPLAY_INFO |
10-24 21:41:47.773 1637 1637 I SystemServiceManager: Starting com.android.server.StorageManagerService$Lifecycle
10-24 21:41:47.773 1637 1915 I InputReader: Disabling sec_touchscreen (device 4) because the associated viewport is not active
10-24 21:41:47.773 1637 1915 I InputReader: Device reconfigured: id=4, name='sec_touchscreen', size 1440x3120, orientation 0, mode 0, display id 0
10-24 21:41:47.781 1920 1920 I tflite : Initialized TensorFlow Lite runtime.
10-24 21:41:47.781 1637 1769 D PinnerService: pinRangeStream: null
10-24 21:41:47.782 1920 1920 W libc : Access denied finding property "ro.mediatek.platform"
10-24 21:41:47.782 1920 1920 W libc : Access denied finding property "ro.chipname"
10-24 21:41:47.782 1920 1920 W libc : Access denied finding property "ro.hardware.chipname"
10-24 21:41:47.782 1637 1769 D PinnerService: pinRangeStream: null
10-24 21:41:47.782 1637 1769 D PinnerService: pinRangeStream: null
10-24 21:41:47.784 1920 1920 I tflite : Created TensorFlow Lite XNNPACK delegate for CPU.
10-24 21:41:47.784 1920 1920 I tflite : Replacing 25 node(s) with delegate (TfLiteXNNPackDelegate) node, yielding 12 partitions.
10-24 21:41:47.785 1194 1874 D installd: Found quota mount /dev/block/dm-42 at /data
10-24 21:41:47.785 1194 1874 D installd: Found quota mount /dev/block/dm-42 at /data/user/0
10-24 21:41:47.785 587 721 D BootAnimation: Playing files = /product/media/bootanimation-dark.zip/part2, Requested repeat = 180, playUntilComplete = false
10-24 21:41:47.786 1637 1769 D PinnerService: pinRangeStream: null
10-24 21:41:47.786 1920 1920 I native : I0000 00:00:1729820507.786343 1920 tf_lite_classifier.cc:160] Updated screen dimensions: (3120, 1440)
10-24 21:41:47.786 1920 1920 E InputProcessorHAL: Could not load model from /vendor/etc/input_classifier_model_ext.pb
10-24 21:41:47.786 1920 1920 E InputProcessorHAL: The classifier at /vendor/etc/input_classifier_model_ext.pb could not be loaded
10-24 21:41:47.786 1920 1929 I InputProcessorHAL: Updating deep touch models to new resolution 1440x3120@120
10-24 21:41:47.786 1920 1929 I native : I0000 00:00:1729820507.786814 1929 tf_lite_classifier.cc:160] Updated screen dimensions: (3120, 1440)
10-24 21:41:47.786 1194 1874 D installd: Found quota mount /dev/block/dm-42 at /product/app/MicropaperPrebuilt/MicropaperPrebuilt.apk
10-24 21:41:47.787 530 530 I servicemanager: Found android.hardware.input.processor.IInputProcessor/default in device VINTF manifest.
10-24 21:41:47.787 530 530 I BpBinder: onLastStrongRef automatically unlinking death recipients:
10-24 21:41:47.787 1194 1874 D installd: Found quota mount /dev/block/dm-42 at /product/etc/default-permissions/pixelify.xml
10-24 21:41:47.787 1194 1874 D installd: Found quota mount /dev/block/dm-42 at /product/etc/permissions/com.google.android.apps.dialer.call_recording_audio.xml
10-24 21:41:47.787 1194 1874 D installd: Found quota mount /dev/block/dm-42 at /product/etc/permissions/com.google.android.dialer.support.xml
10-24 21:41:47.788 1194 1874 D installd: Found quota mount /dev/block/dm-42 at /product/etc/permissions/privapp-permissions-com.google.android.apps.privacy.wildlife.xml
10-24 21:41:47.788 1194 1874 D installd: Found quota mount /dev/block/dm-42 at /product/etc/permissions/privapp-permissions-com.google.android.apps.weather.xml
10-24 21:41:47.788 1194 1874 D installd: Found quota mount /dev/block/dm-42 at /product/etc/permissions/privapp-permissions-com.google.android.dialer.xml
10-24 21:41:47.788 1194 1874 D installd: Found quota mount /dev/block/dm-42 at /product/etc/permissions/split-permissions-google.xml
10-24 21:41:47.788 1194 1874 D installd: Found quota mount /dev/block/dm-42 at /product/etc/sysconfig/GoogleCamera_6gb_or_more_ram.xml
10-24 21:41:47.788 1194 1874 D installd: Found quota mount /dev/block/dm-42 at /product/etc/sysconfig/adaptivecharging.xml
10-24 21:41:47.788 1194 1874 D installd: Found quota mount /dev/block/dm-42 at /product/etc/sysconfig/com.google.lens.feature.CAMERA_INTEGRATION.xml
10-24 21:41:47.788 1194 1874 D installd: Found quota mount /dev/block/dm-42 at /product/etc/sysconfig/dreamliner.xml
10-24 21:41:47.788 1194 1874 D installd: Found quota mount /dev/block/dm-42 at /product/etc/sysconfig/game_service.xml
10-24 21:41:47.788 1194 1874 D installd: Found quota mount /dev/block/dm-42 at /product/etc/sysconfig/google-hiddenapi-package-whitelist.xml
10-24 21:41:47.788 1194 1874 D installd: Found quota mount /dev/block/dm-42 at /product/etc/sysconfig/google_build.xml
10-24 21:41:47.788 1194 1874 D installd: Found quota mount /dev/block/dm-42 at /product/etc/sysconfig/pixel_2016_exclusive.xml
10-24 21:41:47.788 1194 1874 D installd: Found quota mount /dev/block/dm-42 at /product/etc/sysconfig/pixel_2017_exclusive.xml
10-24 21:41:47.788 1194 1874 D installd: Found quota mount /dev/block/dm-42 at /product/etc/sysconfig/pixel_2018_exclusive.xml
10-24 21:41:47.788 1194 1874 D installd: Found quota mount /dev/block/dm-42 at /product/etc/sysconfig/pixel_2019_exclusive.xml
10-24 21:41:47.788 1194 1874 D installd: Found quota mount /dev/block/dm-42 at /product/etc/sysconfig/pixel_experience_2017.xml
10-24 21:41:47.788 1194 1874 D installd: Found quota mount /dev/block/dm-42 at /product/etc/sysconfig/pixel_experience_2018.xml
10-24 21:41:47.789 1194 1874 D installd: Found quota mount /dev/block/dm-42 at /product/etc/sysconfig/pixel_experience_2019.xml
10-24 21:41:47.789 1194 1874 D installd: Found quota mount /dev/block/dm-42 at /product/etc/sysconfig/pixel_experience_2019_midyear.xml
10-24 21:41:47.789 1194 1874 D installd: Found quota mount /dev/block/dm-42 at /product/etc/sysconfig/pixel_experience_2020.xml
10-24 21:41:47.789 1194 1874 D installd: Found quota mount /dev/block/dm-42 at /product/etc/sysconfig/pixel_experience_2020_midyear.xml
10-24 21:41:47.789 1194 1874 D installd: Found quota mount /dev/block/dm-42 at /product/etc/sysconfig/pixel_experience_2021.xml
10-24 21:41:47.789 1194 1874 D installd: Found quota mount /dev/block/dm-42 at /product/etc/sysconfig/pixel_experience_2021_midyear.xml
10-24 21:41:47.789 1194 1874 D installd: Found quota mount /dev/block/dm-42 at /product/etc/sysconfig/pixel_experience_2022.xml
10-24 21:41:47.789 1194 1874 D installd: Found quota mount /dev/block/dm-42 at /product/etc/sysconfig/pixel_experience_2022_midyear.xml
10-24 21:41:47.789 1194 1874 D installd: Found quota mount /dev/block/dm-42 at /product/etc/sysconfig/pixel_experience_2023.xml
10-24 21:41:47.789 1194 1874 D installd: Found quota mount /dev/block/dm-42 at /product/etc/sysconfig/pixel_experience_2023_midyear.xml
10-24 21:41:47.789 1194 1874 D installd: Found quota mount /dev/block/dm-42 at /product/etc/sysconfig/pixelify-whitelist.xml
10-24 21:41:47.789 1194 1874 D installd: Found quota mount /dev/block/dm-42 at /product/etc/sysconfig/pixelify_experience.xml
10-24 21:41:47.789 1194 1874 D installd: Found quota mount /dev/block/dm-42 at /product/etc/sysconfig/preinstalled-packages-pixelify-overlays.xml
10-24 21:41:47.789 1194 1874 D installd: Found quota mount /dev/block/dm-42 at /product/etc/sysconfig/preinstalled-packages-platform-overlays.xml
10-24 21:41:47.789 1194 1874 D installd: Found quota mount /dev/block/dm-42 at /product/etc/sysconfig/preinstalled-packages-product-pixelify.xml
10-24 21:41:47.789 1194 1874 D installd: Found quota mount /dev/block/dm-42 at /product/etc/sysconfig/quick_tap.xml
10-24 21:41:47.789 1194 1874 D installd: Found quota mount /dev/block/dm-42 at /product/etc/sysconfig/sysconfig_com.google.android.as.xml
10-24 21:41:47.789 1194 1874 D installd: Found quota mount /dev/block/dm-42 at /product/framework/com.google.android.dialer.support.jar
10-24 21:41:47.789 1194 1874 D installd: Found quota mount /dev/block/dm-42 at /product/media/audio/alarms/A_real_hoot.ogg
10-24 21:41:47.789 1194 1874 D installd: Found quota mount /dev/block/dm-42 at /product/media/audio/alarms/Bright_morning.ogg
10-24 21:41:47.789 1194 1874 D installd: Found quota mount /dev/block/dm-42 at /product/media/audio/alarms/Cuckoo_clock.ogg
10-24 21:41:47.789 1194 1874 D installd: Found quota mount /dev/block/dm-42 at /product/media/audio/alarms/Early_twilight.ogg
10-24 21:41:47.789 1194 1874 D installd: Found quota mount /dev/block/dm-42 at /product/media/audio/alarms/Fresh_start.ogg
10-24 21:41:47.789 1194 1874 D installd: Found quota mount /dev/block/dm-42 at /product/media/audio/alarms/Full_of_wonder.ogg
10-24 21:41:47.789 1194 1874 D installd: Found quota mount /dev/block/dm-42 at /product/media/audio/alarms/Gentle_breeze.ogg
10-24 21:41:47.789 1194 1874 D installd: Found quota mount /dev/block/dm-42 at /product/media/audio/alarms/Icicles.ogg
10-24 21:41:47.790 1194 1874 D installd: Found quota mount /dev/block/dm-42 at /product/media/audio/alarms/Jump_start.ogg
10-24 21:41:47.790 1194 1874 D installd: Found quota mount /dev/block/dm-42 at /product/media/audio/alarms/Loose_change.ogg
10-24 21:41:47.790 1194 1874 D installd: Found quota mount /dev/block/dm-42 at /product/media/audio/alarms/Rolling_fog.ogg
10-24 21:41:47.790 1194 1874 D installd: Found quota mount /dev/block/dm-42 at /product/media/audio/alarms/Spokes.ogg
10-24 21:41:47.790 1194 1874 D installd: Found quota mount /dev/block/dm-42 at /product/media/audio/alarms/Sunshower.ogg
10-24 21:41:47.790 1194 1874 D installd: Found quota mount /dev/block/dm-42 at /product/media/audio/notifications/Beginning.ogg
10-24 21:41:47.790 1194 1874 D installd: Found quota mount /dev/block/dm-42 at /product/media/audio/notifications/Coconuts.ogg
10-24 21:41:47.790 1194 1874 D installd: Found quota mount /dev/block/dm-42 at /product/media/audio/notifications/Duet.ogg
10-24 21:41:47.790 1194 1874 D installd: Found quota mount /dev/block/dm-42 at /product/media/audio/notifications/End_note.ogg
10-24 21:41:47.790 1194 1874 D installd: Found quota mount /dev/block/dm-42 at /product/media/audio/notifications/Eureka.ogg
10-24 21:41:47.790 1194 1874 D installd: Found quota mount /dev/block/dm-42 at /product/media/audio/notifications/Gentle_gong.ogg
10-24 21:41:47.790 1194 1874 D installd: Found quota mount /dev/block/dm-42 at /product/media/audio/notifications/Mallet.ogg
10-24 21:41:47.790 1194 1874 D installd: Found quota mount /dev/block/dm-42 at /product/media/audio/notifications/Orders_up.ogg
10-24 21:41:47.790 1194 1874 D installd: Found quota mount /dev/block/dm-42 at /product/media/audio/notifications/Ping.ogg
10-24 21:41:47.790 1194 1874 D installd: Found quota mount /dev/block/dm-42 at /product/media/audio/notifications/Pipes.ogg
10-24 21:41:47.790 1194 1874 D installd: Found quota mount /dev/block/dm-42 at /product/media/audio/notifications/Popcorn.ogg
10-24 21:41:47.790 1194 1874 D installd: Found quota mount /dev/block/dm-42 at /product/media/audio/notifications/Shopkeeper.ogg
10-24 21:41:47.790 1194 1874 D installd: Found quota mount /dev/block/dm-42 at /product/media/audio/notifications/Sticks_and_stones.ogg
10-24 21:41:47.790 1194 1874 D installd: Found quota mount /dev/block/dm-42 at /product/media/audio/notifications/Tuneup.ogg
10-24 21:41:47.790 1194 1874 D installd: Found quota mount /dev/block/dm-42 at /product/media/audio/notifications/Tweeter.ogg
10-24 21:41:47.790 1194 1874 D installd: Found quota mount /dev/block/dm-42 at /product/media/audio/notifications/Twinkle.ogg
10-24 21:41:47.790 1194 1874 D installd: Found quota mount /dev/block/dm-42 at /product/media/audio/ringtones/Copycat.ogg
10-24 21:41:47.790 1194 1874 D installd: Found quota mount /dev/block/dm-42 at /product/media/audio/ringtones/Crackle.ogg
10-24 21:41:47.790 1194 1874 D installd: Found quota mount /dev/block/dm-42 at /product/media/audio/ringtones/Flutterby.ogg
10-24 21:41:47.790 1194 1874 D installd: Found quota mount /dev/block/dm-42 at /product/media/audio/ringtones/Hotline.ogg
10-24 21:41:47.790 1194 1874 D installd: Found quota mount /dev/block/dm-42 at /product/media/audio/ringtones/Leaps_and_bounds.ogg
10-24 21:41:47.790 1194 1874 D installd: Found quota mount /dev/block/dm-42 at /product/media/audio/ringtones/Lollipop.ogg
10-24 21:41:47.790 1194 1874 D installd: Found quota mount /dev/block/dm-42 at /product/media/audio/ringtones/Lost_and_found.ogg
10-24 21:41:47.791 1194 1874 D installd: Found quota mount /dev/block/dm-42 at /product/media/audio/ringtones/Mash_up.ogg
10-24 21:41:47.791 1194 1874 D installd: Found quota mount /dev/block/dm-42 at /product/media/audio/ringtones/Monkey_around.ogg
10-24 21:41:47.791 1194 1874 D installd: Found quota mount /dev/block/dm-42 at /product/media/audio/ringtones/Schools_out.ogg
10-24 21:41:47.791 1194 1874 D installd: Found quota mount /dev/block/dm-42 at /product/media/audio/ringtones/The_big_adventure.ogg
10-24 21:41:47.791 1194 1874 D installd: Found quota mount /dev/block/dm-42 at /product/media/audio/ringtones/Your_new_adventure.ogg
10-24 21:41:47.791 1194 1874 D installd: Found quota mount /dev/block/dm-42 at /product/media/audio/ringtones/Zen_too.ogg
10-24 21:41:47.791 1194 1874 D installd: Found quota mount /dev/block/dm-42 at /product/media/audio/ui/AttentionalHaptics.ogg
10-24 21:41:47.791 1194 1874 D installd: Found quota mount /dev/block/dm-42 at /product/media/audio/ui/ChargingStarted.ogg
10-24 21:41:47.791 1194 1874 D installd: Found quota mount /dev/block/dm-42 at /product/media/audio/ui/Dock.ogg
10-24 21:41:47.791 1194 1874 D installd: Found quota mount /dev/block/dm-42 at /product/media/audio/ui/Effect_Tick.ogg
10-24 21:41:47.791 1194 1874 D installd: Found quota mount /dev/block/dm-42 at /product/media/audio/ui/InCallNotification.ogg
10-24 21:41:47.791 1194 1874 D installd: Found quota mount /dev/block/dm-42 at /product/media/audio/ui/KeypressDelete.ogg
10-24 21:41:47.791 1194 1874 D installd: Found quota mount /dev/block/dm-42 at /product/media/audio/ui/KeypressInvalid.ogg
10-24 21:41:47.791 1194 1874 D installd: Found quota mount /dev/block/dm-42 at /product/media/audio/ui/KeypressReturn.ogg
10-24 21:41:47.791 1194 1874 D installd: Found quota mount /dev/block/dm-42 at /product/media/audio/ui/KeypressSpacebar.ogg
10-24 21:41:47.791 1194 1874 D installd: Found quota mount /dev/block/dm-42 at /product/media/audio/ui/KeypressStandard.ogg
10-24 21:41:47.791 1194 1874 D installd: Found quota mount /dev/block/dm-42 at /product/media/audio/ui/Lock.ogg
10-24 21:41:47.791 1194 1874 D installd: Found quota mount /dev/block/dm-42 at /product/media/audio/ui/LowBattery.ogg
10-24 21:41:47.791 1194 1874 D installd: Found quota mount /dev/block/dm-42 at /product/media/audio/ui/NFCFailure.ogg
10-24 21:41:47.791 1194 1874 D installd: Found quota mount /dev/block/dm-42 at /product/media/audio/ui/NFCInitiated.ogg
10-24 21:41:47.791 1194 1874 D installd: Found quota mount /dev/block/dm-42 at /product/media/audio/ui/NFCSuccess.ogg
10-24 21:41:47.791 1194 1874 D installd: Found quota mount /dev/block/dm-42 at /product/media/audio/ui/NFCTransferComplete.ogg
10-24 21:41:47.791 1194 1874 D installd: Found quota mount /dev/block/dm-42 at /product/media/audio/ui/NFCTransferInitiated.ogg
10-24 21:41:47.791 1194 1874 D installd: Found quota mount /dev/block/dm-42 at /product/media/audio/ui/Trusted.ogg
10-24 21:41:47.791 1194 1874 D installd: Found quota mount /dev/block/dm-42 at /product/media/audio/ui/Undock.ogg
10-24 21:41:47.791 1194 1874 D installd: Found quota mount /dev/block/dm-42 at /product/media/audio/ui/Unlock.ogg
10-24 21:41:47.792 1194 1874 D installd: Found quota mount /dev/block/dm-42 at /product/media/audio/ui/VideoRecord.ogg
10-24 21:41:47.792 1194 1874 D installd: Found quota mount /dev/block/dm-42 at /product/media/audio/ui/VideoStop.ogg
10-24 21:41:47.792 1194 1874 D installd: Found quota mount /dev/block/dm-42 at /product/media/audio/ui/WirelessChargingStarted.ogg
10-24 21:41:47.792 1194 1874 D installd: Found quota mount /dev/block/dm-42 at /product/media/audio/ui/audio_end.ogg
10-24 21:41:47.792 1194 1874 D installd: Found quota mount /dev/block/dm-42 at /product/media/audio/ui/audio_initiate.ogg
10-24 21:41:47.792 1194 1874 D installd: Found quota mount /dev/block/dm-42 at /product/media/audio/ui/camera_click.ogg
10-24 21:41:47.792 1194 1874 D installd: Found quota mount /dev/block/dm-42 at /product/media/audio/ui/camera_focus.ogg
10-24 21:41:47.792 1194 1874 D installd: Found quota mount /dev/block/dm-42 at /product/media/audio/ui/reverse_charging_end.ogg
10-24 21:41:47.792 1194 1874 D installd: Found quota mount /dev/block/dm-42 at /product/media/audio/ui/reverse_charging_start.ogg
10-24 21:41:47.792 1194 1874 D installd: Found quota mount /dev/block/dm-42 at /product/overlay/OneHandedModeGesturalOverlay/OneHandedModeGesturalOverlay.apk
10-24 21:41:47.793 1194 1874 D installd: Found quota mount /dev/block/dm-42 at /product/overlay/Pixelify.apk
10-24 21:41:47.793 1194 1874 D installd: Found quota mount /dev/block/dm-42 at /product/overlay/PixelifyDialer.apk
10-24 21:41:47.793 1194 1874 D installd: Found quota mount /dev/block/dm-42 at /product/overlay/PixelifyPixelS.apk
10-24 21:41:47.793 1194 1874 D installd: Found quota mount /dev/block/dm-42 at /product/overlay/PixelifySettingsOverlay.apk
10-24 21:41:47.793 1194 1874 D installd: Found quota mount /dev/block/dm-42 at /product/overlay/WildlifeSettingsVpnOverlay2022.apk
10-24 21:41:47.793 1194 1874 D installd: Found quota mount /dev/block/dm-42 at /product/overlay/WildlifeSysuiVpnOverlay2022.apk
10-24 21:41:47.793 1194 1874 D installd: Found quota mount /dev/block/dm-42 at /product/priv-app/AdaptiveVPNPrebuilt/AdaptiveVPNPrebuilt.apk
10-24 21:41:47.796 1194 1874 D installd: Found quota mount /dev/block/dm-42 at /product/priv-app/WeatherPixelPrebuilt/WeatherPixelPrebuilt.apk
10-24 21:41:47.796 1194 1874 D installd: Found quota mount /dev/block/dm-42 at /system/bin/curl
10-24 21:41:47.797 1194 1874 D installd: Found quota mount /dev/block/dm-42 at /system/bin/fp
10-24 21:41:47.797 1194 1874 D installd: Found quota mount /dev/block/dm-42 at /system/bin/pixelify
10-24 21:41:47.802 587 721 D BootAnimation: Playing files = /product/media/bootanimation-dark.zip/part2, Requested repeat = 180, playUntilComplete = false
10-24 21:41:47.802 1194 1874 D installd: Found quota mount /dev/block/dm-42 at /system/etc/sysconfig/pixel_2017_exclusive.xml
10-24 21:41:47.802 1194 1874 D installd: Found quota mount /dev/block/dm-42 at /system/etc/sysconfig/pixel_2018_exclusive.xml
10-24 21:41:47.802 1194 1874 D installd: Found quota mount /dev/block/dm-42 at /system/etc/sysconfig/pixel_2019_exclusive.xml
10-24 21:41:47.802 1194 1874 D installd: Found quota mount /dev/block/dm-42 at /system/etc/textclassifier/actions_suggestions.universal.model
10-24 21:41:47.802 1194 1874 D installd: Found quota mount /dev/block/dm-42 at /system/etc/textclassifier/lang_id.model
10-24 21:41:47.802 1194 1874 D installd: Found quota mount /dev/block/dm-42 at /system/etc/textclassifier/textclassifier.en.model
10-24 21:41:47.802 1194 1874 D installd: Found quota mount /dev/block/dm-42 at /system/etc/textclassifier/textclassifier.universal.model
10-24 21:41:47.803 1194 1874 D installd: Found quota mount /dev/block/dm-42 at /system/fonts/GInterVF-Italic.ttf
10-24 21:41:47.803 1194 1874 D installd: Found quota mount /dev/block/dm-42 at /system/fonts/GInterVF-Roman.ttf
10-24 21:41:47.803 1194 1874 D installd: Found quota mount /dev/block/dm-42 at /system/fonts/GoogleSans-Italic.ttf
10-24 21:41:47.803 1194 1874 D installd: Found quota mount /dev/block/dm-42 at /system/fonts/GoogleSans-Regular.ttf
10-24 21:41:47.804 1637 1769 D PinnerService: pinRangeStream: null
10-24 21:41:47.804 1637 1769 D PinnerService: pinRangeStream: null
10-24 21:41:47.805 1194 1874 D installd: Found quota mount /dev/block/dm-42 at /vendor/etc/permissions/android.hardware.camera.ar.xml
10-24 21:41:47.808 1637 1769 D PinnerService: pinRangeStream: null
10-24 21:41:47.818 587 721 D BootAnimation: Playing files = /product/media/bootanimation-dark.zip/part2, Requested repeat = 180, playUntilComplete = false
10-24 21:41:47.823 1637 1926 D StorageManagerService: Thinking about init, mBootCompleted=false, mDaemonConnected=true
10-24 21:41:47.823 1637 1926 D StorageManagerService: Thinking about reset, mBootCompleted=false, mDaemonConnected=true
10-24 21:41:47.823 1637 1926 D StorageManagerService: Thinking about init, mBootCompleted=false, mDaemonConnected=true
10-24 21:41:47.823 1637 1926 D StorageManagerService: Thinking about reset, mBootCompleted=false, mDaemonConnected=true
10-24 21:41:47.823 1637 1637 W SystemServiceManager: Service com.android.server.StorageManagerService$Lifecycle took 51 ms in onStart
10-24 21:41:47.823 1637 1637 D SystemServerTiming: StartStorageStatsService
10-24 21:41:47.823 1637 1637 I SystemServiceManager: Starting com.android.server.usage.StorageStatsService$Lifecycle
10-24 21:41:47.826 972 972 D nativeloader: Load libmedia_jni.so using system ns (caller=/system/framework/framework.jar!classes2.dex): ok
10-24 21:41:47.826 972 972 D MtpDeviceJNI: register_android_mtp_MtpDevice
10-24 21:41:47.828 1194 1874 D installd: Found quota mount /dev/block/dm-42 at /data
10-24 21:41:47.828 1194 1874 D installd: Found quota mount /dev/block/dm-42 at /data/user/0
10-24 21:41:47.828 1194 1874 D installd: Found quota mount /dev/block/dm-42 at /product/app/MicropaperPrebuilt/MicropaperPrebuilt.apk
10-24 21:41:47.829 1194 1874 D installd: Found quota mount /dev/block/dm-42 at /product/etc/default-permissions/pixelify.xml
10-24 21:41:47.829 1194 1874 D installd: Found quota mount /dev/block/dm-42 at /product/etc/permissions/com.google.android.apps.dialer.call_recording_audio.xml
10-24 21:41:47.829 1194 1874 D installd: Found quota mount /dev/block/dm-42 at /product/etc/permissions/com.google.android.dialer.support.xml
10-24 21:41:47.829 1194 1874 D installd: Found quota mount /dev/block/dm-42 at /product/etc/permissions/privapp-permissions-com.google.android.apps.privacy.wildlife.xml
10-24 21:41:47.829 1194 1874 D installd: Found quota mount /dev/block/dm-42 at /product/etc/permissions/privapp-permissions-com.google.android.apps.weather.xml
10-24 21:41:47.829 1194 1874 D installd: Found quota mount /dev/block/dm-42 at /product/etc/permissions/privapp-permissions-com.google.android.dialer.xml
10-24 21:41:47.829 1194 1874 D installd: Found quota mount /dev/block/dm-42 at /product/etc/permissions/split-permissions-google.xml
10-24 21:41:47.829 1194 1874 D installd: Found quota mount /dev/block/dm-42 at /product/etc/sysconfig/GoogleCamera_6gb_or_more_ram.xml
10-24 21:41:47.829 1194 1874 D installd: Found quota mount /dev/block/dm-42 at /product/etc/sysconfig/adaptivecharging.xml
10-24 21:41:47.829 1194 1874 D installd: Found quota mount /dev/block/dm-42 at /product/etc/sysconfig/com.google.lens.feature.CAMERA_INTEGRATION.xml
10-24 21:41:47.829 1194 1874 D installd: Found quota mount /dev/block/dm-42 at /product/etc/sysconfig/dreamliner.xml
10-24 21:41:47.829 1194 1874 D installd: Found quota mount /dev/block/dm-42 at /product/etc/sysconfig/game_service.xml
10-24 21:41:47.829 1194 1874 D installd: Found quota mount /dev/block/dm-42 at /product/etc/sysconfig/google-hiddenapi-package-whitelist.xml
10-24 21:41:47.829 1194 1874 D installd: Found quota mount /dev/block/dm-42 at /product/etc/sysconfig/google_build.xml
10-24 21:41:47.829 1194 1874 D installd: Found quota mount /dev/block/dm-42 at /product/etc/sysconfig/pixel_2016_exclusive.xml
10-24 21:41:47.829 1194 1874 D installd: Found quota mount /dev/block/dm-42 at /product/etc/sysconfig/pixel_2017_exclusive.xml
10-24 21:41:47.829 1194 1874 D installd: Found quota mount /dev/block/dm-42 at /product/etc/sysconfig/pixel_2018_exclusive.xml
10-24 21:41:47.829 1194 1874 D installd: Found quota mount /dev/block/dm-42 at /product/etc/sysconfig/pixel_2019_exclusive.xml
10-24 21:41:47.829 1194 1874 D installd: Found quota mount /dev/block/dm-42 at /product/etc/sysconfig/pixel_experience_2017.xml
10-24 21:41:47.829 1194 1874 D installd: Found quota mount /dev/block/dm-42 at /product/etc/sysconfig/pixel_experience_2018.xml
10-24 21:41:47.829 1194 1874 D installd: Found quota mount /dev/block/dm-42 at /product/etc/sysconfig/pixel_experience_2019.xml
10-24 21:41:47.829 1194 1874 D installd: Found quota mount /dev/block/dm-42 at /product/etc/sysconfig/pixel_experience_2019_midyear.xml
10-24 21:41:47.829 1194 1874 D installd: Found quota mount /dev/block/dm-42 at /product/etc/sysconfig/pixel_experience_2020.xml
10-24 21:41:47.829 1194 1874 D installd: Found quota mount /dev/block/dm-42 at /product/etc/sysconfig/pixel_experience_2020_midyear.xml
10-24 21:41:47.829 1194 1874 D installd: Found quota mount /dev/block/dm-42 at /product/etc/sysconfig/pixel_experience_2021.xml
10-24 21:41:47.829 1194 1874 D installd: Found quota mount /dev/block/dm-42 at /product/etc/sysconfig/pixel_experience_2021_midyear.xml
10-24 21:41:47.829 1194 1874 D installd: Found quota mount /dev/block/dm-42 at /product/etc/sysconfig/pixel_experience_2022.xml
10-24 21:41:47.829 1194 1874 D installd: Found quota mount /dev/block/dm-42 at /product/etc/sysconfig/pixel_experience_2022_midyear.xml
10-24 21:41:47.829 1194 1874 D installd: Found quota mount /dev/block/dm-42 at /product/etc/sysconfig/pixel_experience_2023.xml
10-24 21:41:47.829 1194 1874 D installd: Found quota mount /dev/block/dm-42 at /product/etc/sysconfig/pixel_experience_2023_midyear.xml
10-24 21:41:47.829 1194 1874 D installd: Found quota mount /dev/block/dm-42 at /product/etc/sysconfig/pixelify-whitelist.xml
10-24 21:41:47.829 1194 1874 D installd: Found quota mount /dev/block/dm-42 at /product/etc/sysconfig/pixelify_experience.xml
10-24 21:41:47.829 1194 1874 D installd: Found quota mount /dev/block/dm-42 at /product/etc/sysconfig/preinstalled-packages-pixelify-overlays.xml
10-24 21:41:47.829 1194 1874 D installd: Found quota mount /dev/block/dm-42 at /product/etc/sysconfig/preinstalled-packages-platform-overlays.xml
10-24 21:41:47.829 1194 1874 D installd: Found quota mount /dev/block/dm-42 at /product/etc/sysconfig/preinstalled-packages-product-pixelify.xml
10-24 21:41:47.829 1194 1874 D installd: Found quota mount /dev/block/dm-42 at /product/etc/sysconfig/quick_tap.xml
10-24 21:41:47.829 1194 1874 D installd: Found quota mount /dev/block/dm-42 at /product/etc/sysconfig/sysconfig_com.google.android.as.xml
10-24 21:41:47.829 1194 1874 D installd: Found quota mount /dev/block/dm-42 at /product/framework/com.google.android.dialer.support.jar
10-24 21:41:47.829 1194 1874 D installd: Found quota mount /dev/block/dm-42 at /product/media/audio/alarms/A_real_hoot.ogg
10-24 21:41:47.829 1194 1874 D installd: Found quota mount /dev/block/dm-42 at /product/media/audio/alarms/Bright_morning.ogg
10-24 21:41:47.829 1194 1874 D installd: Found quota mount /dev/block/dm-42 at /product/media/audio/alarms/Cuckoo_clock.ogg
10-24 21:41:47.829 1194 1874 D installd: Found quota mount /dev/block/dm-42 at /product/media/audio/alarms/Early_twilight.ogg
10-24 21:41:47.829 1194 1874 D installd: Found quota mount /dev/block/dm-42 at /product/media/audio/alarms/Fresh_start.ogg
10-24 21:41:47.829 1194 1874 D installd: Found quota mount /dev/block/dm-42 at /product/media/audio/alarms/Full_of_wonder.ogg
10-24 21:41:47.829 1194 1874 D installd: Found quota mount /dev/block/dm-42 at /product/media/audio/alarms/Gentle_breeze.ogg
10-24 21:41:47.829 1194 1874 D installd: Found quota mount /dev/block/dm-42 at /product/media/audio/alarms/Icicles.ogg
10-24 21:41:47.829 1194 1874 D installd: Found quota mount /dev/block/dm-42 at /product/media/audio/alarms/Jump_start.ogg
10-24 21:41:47.829 1194 1874 D installd: Found quota mount /dev/block/dm-42 at /product/media/audio/alarms/Loose_change.ogg
10-24 21:41:47.829 1194 1874 D installd: Found quota mount /dev/block/dm-42 at /product/media/audio/alarms/Rolling_fog.ogg
10-24 21:41:47.829 1194 1874 D installd: Found quota mount /dev/block/dm-42 at /product/media/audio/alarms/Spokes.ogg
10-24 21:41:47.829 1194 1874 D installd: Found quota mount /dev/block/dm-42 at /product/media/audio/alarms/Sunshower.ogg
10-24 21:41:47.829 1194 1874 D installd: Found quota mount /dev/block/dm-42 at /product/media/audio/notifications/Beginning.ogg
10-24 21:41:47.829 1194 1874 D installd: Found quota mount /dev/block/dm-42 at /product/media/audio/notifications/Coconuts.ogg
10-24 21:41:47.829 1194 1874 D installd: Found quota mount /dev/block/dm-42 at /product/media/audio/notifications/Duet.ogg
10-24 21:41:47.829 1194 1874 D installd: Found quota mount /dev/block/dm-42 at /product/media/audio/notifications/End_note.ogg
10-24 21:41:47.829 1194 1874 D installd: Found quota mount /dev/block/dm-42 at /product/media/audio/notifications/Eureka.ogg
10-24 21:41:47.829 1194 1874 D installd: Found quota mount /dev/block/dm-42 at /product/media/audio/notifications/Gentle_gong.ogg
10-24 21:41:47.829 1194 1874 D installd: Found quota mount /dev/block/dm-42 at /product/media/audio/notifications/Mallet.ogg
10-24 21:41:47.829 1194 1874 D installd: Found quota mount /dev/block/dm-42 at /product/media/audio/notifications/Orders_up.ogg
10-24 21:41:47.829 1194 1874 D installd: Found quota mount /dev/block/dm-42 at /product/media/audio/notifications/Ping.ogg
10-24 21:41:47.829 1194 1874 D installd: Found quota mount /dev/block/dm-42 at /product/media/audio/notifications/Pipes.ogg
10-24 21:41:47.829 1194 1874 D installd: Found quota mount /dev/block/dm-42 at /product/media/audio/notifications/Popcorn.ogg
10-24 21:41:47.829 1194 1874 D installd: Found quota mount /dev/block/dm-42 at /product/media/audio/notifications/Shopkeeper.ogg
10-24 21:41:47.829 1194 1874 D installd: Found quota mount /dev/block/dm-42 at /product/media/audio/notifications/Sticks_and_stones.ogg
10-24 21:41:47.829 1194 1874 D installd: Found quota mount /dev/block/dm-42 at /product/media/audio/notifications/Tuneup.ogg
10-24 21:41:47.829 1194 1874 D installd: Found quota mount /dev/block/dm-42 at /product/media/audio/notifications/Tweeter.ogg
10-24 21:41:47.829 1194 1874 D installd: Found quota mount /dev/block/dm-42 at /product/media/audio/notifications/Twinkle.ogg
10-24 21:41:47.829 1194 1874 D installd: Found quota mount /dev/block/dm-42 at /product/media/audio/ringtones/Copycat.ogg
10-24 21:41:47.829 1194 1874 D installd: Found quota mount /dev/block/dm-42 at /product/media/audio/ringtones/Crackle.ogg
10-24 21:41:47.829 1194 1874 D installd: Found quota mount /dev/block/dm-42 at /product/media/audio/ringtones/Flutterby.ogg
10-24 21:41:47.829 1194 1874 D installd: Found quota mount /dev/block/dm-42 at /product/media/audio/ringtones/Hotline.ogg
10-24 21:41:47.829 1194 1874 D installd: Found quota mount /dev/block/dm-42 at /product/media/audio/ringtones/Leaps_and_bounds.ogg
10-24 21:41:47.829 1194 1874 D installd: Found quota mount /dev/block/dm-42 at /product/media/audio/ringtones/Lollipop.ogg
10-24 21:41:47.829 1194 1874 D installd: Found quota mount /dev/block/dm-42 at /product/media/audio/ringtones/Lost_and_found.ogg
10-24 21:41:47.829 1194 1874 D installd: Found quota mount /dev/block/dm-42 at /product/media/audio/ringtones/Mash_up.ogg
10-24 21:41:47.829 1194 1874 D installd: Found quota mount /dev/block/dm-42 at /product/media/audio/ringtones/Monkey_around.ogg
10-24 21:41:47.829 1194 1874 D installd: Found quota mount /dev/block/dm-42 at /product/media/audio/ringtones/Schools_out.ogg
10-24 21:41:47.829 1194 1874 D installd: Found quota mount /dev/block/dm-42 at /product/media/audio/ringtones/The_big_adventure.ogg
10-24 21:41:47.829 1194 1874 D installd: Found quota mount /dev/block/dm-42 at /product/media/audio/ringtones/Your_new_adventure.ogg
10-24 21:41:47.829 1194 1874 D installd: Found quota mount /dev/block/dm-42 at /product/media/audio/ringtones/Zen_too.ogg
10-24 21:41:47.829 1194 1874 D installd: Found quota mount /dev/block/dm-42 at /product/media/audio/ui/AttentionalHaptics.ogg
10-24 21:41:47.829 1194 1874 D installd: Found quota mount /dev/block/dm-42 at /product/media/audio/ui/ChargingStarted.ogg
10-24 21:41:47.829 1194 1874 D installd: Found quota mount /dev/block/dm-42 at /product/media/audio/ui/Dock.ogg
10-24 21:41:47.829 1194 1874 D installd: Found quota mount /dev/block/dm-42 at /product/media/audio/ui/Effect_Tick.ogg
10-24 21:41:47.829 1194 1874 D installd: Found quota mount /dev/block/dm-42 at /product/media/audio/ui/InCallNotification.ogg
10-24 21:41:47.829 1194 1874 D installd: Found quota mount /dev/block/dm-42 at /product/media/audio/ui/KeypressDelete.ogg
10-24 21:41:47.829 1194 1874 D installd: Found quota mount /dev/block/dm-42 at /product/media/audio/ui/KeypressInvalid.ogg
10-24 21:41:47.829 1194 1874 D installd: Found quota mount /dev/block/dm-42 at /product/media/audio/ui/KeypressReturn.ogg
10-24 21:41:47.829 1194 1874 D installd: Found quota mount /dev/block/dm-42 at /product/media/audio/ui/KeypressSpacebar.ogg
10-24 21:41:47.829 1194 1874 D installd: Found quota mount /dev/block/dm-42 at /product/media/audio/ui/KeypressStandard.ogg
10-24 21:41:47.829 1194 1874 D installd: Found quota mount /dev/block/dm-42 at /product/media/audio/ui/Lock.ogg
10-24 21:41:47.829 1194 1874 D installd: Found quota mount /dev/block/dm-42 at /product/media/audio/ui/LowBattery.ogg
10-24 21:41:47.829 1194 1874 D installd: Found quota mount /dev/block/dm-42 at /product/media/audio/ui/NFCFailure.ogg
10-24 21:41:47.829 1194 1874 D installd: Found quota mount /dev/block/dm-42 at /product/media/audio/ui/NFCInitiated.ogg
10-24 21:41:47.829 1194 1874 D installd: Found quota mount /dev/block/dm-42 at /product/media/audio/ui/NFCSuccess.ogg
10-24 21:41:47.829 1194 1874 D installd: Found quota mount /dev/block/dm-42 at /product/media/audio/ui/NFCTransferComplete.ogg
10-24 21:41:47.829 1194 1874 D installd: Found quota mount /dev/block/dm-42 at /product/media/audio/ui/NFCTransferInitiated.ogg
10-24 21:41:47.829 1194 1874 D installd: Found quota mount /dev/block/dm-42 at /product/media/audio/ui/Trusted.ogg
10-24 21:41:47.829 1194 1874 D installd: Found quota mount /dev/block/dm-42 at /product/media/audio/ui/Undock.ogg
10-24 21:41:47.829 1194 1874 D installd: Found quota mount /dev/block/dm-42 at /product/media/audio/ui/Unlock.ogg
10-24 21:41:47.829 1194 1874 D installd: Found quota mount /dev/block/dm-42 at /product/media/audio/ui/VideoRecord.ogg
10-24 21:41:47.830 1194 1874 D installd: Found quota mount /dev/block/dm-42 at /product/media/audio/ui/VideoStop.ogg
10-24 21:41:47.830 1194 1874 D installd: Found quota mount /dev/block/dm-42 at /product/media/audio/ui/WirelessChargingStarted.ogg
10-24 21:41:47.830 1194 1874 D installd: Found quota mount /dev/block/dm-42 at /product/media/audio/ui/audio_end.ogg
10-24 21:41:47.830 1194 1874 D installd: Found quota mount /dev/block/dm-42 at /product/media/audio/ui/audio_initiate.ogg
10-24 21:41:47.830 1194 1874 D installd: Found quota mount /dev/block/dm-42 at /product/media/audio/ui/camera_click.ogg
10-24 21:41:47.830 1194 1874 D installd: Found quota mount /dev/block/dm-42 at /product/media/audio/ui/camera_focus.ogg
10-24 21:41:47.830 1194 1874 D installd: Found quota mount /dev/block/dm-42 at /product/media/audio/ui/reverse_charging_end.ogg
10-24 21:41:47.830 1194 1874 D installd: Found quota mount /dev/block/dm-42 at /product/media/audio/ui/reverse_charging_start.ogg
10-24 21:41:47.830 1194 1874 D installd: Found quota mount /dev/block/dm-42 at /product/overlay/OneHandedModeGesturalOverlay/OneHandedModeGesturalOverlay.apk
10-24 21:41:47.830 1194 1874 D installd: Found quota mount /dev/block/dm-42 at /product/overlay/Pixelify.apk
10-24 21:41:47.830 1194 1874 D installd: Found quota mount /dev/block/dm-42 at /product/overlay/PixelifyDialer.apk
10-24 21:41:47.830 1194 1874 D installd: Found quota mount /dev/block/dm-42 at /product/overlay/PixelifyPixelS.apk
10-24 21:41:47.830 1194 1874 D installd: Found quota mount /dev/block/dm-42 at /product/overlay/PixelifySettingsOverlay.apk
10-24 21:41:47.830 1194 1874 D installd: Found quota mount /dev/block/dm-42 at /product/overlay/WildlifeSettingsVpnOverlay2022.apk
10-24 21:41:47.830 1194 1874 D installd: Found quota mount /dev/block/dm-42 at /product/overlay/WildlifeSysuiVpnOverlay2022.apk
10-24 21:41:47.830 1194 1874 D installd: Found quota mount /dev/block/dm-42 at /product/priv-app/AdaptiveVPNPrebuilt/AdaptiveVPNPrebuilt.apk
10-24 21:41:47.831 1194 1874 D installd: Found quota mount /dev/block/dm-42 at /product/priv-app/WeatherPixelPrebuilt/WeatherPixelPrebuilt.apk
10-24 21:41:47.831 1194 1874 D installd: Found quota mount /dev/block/dm-42 at /system/bin/curl
10-24 21:41:47.831 1194 1874 D installd: Found quota mount /dev/block/dm-42 at /system/bin/fp
10-24 21:41:47.831 1194 1874 D installd: Found quota mount /dev/block/dm-42 at /system/bin/pixelify
10-24 21:41:47.831 972 972 D nativeloader: Load libsoundpool.so using system ns (caller=/system/framework/framework.jar!classes2.dex): ok
10-24 21:41:47.832 1194 1874 D installd: Found quota mount /dev/block/dm-42 at /system/etc/sysconfig/pixel_2017_exclusive.xml
10-24 21:41:47.832 1194 1874 D installd: Found quota mount /dev/block/dm-42 at /system/etc/sysconfig/pixel_2018_exclusive.xml
10-24 21:41:47.832 1194 1874 D installd: Found quota mount /dev/block/dm-42 at /system/etc/sysconfig/pixel_2019_exclusive.xml
10-24 21:41:47.832 1194 1874 D installd: Found quota mount /dev/block/dm-42 at /system/etc/textclassifier/actions_suggestions.universal.model
10-24 21:41:47.832 1194 1874 D installd: Found quota mount /dev/block/dm-42 at /system/etc/textclassifier/lang_id.model
10-24 21:41:47.832 1194 1874 D installd: Found quota mount /dev/block/dm-42 at /system/etc/textclassifier/textclassifier.en.model
10-24 21:41:47.832 1194 1874 D installd: Found quota mount /dev/block/dm-42 at /system/etc/textclassifier/textclassifier.universal.model
10-24 21:41:47.832 1194 1874 D installd: Found quota mount /dev/block/dm-42 at /system/fonts/GInterVF-Italic.ttf
10-24 21:41:47.832 1194 1874 D installd: Found quota mount /dev/block/dm-42 at /system/fonts/GInterVF-Roman.ttf
10-24 21:41:47.832 1194 1874 D installd: Found quota mount /dev/block/dm-42 at /system/fonts/GoogleSans-Italic.ttf
10-24 21:41:47.832 1194 1874 D installd: Found quota mount /dev/block/dm-42 at /system/fonts/GoogleSans-Regular.ttf
10-24 21:41:47.833 1194 1874 D installd: Found quota mount /dev/block/dm-42 at /vendor/etc/permissions/android.hardware.camera.ar.xml
10-24 21:41:47.833 972 972 D nativeloader: Load libaudioeffect_jni.so using system ns (caller=/system/framework/framework.jar!classes2.dex): ok
10-24 21:41:47.835 587 721 D BootAnimation: Playing files = /product/media/bootanimation-dark.zip/part2, Requested repeat = 180, playUntilComplete = false
10-24 21:41:47.836 1194 1874 D installd: Found quota mount /dev/block/dm-42 at /data
10-24 21:41:47.836 1194 1874 D installd: Found quota mount /dev/block/dm-42 at /data/user/0
10-24 21:41:47.837 1194 1874 D installd: Found quota mount /dev/block/dm-42 at /product/app/MicropaperPrebuilt/MicropaperPrebuilt.apk
10-24 21:41:47.837 1194 1874 D installd: Found quota mount /dev/block/dm-42 at /product/etc/default-permissions/pixelify.xml
10-24 21:41:47.837 1194 1874 D installd: Found quota mount /dev/block/dm-42 at /product/etc/permissions/com.google.android.apps.dialer.call_recording_audio.xml
10-24 21:41:47.837 1194 1874 D installd: Found quota mount /dev/block/dm-42 at /product/etc/permissions/com.google.android.dialer.support.xml
10-24 21:41:47.837 1194 1874 D installd: Found quota mount /dev/block/dm-42 at /product/etc/permissions/privapp-permissions-com.google.android.apps.privacy.wildlife.xml
10-24 21:41:47.837 1194 1874 D installd: Found quota mount /dev/block/dm-42 at /product/etc/permissions/privapp-permissions-com.google.android.apps.weather.xml
10-24 21:41:47.837 1194 1874 D installd: Found quota mount /dev/block/dm-42 at /product/etc/permissions/privapp-permissions-com.google.android.dialer.xml
10-24 21:41:47.837 1194 1874 D installd: Found quota mount /dev/block/dm-42 at /product/etc/permissions/split-permissions-google.xml
10-24 21:41:47.837 1194 1874 D installd: Found quota mount /dev/block/dm-42 at /product/etc/sysconfig/GoogleCamera_6gb_or_more_ram.xml
10-24 21:41:47.837 1194 1874 D installd: Found quota mount /dev/block/dm-42 at /product/etc/sysconfig/adaptivecharging.xml
10-24 21:41:47.837 1194 1874 D installd: Found quota mount /dev/block/dm-42 at /product/etc/sysconfig/com.google.lens.feature.CAMERA_INTEGRATION.xml
10-24 21:41:47.837 1194 1874 D installd: Found quota mount /dev/block/dm-42 at /product/etc/sysconfig/dreamliner.xml
10-24 21:41:47.837 1194 1874 D installd: Found quota mount /dev/block/dm-42 at /product/etc/sysconfig/game_service.xml
10-24 21:41:47.837 1194 1874 D installd: Found quota mount /dev/block/dm-42 at /product/etc/sysconfig/google-hiddenapi-package-whitelist.xml
10-24 21:41:47.837 1194 1874 D installd: Found quota mount /dev/block/dm-42 at /product/etc/sysconfig/google_build.xml
10-24 21:41:47.837 1194 1874 D installd: Found quota mount /dev/block/dm-42 at /product/etc/sysconfig/pixel_2016_exclusive.xml
10-24 21:41:47.837 1194 1874 D installd: Found quota mount /dev/block/dm-42 at /product/etc/sysconfig/pixel_2017_exclusive.xml
10-24 21:41:47.837 1194 1874 D installd: Found quota mount /dev/block/dm-42 at /product/etc/sysconfig/pixel_2018_exclusive.xml
10-24 21:41:47.837 1194 1874 D installd: Found quota mount /dev/block/dm-42 at /product/etc/sysconfig/pixel_2019_exclusive.xml
10-24 21:41:47.837 1194 1874 D installd: Found quota mount /dev/block/dm-42 at /product/etc/sysconfig/pixel_experience_2017.xml
10-24 21:41:47.837 1194 1874 D installd: Found quota mount /dev/block/dm-42 at /product/etc/sysconfig/pixel_experience_2018.xml
10-24 21:41:47.837 1194 1874 D installd: Found quota mount /dev/block/dm-42 at /product/etc/sysconfig/pixel_experience_2019.xml
10-24 21:41:47.837 1194 1874 D installd: Found quota mount /dev/block/dm-42 at /product/etc/sysconfig/pixel_experience_2019_midyear.xml
10-24 21:41:47.837 1194 1874 D installd: Found quota mount /dev/block/dm-42 at /product/etc/sysconfig/pixel_experience_2020.xml
10-24 21:41:47.837 1194 1874 D installd: Found quota mount /dev/block/dm-42 at /product/etc/sysconfig/pixel_experience_2020_midyear.xml
10-24 21:41:47.837 1194 1874 D installd: Found quota mount /dev/block/dm-42 at /product/etc/sysconfig/pixel_experience_2021.xml
10-24 21:41:47.837 1194 1874 D installd: Found quota mount /dev/block/dm-42 at /product/etc/sysconfig/pixel_experience_2021_midyear.xml
10-24 21:41:47.837 1194 1874 D installd: Found quota mount /dev/block/dm-42 at /product/etc/sysconfig/pixel_experience_2022.xml
10-24 21:41:47.837 1194 1874 D installd: Found quota mount /dev/block/dm-42 at /product/etc/sysconfig/pixel_experience_2022_midyear.xml
10-24 21:41:47.837 1194 1874 D installd: Found quota mount /dev/block/dm-42 at /product/etc/sysconfig/pixel_experience_2023.xml
10-24 21:41:47.838 1194 1874 D installd: Found quota mount /dev/block/dm-42 at /product/etc/sysconfig/pixel_experience_2023_midyear.xml
10-24 21:41:47.838 1194 1874 D installd: Found quota mount /dev/block/dm-42 at /product/etc/sysconfig/pixelify-whitelist.xml
10-24 21:41:47.838 1194 1874 D installd: Found quota mount /dev/block/dm-42 at /product/etc/sysconfig/pixelify_experience.xml
10-24 21:41:47.838 1194 1874 D installd: Found quota mount /dev/block/dm-42 at /product/etc/sysconfig/preinstalled-packages-pixelify-overlays.xml
10-24 21:41:47.838 1194 1874 D installd: Found quota mount /dev/block/dm-42 at /product/etc/sysconfig/preinstalled-packages-platform-overlays.xml
10-24 21:41:47.838 1194 1874 D installd: Found quota mount /dev/block/dm-42 at /product/etc/sysconfig/preinstalled-packages-product-pixelify.xml
10-24 21:41:47.838 1194 1874 D installd: Found quota mount /dev/block/dm-42 at /product/etc/sysconfig/quick_tap.xml
10-24 21:41:47.838 1194 1874 D installd: Found quota mount /dev/block/dm-42 at /product/etc/sysconfig/sysconfig_com.google.android.as.xml
10-24 21:41:47.838 1194 1874 D installd: Found quota mount /dev/block/dm-42 at /product/framework/com.google.android.dialer.support.jar
10-24 21:41:47.838 1194 1874 D installd: Found quota mount /dev/block/dm-42 at /product/media/audio/alarms/A_real_hoot.ogg
10-24 21:41:47.838 1194 1874 D installd: Found quota mount /dev/block/dm-42 at /product/media/audio/alarms/Bright_morning.ogg
10-24 21:41:47.838 1194 1874 D installd: Found quota mount /dev/block/dm-42 at /product/media/audio/alarms/Cuckoo_clock.ogg
10-24 21:41:47.838 1194 1874 D installd: Found quota mount /dev/block/dm-42 at /product/media/audio/alarms/Early_twilight.ogg
10-24 21:41:47.838 1194 1874 D installd: Found quota mount /dev/block/dm-42 at /product/media/audio/alarms/Fresh_start.ogg
10-24 21:41:47.838 1194 1874 D installd: Found quota mount /dev/block/dm-42 at /product/media/audio/alarms/Full_of_wonder.ogg
