10-24 21:41:48.734 1637 1637 D SystemServerTiming: OnBootPhase_550_com.android.server.wifi.scanner.WifiScanningService
10-24 21:41:48.734 1637 1637 D SystemServerTiming: OnBootPhase_550_com.android.server.wifi.rtt.RttService
10-24 21:41:48.734 1637 1637 D SystemServerTiming: OnBootPhase_550_com.android.server.wifi.aware.WifiAwareService
10-24 21:41:48.734 1637 1637 D SystemServerTiming: OnBootPhase_550_com.android.server.wifi.p2p.WifiP2pService
10-24 21:41:48.734 1637 1637 D SystemServerTiming: OnBootPhase_550_com.android.server.ConnectivityServiceInitializer
10-24 21:41:48.734 1637 1637 D SystemServerTiming: OnBootPhase_550_com.android.server.notification.NotificationManagerService
10-24 21:41:48.734 1637 1637 D SystemServerTiming: OnBootPhase_550_com.android.server.storage.DeviceStorageMonitorService
10-24 21:41:48.734 1637 1637 D SystemServerTiming: OnBootPhase_550_com.android.server.location.LocationManagerService$Lifecycle
10-24 21:41:48.734 1637 1637 D SystemServerTiming: OnBootPhase_550_com.android.server.timedetector.TimeDetectorService$Lifecycle
10-24 21:41:48.734 1637 1637 D SystemServerTiming: OnBootPhase_550_com.android.server.timezonedetector.TimeZoneDetectorService$Lifecycle
10-24 21:41:48.734 1637 1637 D SystemServerTiming: OnBootPhase_550_com.android.server.timezonedetector.location.LocationTimeZoneManagerService$Lifecycle
10-24 21:41:48.734 1637 1637 D SystemServerTiming: OnBootPhase_550_com.android.server.search.SearchManagerService$Lifecycle
10-24 21:41:48.735 1637 1637 D SystemServerTiming: OnBootPhase_550_com.android.server.wallpaper.WallpaperManagerService$Lifecycle
10-24 21:41:48.735 1637 1637 V WallpaperManagerService: bindWallpaperComponentLocked: componentName=ComponentInfo{com.android.systemui/com.android.systemui.wallpapers.ImageWallpaper}
10-24 21:41:48.735 1637 1637 D WallpaperManagerService: WPMS.bindWallpaperComponentLocked-ComponentInfo{com.android.systemui/com.android.systemui.wallpapers.ImageWallpaper}
10-24 21:41:48.737 1637 1637 D CompatibilityChangeReporter: Compat change id reported: 135634846; UID 10221; state: DISABLED
10-24 21:41:48.737 1637 1637 D CompatibilityChangeReporter: Compat change id reported: 177438394; UID 10221; state: DISABLED
10-24 21:41:48.737 1637 1637 D CompatibilityChangeReporter: Compat change id reported: 135772972; UID 10221; state: DISABLED
10-24 21:41:48.737 1637 1637 D CompatibilityChangeReporter: Compat change id reported: 135754954; UID 10221; state: ENABLED
10-24 21:41:48.738 1637 1637 D SystemServerTiming: OnBootPhase_550_com.android.server.wallpapereffectsgeneration.WallpaperEffectsGenerationManagerService
10-24 21:41:48.738 1637 1637 D SystemServerTiming: OnBootPhase_550_com.android.server.audio.AudioService$Lifecycle
10-24 21:41:48.738 1637 1637 D SystemServerTiming: OnBootPhase_550_com.android.server.soundtrigger_middleware.SoundTriggerMiddlewareService$Lifecycle
10-24 21:41:48.738 1637 1637 D SystemServerTiming: OnBootPhase_550_com.android.server.DockObserver
10-24 21:41:48.738 1637 1637 D SystemServerTiming: OnBootPhase_550_com.android.server.midi.MidiService$Lifecycle
10-24 21:41:48.738 1637 1637 D SystemServerTiming: OnBootPhase_550_com.android.server.adb.AdbService$Lifecycle
10-24 21:41:48.738 1637 1637 D SystemServerTiming: OnBootPhase_550_com.android.server.usb.UsbService$Lifecycle
10-24 21:41:48.738 1637 1637 D SystemServerTiming: OnBootPhase_550_com.android.server.twilight.TwilightService
10-24 21:41:48.738 1637 1880 D SystemServerTimingAsync: InitThreadPoolExec:UsbService$Lifecycle#onBootPhase
10-24 21:41:48.738 1637 1637 D SystemServerTiming: OnBootPhase_550_com.android.server.display.color.ColorDisplayService
10-24 21:41:48.738 1637 1637 D SystemServerTiming: OnBootPhase_550_com.android.server.job.JobSchedulerService
10-24 21:41:48.738 1637 1637 D SystemServerTiming: OnBootPhase_550_com.android.server.soundtrigger.SoundTriggerService
10-24 21:41:48.738 1637 1637 D SoundTriggerService: onBootPhase: 550 : false
10-24 21:41:48.738 1637 1637 D SystemServerTiming: OnBootPhase_550_com.android.server.trust.TrustManagerService
10-24 21:41:48.738 1637 1637 D SystemServerTiming: OnBootPhase_550_com.android.server.backup.BackupManagerService$Lifecycle
10-24 21:41:48.738 1637 1637 D SystemServerTiming: OnBootPhase_550_com.android.server.appwidget.AppWidgetService
10-24 21:41:48.738 1637 1637 D SystemServerTiming: OnBootPhase_550_com.android.server.voiceinteraction.VoiceInteractionManagerService
10-24 21:41:48.738 990 1006 D audio_hw: adev_set_parameters: enter: A2dpSuspended=false
10-24 21:41:48.738 1637 1637 D SystemServerTiming: OnBootPhase_550_com.android.server.apphibernation.AppHibernationService
10-24 21:41:48.738 990 1006 E audio_hw_bt: set_suspend: dev 0x80 not connected
10-24 21:41:48.738 1637 1637 D SystemServerTiming: OnBootPhase_550_com.android.server.GestureLauncherService
10-24 21:41:48.738 1637 1637 D SystemServerTiming: OnBootPhase_550_com.android.server.SensorNotificationService
10-24 21:41:48.738 1637 1637 D SystemServerTiming: OnBootPhase_550_com.android.server.ContextHubSystemService
10-24 21:41:48.738 1637 1637 D SystemServerTiming: OnBootPhase_550_com.android.server.emergency.EmergencyAffordanceService
10-24 21:41:48.738 1637 1637 D SystemServerTiming: OnBootPhase_550_com.android.server.blob.BlobStoreManagerService
10-24 21:41:48.738 971 971 I Zygote : Entering forkRepeatedly native zygote loop
10-24 21:41:48.739 1028 1028 I android.hardware.usb.aidl-service: port0
10-24 21:41:48.739 1028 1028 I android.hardware.usb.aidl-service: 0:port0 connected:1 canChangeMode:1 canChagedata:0 canChangePower:0 usbDataEnabled:1
10-24 21:41:48.739 1028 1028 I android.hardware.usb.aidl-service: ContaminantDetectionStatus:2 ContaminantProtectionStatus:0
10-24 21:41:48.739 1028 1028 I android.hardware.usb.aidl-service: powerTransferLimited:0
10-24 21:41:48.740 1637 1840 I UsbPortManager: AIDL UsbDataStatus:1
10-24 21:41:48.740 1637 1840 I UsbPortManager: ClientCallback AIDL V1: port0
10-24 21:41:48.740 1637 1840 I UsbPortManager: all: opID:1 successful
10-24 21:41:48.740 1637 1989 D BluetoothHeadset: Binding service...
10-24 21:41:48.740 1637 1989 D BluetoothManagerService: Trying to bind to profile: 1, while Bluetooth was disabled
10-24 21:41:48.740 1637 1989 D BluetoothA2dp: Binding service...
10-24 21:41:48.740 1637 1989 D BluetoothManagerService: Trying to bind to profile: 2, while Bluetooth was disabled
10-24 21:41:48.740 1637 1989 D BluetoothHearingAid: Binding service...
10-24 21:41:48.740 1637 1989 D BluetoothManagerService: Trying to bind to profile: 21, while Bluetooth was disabled
10-24 21:41:48.740 1637 1637 D SystemServerTiming: OnBootPhase_550_com.android.server.dreams.DreamManagerService
10-24 21:41:48.740 1637 1989 D BluetoothLeAudio: Binding service...
10-24 21:41:48.740 1637 1637 D SystemServerTiming: OnBootPhase_550_com.android.server.print.PrintManagerService
10-24 21:41:48.740 1637 1637 D SystemServerTiming: OnBootPhase_550_com.android.server.security.AttestationVerificationManagerService
10-24 21:41:48.740 1637 1989 D BluetoothManagerService: Trying to bind to profile: 22, while Bluetooth was disabled
10-24 21:41:48.740 1637 1637 D SystemServerTiming: OnBootPhase_550_com.android.server.companion.CompanionDeviceManagerService
10-24 21:41:48.740 1637 1637 D SystemServerTiming: OnBootPhase_550_com.android.server.companion.virtual.VirtualDeviceManagerService
10-24 21:41:48.740 1637 1637 D SystemServerTiming: OnBootPhase_550_com.android.server.restrictions.RestrictionsManagerService
10-24 21:41:48.740 1637 1637 D SystemServerTiming: OnBootPhase_550_com.android.server.media.MediaSessionService
10-24 21:41:48.741 1637 1758 I UsbPortManager: USB port added: port=UsbPort{id=port0, supportedModes=dualsupportedContaminantProtectionModes=4supportsEnableContaminantPresenceProtection=falsesupportsEnableContaminantPresenceDetection=true, status=UsbPortStatus{connected=true, currentMode=ufp, currentPowerRole=sink, currentDataRole=device, supportedRoleCombinations=[source:host, sink:device], contaminantDetectionStatus=2, contaminantProtectionStatus=0, usbDataStatus=enabled, isPowerTransferLimited=false, powerBrickConnectionStatus=disconnected}, canChangeMode=true, canChangePowerRole=false, canChangeDataRole=false, connectedAtMillis=10117, lastConnectDurationMillis=0
10-24 21:41:48.741 1637 1637 D SystemServerTiming: OnBootPhase_550_com.android.server.media.MediaResourceMonitorService
10-24 21:41:48.741 1637 1637 D SystemServerTiming: OnBootPhase_550_com.android.server.biometrics.sensors.fingerprint.FingerprintService
10-24 21:41:48.741 1637 1637 D SystemServerTiming: OnBootPhase_550_com.android.server.biometrics.BiometricService
10-24 21:41:48.741 1637 1637 D SystemServerTiming: OnBootPhase_550_com.android.server.biometrics.AuthService
10-24 21:41:48.741 1637 1637 D SystemServerTiming: OnBootPhase_550_com.android.server.pm.ShortcutService$Lifecycle
10-24 21:41:48.741 1637 1637 D SystemServerTiming: OnBootPhase_550_com.android.server.pm.LauncherAppsService
10-24 21:41:48.741 1637 1637 D SystemServerTiming: OnBootPhase_550_com.android.server.pm.CrossProfileAppsService
10-24 21:41:48.741 1637 1637 D SystemServerTiming: OnBootPhase_550_com.android.server.people.PeopleService
10-24 21:41:48.741 1637 1637 D SystemServerTiming: OnBootPhase_550_com.android.server.media.metrics.MediaMetricsManagerService
10-24 21:41:48.741 1637 1637 D SystemServerTiming: OnBootPhase_550_com.android.server.media.projection.MediaProjectionManagerService
10-24 21:41:48.741 1637 1637 D SystemServerTiming: OnBootPhase_550_com.android.server.slice.SliceManagerService$Lifecycle
10-24 21:41:48.741 1637 1637 D SystemServerTiming: OnBootPhase_550_com.android.server.stats.StatsCompanion$Lifecycle
10-24 21:41:48.741 1637 1637 D SystemServerTiming: OnBootPhase_550_com.android.server.scheduling.RebootReadinessManagerService$Lifecycle
10-24 21:41:48.741 1637 1637 D SystemServerTiming: OnBootPhase_550_com.android.server.stats.pull.StatsPullAtomService
10-24 21:41:48.741 1637 1637 D SystemServerTiming: OnBootPhase_550_com.android.server.stats.bootstrap.StatsBootstrapAtomService$Lifecycle
10-24 21:41:48.741 1637 1637 D SystemServerTiming: OnBootPhase_550_com.android.server.incident.IncidentCompanionService
10-24 21:41:48.741 1637 1637 D SystemServerTiming: OnBootPhase_550_com.android.server.sdksandbox.SdkSandboxManagerService$Lifecycle
10-24 21:41:48.741 1637 1637 D SystemServerTiming: OnBootPhase_550_com.android.server.adservices.AdServicesManagerService$Lifecycle
10-24 21:41:48.741 1637 1637 D SystemServerTiming: OnBootPhase_550_com.android.server.MmsServiceBroker
10-24 21:41:48.741 1637 1637 D SystemServerTiming: OnBootPhase_550_com.android.server.autofill.AutofillManagerService
10-24 21:41:48.741 1637 1637 D SystemServerTiming: OnBootPhase_550_com.android.server.translation.TranslationManagerService
10-24 21:41:48.741 1637 1637 D SystemServerTiming: OnBootPhase_550_com.android.server.clipboard.ClipboardService
10-24 21:41:48.741 1637 1637 D SystemServerTiming: OnBootPhase_550_com.android.server.appbinding.AppBindingService$Lifecycle
10-24 21:41:48.741 990 1006 D audio_hw: adev_set_parameters: enter: BT_SCO=off
10-24 21:41:48.741 1637 1991 I AS.AudioDeviceInventory: removePreferredDevicesForStrategySync, strategy: 15
10-24 21:41:48.742 1637 1991 I AS.AudioDeviceInventory: removePreferredDevicesForStrategySync, strategy: 18
10-24 21:41:48.742 1637 1637 I AppBindingService: Updating constants with: null
10-24 21:41:48.742 1637 1637 D SystemServerTiming: OnBootPhase_550_com.android.server.tracing.TracingServiceProxy
10-24 21:41:48.742 1637 1637 D SystemServerTiming: OnBootPhase_550_com.android.server.policy.PermissionPolicyService
10-24 21:41:48.742 1637 1637 D SystemServerTiming: Permission_grant_default_permissions-0
10-24 21:41:48.742 1056 1263 I AudioFlinger: systemReady
10-24 21:41:48.742 1637 1637 D SystemServerTiming: Permission_synchronize_permissions-0
10-24 21:41:48.742 971 971 D Zygote : Forked child process 2049
10-24 21:41:48.742 1637 1637 D SystemServerTiming: Permission_synchronize_addPackages-0
10-24 21:41:48.742 1637 1771 I ActivityManager: Start proc 2049:com.android.systemui/u0a221 for service {com.android.systemui/com.android.systemui.wallpapers.ImageWallpaper}
10-24 21:41:48.743 866 893 I Magisk : denylist: initializing internal data structures
10-24 21:41:48.743 866 893 I Magisk : denylist add: [com.authy.authy/com.authy.authy]
10-24 21:41:48.743 866 893 I Magisk : denylist add: [com.azure.authenticator/com.azure.authenticator]
10-24 21:41:48.743 866 893 I Magisk : denylist add: [com.azure.authenticator/com.azure.authenticator:auth]
10-24 21:41:48.743 866 893 I Magisk : denylist add: [icu.nullptr.applistdetector/icu.nullptr.applistdetector]
10-24 21:41:48.743 866 893 I Magisk : denylist add: [com.konylabs.capitalone/com.konylabs.capitalone]
10-24 21:41:48.743 866 893 I Magisk : denylist add: [com.citi.citimobile/com.citi.citimobile]
10-24 21:41:48.743 866 893 I Magisk : denylist add: [com.citi.citimobile/com.citi.citimobile:MiSnap]
10-24 21:41:48.743 866 893 I Magisk : denylist add: [com.firsttech.firsttech/com.firsttech.firsttech]
10-24 21:41:48.743 866 893 I Magisk : denylist add: [com.firsttech.firsttech/com.firsttech.firsttech:MiSnap]
10-24 21:41:48.743 866 893 I Magisk : denylist add: [com.google.android.apps.walletnfcrel/com.google.android.apps.walletnfcrel]
10-24 21:41:48.743 866 893 I Magisk : denylist add: [com.google.android.apps.walletnfcrel/com.google.android.apps.walletnfcrel:primes_lifeboat]
10-24 21:41:48.743 866 893 I Magisk : denylist add: [com.microsoft.office.outlook/com.microsoft.office.outlook]
10-24 21:41:48.743 866 893 I Magisk : denylist add: [com.microsoft.skydrive/com.microsoft.skydrive]
10-24 21:41:48.743 866 893 I Magisk : denylist add: [com.microsoft.office.outlook/com.microsoft.office.outlook:recoveryMode]
10-24 21:41:48.743 866 893 I Magisk : denylist add: [com.venmo/com.venmo]
10-24 21:41:48.743 866 893 I Magisk : denylist add: [isolated/com.venmo:remoteProcessIsolatedCheck:sspog.internal.SSPOGIsolatedService]
10-24 21:41:48.743 866 893 I Magisk : denylist add: [isolated/com.venmo:remoteProcessIsolatedNativeCheck:sspog.internal.SSPOGIsolatedNativeService]
10-24 21:41:48.743 866 893 I Magisk : denylist add: [com.venmo/com.venmo:MiSnap]
10-24 21:41:48.743 866 893 I Magisk : denylist add: [com.google.ar.core/com.google.ar.core]
10-24 21:41:48.743 866 893 I Magisk : denylist add: [com.android.vending/com.android.vending]
10-24 21:41:48.743 866 893 I Magisk : denylist add: [isolated/com.android.vending:com.google.android.finsky.verifier.apkanalysis.service.ApkContentsScanService]
10-24 21:41:48.743 866 893 I Magisk : denylist add: [com.android.vending/com.android.vending:recovery_mode]
10-24 21:41:48.743 866 893 I Magisk : denylist add: [com.android.vending/com.android.vending:quick_launch]
10-24 21:41:48.743 866 893 I Magisk : denylist add: [com.android.vending/com.android.vending:instant_app_installer]
10-24 21:41:48.743 866 893 I Magisk : denylist add: [com.android.vending/com.android.vending:background]
10-24 21:41:48.743 866 893 I Magisk : denylist add: [com.google.ar.core/com.google.ar.core:primes_lifeboat]
10-24 21:41:48.743 866 893 I Magisk : denylist add: [com.google.ar.core/com.google.ar.core:playcore_missing_splits_activity]
10-24 21:41:48.743 866 893 I Magisk : denylist add: [com.google.android.gms/com.google.android.gms]
10-24 21:41:48.743 866 893 I Magisk : denylist add: [com.google.android.gms/com.google.android.gms:snet]
10-24 21:41:48.743 866 893 I Magisk : denylist add: [com.google.android.gms/com.google.android.gms:identitycredentials]
10-24 21:41:48.743 866 893 I Magisk : denylist add: [com.google.android.gms/com.google.android.gms:car]
10-24 21:41:48.743 866 893 I Magisk : denylist add: [com.google.android.gms/com.google.android.gms.unstable]
10-24 21:41:48.743 866 893 I Magisk : denylist add: [com.google.android.gms/com.google.android.gms.ui]
10-24 21:41:48.743 866 893 I Magisk : denylist add: [com.google.android.gms/com.google.android.gms.room]
10-24 21:41:48.743 866 893 I Magisk : denylist add: [com.google.android.gms/com.google.android.gms.remapping1]
10-24 21:41:48.743 866 893 I Magisk : denylist add: [com.google.android.gms/com.google.android.gms.persistent]
10-24 21:41:48.743 866 893 I Magisk : denylist add: [com.google.android.gms/com.google.android.gms.learning]
10-24 21:41:48.743 866 893 I Magisk : denylist add: [com.google.android.gms/com.google.android.gms.feedback]
10-24 21:41:48.743 866 893 I Magisk : denylist add: [com.google.android.odad/com.google.android.odad]
10-24 21:41:48.743 866 893 I Magisk : denylist add: [com.google.android.odad/com.google.android.odad:nonpersistent]
10-24 21:41:48.743 866 893 I Magisk : denylist add: [com.google.android.odad/com.google.android.odad:learning_bg]
10-24 21:41:48.743 866 893 I Magisk : denylist add: [com.google.android.gsf/com.google.process.gservices]
10-24 21:41:48.743 866 893 I Magisk : denylist add: [com.google.android.gsf/com.google.process.gapps]
10-24 21:41:48.746 587 721 D BootAnimation: Playing files = /product/media/bootanimation-dark.zip/part2, Requested repeat = 180, playUntilComplete = false
10-24 21:41:48.758 1197 1250 D MediaCodecList: Allowing only non-surface-encoder OMX codecs
10-24 21:41:48.761 1197 1250 I Codec2Client: Available Codec2 services: "default" "default1" "default2" "software"
10-24 21:41:48.768 1042 1042 W HwBinder:1042_2: type=1400 audit(0.0:40): avc: denied { read } for name="u:object_r:vendor_codec2_debug_prop:s0" dev="tmpfs" ino=333 scontext=u:r:mediacodec:s0 tcontext=u:object_r:vendor_codec2_debug_prop:s0 tclass=file permissive=0
10-24 21:41:48.768 1042 1042 W HwBinder:1042_2: type=1400 audit(0.0:41): avc: denied { read } for name="u:object_r:vendor_codec2_debug_prop:s0" dev="tmpfs" ino=333 scontext=u:r:mediacodec:s0 tcontext=u:object_r:vendor_codec2_debug_prop:s0 tclass=file permissive=0
10-24 21:41:48.762 1637 1637 D SystemServerTiming: Permission_syncPackages-0
10-24 21:41:48.763 587 721 D BootAnimation: Playing files = /product/media/bootanimation-dark.zip/part2, Requested repeat = 180, playUntilComplete = false
10-24 21:41:48.764 2049 2049 I ndroid.systemui: Using CollectorTypeCMC GC.
10-24 21:41:48.768 1297 1361 I adbd : jdwp connection from 2049
10-24 21:41:48.770 1042 1100 W libc : Access denied finding property "vendor.debug.c2.level"
10-24 21:41:48.770 1042 1100 W libc : Access denied finding property "vendor.debug.c2.level"
10-24 21:41:48.770 2049 2049 D nativeloader: Load libframework-connectivity-tiramisu-jni.so using APEX ns com_android_tethering for caller /apex/com.android.tethering/javalib/framework-connectivity-t.jar: ok
10-24 21:41:48.771 578 584 D libnos_transport: Calling App 0 with params 0x0200
10-24 21:41:48.774 1637 1840 D CompatibilityChangeReporter: Compat change id reported: 168419799; UID 10221; state: DISABLED
10-24 21:41:48.775 578 584 D libnos_transport: App 0 inspection status=0x00000000 reply_len=0 protocol=1 flags=0x0000
10-24 21:41:48.775 578 584 D libnos_transport: Send app 0 command data (0 bytes)
10-24 21:41:48.775 578 584 D libnos_transport: Send app 0 go command 0x00000200
10-24 21:41:48.775 578 584 D libnos_transport: Polling app 0
10-24 21:41:48.776 1637 1637 D SystemServerTiming: Permission_onInitialized-0
10-24 21:41:48.776 1637 1637 I PackageManager: Permission ownership changed. Updating all permissions.
10-24 21:41:48.777 1042 1100 W libc : Access denied finding property "vendor.debug.c2.level"
10-24 21:41:48.776 1042 1042 W HwBinder:1042_2: type=1400 audit(0.0:42): avc: denied { read } for name="u:object_r:vendor_codec2_debug_prop:s0" dev="tmpfs" ino=333 scontext=u:r:mediacodec:s0 tcontext=u:object_r:vendor_codec2_debug_prop:s0 tclass=file permissive=0
10-24 21:41:48.776 1042 1042 W HwBinder:1042_2: type=1400 audit(0.0:43): avc: denied { read } for name="u:object_r:vendor_codec2_debug_prop:s0" dev="tmpfs" ino=333 scontext=u:r:mediacodec:s0 tcontext=u:object_r:vendor_codec2_debug_prop:s0 tclass=file permissive=0
10-24 21:41:48.777 1042 1100 W libc : Access denied finding property "vendor.debug.c2.level"
10-24 21:41:48.777 1042 1100 W ColorUtils: expected specified color aspects (0:0:0:0)
10-24 21:41:48.777 1042 1100 I samsung.hardware.media.c2@1.0-service: missing struct descriptor #Param::CoreIndex(--1812) for field values of struct #Param::CoreIndex(F-11812)
10-24 21:41:48.778 2049 2049 D CompatibilityChangeReporter: Compat change id reported: 171979766; UID 10221; state: ENABLED
10-24 21:41:48.779 578 584 D libnos_transport: App 0 poll=16 status=0x00000000 reply_len=0 flags=0x0001
10-24 21:41:48.780 587 721 D BootAnimation: Playing files = /product/media/bootanimation-dark.zip/part2, Requested repeat = 180, playUntilComplete = false
10-24 21:41:48.782 578 584 D libnos_transport: App 0 poll=32 status=0x00000000 reply_len=0 flags=0x0001
10-24 21:41:48.784 1042 1042 W HwBinder:1042_2: type=1400 audit(0.0:44): avc: denied { read } for name="u:object_r:vendor_codec2_debug_prop:s0" dev="tmpfs" ino=333 scontext=u:r:mediacodec:s0 tcontext=u:object_r:vendor_codec2_debug_prop:s0 tclass=file permissive=0
10-24 21:41:48.784 1042 1042 W HwBinder:1042_2: type=1400 audit(0.0:45): avc: denied { read } for name="u:object_r:vendor_codec2_debug_prop:s0" dev="tmpfs" ino=333 scontext=u:r:mediacodec:s0 tcontext=u:object_r:vendor_codec2_debug_prop:s0 tclass=file permissive=0
10-24 21:41:48.784 1042 1042 W HwBinder:1042_2: type=1400 audit(0.0:46): avc: denied { read } for name="u:object_r:vendor_codec2_debug_prop:s0" dev="tmpfs" ino=333 scontext=u:r:mediacodec:s0 tcontext=u:object_r:vendor_codec2_debug_prop:s0 tclass=file permissive=0
10-24 21:41:48.784 1042 1042 W HwBinder:1042_2: type=1400 audit(0.0:47): avc: denied { read } for name="u:object_r:vendor_codec2_debug_prop:s0" dev="tmpfs" ino=333 scontext=u:r:mediacodec:s0 tcontext=u:object_r:vendor_codec2_debug_prop:s0 tclass=file permissive=0
10-24 21:41:48.784 1042 1100 W libc : Access denied finding property "vendor.debug.c2.level"
10-24 21:41:48.785 1042 1100 W libc : Access denied finding property "vendor.debug.c2.level"
10-24 21:41:48.785 578 584 D libnos_transport: App 0 poll=48 status=0x00000000 reply_len=0 flags=0x0001
10-24 21:41:48.785 1042 1100 W libc : Access denied finding property "vendor.debug.c2.level"
10-24 21:41:48.785 1042 1100 W libc : Access denied finding property "vendor.debug.c2.level"
10-24 21:41:48.788 578 584 D libnos_transport: App 0 poll=64 status=0x00000000 reply_len=0 flags=0x0001
10-24 21:41:48.790 2049 2049 D nativeloader: Configuring clns-shared-4 for other apk /system_ext/priv-app/SystemUIGoogle/SystemUIGoogle.apk. target_sdk_version=33, uses_libraries=, library_path=/system_ext/priv-app/SystemUIGoogle/lib/arm64:/system_ext/priv-app/SystemUIGoogle/SystemUIGoogle.apk!/lib/arm64-v8a:/system/lib64:/system_ext/lib64, permitted_path=/data:/mnt/expand:/data/user_de/0/com.android.systemui:/system_ext/priv-app/SystemUIGoogle:/system/lib64:/system_ext/lib64
10-24 21:41:48.791 578 584 D libnos_transport: App 0 poll=80 status=0x00000000 reply_len=0 flags=0x0001
10-24 21:41:48.792 1042 1042 W HwBinder:1042_2: type=1400 audit(0.0:48): avc: denied { read } for name="u:object_r:vendor_codec2_debug_prop:s0" dev="tmpfs" ino=333 scontext=u:r:mediacodec:s0 tcontext=u:object_r:vendor_codec2_debug_prop:s0 tclass=file permissive=0
10-24 21:41:48.792 1042 1042 W HwBinder:1042_2: type=1400 audit(0.0:49): avc: denied { read } for name="u:object_r:vendor_codec2_debug_prop:s0" dev="tmpfs" ino=333 scontext=u:r:mediacodec:s0 tcontext=u:object_r:vendor_codec2_debug_prop:s0 tclass=file permissive=0
10-24 21:41:48.792 1042 1100 W libc : Access denied finding property "vendor.debug.c2.level"
10-24 21:41:48.792 1042 1100 W libc : Access denied finding property "vendor.debug.c2.level"
10-24 21:41:48.792 1042 1100 W ColorUtils: expected specified color aspects (0:0:0:0)
10-24 21:41:48.793 1042 1100 I samsung.hardware.media.c2@1.0-service: missing struct descriptor #Param::CoreIndex(--004) for field values of struct #Param::CoreIndex(F-12004)
10-24 21:41:48.793 1042 1100 I samsung.hardware.media.c2@1.0-service: missing struct descriptor #Param::CoreIndex(--1812) for field values of struct #Param::CoreIndex(F-11812)
10-24 21:41:48.794 578 584 D libnos_transport: App 0 poll=96 status=0x00000000 reply_len=0 flags=0x0001
10-24 21:41:48.797 587 721 D BootAnimation: Playing files = /product/media/bootanimation-dark.zip/part2, Requested repeat = 180, playUntilComplete = false
10-24 21:41:48.797 578 584 D libnos_transport: App 0 poll=112 status=0x00000000 reply_len=0 flags=0x0001
10-24 21:41:48.800 1042 1042 W HwBinder:1042_2: type=1400 audit(0.0:50): avc: denied { read } for name="u:object_r:vendor_codec2_debug_prop:s0" dev="tmpfs" ino=333 scontext=u:r:mediacodec:s0 tcontext=u:object_r:vendor_codec2_debug_prop:s0 tclass=file permissive=0
10-24 21:41:48.800 1042 1042 W HwBinder:1042_2: type=1400 audit(0.0:51): avc: denied { read } for name="u:object_r:vendor_codec2_debug_prop:s0" dev="tmpfs" ino=333 scontext=u:r:mediacodec:s0 tcontext=u:object_r:vendor_codec2_debug_prop:s0 tclass=file permissive=0
10-24 21:41:48.800 1042 1042 W HwBinder:1042_2: type=1400 audit(0.0:52): avc: denied { read } for name="u:object_r:vendor_codec2_debug_prop:s0" dev="tmpfs" ino=333 scontext=u:r:mediacodec:s0 tcontext=u:object_r:vendor_codec2_debug_prop:s0 tclass=file permissive=0
10-24 21:41:48.800 1042 1042 W HwBinder:1042_2: type=1400 audit(0.0:53): avc: denied { read } for name="u:object_r:vendor_codec2_debug_prop:s0" dev="tmpfs" ino=333 scontext=u:r:mediacodec:s0 tcontext=u:object_r:vendor_codec2_debug_prop:s0 tclass=file permissive=0
10-24 21:41:48.800 1042 1100 W libc : Access denied finding property "vendor.debug.c2.level"
10-24 21:41:48.800 1042 1100 W libc : Access denied finding property "vendor.debug.c2.level"
10-24 21:41:48.800 578 584 D libnos_transport: App 0 poll=128 status=0x00000000 reply_len=0 flags=0x0001
10-24 21:41:48.800 1042 1100 I samsung.hardware.media.c2@1.0-service: missing struct descriptor #Param::CoreIndex(--001) for field red of struct #Param::CoreIndex(--002)
10-24 21:41:48.800 1042 1100 I samsung.hardware.media.c2@1.0-service: missing struct descriptor #Param::CoreIndex(--001) for field green of struct #Param::CoreIndex(--002)
10-24 21:41:48.800 1042 1100 I samsung.hardware.media.c2@1.0-service: missing struct descriptor #Param::CoreIndex(--001) for field blue of struct #Param::CoreIndex(--002)
10-24 21:41:48.800 1042 1100 I samsung.hardware.media.c2@1.0-service: missing struct descriptor #Param::CoreIndex(--001) for field white of struct #Param::CoreIndex(--002)
10-24 21:41:48.801 1042 1100 W libc : Access denied finding property "vendor.debug.c2.level"
10-24 21:41:48.801 1042 1100 W libc : Access denied finding property "vendor.debug.c2.level"
10-24 21:41:48.802 578 584 D libnos_transport: App 0 polled=140 status=0x80000000 reply_len=92 flags=0x0000
10-24 21:41:48.802 578 584 D libnos_transport: Read app 0 reply data (92 bytes)
10-24 21:41:48.803 578 584 D libnos_transport: App 0 returning 0x0
10-24 21:41:48.803 1637 1637 W SystemServiceManager: Service com.android.server.policy.PermissionPolicyService took 61 ms in onBootPhase
10-24 21:41:48.804 1637 1637 D SystemServerTiming: OnBootPhase_550_com.android.server.pm.StagingManager$Lifecycle
10-24 21:41:48.804 1637 1637 D SystemServerTiming: OnBootPhase_550_com.android.server.app.GameManagerService$Lifecycle
10-24 21:41:48.804 1637 1637 D SystemServerTiming: OnBootPhase_550_com.android.server.uwb.UwbService
10-24 21:41:48.804 1637 1637 D SystemServerTiming: OnBootPhase_550_com.android.safetycenter.SafetyCenterService
10-24 21:41:48.804 1637 1637 D SystemServerTiming: OnBootPhase_550_com.android.server.appsearch.AppSearchModule$Lifecycle
10-24 21:41:48.804 1637 1637 D SystemServerTiming: OnBootPhase_550_com.android.server.compos.IsolatedCompilationService
10-24 21:41:48.804 1637 1637 D SystemServerTiming: OnBootPhase_550_com.android.server.media.MediaCommunicationService
10-24 21:41:48.804 1637 1637 D SystemServerTiming: OnBootPhase_550_com.android.server.compat.overrides.AppCompatOverridesService$Lifecycle
10-24 21:41:48.804 1637 1637 D SystemServerTiming: StartObservingNativeCrashes
10-24 21:41:48.804 1637 1637 D SystemServerTiming: RegisterAppOpsPolicy
10-24 21:41:48.804 1637 1637 D SystemServerTiming: MakeNetworkManagementServiceReady
10-24 21:41:48.804 1637 1913 D SystemServerTimingAsync: InitThreadPoolExec:WebViewFactoryPreparation
10-24 21:41:48.804 1637 1637 W NetworkManagement: setDataSaverMode(): already false
10-24 21:41:48.804 1637 1913 I SystemServer: WebViewFactoryPreparation
10-24 21:41:48.804 1637 1913 D SystemServerTimingAsync: WebViewFactoryPreparation
10-24 21:41:48.805 2049 2049 D nativeloader: Load libframework-connectivity-jni.so using APEX ns com_android_tethering for caller /apex/com.android.tethering/javalib/framework-connectivity.jar: ok
10-24 21:41:48.805 1637 1913 E AppOps : Bad call made by uid 1000. Package "android" does not belong to uid 1037.
10-24 21:41:48.806 1637 1913 E AppOps : checkOperation
10-24 21:41:48.806 1637 1913 E AppOps : java.lang.SecurityException: Specified package "android" under uid 1037 but it is not
10-24 21:41:48.806 1637 1913 E AppOps : at com.android.server.appop.AppOpsService.verifyAndGetBypass(AppOpsService.java:4692)
10-24 21:41:48.806 1637 1913 E AppOps : at com.android.server.appop.AppOpsService.verifyAndGetBypass(AppOpsService.java:4560)
10-24 21:41:48.806 1637 1913 E AppOps : at com.android.server.appop.AppOpsService.checkOperationUnchecked(AppOpsService.java:3253)
10-24 21:41:48.806 1637 1913 E AppOps : at com.android.server.appop.AppOpsService.checkOperationImpl(AppOpsService.java:3236)
10-24 21:41:48.806 1637 1913 E AppOps : at com.android.server.appop.AppOpsService.-$$Nest$mcheckOperationImpl(Unknown Source:0)
10-24 21:41:48.806 1637 1913 E AppOps : at com.android.server.appop.AppOpsService$CheckOpsDelegateDispatcher.lambda$checkOperation$0(AppOpsService.java:7592)
10-24 21:41:48.806 1637 1913 E AppOps : at com.android.server.appop.AppOpsService$CheckOpsDelegateDispatcher.$r8$lambda$KrwrxMLmGzFSEjEyo0aJ63o5J9E(Unknown Source:0)
10-24 21:41:48.806 1637 1913 E AppOps : at com.android.server.appop.AppOpsService$CheckOpsDelegateDispatcher$$ExternalSyntheticLambda9.apply(Unknown Source:24)
10-24 21:41:48.806 1637 1913 E AppOps : at com.android.server.policy.AppOpsPolicy.checkOperation(AppOpsPolicy.java:211)
10-24 21:41:48.806 1637 1913 E AppOps : at com.android.server.appop.AppOpsService$CheckOpsDelegateDispatcher.checkOperation(AppOpsService.java:7591)
10-24 21:41:48.806 1637 1913 E AppOps : at com.android.server.appop.AppOpsService.checkOperation(AppOpsService.java:3223)
10-24 21:41:48.806 1637 1913 E AppOps : at com.android.server.StorageManagerService$StorageManagerInternalImpl.hasExternalStorageAccess(StorageManagerService.java:4835)
10-24 21:41:48.806 1637 1913 E AppOps : at com.android.server.am.ProcessList.startProcessLocked(ProcessList.java:1690)
10-24 21:41:48.806 1637 1913 E AppOps : at com.android.server.am.ProcessList.startProcessLocked(ProcessList.java:2368)
10-24 21:41:48.806 1637 1913 E AppOps : at com.android.server.am.ProcessList.startProcessLocked(ProcessList.java:2508)
10-24 21:41:48.806 1637 1913 E AppOps : at com.android.server.am.ActivityManagerService.startIsolatedProcess(ActivityManagerService.java:2802)
10-24 21:41:48.806 1637 1913 E AppOps : at com.android.server.am.ActivityManagerService$LocalService.startIsolatedProcess(ActivityManagerService.java:16426)
10-24 21:41:48.806 1637 1913 E AppOps : at android.webkit.WebViewLibraryLoader.createRelroFile(WebViewLibraryLoader.java:126)
10-24 21:41:48.806 1637 1913 E AppOps : at android.webkit.WebViewLibraryLoader.createRelros(WebViewLibraryLoader.java:164)
10-24 21:41:48.806 1637 1913 E AppOps : at android.webkit.WebViewLibraryLoader.prepareNativeLibraries(WebViewLibraryLoader.java:152)
10-24 21:41:48.806 1637 1913 E AppOps : at android.webkit.WebViewFactory.onWebViewProviderChanged(WebViewFactory.java:555)
10-24 21:41:48.806 1637 1913 E AppOps : at com.android.server.webkit.SystemImpl.onWebViewProviderChanged(SystemImpl.java:174)
10-24 21:41:48.806 1637 1913 E AppOps : at com.android.server.webkit.WebViewUpdateServiceImpl.onWebViewProviderChanged(WebViewUpdateServiceImpl.java:351)
10-24 21:41:48.806 1637 1913 E AppOps : at com.android.server.webkit.WebViewUpdateServiceImpl.prepareWebViewInSystemServer(WebViewUpdateServiceImpl.java:182)
10-24 21:41:48.806 1637 1913 E AppOps : at com.android.server.webkit.WebViewUpdateService.prepareWebViewInSystemServer(WebViewUpdateService.java:129)
10-24 21:41:48.806 1637 1913 E AppOps : at com.android.server.SystemServer.lambda$startOtherServices$3(SystemServer.java:2826)
10-24 21:41:48.806 1637 1913 E AppOps : at com.android.server.SystemServer.$r8$lambda$nG7XwJlwV2eNiP3C-iTim-mbKmM(Unknown Source:0)
10-24 21:41:48.806 1637 1913 E AppOps : at com.android.server.SystemServer$$ExternalSyntheticLambda6.run(Unknown Source:2)
10-24 21:41:48.806 1637 1913 E AppOps : at com.android.server.SystemServerInitThreadPool.lambda$submitTask$0(SystemServerInitThreadPool.java:106)
10-24 21:41:48.806 1637 1913 E AppOps : at com.android.server.SystemServerInitThreadPool.$r8$lambda$aGlXt69ihU44Qi7EB_RNeu8pnrY(Unknown Source:0)
10-24 21:41:48.806 1637 1913 E AppOps : at com.android.server.SystemServerInitThreadPool$$ExternalSyntheticLambda0.run(Unknown Source:6)
10-24 21:41:48.806 1637 1913 E AppOps : at java.util.concurrent.Executors$RunnableAdapter.call(Executors.java:487)
10-24 21:41:48.806 1637 1913 E AppOps : at java.util.concurrent.FutureTask.run(FutureTask.java:264)
10-24 21:41:48.806 1637 1913 E AppOps : at java.util.concurrent.ThreadPoolExecutor.runWorker(ThreadPoolExecutor.java:1145)
10-24 21:41:48.806 1637 1913 E AppOps : at java.util.concurrent.ThreadPoolExecutor$Worker.run(ThreadPoolExecutor.java:644)
10-24 21:41:48.806 1637 1913 E AppOps : at com.android.internal.util.ConcurrentUtils$1$1.run(ConcurrentUtils.java:65)
10-24 21:41:48.806 1637 1913 D CompatibilityChangeReporter: Compat change id reported: 135634846; UID 1000; state: DISABLED
10-24 21:41:48.806 1637 1913 D CompatibilityChangeReporter: Compat change id reported: 177438394; UID 1000; state: DISABLED
10-24 21:41:48.806 1637 1637 D SystemServerTiming: MakeConnectivityServiceReady
10-24 21:41:48.806 1637 1913 D CompatibilityChangeReporter: Compat change id reported: 135772972; UID 1000; state: DISABLED
10-24 21:41:48.806 1637 1913 D CompatibilityChangeReporter: Compat change id reported: 178038272; UID 1000; state: DISABLED
10-24 21:41:48.806 1637 1977 D PermissionMonitor: Monitoring
10-24 21:41:48.806 1637 1913 E AppOps : Bad call made by uid 1000. Package "android" does not belong to uid 1037.
10-24 21:41:48.806 1637 1913 E AppOps : checkOperation
10-24 21:41:48.806 1637 1913 E AppOps : java.lang.SecurityException: Specified package "android" under uid 1037 but it is not
10-24 21:41:48.806 1637 1913 E AppOps : at com.android.server.appop.AppOpsService.verifyAndGetBypass(AppOpsService.java:4692)
10-24 21:41:48.806 1637 1913 E AppOps : at com.android.server.appop.AppOpsService.verifyAndGetBypass(AppOpsService.java:4560)
10-24 21:41:48.806 1637 1913 E AppOps : at com.android.server.appop.AppOpsService.checkOperationUnchecked(AppOpsService.java:3253)
10-24 21:41:48.806 1637 1913 E AppOps : at com.android.server.appop.AppOpsService.checkOperationImpl(AppOpsService.java:3236)
10-24 21:41:48.806 1637 1913 E AppOps : at com.android.server.appop.AppOpsService.-$$Nest$mcheckOperationImpl(Unknown Source:0)
10-24 21:41:48.806 1637 1913 E AppOps : at com.android.server.appop.AppOpsService$CheckOpsDelegateDispatcher.lambda$checkOperation$0(AppOpsService.java:7592)
10-24 21:41:48.806 1637 1913 E AppOps : at com.android.server.appop.AppOpsService$CheckOpsDelegateDispatcher.$r8$lambda$KrwrxMLmGzFSEjEyo0aJ63o5J9E(Unknown Source:0)
10-24 21:41:48.806 1637 1913 E AppOps : at com.android.server.appop.AppOpsService$CheckOpsDelegateDispatcher$$ExternalSyntheticLambda9.apply(Unknown Source:24)
10-24 21:41:48.806 1637 1913 E AppOps : at com.android.server.policy.AppOpsPolicy.checkOperation(AppOpsPolicy.java:211)
10-24 21:41:48.806 1637 1913 E AppOps : at com.android.server.appop.AppOpsService$CheckOpsDelegateDispatcher.checkOperation(AppOpsService.java:7591)
10-24 21:41:48.806 1637 1913 E AppOps : at com.android.server.appop.AppOpsService.checkOperation(AppOpsService.java:3223)
10-24 21:41:48.806 1637 1913 E AppOps : at com.android.server.StorageManagerService$StorageManagerInternalImpl.hasExternalStorageAccess(StorageManagerService.java:4835)
10-24 21:41:48.806 1637 1913 E AppOps : at com.android.server.am.ProcessList.startProcessLocked(ProcessList.java:1690)
10-24 21:41:48.806 1637 1913 E AppOps : at com.android.server.am.ProcessList.startProcessLocked(ProcessList.java:2368)
10-24 21:41:48.806 1637 1913 E AppOps : at com.android.server.am.ProcessList.startProcessLocked(ProcessList.java:2508)
10-24 21:41:48.806 1637 1913 E AppOps : at com.android.server.am.ActivityManagerService.startIsolatedProcess(ActivityManagerService.java:2802)
10-24 21:41:48.806 1637 1913 E AppOps : at com.android.server.am.ActivityManagerService$LocalService.startIsolatedProcess(ActivityManagerService.java:16426)
10-24 21:41:48.806 1637 1913 E AppOps : at android.webkit.WebViewLibraryLoader.createRelroFile(WebViewLibraryLoader.java:126)
10-24 21:41:48.806 1637 1913 E AppOps : at android.webkit.WebViewLibraryLoader.createRelros(WebViewLibraryLoader.java:170)
10-24 21:41:48.806 1637 1913 E AppOps : at android.webkit.WebViewLibraryLoader.prepareNativeLibraries(WebViewLibraryLoader.java:152)
10-24 21:41:48.806 1637 1913 E AppOps : at android.webkit.WebViewFactory.onWebViewProviderChanged(WebViewFactory.java:555)
10-24 21:41:48.806 1637 1913 E AppOps : at com.android.server.webkit.SystemImpl.onWebViewProviderChanged(SystemImpl.java:174)
10-24 21:41:48.806 1637 1913 E AppOps : at com.android.server.webkit.WebViewUpdateServiceImpl.onWebViewProviderChanged(WebViewUpdateServiceImpl.java:351)
10-24 21:41:48.806 1637 1913 E AppOps : at com.android.server.webkit.WebViewUpdateServiceImpl.prepareWebViewInSystemServer(WebViewUpdateServiceImpl.java:182)
10-24 21:41:48.806 1637 1913 E AppOps : at com.android.server.webkit.WebViewUpdateService.prepareWebViewInSystemServer(WebViewUpdateService.java:129)
10-24 21:41:48.806 1637 1913 E AppOps : at com.android.server.SystemServer.lambda$startOtherServices$3(SystemServer.java:2826)
10-24 21:41:48.806 1637 1913 E AppOps : at com.android.server.SystemServer.$r8$lambda$nG7XwJlwV2eNiP3C-iTim-mbKmM(Unknown Source:0)
10-24 21:41:48.806 1637 1913 E AppOps : at com.android.server.SystemServer$$ExternalSyntheticLambda6.run(Unknown Source:2)
10-24 21:41:48.806 1637 1913 E AppOps : at com.android.server.SystemServerInitThreadPool.lambda$submitTask$0(SystemServerInitThreadPool.java:106)
10-24 21:41:48.806 1637 1913 E AppOps : at com.android.server.SystemServerInitThreadPool.$r8$lambda$aGlXt69ihU44Qi7EB_RNeu8pnrY(Unknown Source:0)
10-24 21:41:48.806 1637 1913 E AppOps : at com.android.server.SystemServerInitThreadPool$$ExternalSyntheticLambda0.run(Unknown Source:6)
10-24 21:41:48.806 1637 1913 E AppOps : at java.util.concurrent.Executors$RunnableAdapter.call(Executors.java:487)
10-24 21:41:48.806 1637 1913 E AppOps : at java.util.concurrent.FutureTask.run(FutureTask.java:264)
10-24 21:41:48.806 1637 1913 E AppOps : at java.util.concurrent.ThreadPoolExecutor.runWorker(ThreadPoolExecutor.java:1145)
10-24 21:41:48.806 1637 1913 E AppOps : at java.util.concurrent.ThreadPoolExecutor$Worker.run(ThreadPoolExecutor.java:644)
10-24 21:41:48.806 1637 1913 E AppOps : at com.android.internal.util.ConcurrentUtils$1$1.run(ConcurrentUtils.java:65)
10-24 21:41:48.807 1637 1801 W BatteryExternalStatsWorker: error reading modem stats:ERROR_PHONE_NOT_AVAILABLE
10-24 21:41:48.808 2049 2049 V GraphicsEnvironment: ANGLE Developer option for 'com.android.systemui' set to: 'default'
10-24 21:41:48.808 2049 2049 V GraphicsEnvironment: ANGLE GameManagerService for com.android.systemui: false
10-24 21:41:48.808 2049 2049 V GraphicsEnvironment: Neither updatable production driver nor prerelease driver is supported.
10-24 21:41:48.808 1042 1042 W HwBinder:1042_2: type=1400 audit(0.0:54): avc: denied { read } for name="u:object_r:vendor_codec2_debug_prop:s0" dev="tmpfs" ino=333 scontext=u:r:mediacodec:s0 tcontext=u:object_r:vendor_codec2_debug_prop:s0 tclass=file permissive=0
10-24 21:41:48.808 1042 1042 W HwBinder:1042_2: type=1400 audit(0.0:55): avc: denied { read } for name="u:object_r:vendor_codec2_debug_prop:s0" dev="tmpfs" ino=333 scontext=u:r:mediacodec:s0 tcontext=u:object_r:vendor_codec2_debug_prop:s0 tclass=file permissive=0
10-24 21:41:48.811 2049 2049 D NetworkSecurityConfig: No Network Security Config specified, using platform default
10-24 21:41:48.811 2049 2049 D NetworkSecurityConfig: No Network Security Config specified, using platform default
10-24 21:41:48.811 2049 2049 V SystemUIService: SystemUIApplication constructed.
10-24 21:41:48.811 1042 1100 W libc : Access denied finding property "vendor.debug.c2.level"
10-24 21:41:48.811 1042 1100 W libc : Access denied finding property "vendor.debug.c2.level"
10-24 21:41:48.812 1042 1100 W ColorUtils: expected specified color aspects (0:0:0:0)
10-24 21:41:48.813 1042 1100 I samsung.hardware.media.c2@1.0-service: missing struct descriptor #Param::CoreIndex(--004) for field values of struct #Param::CoreIndex(F-12004)
10-24 21:41:48.813 1042 1100 I samsung.hardware.media.c2@1.0-service: missing struct descriptor #Param::CoreIndex(--1812) for field values of struct #Param::CoreIndex(F-11812)
10-24 21:41:48.814 587 721 D BootAnimation: Playing files = /product/media/bootanimation-dark.zip/part2, Requested repeat = 180, playUntilComplete = false
10-24 21:41:48.814 1637 1840 W StorageManagerService: No primary storage defined yet; hacking together a stub
10-24 21:41:48.824 1042 1042 W HwBinder:1042_2: type=1400 audit(0.0:56): avc: denied { read } for name="u:object_r:vendor_codec2_debug_prop:s0" dev="tmpfs" ino=333 scontext=u:r:mediacodec:s0 tcontext=u:object_r:vendor_codec2_debug_prop:s0 tclass=file permissive=0
10-24 21:41:48.821 1637 1965 W NetworkPolicy: setRestrictBackgroundUL: already false
10-24 21:41:48.824 1042 1100 W libc : Access denied finding property "vendor.debug.c2.level"
10-24 21:41:48.824 1042 1100 W libc : Access denied finding property "vendor.debug.c2.level"
10-24 21:41:48.828 1637 1977 D PermissionMonitor: Users: 1, UidToNetworkPerm: 91
10-24 21:41:48.828 1637 1965 D CompatibilityChangeReporter: Compat change id reported: 218533173; UID 10298; state: ENABLED
10-24 21:41:48.828 1637 1637 D SystemServerTiming: MakeVpnManagerServiceReady
10-24 21:41:48.828 1637 1977 D ConnectivityService: NetReassign [no changes] [c 0] [a 0] [i 0]
10-24 21:41:48.828 1637 1965 D CompatibilityChangeReporter: Compat change id reported: 218533173; UID 10250; state: ENABLED
10-24 21:41:48.828 1637 1965 D CompatibilityChangeReporter: Compat change id reported: 218533173; UID 10257; state: ENABLED
10-24 21:41:48.829 1637 1965 D CompatibilityChangeReporter: Compat change id reported: 218533173; UID 10254; state: ENABLED
10-24 21:41:48.829 1637 1965 D CompatibilityChangeReporter: Compat change id reported: 218533173; UID 10115; state: ENABLED
10-24 21:41:48.829 1637 1965 D CompatibilityChangeReporter: Compat change id reported: 218533173; UID 10153; state: ENABLED
10-24 21:41:48.829 1637 1965 D CompatibilityChangeReporter: Compat change id reported: 218533173; UID 10252; state: ENABLED
10-24 21:41:48.829 1637 1965 D CompatibilityChangeReporter: Compat change id reported: 218533173; UID 10288; state: ENABLED
10-24 21:41:48.829 1637 1965 D CompatibilityChangeReporter: Compat change id reported: 218533173; UID 10296; state: ENABLED
10-24 21:41:48.830 1637 1965 D CompatibilityChangeReporter: Compat change id reported: 218533173; UID 10303; state: ENABLED
10-24 21:41:48.830 1637 1965 D CompatibilityChangeReporter: Compat change id reported: 218533173; UID 10262; state: ENABLED
10-24 21:41:48.830 1637 1965 D CompatibilityChangeReporter: Compat change id reported: 218533173; UID 10184; state: ENABLED
10-24 21:41:48.830 1637 1965 D CompatibilityChangeReporter: Compat change id reported: 218533173; UID 10259; state: DISABLED
10-24 21:41:48.831 1637 1965 D CompatibilityChangeReporter: Compat change id reported: 218533173; UID 10292; state: ENABLED
10-24 21:41:48.831 587 721 D BootAnimation: Playing files = /product/media/bootanimation-dark.zip/part2, Requested repeat = 180, playUntilComplete = false
10-24 21:41:48.831 1637 1965 D CompatibilityChangeReporter: Compat change id reported: 218533173; UID 10251; state: ENABLED
10-24 21:41:48.831 1637 1637 D SystemServerTiming: MakeVcnManagementServiceReady
10-24 21:41:48.831 1637 1965 D CompatibilityChangeReporter: Compat change id reported: 218533173; UID 10276; state: ENABLED
10-24 21:41:48.831 1637 1977 D ConnectivityService: Got NetworkProvider Messenger for VcnNetworkProvider
10-24 21:41:48.831 1637 1965 D CompatibilityChangeReporter: Compat change id reported: 218533173; UID 10173; state: ENABLED
10-24 21:41:48.831 1637 1965 D CompatibilityChangeReporter: Compat change id reported: 218533173; UID 10195; state: ENABLED
10-24 21:41:48.832 1637 1965 D CompatibilityChangeReporter: Compat change id reported: 218533173; UID 10116; state: ENABLED
10-24 21:41:48.832 1637 1965 D CompatibilityChangeReporter: Compat change id reported: 218533173; UID 10271; state: ENABLED
10-24 21:41:48.833 1637 1965 D CompatibilityChangeReporter: Compat change id reported: 218533173; UID 10194; state: ENABLED
10-24 21:41:48.833 1637 1965 D CompatibilityChangeReporter: Compat change id reported: 218533173; UID 10122; state: ENABLED
10-24 21:41:48.833 1637 1965 D CompatibilityChangeReporter: Compat change id reported: 218533173; UID 10130; state: ENABLED
10-24 21:41:48.833 1637 1965 D CompatibilityChangeReporter: Compat change id reported: 218533173; UID 10245; state: ENABLED
10-24 21:41:48.833 1637 1977 D ConnectivityService: register offer from providerId 3 : NetworkOffer [ Provider Id (3) Score(Policies : TRANSPORT_PRIMARY&EVER_EVALUATED&IS_UNMETERED&EVER_VALIDATED&IS_VALIDATED ; KeepConnected : 0) Caps [ Transports: CELLULAR Capabilities: MMS&SUPL&DUN&FOTA&IMS&CBS&IA&RCS&XCAP&EIMS&INTERNET&NOT_RESTRICTED&TRUSTED&NOT_VPN&MCX&NOT_VCN_MANAGED UnderlyingNetworks: Null] Needed by []]
10-24 21:41:48.833 1637 1965 D CompatibilityChangeReporter: Compat change id reported: 218533173; UID 10253; state: ENABLED
10-24 21:41:48.833 1637 1965 D CompatibilityChangeReporter: Compat change id reported: 218533173; UID 10181; state: ENABLED
10-24 21:41:48.832 1042 1042 W HwBinder:1042_2: type=1400 audit(0.0:58): avc: denied { read } for name="u:object_r:vendor_codec2_debug_prop:s0" dev="tmpfs" ino=333 scontext=u:r:mediacodec:s0 tcontext=u:object_r:vendor_codec2_debug_prop:s0 tclass=file permissive=0
10-24 21:41:48.832 1042 1042 W HwBinder:1042_2: type=1400 audit(0.0:59): avc: denied { read } for name="u:object_r:vendor_codec2_debug_prop:s0" dev="tmpfs" ino=333 scontext=u:r:mediacodec:s0 tcontext=u:object_r:vendor_codec2_debug_prop:s0 tclass=file permissive=0
10-24 21:41:48.834 1042 1100 W libc : Access denied finding property "vendor.debug.c2.level"
10-24 21:41:48.834 1637 1977 D ConnectivityService: NetReassign [no changes] [c 0] [a 0] [i 0]
10-24 21:41:48.834 1042 1100 W libc : Access denied finding property "vendor.debug.c2.level"
10-24 21:41:48.834 1637 1965 D CompatibilityChangeReporter: Compat change id reported: 218533173; UID 10263; state: ENABLED
10-24 21:41:48.834 1637 1965 D CompatibilityChangeReporter: Compat change id reported: 218533173; UID 10277; state: ENABLED
10-24 21:41:48.834 1637 1965 D CompatibilityChangeReporter: Compat change id reported: 218533173; UID 10302; state: ENABLED
10-24 21:41:48.834 1042 1100 W ColorUtils: expected specified color aspects (0:0:0:0)
10-24 21:41:48.834 1637 1965 D CompatibilityChangeReporter: Compat change id reported: 218533173; UID 10294; state: ENABLED
10-24 21:41:48.834 1637 1965 D CompatibilityChangeReporter: Compat change id reported: 218533173; UID 10247; state: ENABLED
10-24 21:41:48.835 1042 1100 I samsung.hardware.media.c2@1.0-service: missing struct descriptor #Param::CoreIndex(--004) for field values of struct #Param::CoreIndex(F-12004)
10-24 21:41:48.835 1637 1637 D SystemServerTiming: MakeNetworkPolicyServiceReady
10-24 21:41:48.835 1637 1965 D CompatibilityChangeReporter: Compat change id reported: 218533173; UID 10264; state: ENABLED
10-24 21:41:48.835 1042 1100 I samsung.hardware.media.c2@1.0-service: missing struct descriptor #Param::CoreIndex(--1812) for field values of struct #Param::CoreIndex(F-11812)
10-24 21:41:48.835 1637 1965 D CompatibilityChangeReporter: Compat change id reported: 218533173; UID 10248; state: ENABLED
10-24 21:41:48.835 1637 1965 D CompatibilityChangeReporter: Compat change id reported: 218533173; UID 10295; state: DISABLED
10-24 21:41:48.835 1637 1965 D CompatibilityChangeReporter: Compat change id reported: 218533173; UID 10265; state: ENABLED
10-24 21:41:48.836 1637 1984 I VcnManagementService: new snapshot: TelephonySubscriptionSnapshot{ mActiveDataSubId=-1, mSubIdToInfoMap={}, mSubIdToCarrierConfigMap={}, mPrivilegedPackages={} }
10-24 21:41:48.841 2049 2049 V WindowManagerShell: Adding init callback for DisplayChangeController
10-24 21:41:48.841 2049 2049 V WindowManagerShell: Adding init callback for DisplayController
10-24 21:41:48.842 2049 2049 V WindowManagerShell: Adding init callback for DisplayInsetsController
10-24 21:41:48.842 2049 2049 V WindowManagerShell: Adding init callback for DisplayImeController
10-24 21:41:48.842 2049 2049 V WindowManagerShell: Adding init callback for ShellController
10-24 21:41:48.843 1042 1100 W libc : Access denied finding property "vendor.debug.c2.level"
