10-24 21:41:43.688 1042 1042 W samsung.hardware.media.c2@1.0-service: libminijail[1042]: compile_file: /system/etc/seccomp_policy/crash_dump.arm.policy(30): syscall madvise redefined here
10-24 21:41:43.688 1042 1042 W samsung.hardware.media.c2@1.0-service: libminijail[1042]: compile_file: (43): previous definition here
10-24 21:41:43.688 1042 1042 W samsung.hardware.media.c2@1.0-service: libminijail[1042]: compile_file: /system/etc/seccomp_policy/crash_dump.arm.policy(31): syscall mprotect redefined here
10-24 21:41:43.688 1042 1042 W samsung.hardware.media.c2@1.0-service: libminijail[1042]: compile_file: (42): previous definition here
10-24 21:41:43.688 1042 1042 W samsung.hardware.media.c2@1.0-service: libminijail[1042]: compile_file: /system/etc/seccomp_policy/crash_dump.arm.policy(32): syscall munmap redefined here
10-24 21:41:43.688 1042 1042 W samsung.hardware.media.c2@1.0-service: libminijail[1042]: compile_file: (41): previous definition here
10-24 21:41:43.688 1042 1042 W samsung.hardware.media.c2@1.0-service: libminijail[1042]: compile_file: /system/etc/seccomp_policy/crash_dump.arm.policy(33): nonexistent syscall 'getuid32'
10-24 21:41:43.688 1042 1042 W samsung.hardware.media.c2@1.0-service: libminijail[1042]: compile_file: /system/etc/seccomp_policy/crash_dump.arm.policy(34): nonexistent syscall 'fstat64'
10-24 21:41:43.688 1042 1042 W samsung.hardware.media.c2@1.0-service: libminijail[1042]: compile_file: /system/etc/seccomp_policy/crash_dump.arm.policy(35): nonexistent syscall 'mmap2'
10-24 21:41:43.688 1042 1042 W samsung.hardware.media.c2@1.0-service: libminijail[1042]: compile_file: /system/etc/seccomp_policy/crash_dump.arm.policy(36): nonexistent syscall 'geteuid32'
10-24 21:41:43.688 1042 1042 W samsung.hardware.media.c2@1.0-service: libminijail[1042]: compile_file: /system/etc/seccomp_policy/crash_dump.arm.policy(37): nonexistent syscall 'getgid32'
10-24 21:41:43.688 1042 1042 W samsung.hardware.media.c2@1.0-service: libminijail[1042]: compile_file: /system/etc/seccomp_policy/crash_dump.arm.policy(38): nonexistent syscall 'getegid32'
10-24 21:41:43.688 1042 1042 W samsung.hardware.media.c2@1.0-service: libminijail[1042]: compile_file: /system/etc/seccomp_policy/crash_dump.arm.policy(39): nonexistent syscall 'getgroups32'
10-24 21:41:43.688 1042 1042 W samsung.hardwar: type=1400 audit(0.0:35): avc: denied { read } for name="u:object_r:vendor_codec2_debug_prop:s0" dev="tmpfs" ino=333 scontext=u:r:mediacodec:s0 tcontext=u:object_r:vendor_codec2_debug_prop:s0 tclass=file permissive=0
10-24 21:41:43.688 1042 1042 W samsung.hardware.media.c2@1.0-service: libminijail[1042]: compile_file: (102): nonexistent syscall 'eventfd'
10-24 21:41:43.688 1042 1042 W samsung.hardware.media.c2@1.0-service: libminijail[1042]: compile_file: (112): nonexistent syscall 'epoll_wait'
10-24 21:41:43.689 1042 1042 W samsung.hardware.media.c2@1.0-service: libminijail[1042]: logging seccomp filter failures
10-24 21:41:43.689 972 972 I AndroidRuntime: Using default boot image
10-24 21:41:43.689 972 972 I AndroidRuntime: Leaving lock profiling enabled
10-24 21:41:43.690 1042 1042 I samsung.hardware.media.c2@1.0-service: Creating vendor Codec2 service...
10-24 21:41:43.690 1042 1042 W libc : Access denied finding property "vendor.debug.c2.level"
10-24 21:41:43.691 1042 1042 E ion : open /dev/ion failed: No such file or directory
10-24 21:41:43.691 1042 1042 E ExynosIONUtils: [getHeapMask] ion_open() is failed
10-24 21:41:43.691 1042 1042 D MediaCodecsXmlParser: parsing vendor/etc/media_codecs_c2.xml...
10-24 21:41:43.691 1042 1042 D MediaCodecsXmlParser: parsing vendor/etc/media_codecs_aosp_c2.xml...
10-24 21:41:43.693 1042 1042 D MediaCodecsXmlParser: ignoring Alias specified not directly in a MediaCodec at line 52 of vendor/etc/media_codecs_c2.xml
10-24 21:41:43.693 972 972 I zygote : option[0]=-Xzygote
10-24 21:41:43.693 1042 1042 D MediaCodecsXmlParser: ignoring Alias specified not directly in a MediaCodec at line 59 of vendor/etc/media_codecs_c2.xml
10-24 21:41:43.693 972 972 I zygote : option[1]=exit
10-24 21:41:43.693 972 972 I zygote : option[2]=vfprintf
10-24 21:41:43.693 972 972 I zygote : option[3]=sensitiveThread
10-24 21:41:43.693 972 972 I zygote : option[4]=-verbose:gc
10-24 21:41:43.693 972 972 I zygote : option[5]=-XX:PerfettoHprof=true
10-24 21:41:43.693 972 972 I zygote : option[6]=-XX:PerfettoJavaHeapStackProf=true
10-24 21:41:43.693 972 972 I zygote : option[7]=-Xms16m
10-24 21:41:43.693 972 972 I zygote : option[8]=-Xmx512m
10-24 21:41:43.693 972 972 I zygote : option[9]=-XX:HeapGrowthLimit=256m
10-24 21:41:43.693 972 972 I zygote : option[10]=-XX:HeapMinFree=8m
10-24 21:41:43.693 972 972 I zygote : option[11]=-XX:HeapMaxFree=32m
10-24 21:41:43.693 972 972 I zygote : option[12]=-XX:HeapTargetUtilization=0.5
10-24 21:41:43.693 1042 1042 I ExynosC2ComponentStore: [buildComponentList] ==============================
10-24 21:41:43.693 972 972 I zygote : option[13]=-Xusejit:true
10-24 21:41:43.693 1042 1042 I ExynosC2ComponentStore: [buildComponentList] == supported component list ==
10-24 21:41:43.693 972 972 I zygote : option[14]=-Xjitsaveprofilinginfo
10-24 21:41:43.693 1042 1042 I ExynosC2ComponentStore: [buildComponentList] c2.exynos.h263.decoder
10-24 21:41:43.693 1042 1042 I ExynosC2ComponentStore: [buildComponentList] c2.exynos.h263.encoder
10-24 21:41:43.693 972 972 I zygote : option[15]=-XMadviseWillNeedVdexFileSize:104857600
10-24 21:41:43.693 1042 1042 I ExynosC2ComponentStore: [buildComponentList] c2.exynos.h264.decoder
10-24 21:41:43.693 1042 1042 I ExynosC2ComponentStore: [buildComponentList] c2.exynos.h264.decoder.secure
10-24 21:41:43.693 1042 1042 I ExynosC2ComponentStore: [buildComponentList] c2.exynos.h264.encoder
10-24 21:41:43.693 1042 1042 I ExynosC2ComponentStore: [buildComponentList] c2.exynos.hevc.decoder
10-24 21:41:43.693 972 972 I zygote : option[16]=-XMadviseWillNeedOdexFileSize:104857600
10-24 21:41:43.693 1042 1042 I ExynosC2ComponentStore: [buildComponentList] c2.exynos.hevc.decoder.secure
10-24 21:41:43.693 1042 1042 I ExynosC2ComponentStore: [buildComponentList] c2.exynos.hevc.encoder
10-24 21:41:43.693 1042 1042 I ExynosC2ComponentStore: [buildComponentList] c2.exynos.mpeg4.decoder
10-24 21:41:43.693 1042 1042 I ExynosC2ComponentStore: [buildComponentList] c2.exynos.mpeg4.encoder
10-24 21:41:43.693 1042 1042 I ExynosC2ComponentStore: [buildComponentList] c2.exynos.vp8.decoder
10-24 21:41:43.693 1042 1042 I ExynosC2ComponentStore: [buildComponentList] c2.exynos.vp8.encoder
10-24 21:41:43.693 972 972 I zygote : option[17]=-XMadviseWillNeedArtFileSize:4294967295
10-24 21:41:43.693 1042 1042 I ExynosC2ComponentStore: [buildComponentList] c2.exynos.vp9.decoder
10-24 21:41:43.693 1042 1042 I ExynosC2ComponentStore: [buildComponentList] c2.exynos.vp9.decoder.secure
10-24 21:41:43.693 1042 1042 I ExynosC2ComponentStore: [buildComponentList] c2.exynos.vp9.encoder
10-24 21:41:43.693 1042 1042 I ExynosC2ComponentStore: [buildComponentList] ==============================
10-24 21:41:43.693 972 972 I zygote : option[18]=-XjdwpOptions:suspend=n,server=y
10-24 21:41:43.693 972 972 I zygote : option[19]=-XjdwpProvider:default
10-24 21:41:43.693 972 972 I zygote : option[20]=-Xopaque-jni-ids:swapable
10-24 21:41:43.693 972 972 I zygote : option[21]=-Xcompiler-option
10-24 21:41:43.693 972 972 I zygote : option[22]=--instruction-set-variant=cortex-a53
10-24 21:41:43.693 972 972 I zygote : option[23]=-Xcompiler-option
10-24 21:41:43.693 972 972 I zygote : option[24]=--instruction-set-features=default
10-24 21:41:43.693 972 972 I zygote : option[25]=-Xcompiler-option
10-24 21:41:43.693 972 972 I zygote : option[26]=--generate-mini-debug-info
10-24 21:41:43.693 972 972 I zygote : option[27]=-Ximage-compiler-option
10-24 21:41:43.693 972 972 I zygote : option[28]=--runtime-arg
10-24 21:41:43.693 972 972 I zygote : option[29]=-Ximage-compiler-option
10-24 21:41:43.693 972 972 I zygote : option[30]=-Xms64m
10-24 21:41:43.693 972 972 I zygote : option[31]=-Ximage-compiler-option
10-24 21:41:43.693 972 972 I zygote : option[32]=--runtime-arg
10-24 21:41:43.693 972 972 I zygote : option[33]=-Ximage-compiler-option
10-24 21:41:43.693 972 972 I zygote : option[34]=-Xmx64m
10-24 21:41:43.693 972 972 I zygote : option[35]=-Ximage-compiler-option
10-24 21:41:43.693 972 972 I zygote : option[36]=--dirty-image-objects=/system/etc/dirty-image-objects
10-24 21:41:43.693 972 972 I zygote : option[37]=-Ximage-compiler-option
10-24 21:41:43.693 972 972 I zygote : option[38]=--instruction-set-variant=cortex-a53
10-24 21:41:43.693 972 972 I zygote : option[39]=-Ximage-compiler-option
10-24 21:41:43.693 972 972 I zygote : option[40]=--instruction-set-features=default
10-24 21:41:43.693 972 972 I zygote : option[41]=-Ximage-compiler-option
10-24 21:41:43.693 972 972 I zygote : option[42]=--generate-mini-debug-info
10-24 21:41:43.693 972 972 I zygote : option[43]=-Duser.locale=en-US
10-24 21:41:43.693 972 972 I zygote : option[44]=--cpu-abilist=armeabi-v7a,armeabi
10-24 21:41:43.693 972 972 I zygote : option[45]=-Xfingerprint:google/raven/raven:13/TQ2A.230305.008.E1/9677224:user/release-keys
10-24 21:41:43.694 1042 1042 I HidlServiceManagement: Registered android.hardware.media.c2@1.0::IComponentStore/default
10-24 21:41:43.694 1042 1042 I samsung.hardware.media.c2@1.0-service: Vendor Codec2 service created.
10-24 21:41:43.694 1042 1042 D ECOService: ECOService created
10-24 21:41:43.694 1042 1042 I samsung.hardware.media.c2@1.0-service: ECOService log level is 0
10-24 21:41:43.695 1042 1042 I samsung.hardware.media.c2@1.0-service: ECOService started.
10-24 21:41:43.701 972 972 I zygote : Using CollectorTypeCMC GC.
10-24 21:41:43.713 1049 1049 I vendor.google.wifi_ext@1.0-service-vendor: Wifi Hal is booting up...
10-24 21:41:43.715 1098 1098 E Vibrator: Failed to open /sys/class/leds/vibrator/device/asp_enable (2): No such file or directory
10-24 21:41:43.715 1049 1049 I HidlServiceManagement: Registered android.hardware.wifi@1.6::IWifi/default
10-24 21:41:43.716 1049 1049 I HidlServiceManagement: Registered vendor.google.wifi_ext@1.3::IWifiExt/default
10-24 21:41:43.716 1049 1049 I HidlServiceManagement: Removing namespace from process name vendor.google.wifi_ext@1.0-service-vendor to wifi_ext@1.0-service-vendor.
10-24 21:41:43.717 970 970 D XfrmController: Sending Netlink XFRM Message: XFRM_MSG_FLUSHSA
10-24 21:41:43.717 970 970 D XfrmController: Sending Netlink XFRM Message: XFRM_MSG_FLUSHPOLICY
10-24 21:41:43.717 970 970 I netd : Initializing XfrmController: 33189us
10-24 21:41:43.720 1057 1057 I credstore: Registered binder service
10-24 21:41:43.721 970 970 I resolv : resolv_init: Initializing resolver
10-24 21:41:43.725 1098 1098 E Vibrator: Failed to read device/cp_trigger_duration (22): Invalid argument
10-24 21:41:43.725 1017 1017 I Darwinn : Loaded HAL binary with baseline cl number 450577577, cl number 467268917, built on Fri Aug 12 15:51:26 2022
10-24 21:41:43.729 530 530 I servicemanager: Found android.frameworks.stats.IStats/default in framework VINTF manifest.
10-24 21:41:43.729 1056 1056 I FastMixerState: sMaxFastTracks = 8
10-24 21:41:43.730 530 530 I servicemanager: Since 'android.frameworks.stats.IStats/default' could not be found, trying to start it as a lazy AIDL service
10-24 21:41:43.732 1056 1056 V MediaUtils: physMem: 12079722496
10-24 21:41:43.732 1056 1056 V MediaUtils: requested limit: 536870912
10-24 21:41:43.732 1056 1056 I libc : malloc_limit: Allocation limit enabled, max size 536870912 bytes
10-24 21:41:43.732 1056 1056 I audioserver: ServiceManager: 0xb400007342be26a0
10-24 21:41:43.733 530 1114 W libc : Unable to set property "ctl.interface_start" to "aidl/android.frameworks.stats.IStats/default": error code: 0x20
10-24 21:41:43.733 530 1114 I servicemanager: Tried to start aidl service android.frameworks.stats.IStats/default as a lazy service, but was unable to. Usually this happens when a service is not installed, but if the service is intended to be used as a lazy service, then it may be configured incorrectly.
10-24 21:41:43.734 1056 1056 W BatteryNotifier: batterystats service unavailable!
10-24 21:41:43.735 531 531 I hwservicemanager: getTransport: Cannot find entry android.hardware.audio.effect@7.1::IEffectsFactory/default in either framework or device VINTF manifest.
10-24 21:41:43.748 1098 1098 E Vibrator: Failed to read device/cp_trigger_duration (62): Timer expired
10-24 21:41:43.764 531 531 I hwservicemanager: getTransport: Cannot find entry android.hardware.audio.effect@7.1::IEffectsFactory/default in either framework or device VINTF manifest.
10-24 21:41:43.766 1056 1056 I ServiceManager: Waiting for service 'media.metrics' on '/dev/binder'...
10-24 21:41:43.767 1098 1098 E android.hardware.vibrator-service.cs40l25: Haptic ALSA device not supported
10-24 21:41:43.767 1098 1098 E android.hardware.vibrator-service.cs40l25: Failed to get pwle composition size max, using default size: 82
10-24 21:41:43.767 1098 1098 E android.hardware.vibrator-service.cs40l25: Haptic ALSA device not supported
10-24 21:41:43.768 530 530 I servicemanager: Found android.hardware.vibrator.IVibrator/default in device VINTF manifest.
10-24 21:41:43.771 578 586 W ServiceManager: Waited one second for android.frameworks.stats.IStats/default (is service started? are binder threads started and available?)
10-24 21:41:43.771 530 530 I servicemanager: Since 'android.frameworks.stats.IStats/default' could not be found, trying to start it as a lazy AIDL service
10-24 21:41:43.772 530 1131 W libc : Unable to set property "ctl.interface_start" to "aidl/android.frameworks.stats.IStats/default": error code: 0x20
10-24 21:41:43.772 530 1131 I servicemanager: Tried to start aidl service android.frameworks.stats.IStats/default as a lazy service, but was unable to. Usually this happens when a service is not installed, but if the service is intended to be used as a lazy service, then it may be configured incorrectly.
10-24 21:41:43.777 1015 1015 I HidlServiceManagement: Registered android.hardware.neuralnetworks@1.3::IDevice/google-armnn
10-24 21:41:43.777 1015 1015 I HidlServiceManagement: Removing namespace from process name android.hardware.neuralnetworks@1.3-service-armnn to neuralnetworks@1.3-service-armnn.
10-24 21:41:43.782 971 971 E zygote64: ----- class 'Lcom/android/internal/os/Zygote;' cl=0x0 -----
10-24 21:41:43.782 971 971 E zygote64: objectSize=500 (224 from super)
10-24 21:41:43.782 971 971 E zygote64: access=0x0000.0011
10-24 21:41:43.782 971 971 E zygote64: super='java.lang.Class' (cl=0x0)
10-24 21:41:43.782 971 971 E zygote64: vtable (0 entries, 11 in super):
10-24 21:41:43.782 971 971 E zygote64: direct methods (67 entries):
10-24 21:41:43.782 971 971 E zygote64: 0: void com.android.internal.os.Zygote.()
10-24 21:41:43.782 971 971 E zygote64: 1: void com.android.internal.os.Zygote.()
10-24 21:41:43.782 971 971 E zygote64: 2: void com.android.internal.os.Zygote.allowAppFilesAcrossFork(android.content.pm.ApplicationInfo)
10-24 21:41:43.782 971 971 E zygote64: 3: void com.android.internal.os.Zygote.allowFilesOpenedByPreload()
10-24 21:41:43.782 971 971 E zygote64: 4: void com.android.internal.os.Zygote.appendQuotedShellArgs(java.lang.StringBuilder, java.lang.String[])
10-24 21:41:43.782 971 971 E zygote64: 5: void com.android.internal.os.Zygote.applyDebuggerSystemProperty(com.android.internal.os.ZygoteArguments)
10-24 21:41:43.782 971 971 E zygote64: 6: void com.android.internal.os.Zygote.applyInvokeWithSecurityPolicy(com.android.internal.os.ZygoteArguments, android.net.Credentials)
10-24 21:41:43.782 971 971 E zygote64: 7: void com.android.internal.os.Zygote.applyInvokeWithSystemProperty(com.android.internal.os.ZygoteArguments)
10-24 21:41:43.782 971 971 E zygote64: 8: void com.android.internal.os.Zygote.applyUidSecurityPolicy(com.android.internal.os.ZygoteArguments, android.net.Credentials)
10-24 21:41:43.782 971 971 E zygote64: 9: void com.android.internal.os.Zygote.blockSigTerm()
10-24 21:41:43.782 971 971 E zygote64: 10: void com.android.internal.os.Zygote.boostUsapPriority()
10-24 21:41:43.782 971 971 E zygote64: 11: void com.android.internal.os.Zygote.callPostForkChildHooks(int, boolean, boolean, java.lang.String)
10-24 21:41:43.782 971 971 E zygote64: 12: void com.android.internal.os.Zygote.callPostForkSystemServerHooks(int)
10-24 21:41:43.782 971 971 E zygote64: 13: java.lang.Runnable com.android.internal.os.Zygote.childMain(com.android.internal.os.ZygoteCommandBuffer, android.net.LocalServerSocket, java.io.FileDescriptor)
10-24 21:41:43.782 971 971 E zygote64: 14: boolean com.android.internal.os.Zygote.containsInetGid(int[])
10-24 21:41:43.782 971 971 E zygote64: 15: android.net.LocalServerSocket com.android.internal.os.Zygote.createManagedSocketFromInitSocket(java.lang.String)
10-24 21:41:43.782 971 971 E zygote64: 16: int com.android.internal.os.Zygote.decideGwpAsanLevel(android.content.pm.ApplicationInfo, android.content.pm.ProcessInfo, com.android.internal.compat.IPlatformCompat)
10-24 21:41:43.782 971 971 E zygote64: 17: int com.android.internal.os.Zygote.decideTaggingLevel(android.content.pm.ApplicationInfo, android.content.pm.ProcessInfo, com.android.internal.compat.IPlatformCompat)
10-24 21:41:43.782 971 971 E zygote64: 18: void com.android.internal.os.Zygote.emptyUsapPool()
10-24 21:41:43.782 971 971 E zygote64: 19: boolean com.android.internal.os.Zygote.enableNativeHeapZeroInit(android.content.pm.ApplicationInfo, android.content.pm.ProcessInfo, com.android.internal.compat.IPlatformCompat)
10-24 21:41:43.782 971 971 E zygote64: 20: void com.android.internal.os.Zygote.execShell(java.lang.String)
10-24 21:41:43.782 971 971 E zygote64: 21: int com.android.internal.os.Zygote.forkAndSpecialize(int, int, int[], int, int[][], int, java.lang.String, java.lang.String, int[], int[], boolean, java.lang.String, java.lang.String, boolean, java.lang.String[], java.lang.String[], boolean, boolean)
10-24 21:41:43.782 971 971 E zygote64: 22: java.lang.Runnable com.android.internal.os.Zygote.forkSimpleApps(com.android.internal.os.ZygoteCommandBuffer, java.io.FileDescriptor, int, int, java.lang.String)
10-24 21:41:43.782 971 971 E zygote64: 23: int com.android.internal.os.Zygote.forkSystemServer(int, int, int[], int, int[][], long, long)
10-24 21:41:43.782 971 971 E zygote64: 24: java.lang.Runnable com.android.internal.os.Zygote.forkUsap(android.net.LocalServerSocket, int[], boolean)
10-24 21:41:43.782 971 971 E zygote64: 25: java.lang.String com.android.internal.os.Zygote.getConfigurationProperty(java.lang.String, java.lang.String)
10-24 21:41:43.782 971 971 E zygote64: 26: boolean com.android.internal.os.Zygote.getConfigurationPropertyBoolean(java.lang.String, java.lang.Boolean)
10-24 21:41:43.782 971 971 E zygote64: 27: int com.android.internal.os.Zygote.getMemorySafetyRuntimeFlags(android.content.pm.ApplicationInfo, android.content.pm.ProcessInfo, java.lang.String, com.android.internal.compat.IPlatformCompat)
10-24 21:41:43.782 971 971 E zygote64: 28: int com.android.internal.os.Zygote.getMemorySafetyRuntimeFlagsForSecondaryZygote(android.content.pm.ApplicationInfo, android.content.pm.ProcessInfo)
10-24 21:41:43.782 971 971 E zygote64: 29: int com.android.internal.os.Zygote.getRequestedMemtagLevel(android.content.pm.ApplicationInfo, android.content.pm.ProcessInfo, com.android.internal.compat.IPlatformCompat)
10-24 21:41:43.782 971 971 E zygote64: 30: int[] com.android.internal.os.Zygote.getUsapPipeFDs()
10-24 21:41:43.782 971 971 E zygote64: 31: int com.android.internal.os.Zygote.getUsapPoolCount()
10-24 21:41:43.782 971 971 E zygote64: 32: java.io.FileDescriptor com.android.internal.os.Zygote.getUsapPoolEventFD()
10-24 21:41:43.782 971 971 E zygote64: 33: java.lang.String com.android.internal.os.Zygote.getWrapProperty(java.lang.String)
10-24 21:41:43.782 971 971 E zygote64: 34: void com.android.internal.os.Zygote.initNativeState(boolean)
10-24 21:41:43.782 971 971 E zygote64: 35: boolean com.android.internal.os.Zygote.isCompatChangeEnabled(long, android.content.pm.ApplicationInfo, com.android.internal.compat.IPlatformCompat, int)
10-24 21:41:43.782 971 971 E zygote64: 36: void com.android.internal.os.Zygote.markOpenedFilesBeforePreload()
10-24 21:41:43.782 971 971 E zygote64: 37: int com.android.internal.os.Zygote.memtagModeToZygoteMemtagLevel(int)
10-24 21:41:43.782 971 971 E zygote64: 38: int com.android.internal.os.Zygote.minChildUid(android.net.Credentials)
10-24 21:41:43.782 971 971 E zygote64: 39: void com.android.internal.os.Zygote.nativeAddUsapTableEntry(int, int)
10-24 21:41:43.782 971 971 E zygote64: 40: void com.android.internal.os.Zygote.nativeAllowFileAcrossFork(java.lang.String)
10-24 21:41:43.782 971 971 E zygote64: 41: void com.android.internal.os.Zygote.nativeAllowFilesOpenedByPreload()
10-24 21:41:43.782 971 971 E zygote64: 42: void com.android.internal.os.Zygote.nativeBlockSigTerm()
10-24 21:41:43.782 971 971 E zygote64: 43: void com.android.internal.os.Zygote.nativeBoostUsapPriority()
10-24 21:41:43.782 971 971 E zygote64: 44: int com.android.internal.os.Zygote.nativeCurrentTaggingLevel()
10-24 21:41:43.782 971 971 E zygote64: 45: void com.android.internal.os.Zygote.nativeEmptyUsapPool()
10-24 21:41:43.782 971 971 E zygote64: 46: int com.android.internal.os.Zygote.nativeForkAndSpecialize(int, int, int[], int, int[][], int, java.lang.String, java.lang.String, int[], int[], boolean, java.lang.String, java.lang.String, boolean, java.lang.String[], java.lang.String[], boolean, boolean)
10-24 21:41:43.782 971 971 E zygote64: 47: int com.android.internal.os.Zygote.nativeForkApp(int, int, int[], boolean, boolean)
10-24 21:41:43.782 971 971 E zygote64: 48: int com.android.internal.os.Zygote.nativeForkSystemServer(int, int, int[], int, int[][], long, long)
10-24 21:41:43.782 971 971 E zygote64: 49: int[] com.android.internal.os.Zygote.nativeGetUsapPipeFDs()
10-24 21:41:43.782 971 971 E zygote64: 50: int com.android.internal.os.Zygote.nativeGetUsapPoolCount()
10-24 21:41:43.782 971 971 E zygote64: 51: int com.android.internal.os.Zygote.nativeGetUsapPoolEventFD()
10-24 21:41:43.782 971 971 E zygote64: 52: void com.android.internal.os.Zygote.nativeInitNativeState(boolean)
10-24 21:41:43.782 971 971 E zygote64: 53: void com.android.internal.os.Zygote.nativeInstallSeccompUidGidFilter(int, int)
10-24 21:41:43.782 971 971 E zygote64: 54: void com.android.internal.os.Zygote.nativeMarkOpenedFilesBeforePreload()
10-24 21:41:43.782 971 971 E zygote64: 55: int com.android.internal.os.Zygote.nativeParseSigChld(byte[], int, int[])
10-24 21:41:43.782 971 971 E zygote64: 56: void com.android.internal.os.Zygote.nativePreApplicationInit()
10-24 21:41:43.782 971 971 E zygote64: 57: boolean com.android.internal.os.Zygote.nativeRemoveUsapTableEntry(int)
10-24 21:41:43.782 971 971 E zygote64: 58: void com.android.internal.os.Zygote.nativeSpecializeAppProcess(int, int, int[], int, int[][], int, java.lang.String, java.lang.String, boolean, java.lang.String, java.lang.String, boolean, java.lang.String[], java.lang.String[], boolean, boolean)
10-24 21:41:43.782 971 971 E zygote64: 59: boolean com.android.internal.os.Zygote.nativeSupportsMemoryTagging()
10-24 21:41:43.782 971 971 E zygote64: 60: boolean com.android.internal.os.Zygote.nativeSupportsTaggedPointers()
10-24 21:41:43.782 971 971 E zygote64: 61: void com.android.internal.os.Zygote.nativeUnblockSigTerm()
10-24 21:41:43.782 971 971 E zygote64: 62: boolean com.android.internal.os.Zygote.removeUsapTableEntry(int)
10-24 21:41:43.782 971 971 E zygote64: 63: void com.android.internal.os.Zygote.setAppProcessName(com.android.internal.os.ZygoteArguments, java.lang.String)
10-24 21:41:43.782 971 971 E zygote64: 64: void com.android.internal.os.Zygote.specializeAppProcess(int, int, int[], int, int[][], int, java.lang.String, java.lang.String, boolean, java.lang.String, java.lang.String, boolean, java.lang.String[], java.lang.String[], boolean, boolean)
10-24 21:41:43.782 971 971 E zygote64: 65: void com.android.internal.os.Zygote.unblockSigTerm()
10-24 21:41:43.782 971 971 E zygote64: 66: void com.android.internal.os.Zygote.validateUsapCommand(com.android.internal.os.ZygoteArguments)
10-24 21:41:43.782 971 971 E zygote64: static fields (62 entries):
10-24 21:41:43.782 971 971 E zygote64: 0: java.lang.String com.android.internal.os.Zygote.ALLOWLISTED_DATA_INFO_MAP
10-24 21:41:43.782 971 971 E zygote64: 1: java.lang.String com.android.internal.os.Zygote.ANDROID_SOCKET_PREFIX
10-24 21:41:43.782 971 971 E zygote64: 2: int com.android.internal.os.Zygote.API_ENFORCEMENT_POLICY_MASK
10-24 21:41:43.782 971 971 E zygote64: 3: int com.android.internal.os.Zygote.API_ENFORCEMENT_POLICY_SHIFT
10-24 21:41:43.782 971 971 E zygote64: 4: java.lang.String com.android.internal.os.Zygote.BIND_MOUNT_APP_DATA_DIRS
10-24 21:41:43.782 971 971 E zygote64: 5: java.lang.String com.android.internal.os.Zygote.BIND_MOUNT_APP_STORAGE_DIRS
10-24 21:41:43.782 971 971 E zygote64: 6: java.lang.String com.android.internal.os.Zygote.CHILD_ZYGOTE_ABI_LIST_ARG
10-24 21:41:43.782 971 971 E zygote64: 7: java.lang.String com.android.internal.os.Zygote.CHILD_ZYGOTE_SOCKET_NAME_ARG
10-24 21:41:43.782 971 971 E zygote64: 8: java.lang.String com.android.internal.os.Zygote.CHILD_ZYGOTE_UID_RANGE_END
10-24 21:41:43.782 971 971 E zygote64: 9: java.lang.String com.android.internal.os.Zygote.CHILD_ZYGOTE_UID_RANGE_START
10-24 21:41:43.782 971 971 E zygote64: 10: int com.android.internal.os.Zygote.DEBUG_ALWAYS_JIT
10-24 21:41:43.782 971 971 E zygote64: 11: int com.android.internal.os.Zygote.DEBUG_ENABLE_ASSERT
10-24 21:41:43.782 971 971 E zygote64: 12: int com.android.internal.os.Zygote.DEBUG_ENABLE_CHECKJNI
10-24 21:41:43.782 971 971 E zygote64: 13: int com.android.internal.os.Zygote.DEBUG_ENABLE_JDWP
10-24 21:41:43.782 971 971 E zygote64: 14: int com.android.internal.os.Zygote.DEBUG_ENABLE_JNI_LOGGING
10-24 21:41:43.782 971 971 E zygote64: 15: int com.android.internal.os.Zygote.DEBUG_ENABLE_SAFEMODE
10-24 21:41:43.782 971 971 E zygote64: 16: int com.android.internal.os.Zygote.DEBUG_GENERATE_DEBUG_INFO
10-24 21:41:43.782 971 971 E zygote64: 17: int com.android.internal.os.Zygote.DEBUG_GENERATE_MINI_DEBUG_INFO
10-24 21:41:43.782 971 971 E zygote64: 18: int com.android.internal.os.Zygote.DEBUG_IGNORE_APP_SIGNAL_HANDLER
10-24 21:41:43.782 971 971 E zygote64: 19: int com.android.internal.os.Zygote.DEBUG_JAVA_DEBUGGABLE
10-24 21:41:43.782 971 971 E zygote64: 20: int com.android.internal.os.Zygote.DEBUG_NATIVE_DEBUGGABLE
10-24 21:41:43.782 971 971 E zygote64: 21: int com.android.internal.os.Zygote.DISABLE_TEST_API_ENFORCEMENT_POLICY
10-24 21:41:43.782 971 971 E zygote64: 22: int com.android.internal.os.Zygote.DISABLE_VERIFIER
10-24 21:41:43.782 971 971 E zygote64: 23: long com.android.internal.os.Zygote.GWP_ASAN
10-24 21:41:43.782 971 971 E zygote64: 24: int com.android.internal.os.Zygote.GWP_ASAN_LEVEL_ALWAYS
10-24 21:41:43.782 971 971 E zygote64: 25: int com.android.internal.os.Zygote.GWP_ASAN_LEVEL_LOTTERY
10-24 21:41:43.782 971 971 E zygote64: 26: int com.android.internal.os.Zygote.GWP_ASAN_LEVEL_MASK
10-24 21:41:43.782 971 971 E zygote64: 27: int com.android.internal.os.Zygote.GWP_ASAN_LEVEL_NEVER
10-24 21:41:43.782 971 971 E zygote64: 28: int[][] com.android.internal.os.Zygote.INT_ARRAY_2D
10-24 21:41:43.782 971 971 E zygote64: 29: int com.android.internal.os.Zygote.MEMORY_TAG_LEVEL_ASYNC
10-24 21:41:43.782 971 971 E zygote64: 30: int com.android.internal.os.Zygote.MEMORY_TAG_LEVEL_MASK
10-24 21:41:43.782 971 971 E zygote64: 31: int com.android.internal.os.Zygote.MEMORY_TAG_LEVEL_NONE
10-24 21:41:43.782 971 971 E zygote64: 32: int com.android.internal.os.Zygote.MEMORY_TAG_LEVEL_SYNC
10-24 21:41:43.782 971 971 E zygote64: 33: int com.android.internal.os.Zygote.MEMORY_TAG_LEVEL_TBI
10-24 21:41:43.782 971 971 E zygote64: 34: int com.android.internal.os.Zygote.MOUNT_EXTERNAL_ANDROID_WRITABLE
10-24 21:41:43.782 971 971 E zygote64: 35: int com.android.internal.os.Zygote.MOUNT_EXTERNAL_DEFAULT
10-24 21:41:43.782 971 971 E zygote64: 36: int com.android.internal.os.Zygote.MOUNT_EXTERNAL_INSTALLER
10-24 21:41:43.782 971 971 E zygote64: 37: int com.android.internal.os.Zygote.MOUNT_EXTERNAL_NONE
10-24 21:41:43.782 971 971 E zygote64: 38: int com.android.internal.os.Zygote.MOUNT_EXTERNAL_PASS_THROUGH
10-24 21:41:43.782 971 971 E zygote64: 39: long com.android.internal.os.Zygote.NATIVE_HEAP_POINTER_TAGGING
10-24 21:41:43.782 971 971 E zygote64: 40: long com.android.internal.os.Zygote.NATIVE_HEAP_POINTER_TAGGING_SECONDARY_ZYGOTE
10-24 21:41:43.782 971 971 E zygote64: 41: long com.android.internal.os.Zygote.NATIVE_HEAP_ZERO_INIT
10-24 21:41:43.782 971 971 E zygote64: 42: int com.android.internal.os.Zygote.NATIVE_HEAP_ZERO_INIT_ENABLED
10-24 21:41:43.782 971 971 E zygote64: 43: long com.android.internal.os.Zygote.NATIVE_MEMTAG_ASYNC
10-24 21:41:43.782 971 971 E zygote64: 44: long com.android.internal.os.Zygote.NATIVE_MEMTAG_SYNC
10-24 21:41:43.782 971 971 E zygote64: 45: int com.android.internal.os.Zygote.ONLY_USE_SYSTEM_OAT_FILES
10-24 21:41:43.782 971 971 E zygote64: 46: java.lang.String com.android.internal.os.Zygote.PKG_DATA_INFO_MAP
10-24 21:41:43.782 971 971 E zygote64: 47: java.lang.String com.android.internal.os.Zygote.PRIMARY_SOCKET_NAME
10-24 21:41:43.782 971 971 E zygote64: 48: int com.android.internal.os.Zygote.PRIORITY_MAX
10-24 21:41:43.782 971 971 E zygote64: 49: int com.android.internal.os.Zygote.PROFILEABLE
10-24 21:41:43.782 971 971 E zygote64: 50: int com.android.internal.os.Zygote.PROFILE_FROM_SHELL
10-24 21:41:43.782 971 971 E zygote64: 51: int com.android.internal.os.Zygote.PROFILE_SYSTEM_SERVER
10-24 21:41:43.782 971 971 E zygote64: 52: long com.android.internal.os.Zygote.PROPERTY_CHECK_INTERVAL
10-24 21:41:43.782 971 971 E zygote64: 53: java.lang.String com.android.internal.os.Zygote.SECONDARY_SOCKET_NAME
10-24 21:41:43.782 971 971 E zygote64: 54: int com.android.internal.os.Zygote.SOCKET_BUFFER_SIZE
10-24 21:41:43.782 971 971 E zygote64: 55: java.lang.String com.android.internal.os.Zygote.START_AS_TOP_APP_ARG
10-24 21:41:43.782 971 971 E zygote64: 56: java.lang.String com.android.internal.os.Zygote.TAG
10-24 21:41:43.782 971 971 E zygote64: 57: java.lang.String com.android.internal.os.Zygote.USAP_ERROR_PREFIX
10-24 21:41:43.782 971 971 E zygote64: 58: int com.android.internal.os.Zygote.USAP_MANAGEMENT_MESSAGE_BYTES
10-24 21:41:43.782 971 971 E zygote64: 59: java.lang.String com.android.internal.os.Zygote.USAP_POOL_PRIMARY_SOCKET_NAME
10-24 21:41:43.782 971 971 E zygote64: 60: java.lang.String com.android.internal.os.Zygote.USAP_POOL_SECONDARY_SOCKET_NAME
10-24 21:41:43.782 971 971 E zygote64: 61: int com.android.internal.os.Zygote.USE_APP_IMAGE_STARTUP_CACHE
10-24 21:41:43.782 971 971 E zygote64: Failed to register native method com.android.internal.os.Zygote.nativeForkAndSpecialize(II[II[[IILjava/lang/String;Ljava/lang/String;[ILjava/lang/String;Ljava/lang/String;)I in /system/framework/framework.jar!classes4.dex
10-24 21:41:43.783 971 971 E zygote64: ----- class 'Lcom/android/internal/os/Zygote;' cl=0x0 -----
10-24 21:41:43.783 971 971 E zygote64: objectSize=500 (224 from super)
10-24 21:41:43.783 971 971 E zygote64: access=0x0000.0011
10-24 21:41:43.783 971 971 E zygote64: super='java.lang.Class' (cl=0x0)
10-24 21:41:43.783 971 971 E zygote64: vtable (0 entries, 11 in super):
10-24 21:41:43.783 971 971 E zygote64: direct methods (67 entries):
10-24 21:41:43.783 971 971 E zygote64: 0: void com.android.internal.os.Zygote.()
10-24 21:41:43.783 971 971 E zygote64: 1: void com.android.internal.os.Zygote.()
10-24 21:41:43.783 971 971 E zygote64: 2: void com.android.internal.os.Zygote.allowAppFilesAcrossFork(android.content.pm.ApplicationInfo)
10-24 21:41:43.783 971 971 E zygote64: 3: void com.android.internal.os.Zygote.allowFilesOpenedByPreload()
10-24 21:41:43.783 971 971 E zygote64: 4: void com.android.internal.os.Zygote.appendQuotedShellArgs(java.lang.StringBuilder, java.lang.String[])
10-24 21:41:43.783 971 971 E zygote64: 5: void com.android.internal.os.Zygote.applyDebuggerSystemProperty(com.android.internal.os.ZygoteArguments)
10-24 21:41:43.783 971 971 E zygote64: 6: void com.android.internal.os.Zygote.applyInvokeWithSecurityPolicy(com.android.internal.os.ZygoteArguments, android.net.Credentials)
10-24 21:41:43.783 971 971 E zygote64: 7: void com.android.internal.os.Zygote.applyInvokeWithSystemProperty(com.android.internal.os.ZygoteArguments)
10-24 21:41:43.783 971 971 E zygote64: 8: void com.android.internal.os.Zygote.applyUidSecurityPolicy(com.android.internal.os.ZygoteArguments, android.net.Credentials)
10-24 21:41:43.783 971 971 E zygote64: 9: void com.android.internal.os.Zygote.blockSigTerm()
10-24 21:41:43.783 971 971 E zygote64: 10: void com.android.internal.os.Zygote.boostUsapPriority()
10-24 21:41:43.783 971 971 E zygote64: 11: void com.android.internal.os.Zygote.callPostForkChildHooks(int, boolean, boolean, java.lang.String)
10-24 21:41:43.783 971 971 E zygote64: 12: void com.android.internal.os.Zygote.callPostForkSystemServerHooks(int)
10-24 21:41:43.783 971 971 E zygote64: 13: java.lang.Runnable com.android.internal.os.Zygote.childMain(com.android.internal.os.ZygoteCommandBuffer, android.net.LocalServerSocket, java.io.FileDescriptor)
10-24 21:41:43.783 971 971 E zygote64: 14: boolean com.android.internal.os.Zygote.containsInetGid(int[])
10-24 21:41:43.783 971 971 E zygote64: 15: android.net.LocalServerSocket com.android.internal.os.Zygote.createManagedSocketFromInitSocket(java.lang.String)
10-24 21:41:43.783 971 971 E zygote64: 16: int com.android.internal.os.Zygote.decideGwpAsanLevel(android.content.pm.ApplicationInfo, android.content.pm.ProcessInfo, com.android.internal.compat.IPlatformCompat)
10-24 21:41:43.783 971 971 E zygote64: 17: int com.android.internal.os.Zygote.decideTaggingLevel(android.content.pm.ApplicationInfo, android.content.pm.ProcessInfo, com.android.internal.compat.IPlatformCompat)
10-24 21:41:43.783 971 971 E zygote64: 18: void com.android.internal.os.Zygote.emptyUsapPool()
10-24 21:41:43.783 971 971 E zygote64: 19: boolean com.android.internal.os.Zygote.enableNativeHeapZeroInit(android.content.pm.ApplicationInfo, android.content.pm.ProcessInfo, com.android.internal.compat.IPlatformCompat)
10-24 21:41:43.783 971 971 E zygote64: 20: void com.android.internal.os.Zygote.execShell(java.lang.String)
10-24 21:41:43.783 971 971 E zygote64: 21: int com.android.internal.os.Zygote.forkAndSpecialize(int, int, int[], int, int[][], int, java.lang.String, java.lang.String, int[], int[], boolean, java.lang.String, java.lang.String, boolean, java.lang.String[], java.lang.String[], boolean, boolean)
10-24 21:41:43.783 971 971 E zygote64: 22: java.lang.Runnable com.android.internal.os.Zygote.forkSimpleApps(com.android.internal.os.ZygoteCommandBuffer, java.io.FileDescriptor, int, int, java.lang.String)
10-24 21:41:43.783 971 971 E zygote64: 23: int com.android.internal.os.Zygote.forkSystemServer(int, int, int[], int, int[][], long, long)
10-24 21:41:43.783 971 971 E zygote64: 24: java.lang.Runnable com.android.internal.os.Zygote.forkUsap(android.net.LocalServerSocket, int[], boolean)
10-24 21:41:43.783 971 971 E zygote64: 25: java.lang.String com.android.internal.os.Zygote.getConfigurationProperty(java.lang.String, java.lang.String)
10-24 21:41:43.783 971 971 E zygote64: 26: boolean com.android.internal.os.Zygote.getConfigurationPropertyBoolean(java.lang.String, java.lang.Boolean)
10-24 21:41:43.783 971 971 E zygote64: 27: int com.android.internal.os.Zygote.getMemorySafetyRuntimeFlags(android.content.pm.ApplicationInfo, android.content.pm.ProcessInfo, java.lang.String, com.android.internal.compat.IPlatformCompat)
10-24 21:41:43.783 971 971 E zygote64: 28: int com.android.internal.os.Zygote.getMemorySafetyRuntimeFlagsForSecondaryZygote(android.content.pm.ApplicationInfo, android.content.pm.ProcessInfo)
10-24 21:41:43.783 971 971 E zygote64: 29: int com.android.internal.os.Zygote.getRequestedMemtagLevel(android.content.pm.ApplicationInfo, android.content.pm.ProcessInfo, com.android.internal.compat.IPlatformCompat)
10-24 21:41:43.783 971 971 E zygote64: 30: int[] com.android.internal.os.Zygote.getUsapPipeFDs()
10-24 21:41:43.783 971 971 E zygote64: 31: int com.android.internal.os.Zygote.getUsapPoolCount()
10-24 21:41:43.783 971 971 E zygote64: 32: java.io.FileDescriptor com.android.internal.os.Zygote.getUsapPoolEventFD()
10-24 21:41:43.783 971 971 E zygote64: 33: java.lang.String com.android.internal.os.Zygote.getWrapProperty(java.lang.String)
10-24 21:41:43.783 971 971 E zygote64: 34: void com.android.internal.os.Zygote.initNativeState(boolean)
10-24 21:41:43.783 971 971 E zygote64: 35: boolean com.android.internal.os.Zygote.isCompatChangeEnabled(long, android.content.pm.ApplicationInfo, com.android.internal.compat.IPlatformCompat, int)
10-24 21:41:43.783 971 971 E zygote64: 36: void com.android.internal.os.Zygote.markOpenedFilesBeforePreload()
10-24 21:41:43.783 971 971 E zygote64: 37: int com.android.internal.os.Zygote.memtagModeToZygoteMemtagLevel(int)
10-24 21:41:43.783 971 971 E zygote64: 38: int com.android.internal.os.Zygote.minChildUid(android.net.Credentials)
10-24 21:41:43.783 971 971 E zygote64: 39: void com.android.internal.os.Zygote.nativeAddUsapTableEntry(int, int)
10-24 21:41:43.783 971 971 E zygote64: 40: void com.android.internal.os.Zygote.nativeAllowFileAcrossFork(java.lang.String)
10-24 21:41:43.783 971 971 E zygote64: 41: void com.android.internal.os.Zygote.nativeAllowFilesOpenedByPreload()
10-24 21:41:43.783 971 971 E zygote64: 42: void com.android.internal.os.Zygote.nativeBlockSigTerm()
10-24 21:41:43.783 971 971 E zygote64: 43: void com.android.internal.os.Zygote.nativeBoostUsapPriority()
10-24 21:41:43.783 971 971 E zygote64: 44: int com.android.internal.os.Zygote.nativeCurrentTaggingLevel()
10-24 21:41:43.783 971 971 E zygote64: 45: void com.android.internal.os.Zygote.nativeEmptyUsapPool()
10-24 21:41:43.783 971 971 E zygote64: 46: int com.android.internal.os.Zygote.nativeForkAndSpecialize(int, int, int[], int, int[][], int, java.lang.String, java.lang.String, int[], int[], boolean, java.lang.String, java.lang.String, boolean, java.lang.String[], java.lang.String[], boolean, boolean)
10-24 21:41:43.783 971 971 E zygote64: 47: int com.android.internal.os.Zygote.nativeForkApp(int, int, int[], boolean, boolean)
10-24 21:41:43.783 971 971 E zygote64: 48: int com.android.internal.os.Zygote.nativeForkSystemServer(int, int, int[], int, int[][], long, long)
10-24 21:41:43.783 971 971 E zygote64: 49: int[] com.android.internal.os.Zygote.nativeGetUsapPipeFDs()
10-24 21:41:43.783 971 971 E zygote64: 50: int com.android.internal.os.Zygote.nativeGetUsapPoolCount()
10-24 21:41:43.783 971 971 E zygote64: 51: int com.android.internal.os.Zygote.nativeGetUsapPoolEventFD()
10-24 21:41:43.783 971 971 E zygote64: 52: void com.android.internal.os.Zygote.nativeInitNativeState(boolean)
10-24 21:41:43.783 971 971 E zygote64: 53: void com.android.internal.os.Zygote.nativeInstallSeccompUidGidFilter(int, int)
10-24 21:41:43.783 971 971 E zygote64: 54: void com.android.internal.os.Zygote.nativeMarkOpenedFilesBeforePreload()
10-24 21:41:43.783 971 971 E zygote64: 55: int com.android.internal.os.Zygote.nativeParseSigChld(byte[], int, int[])
10-24 21:41:43.783 971 971 E zygote64: 56: void com.android.internal.os.Zygote.nativePreApplicationInit()
10-24 21:41:43.783 971 971 E zygote64: 57: boolean com.android.internal.os.Zygote.nativeRemoveUsapTableEntry(int)
10-24 21:41:43.783 971 971 E zygote64: 58: void com.android.internal.os.Zygote.nativeSpecializeAppProcess(int, int, int[], int, int[][], int, java.lang.String, java.lang.String, boolean, java.lang.String, java.lang.String, boolean, java.lang.String[], java.lang.String[], boolean, boolean)
10-24 21:41:43.783 971 971 E zygote64: 59: boolean com.android.internal.os.Zygote.nativeSupportsMemoryTagging()
10-24 21:41:43.783 971 971 E zygote64: 60: boolean com.android.internal.os.Zygote.nativeSupportsTaggedPointers()
10-24 21:41:43.783 971 971 E zygote64: 61: void com.android.internal.os.Zygote.nativeUnblockSigTerm()
10-24 21:41:43.783 971 971 E zygote64: 62: boolean com.android.internal.os.Zygote.removeUsapTableEntry(int)
10-24 21:41:43.783 971 971 E zygote64: 63: void com.android.internal.os.Zygote.setAppProcessName(com.android.internal.os.ZygoteArguments, java.lang.String)
10-24 21:41:43.783 971 971 E zygote64: 64: void com.android.internal.os.Zygote.specializeAppProcess(int, int, int[], int, int[][], int, java.lang.String, java.lang.String, boolean, java.lang.String, java.lang.String, boolean, java.lang.String[], java.lang.String[], boolean, boolean)
10-24 21:41:43.783 971 971 E zygote64: 65: void com.android.internal.os.Zygote.unblockSigTerm()
10-24 21:41:43.783 971 971 E zygote64: 66: void com.android.internal.os.Zygote.validateUsapCommand(com.android.internal.os.ZygoteArguments)
10-24 21:41:43.783 971 971 E zygote64: static fields (62 entries):
10-24 21:41:43.783 971 971 E zygote64: 0: java.lang.String com.android.internal.os.Zygote.ALLOWLISTED_DATA_INFO_MAP
10-24 21:41:43.783 971 971 E zygote64: 1: java.lang.String com.android.internal.os.Zygote.ANDROID_SOCKET_PREFIX
10-24 21:41:43.783 971 971 E zygote64: 2: int com.android.internal.os.Zygote.API_ENFORCEMENT_POLICY_MASK
10-24 21:41:43.783 971 971 E zygote64: 3: int com.android.internal.os.Zygote.API_ENFORCEMENT_POLICY_SHIFT
10-24 21:41:43.783 971 971 E zygote64: 4: java.lang.String com.android.internal.os.Zygote.BIND_MOUNT_APP_DATA_DIRS
10-24 21:41:43.783 971 971 E zygote64: 5: java.lang.String com.android.internal.os.Zygote.BIND_MOUNT_APP_STORAGE_DIRS
10-24 21:41:43.783 971 971 E zygote64: 6: java.lang.String com.android.internal.os.Zygote.CHILD_ZYGOTE_ABI_LIST_ARG
10-24 21:41:43.783 971 971 E zygote64: 7: java.lang.String com.android.internal.os.Zygote.CHILD_ZYGOTE_SOCKET_NAME_ARG
10-24 21:41:43.783 971 971 E zygote64: 8: java.lang.String com.android.internal.os.Zygote.CHILD_ZYGOTE_UID_RANGE_END
10-24 21:41:43.783 971 971 E zygote64: 9: java.lang.String com.android.internal.os.Zygote.CHILD_ZYGOTE_UID_RANGE_START
10-24 21:41:43.783 971 971 E zygote64: 10: int com.android.internal.os.Zygote.DEBUG_ALWAYS_JIT
10-24 21:41:43.783 971 971 E zygote64: 11: int com.android.internal.os.Zygote.DEBUG_ENABLE_ASSERT
10-24 21:41:43.783 971 971 E zygote64: 12: int com.android.internal.os.Zygote.DEBUG_ENABLE_CHECKJNI
10-24 21:41:43.783 971 971 E zygote64: 13: int com.android.internal.os.Zygote.DEBUG_ENABLE_JDWP
10-24 21:41:43.783 971 971 E zygote64: 14: int com.android.internal.os.Zygote.DEBUG_ENABLE_JNI_LOGGING
10-24 21:41:43.783 971 971 E zygote64: 15: int com.android.internal.os.Zygote.DEBUG_ENABLE_SAFEMODE
10-24 21:41:43.783 971 971 E zygote64: 16: int com.android.internal.os.Zygote.DEBUG_GENERATE_DEBUG_INFO
10-24 21:41:43.783 971 971 E zygote64: 17: int com.android.internal.os.Zygote.DEBUG_GENERATE_MINI_DEBUG_INFO
10-24 21:41:43.783 971 971 E zygote64: 18: int com.android.internal.os.Zygote.DEBUG_IGNORE_APP_SIGNAL_HANDLER
10-24 21:41:43.783 971 971 E zygote64: 19: int com.android.internal.os.Zygote.DEBUG_JAVA_DEBUGGABLE
10-24 21:41:43.783 971 971 E zygote64: 20: int com.android.internal.os.Zygote.DEBUG_NATIVE_DEBUGGABLE
10-24 21:41:43.783 971 971 E zygote64: 21: int com.android.internal.os.Zygote.DISABLE_TEST_API_ENFORCEMENT_POLICY
10-24 21:41:43.783 971 971 E zygote64: 22: int com.android.internal.os.Zygote.DISABLE_VERIFIER
10-24 21:41:43.783 971 971 E zygote64: 23: long com.android.internal.os.Zygote.GWP_ASAN
10-24 21:41:43.783 971 971 E zygote64: 24: int com.android.internal.os.Zygote.GWP_ASAN_LEVEL_ALWAYS
10-24 21:41:43.783 971 971 E zygote64: 25: int com.android.internal.os.Zygote.GWP_ASAN_LEVEL_LOTTERY
10-24 21:41:43.783 971 971 E zygote64: 26: int com.android.internal.os.Zygote.GWP_ASAN_LEVEL_MASK
10-24 21:41:43.783 971 971 E zygote64: 27: int com.android.internal.os.Zygote.GWP_ASAN_LEVEL_NEVER
10-24 21:41:43.783 971 971 E zygote64: 28: int[][] com.android.internal.os.Zygote.INT_ARRAY_2D
10-24 21:41:43.783 971 971 E zygote64: 29: int com.android.internal.os.Zygote.MEMORY_TAG_LEVEL_ASYNC
10-24 21:41:43.783 971 971 E zygote64: 30: int com.android.internal.os.Zygote.MEMORY_TAG_LEVEL_MASK
10-24 21:41:43.783 971 971 E zygote64: 31: int com.android.internal.os.Zygote.MEMORY_TAG_LEVEL_NONE
10-24 21:41:43.783 971 971 E zygote64: 32: int com.android.internal.os.Zygote.MEMORY_TAG_LEVEL_SYNC
10-24 21:41:43.783 971 971 E zygote64: 33: int com.android.internal.os.Zygote.MEMORY_TAG_LEVEL_TBI
10-24 21:41:43.783 971 971 E zygote64: 34: int com.android.internal.os.Zygote.MOUNT_EXTERNAL_ANDROID_WRITABLE
10-24 21:41:43.783 971 971 E zygote64: 35: int com.android.internal.os.Zygote.MOUNT_EXTERNAL_DEFAULT
10-24 21:41:43.783 971 971 E zygote64: 36: int com.android.internal.os.Zygote.MOUNT_EXTERNAL_INSTALLER
10-24 21:41:43.783 971 971 E zygote64: 37: int com.android.internal.os.Zygote.MOUNT_EXTERNAL_NONE
10-24 21:41:43.783 971 971 E zygote64: 38: int com.android.internal.os.Zygote.MOUNT_EXTERNAL_PASS_THROUGH
10-24 21:41:43.783 971 971 E zygote64: 39: long com.android.internal.os.Zygote.NATIVE_HEAP_POINTER_TAGGING
10-24 21:41:43.783 971 971 E zygote64: 40: long com.android.internal.os.Zygote.NATIVE_HEAP_POINTER_TAGGING_SECONDARY_ZYGOTE
10-24 21:41:43.783 971 971 E zygote64: 41: long com.android.internal.os.Zygote.NATIVE_HEAP_ZERO_INIT
10-24 21:41:43.783 971 971 E zygote64: 42: int com.android.internal.os.Zygote.NATIVE_HEAP_ZERO_INIT_ENABLED
10-24 21:41:43.783 971 971 E zygote64: 43: long com.android.internal.os.Zygote.NATIVE_MEMTAG_ASYNC
10-24 21:41:43.783 971 971 E zygote64: 44: long com.android.internal.os.Zygote.NATIVE_MEMTAG_SYNC
10-24 21:41:43.783 971 971 E zygote64: 45: int com.android.internal.os.Zygote.ONLY_USE_SYSTEM_OAT_FILES
10-24 21:41:43.783 971 971 E zygote64: 46: java.lang.String com.android.internal.os.Zygote.PKG_DATA_INFO_MAP
10-24 21:41:43.783 971 971 E zygote64: 47: java.lang.String com.android.internal.os.Zygote.PRIMARY_SOCKET_NAME
10-24 21:41:43.783 971 971 E zygote64: 48: int com.android.internal.os.Zygote.PRIORITY_MAX
10-24 21:41:43.783 971 971 E zygote64: 49: int com.android.internal.os.Zygote.PROFILEABLE
10-24 21:41:43.783 971 971 E zygote64: 50: int com.android.internal.os.Zygote.PROFILE_FROM_SHELL
10-24 21:41:43.783 971 971 E zygote64: 51: int com.android.internal.os.Zygote.PROFILE_SYSTEM_SERVER
10-24 21:41:43.783 971 971 E zygote64: 52: long com.android.internal.os.Zygote.PROPERTY_CHECK_INTERVAL
10-24 21:41:43.783 971 971 E zygote64: 53: java.lang.String com.android.internal.os.Zygote.SECONDARY_SOCKET_NAME
10-24 21:41:43.783 971 971 E zygote64: 54: int com.android.internal.os.Zygote.SOCKET_BUFFER_SIZE
10-24 21:41:43.783 971 971 E zygote64: 55: java.lang.String com.android.internal.os.Zygote.START_AS_TOP_APP_ARG
10-24 21:41:43.783 971 971 E zygote64: 56: java.lang.String com.android.internal.os.Zygote.TAG
10-24 21:41:43.783 971 971 E zygote64: 57: java.lang.String com.android.internal.os.Zygote.USAP_ERROR_PREFIX
10-24 21:41:43.783 971 971 E zygote64: 58: int com.android.internal.os.Zygote.USAP_MANAGEMENT_MESSAGE_BYTES
10-24 21:41:43.783 971 971 E zygote64: 59: java.lang.String com.android.internal.os.Zygote.USAP_POOL_PRIMARY_SOCKET_NAME
10-24 21:41:43.783 971 971 E zygote64: 60: java.lang.String com.android.internal.os.Zygote.USAP_POOL_SECONDARY_SOCKET_NAME
10-24 21:41:43.783 971 971 E zygote64: 61: int com.android.internal.os.Zygote.USE_APP_IMAGE_STARTUP_CACHE
10-24 21:41:43.783 971 971 E zygote64: Failed to register native method com.android.internal.os.Zygote.nativeForkAndSpecialize(II[II[[IILjava/lang/String;Ljava/lang/String;[I[ILjava/lang/String;Ljava/lang/String;)I in /system/framework/framework.jar!classes4.dex
10-24 21:41:43.783 971 971 E zygote64: ----- class 'Lcom/android/internal/os/Zygote;' cl=0x0 -----
10-24 21:41:43.783 971 971 E zygote64: objectSize=500 (224 from super)
10-24 21:41:43.783 971 971 E zygote64: access=0x0000.0011
10-24 21:41:43.783 971 971 E zygote64: super='java.lang.Class' (cl=0x0)
10-24 21:41:43.783 971 971 E zygote64: vtable (0 entries, 11 in super):
10-24 21:41:43.783 971 971 E zygote64: direct methods (67 entries):
10-24 21:41:43.783 971 971 E zygote64: 0: void com.android.internal.os.Zygote.()
10-24 21:41:43.783 971 971 E zygote64: 1: void com.android.internal.os.Zygote.()
10-24 21:41:43.783 971 971 E zygote64: 2: void com.android.internal.os.Zygote.allowAppFilesAcrossFork(android.content.pm.ApplicationInfo)
10-24 21:41:43.783 971 971 E zygote64: 3: void com.android.internal.os.Zygote.allowFilesOpenedByPreload()
10-24 21:41:43.783 971 971 E zygote64: 4: void com.android.internal.os.Zygote.appendQuotedShellArgs(java.lang.StringBuilder, java.lang.String[])
10-24 21:41:43.783 971 971 E zygote64: 5: void com.android.internal.os.Zygote.applyDebuggerSystemProperty(com.android.internal.os.ZygoteArguments)
10-24 21:41:43.783 971 971 E zygote64: 6: void com.android.internal.os.Zygote.applyInvokeWithSecurityPolicy(com.android.internal.os.ZygoteArguments, android.net.Credentials)
10-24 21:41:43.783 971 971 E zygote64: 7: void com.android.internal.os.Zygote.applyInvokeWithSystemProperty(com.android.internal.os.ZygoteArguments)
10-24 21:41:43.783 971 971 E zygote64: 8: void com.android.internal.os.Zygote.applyUidSecurityPolicy(com.android.internal.os.ZygoteArguments, android.net.Credentials)
10-24 21:41:43.783 971 971 E zygote64: 9: void com.android.internal.os.Zygote.blockSigTerm()
10-24 21:41:43.783 971 971 E zygote64: 10: void com.android.internal.os.Zygote.boostUsapPriority()
10-24 21:41:43.783 971 971 E zygote64: 11: void com.android.internal.os.Zygote.callPostForkChildHooks(int, boolean, boolean, java.lang.String)
10-24 21:41:43.783 971 971 E zygote64: 12: void com.android.internal.os.Zygote.callPostForkSystemServerHooks(int)
