10-24 21:41:48.325 1637 1637 D SystemServerTiming: OnBootPhase_500_com.android.server.biometrics.BiometricService
10-24 21:41:48.325 1637 1637 D SystemServerTiming: OnBootPhase_500_com.android.server.biometrics.AuthService
10-24 21:41:48.325 1637 1637 D SystemServerTiming: OnBootPhase_500_com.android.server.pm.ShortcutService$Lifecycle
10-24 21:41:48.325 1637 1637 D SystemServerTiming: OnBootPhase_500_com.android.server.pm.LauncherAppsService
10-24 21:41:48.325 1637 1637 D SystemServerTiming: OnBootPhase_500_com.android.server.pm.CrossProfileAppsService
10-24 21:41:48.325 1637 1637 D SystemServerTiming: OnBootPhase_500_com.android.server.people.PeopleService
10-24 21:41:48.326 1637 1637 D SystemServerTiming: OnBootPhase_500_com.android.server.media.metrics.MediaMetricsManagerService
10-24 21:41:48.326 1637 1637 D SystemServerTiming: OnBootPhase_500_com.android.server.media.projection.MediaProjectionManagerService
10-24 21:41:48.326 1637 1637 D SystemServerTiming: OnBootPhase_500_com.android.server.slice.SliceManagerService$Lifecycle
10-24 21:41:48.326 1637 1637 D SystemServerTiming: OnBootPhase_500_com.android.server.stats.StatsCompanion$Lifecycle
10-24 21:41:48.326 1637 1637 D SystemServerTiming: OnBootPhase_500_com.android.server.scheduling.RebootReadinessManagerService$Lifecycle
10-24 21:41:48.326 1637 1637 D SystemServerTiming: OnBootPhase_500_com.android.server.stats.pull.StatsPullAtomService
10-24 21:41:48.326 1637 1967 I WifiHalHidlImpl: initWifiIfNecessaryLocked
10-24 21:41:48.326 1637 1637 D SystemServerTiming: OnBootPhase_500_com.android.server.stats.bootstrap.StatsBootstrapAtomService$Lifecycle
10-24 21:41:48.326 1637 1637 D SystemServerTiming: OnBootPhase_500_com.android.server.incident.IncidentCompanionService
10-24 21:41:48.326 1637 1637 D SystemServerTiming: OnBootPhase_500_com.android.server.sdksandbox.SdkSandboxManagerService$Lifecycle
10-24 21:41:48.326 1637 1637 D SystemServerTiming: OnBootPhase_500_com.android.server.adservices.AdServicesManagerService$Lifecycle
10-24 21:41:48.326 1637 1637 D SystemServerTiming: OnBootPhase_500_com.android.server.MmsServiceBroker
10-24 21:41:48.326 1637 1637 D SystemServerTiming: OnBootPhase_500_com.android.server.autofill.AutofillManagerService
10-24 21:41:48.326 1637 1637 D SystemServerTiming: OnBootPhase_500_com.android.server.translation.TranslationManagerService
10-24 21:41:48.326 1637 1637 D SystemServerTiming: OnBootPhase_500_com.android.server.clipboard.ClipboardService
10-24 21:41:48.326 1637 1637 D SystemServerTiming: OnBootPhase_500_com.android.server.appbinding.AppBindingService$Lifecycle
10-24 21:41:48.326 1637 1637 D SystemServerTiming: OnBootPhase_500_com.android.server.tracing.TracingServiceProxy
10-24 21:41:48.326 1637 1637 D SystemServerTiming: MakeWindowManagerServiceReady
10-24 21:41:48.326 1637 1769 D PinnerService: pinRangeStream: null
10-24 21:41:48.326 1637 1967 I android_os_HwBinder: HwBinder: Starting thread pool for getting: android.hardware.wifi@1.0::IWifi/default
10-24 21:41:48.327 1637 1769 D PinnerService: pinRangeStream: null
10-24 21:41:48.328 1637 1967 I WifiHalHidlImpl: mWifi was retrieved. HAL is running version 1.6
10-24 21:41:48.328 1637 1881 D WifiHalHidlImpl: IWifi registration notification: fqName=android.hardware.wifi@1.0::IWifi, name=default, preexisting=true
10-24 21:41:48.328 1637 1881 I WifiHalHidlImpl: mWifi already exists
10-24 21:41:48.328 530 530 I servicemanager: Found android.hardware.health.IHealth/default in device VINTF manifest.
10-24 21:41:48.328 1049 1049 E vendor.google.wifi_ext@1.0-service-vendor: Duplicate death notification registration
10-24 21:41:48.328 1637 1967 D WifiNl80211Manager: tearing down interfaces in wificond
10-24 21:41:48.329 1637 1769 I HealthServiceWrapperAidl: health: HealthServiceWrapper listening to AIDL HAL
10-24 21:41:48.329 1637 1637 D SystemServerTiming: StartPermissionPolicyService
10-24 21:41:48.329 1637 1967 D WifiAdaptConnObserver: Adaptive connectivity status initialized to: true
10-24 21:41:48.329 1637 1967 D WifiController: EnabledState.enter()
10-24 21:41:48.329 1637 1637 I SystemServiceManager: Starting com.android.server.policy.PermissionPolicyService
10-24 21:41:48.329 1637 1967 D WifiClientModeManager[9700:unknown]: entering IdleState
10-24 21:41:48.330 1637 1967 I WifiContext: Got resolveInfos for com.android.server.wifi.intent.action.SERVICE_WIFI_RESOURCES_APK: [ResolveInfo{7d67369 com.google.android.wifi.resources/android.app.Activity m=0x108000}]
10-24 21:41:48.330 1637 1967 I WifiContext: Found Wifi Resources APK at: com.google.android.wifi.resources
10-24 21:41:48.330 1637 1967 I WifiHalHidlImpl: Initializing the WiFi HAL
10-24 21:41:48.330 1637 1967 I WifiHalHidlImpl: mServiceManager already exists
10-24 21:41:48.330 1637 1967 I WifiHalHidlImpl: mWifi already exists
10-24 21:41:48.330 1637 1967 E WifiHalHidlImpl: Framework callback is already registered
10-24 21:41:48.330 1637 1769 D StatsPullAtomService: Registering pullers with statsd
10-24 21:41:48.330 1637 1967 I WifiAwareStateManager: start()
10-24 21:41:48.331 1637 1977 D ConnectivityService: NetReassign [no changes] [c 0] [a 0] [i 0]
10-24 21:41:48.331 1637 1769 I StatsPullAtomService: register thermal listener successfully
10-24 21:41:48.331 1637 1967 D WIFI_AWARE_FACTORY: Registering NetworkFactory
10-24 21:41:48.331 1637 1977 D ConnectivityService: Got NetworkProvider Messenger for WIFI_AWARE_FACTORY
10-24 21:41:48.331 1637 1637 D SystemServerTiming: MakePackageManagerServiceReady
10-24 21:41:48.333 1637 1967 I WifiHalHidlImpl: Initializing the WiFi HAL
10-24 21:41:48.333 1637 1967 I WifiHalHidlImpl: mServiceManager already exists
10-24 21:41:48.333 1637 1967 I WifiHalHidlImpl: mWifi already exists
10-24 21:41:48.333 1049 1049 W libc : Access denied finding property "persist.vendor.debug.wifi.hal.preset_interface_combination_idx"
10-24 21:41:48.332 1049 1049 W wifi_ext@1.0-se: type=1400 audit(0.0:39): avc: denied { read } for name="u:object_r:persist_vendor_debug_wifi_prop:s0" dev="tmpfs" ino=260 scontext=u:r:hal_wifi_ext:s0 tcontext=u:object_r:persist_vendor_debug_wifi_prop:s0 tclass=file permissive=0
10-24 21:41:48.334 1049 1049 I vendor.google.wifi_ext@1.0-service-vendor: Wifi HAL started
10-24 21:41:48.335 1259 1259 I update_engine: [INFO:cleanup_previous_update_action.cc(112)] Executing task 3
10-24 21:41:48.335 1637 1967 E WifiChipHidlImpl: getMode failed with status: {.code = ERROR_NOT_AVAILABLE, .description = }
10-24 21:41:48.336 1049 1049 W vendor.google.wifi_ext@1.0-service-vendor: No active wlan interfaces in use! Using default
10-24 21:41:48.336 1049 1049 E vendor.google.wifi_ext@1.0-service-vendor: Unknown iface name: wlan0
10-24 21:41:48.336 1049 1049 E vendor.google.wifi_ext@1.0-service-vendor: Unknown iface name: wlan0
10-24 21:41:48.336 1259 1259 I update_engine: [INFO:cleanup_previous_update_action.cc(124)] CleanupPreviousUpdateAction scheduled task ID 4 for WaitBootCompleted
10-24 21:41:48.336 1637 1967 W HalDevMgr: createRttControllerIfPossible: not available from any of the chips
10-24 21:41:48.336 1637 1967 E WifiChipHidlImpl: getMode failed with status: {.code = ERROR_NOT_AVAILABLE, .description = }
10-24 21:41:48.337 1049 1049 W vendor.google.wifi_ext@1.0-service-vendor: No active wlan interfaces in use! Using default
10-24 21:41:48.337 1049 1049 E vendor.google.wifi_ext@1.0-service-vendor: Unknown iface name: wlan0
10-24 21:41:48.337 1049 1049 E vendor.google.wifi_ext@1.0-service-vendor: Unknown iface name: wlan0
10-24 21:41:48.337 1637 1967 I WifiVendorHal: Vendor Hal started successfully
10-24 21:41:48.337 1637 1967 E WifiChipHidlImpl: getMode failed with status: {.code = ERROR_NOT_AVAILABLE, .description = }
10-24 21:41:48.337 1049 1049 W vendor.google.wifi_ext@1.0-service-vendor: No active wlan interfaces in use! Using default
10-24 21:41:48.337 1049 1049 E vendor.google.wifi_ext@1.0-service-vendor: Unknown iface name: wlan0
10-24 21:41:48.337 1049 1049 E vendor.google.wifi_ext@1.0-service-vendor: Unknown iface name: wlan0
10-24 21:41:48.337 1637 1967 I HalDevMgr: currentModeId=0, requestModeId=3, currentModeIdValid=false
10-24 21:41:48.338 1049 1049 E WifiHAL : wifi_pre_initialize
10-24 21:41:48.338 1049 1049 E WifiHAL : --- HAL version: BCMDHD vendor HAL ---
10-24 21:41:48.338 1049 1049 I WifiHAL : Creating socket
10-24 21:41:48.338 1049 1049 I WifiHAL : Initialized Wifi HAL Successfully; vendor cmd = 103
10-24 21:41:48.338 1049 1049 I WifiHAL : found interface wlan0
10-24 21:41:48.338 1049 1049 E WifiHAL : Calling preInit
10-24 21:41:48.339 1049 1049 E WiFiFirmwareConfigLib: wifi firmware config info file in /data/vendor/firmware/wifi/google_wifi_firmware_config_info.pb read error: No such file or directory.
10-24 21:41:48.339 1049 1049 E WifiHAL : default_ver 4, ota_ver -1
10-24 21:41:48.339 1049 1049 E WifiHAL : Do not valid config files of OTA.
10-24 21:41:48.339 1049 1049 E WifiHAL : Hal preInit
10-24 21:41:48.339 1637 1637 V UserDataPreparer: Found /data/user_de/0 with serial number 0
10-24 21:41:48.339 1637 1637 V UserDataPreparer: Found /data/user/0 with serial number 0
10-24 21:41:48.339 1637 1637 V UserDataPreparer: Found /data/system_de/0 with serial number 0
10-24 21:41:48.339 1637 1637 W UserDataPreparer: Invalid user directory /data/system_de/usagestats
10-24 21:41:48.339 1637 1637 V UserDataPreparer: Found /data/system_ce/0 with serial number 0
10-24 21:41:48.339 1637 1637 V UserDataPreparer: Found /data/misc_ce/0 with serial number 0
10-24 21:41:48.340 1637 1637 I PackageManager: Permission ownership changed. Updating all permissions.
10-24 21:41:48.341 587 721 D BootAnimation: Playing files = /product/media/bootanimation-dark.zip/part2, Requested repeat = 180, playUntilComplete = false
10-24 21:41:48.358 1637 1831 E DefaultPermGrantPolicy: Package not found: com.google.android.apps.pixelmigrate
10-24 21:41:48.358 1637 1831 W DefaultPermGrantPolicy: No such package:com.google.android.apps.pixelmigrate
10-24 21:41:48.358 1637 1831 E DefaultPermGrantPolicy: Package not found: com.google.intelligence.sense
10-24 21:41:48.358 1637 1831 W DefaultPermGrantPolicy: No such package:com.google.intelligence.sense
10-24 21:41:48.358 1637 1831 E DefaultPermGrantPolicy: Package not found: com.qualcomm.ltebc_vzw
10-24 21:41:48.358 1637 1831 W DefaultPermGrantPolicy: No such package:com.qualcomm.ltebc_vzw
10-24 21:41:48.358 587 721 D BootAnimation: Playing files = /product/media/bootanimation-dark.zip/part2, Requested repeat = 180, playUntilComplete = false
10-24 21:41:48.358 1637 1831 E DefaultPermGrantPolicy: Package not found: com.google.android.cbrsnetworkmonitor
10-24 21:41:48.358 1637 1831 W DefaultPermGrantPolicy: No such package:com.google.android.cbrsnetworkmonitor
10-24 21:41:48.358 1637 1831 E DefaultPermGrantPolicy: Package not found: com.google.oslo
10-24 21:41:48.358 1637 1831 W DefaultPermGrantPolicy: No such package:com.google.oslo
10-24 21:41:48.358 1637 1831 E DefaultPermGrantPolicy: Package not found: com.google.vr.apps.ornament
10-24 21:41:48.358 1637 1831 W DefaultPermGrantPolicy: No such package:com.google.vr.apps.ornament
10-24 21:41:48.358 1637 1831 E DefaultPermGrantPolicy: Package not found: com.google.android.apps.miphone.aiai
10-24 21:41:48.358 1637 1831 W DefaultPermGrantPolicy: No such package:com.google.android.apps.miphone.aiai
10-24 21:41:48.359 1637 1831 E DefaultPermGrantPolicy: Package not found: com.google.android.backuptransport
10-24 21:41:48.359 1637 1831 W DefaultPermGrantPolicy: No such package:com.google.android.backuptransport
10-24 21:41:48.359 1637 1831 E DefaultPermGrantPolicy: Package not found: com.google.android.gm.exchange
10-24 21:41:48.359 1637 1831 W DefaultPermGrantPolicy: No such package:com.google.android.gm.exchange
10-24 21:41:48.359 1637 1637 D SystemServerTiming: MakeDisplayManagerServiceReady
10-24 21:41:48.360 1637 1831 E DefaultPermGrantPolicy: Package not found: com.google.android.gsf.login
10-24 21:41:48.360 1637 1831 W DefaultPermGrantPolicy: No such package:com.google.android.gsf.login
10-24 21:41:48.360 1637 1831 E DefaultPermGrantPolicy: Package not found: com.google.android.syncadapters.calendar
10-24 21:41:48.360 1637 1831 W DefaultPermGrantPolicy: No such package:com.google.android.syncadapters.calendar
10-24 21:41:48.360 590 590 I DisplayDevice: Display 4619827677550801152 policy changed
10-24 21:41:48.360 590 590 I DisplayDevice: Previous: {{defaultModeId=0, allowGroupSwitching=false, primaryRange=[0.00 Hz, 340282346638528859811704183484516925440.00 Hz], appRequestRange=[0.00 Hz, 340282346638528859811704183484516925440.00 Hz]}}
10-24 21:41:48.360 590 590 I DisplayDevice: Current: {{defaultModeId=1, allowGroupSwitching=false, primaryRange=[0.00 Hz, 120.00 Hz], appRequestRange=[0.00 Hz, 120.00 Hz]}}
10-24 21:41:48.360 590 590 I DisplayDevice: 1 mode changes were performed under the previous policy
10-24 21:41:48.360 1637 1832 W PackageManager: Not removing package com.google.android.trichromelibrary hosting lib com.google.android.trichromelibrary version 666810033 used by [VersionedPackage[com.google.android.webview/666810033]] for user 0
10-24 21:41:48.360 1637 1831 E DefaultPermGrantPolicy: Package not found: com.google.android.syncadapters.contacts
10-24 21:41:48.360 1637 1831 W DefaultPermGrantPolicy: No such package:com.google.android.syncadapters.contacts
10-24 21:41:48.360 1637 1831 E DefaultPermGrantPolicy: Package not found: com.google.android.talk
10-24 21:41:48.360 1637 1831 W DefaultPermGrantPolicy: No such package:com.google.android.talk
10-24 21:41:48.361 1637 1637 I BrightnessSynchronizer: Initial brightness readings: 15(int), 0.012938216(float)
10-24 21:41:48.361 1637 1637 D SystemServerTiming: StartDeviceSpecificServices
10-24 21:41:48.361 1637 1637 D SystemServerTiming: GameManagerService
10-24 21:41:48.361 1637 1637 I SystemServiceManager: Starting com.android.server.app.GameManagerService$Lifecycle
10-24 21:41:48.361 1637 1831 E DefaultPermGrantPolicy: Package not found: com.google.android.factorytest
10-24 21:41:48.361 1637 1831 W DefaultPermGrantPolicy: No such package:com.google.android.factorytest
10-24 21:41:48.361 1637 1831 E DefaultPermGrantPolicy: Package not found: com.google.android.adservices
10-24 21:41:48.361 1637 1831 W DefaultPermGrantPolicy: No such package:com.google.android.adservices
10-24 21:41:48.361 1637 1831 E DefaultPermGrantPolicy: Package not found: com.google.android.apps.mediashell
10-24 21:41:48.361 1637 1831 W DefaultPermGrantPolicy: No such package:com.google.android.apps.mediashell
10-24 21:41:48.361 1637 1831 E DefaultPermGrantPolicy: Package not found: com.google.android.apps.pixelmigrate
10-24 21:41:48.362 1637 1831 W DefaultPermGrantPolicy: No such package:com.google.android.apps.pixelmigrate
10-24 21:41:48.362 1637 1637 D SystemServerTiming: ArtManagerLocal
10-24 21:41:48.362 1637 1637 D SystemServerTiming: UwbService
10-24 21:41:48.363 1637 1637 I SystemServiceManager: Starting com.android.server.uwb.UwbService
10-24 21:41:48.366 1637 1637 D nativeloader: Load libuwb_uci_jni_rust.so using ns clns-shared-9 from class loader (caller=/apex/com.android.uwb/javalib/service-uwb.jar): ok
10-24 21:41:48.369 1637 1637 D uwb : uwb_uci_jni_rust::uci_jni_android_new: Java_com_android_server_uwb_jni_NativeUwbManager_nativeInit: enter
10-24 21:41:48.371 1637 1637 I UwbContext: Found Uwb Resources APK at: com.google.android.uwb.resources
10-24 21:41:48.373 1637 1637 V HistoricalRegistry: Interaction before persistence initialized
10-24 21:41:48.373 1637 1637 D UwbServiceCore: Starting Uwb
10-24 21:41:48.373 1637 1637 I UwbService: Registering uwb
10-24 21:41:48.373 1637 1637 D SystemServerTiming: StartBootPhaseDeviceSpecificServicesReady
10-24 21:41:48.373 1637 1637 I SystemServiceManager: Starting phase 520
10-24 21:41:48.373 1637 1637 D SystemServerTiming: OnBootPhase_520
10-24 21:41:48.374 1637 1637 D SystemServerTiming: OnBootPhase_520_com.android.server.security.FileIntegrityService
10-24 21:41:48.374 1637 1637 D SystemServerTiming: OnBootPhase_520_com.android.server.pm.Installer
10-24 21:41:48.374 1637 1637 D SystemServerTiming: OnBootPhase_520_com.android.server.os.DeviceIdentifiersPolicyService
10-24 21:41:48.374 1637 1637 D SystemServerTiming: OnBootPhase_520_com.android.server.uri.UriGrantsManagerService$Lifecycle
10-24 21:41:48.374 1637 1637 D SystemServerTiming: OnBootPhase_520_com.android.server.powerstats.PowerStatsService
10-24 21:41:48.374 1637 1637 D SystemServerTiming: OnBootPhase_520_com.android.server.wm.ActivityTaskManagerService$Lifecycle
10-24 21:41:48.374 1637 1637 D SystemServerTiming: OnBootPhase_520_com.android.server.am.ActivityManagerService$Lifecycle
10-24 21:41:48.374 1637 1637 D SystemServerTiming: OnBootPhase_520_com.android.server.pm.DataLoaderManagerService
10-24 21:41:48.374 1637 1637 D SystemServerTiming: OnBootPhase_520_com.android.server.power.PowerManagerService
10-24 21:41:48.374 1637 1637 D SystemServerTiming: OnBootPhase_520_com.android.server.power.ThermalManagerService
10-24 21:41:48.374 1637 1637 D SystemServerTiming: OnBootPhase_520_com.android.server.power.hint.HintManagerService
10-24 21:41:48.374 1637 1637 D SystemServerTiming: OnBootPhase_520_com.android.server.recoverysystem.RecoverySystemService$Lifecycle
10-24 21:41:48.374 1637 1637 D SystemServerTiming: OnBootPhase_520_com.android.server.lights.LightsService
10-24 21:41:48.374 1637 1637 D SystemServerTiming: OnBootPhase_520_com.android.server.display.DisplayManagerService
10-24 21:41:48.374 1637 1637 D SystemServerTiming: OnBootPhase_520_com.android.server.pm.verify.domain.DomainVerificationService
10-24 21:41:48.374 1637 1637 D SystemServerTiming: OnBootPhase_520_com.android.server.pm.PackageInstallerService$Lifecycle
10-24 21:41:48.374 1637 1637 D SystemServerTiming: OnBootPhase_520_com.android.server.pm.UserManagerService$LifeCycle
10-24 21:41:48.374 1637 1637 D SystemServerTiming: OnBootPhase_520_com.android.server.om.OverlayManagerService
10-24 21:41:48.374 1637 1637 D SystemServerTiming: OnBootPhase_520_com.android.server.resources.ResourcesManagerService
10-24 21:41:48.374 1637 1637 D SystemServerTiming: OnBootPhase_520_com.android.server.sensorprivacy.SensorPrivacyService
10-24 21:41:48.374 1637 1637 D SystemServerTiming: OnBootPhase_520_com.android.server.sensors.SensorService
10-24 21:41:48.374 1637 1637 D SystemServerTiming: OnBootPhase_520_com.android.server.SystemConfigService
10-24 21:41:48.374 1637 1637 D SystemServerTiming: OnBootPhase_520_com.android.server.BatteryService
10-24 21:41:48.374 1637 1637 D SystemServerTiming: OnBootPhase_520_com.android.server.usage.UsageStatsService
10-24 21:41:48.374 1637 1637 D SystemServerTiming: OnBootPhase_520_com.android.server.webkit.WebViewUpdateService
10-24 21:41:48.374 1637 1637 D SystemServerTiming: OnBootPhase_520_com.android.server.CachedDeviceStateService
10-24 21:41:48.374 1637 1637 D SystemServerTiming: OnBootPhase_520_com.android.server.BinderCallsStatsService$LifeCycle
10-24 21:41:48.374 1637 1637 D SystemServerTiming: OnBootPhase_520_com.android.server.LooperStatsService$Lifecycle
10-24 21:41:48.374 1637 1637 D SystemServerTiming: OnBootPhase_520_com.android.server.rollback.RollbackManagerService
10-24 21:41:48.374 1637 1637 D SystemServerTiming: OnBootPhase_520_com.android.server.os.NativeTombstoneManagerService
10-24 21:41:48.374 1637 1637 D SystemServerTiming: OnBootPhase_520_com.android.server.os.BugreportManagerService
10-24 21:41:48.374 1637 1637 D SystemServerTiming: OnBootPhase_520_com.android.server.gpu.GpuService
10-24 21:41:48.374 1637 1637 D SystemServerTiming: OnBootPhase_520_com.android.server.security.KeyChainSystemService
10-24 21:41:48.374 1637 1637 D SystemServerTiming: OnBootPhase_520_com.android.server.BinaryTransparencyService
10-24 21:41:48.374 1637 1637 D SystemServerTiming: OnBootPhase_520_com.android.server.telecom.TelecomLoaderService
10-24 21:41:48.374 1637 1637 D SystemServerTiming: OnBootPhase_520_com.android.server.accounts.AccountManagerService$Lifecycle
10-24 21:41:48.374 1637 1637 D SystemServerTiming: OnBootPhase_520_com.android.server.content.ContentService$Lifecycle
10-24 21:41:48.374 1637 1637 D SystemServerTiming: OnBootPhase_520_com.android.server.DropBoxManagerService
10-24 21:41:48.374 1637 1637 D SystemServerTiming: OnBootPhase_520_com.android.role.RoleService
10-24 21:41:48.374 1637 1637 D SystemServerTiming: OnBootPhase_520_com.android.server.vibrator.VibratorManagerService$Lifecycle
10-24 21:41:48.374 1637 1637 D SystemServerTiming: OnBootPhase_520_com.android.server.tare.InternalResourceService
10-24 21:41:48.374 1637 1637 D SystemServerTiming: OnBootPhase_520_com.android.server.alarm.AlarmManagerService
10-24 21:41:48.374 1637 1637 D SystemServerTiming: OnBootPhase_520_com.android.server.devicestate.DeviceStateManagerService
10-24 21:41:48.374 1637 1637 D SystemServerTiming: OnBootPhase_520_com.android.server.camera.CameraServiceProxy
10-24 21:41:48.374 1637 1637 D SystemServerTiming: OnBootPhase_520_com.android.server.bluetooth.BluetoothService
10-24 21:41:48.374 1637 1637 D SystemServerTiming: OnBootPhase_520_com.android.server.connectivity.IpConnectivityMetrics
10-24 21:41:48.374 1637 1637 D SystemServerTiming: OnBootPhase_520_com.android.server.net.watchlist.NetworkWatchlistService$Lifecycle
10-24 21:41:48.374 1637 1637 D SystemServerTiming: OnBootPhase_520_com.android.server.PinnerService
10-24 21:41:48.374 1637 1637 D SystemServerTiming: OnBootPhase_520_com.android.server.integrity.AppIntegrityManagerService
10-24 21:41:48.374 1637 1637 D SystemServerTiming: OnBootPhase_520_com.android.server.logcat.LogcatManagerService
10-24 21:41:48.374 1637 1637 D SystemServerTiming: OnBootPhase_520_com.android.server.inputmethod.InputMethodManagerService$Lifecycle
10-24 21:41:48.374 1637 1637 D SystemServerTiming: OnBootPhase_520_com.android.server.accessibility.AccessibilityManagerService$Lifecycle
10-24 21:41:48.374 1637 1637 D SystemServerTiming: OnBootPhase_520_com.android.server.StorageManagerService$Lifecycle
10-24 21:41:48.374 1637 1637 D SystemServerTiming: OnBootPhase_520_com.android.server.usage.StorageStatsService$Lifecycle
10-24 21:41:48.374 1637 1637 D SystemServerTiming: OnBootPhase_520_com.android.server.UiModeManagerService
10-24 21:41:48.374 1637 1637 D SystemServerTiming: OnBootPhase_520_com.android.server.locales.LocaleManagerService
10-24 21:41:48.374 1637 1637 D SystemServerTiming: OnBootPhase_520_com.android.server.locksettings.LockSettingsService$Lifecycle
10-24 21:41:48.374 1637 1637 D SystemServerTiming: OnBootPhase_520_com.android.server.PersistentDataBlockService
10-24 21:41:48.374 1637 1637 D SystemServerTiming: OnBootPhase_520_com.android.server.testharness.TestHarnessModeService
10-24 21:41:48.374 1637 1637 D SystemServerTiming: OnBootPhase_520_com.android.server.oemlock.OemLockService
10-24 21:41:48.374 1637 1637 D SystemServerTiming: OnBootPhase_520_com.android.server.DeviceIdleController
10-24 21:41:48.374 1637 1637 D SystemServerTiming: OnBootPhase_520_com.android.server.devicepolicy.DevicePolicyManagerService$Lifecycle
10-24 21:41:48.374 1637 1637 D SystemServerTiming: OnBootPhase_520_com.android.server.musicrecognition.MusicRecognitionManagerService
10-24 21:41:48.374 1637 1637 D SystemServerTiming: OnBootPhase_520_com.android.server.contentcapture.ContentCaptureManagerService
10-24 21:41:48.374 1637 1637 D SystemServerTiming: OnBootPhase_520_com.android.server.attention.AttentionManagerService
10-24 21:41:48.374 1637 1637 D SystemServerTiming: OnBootPhase_520_com.android.server.rotationresolver.RotationResolverManagerService
10-24 21:41:48.374 1637 1637 D SystemServerTiming: OnBootPhase_520_com.android.server.systemcaptions.SystemCaptionsManagerService
10-24 21:41:48.374 1637 1637 D SystemServerTiming: OnBootPhase_520_com.android.server.texttospeech.TextToSpeechManagerService
10-24 21:41:48.374 1637 1637 D SystemServerTiming: OnBootPhase_520_com.android.server.ambientcontext.AmbientContextManagerService
10-24 21:41:48.374 1637 1637 D SystemServerTiming: OnBootPhase_520_com.android.server.speech.SpeechRecognitionManagerService
10-24 21:41:48.374 1637 1637 D SystemServerTiming: OnBootPhase_520_com.android.server.appprediction.AppPredictionManagerService
10-24 21:41:48.374 1637 1637 D SystemServerTiming: OnBootPhase_520_com.android.server.contentsuggestions.ContentSuggestionsManagerService
10-24 21:41:48.374 1637 1637 D SystemServerTiming: OnBootPhase_520_com.android.server.searchui.SearchUiManagerService
10-24 21:41:48.374 1637 1637 D SystemServerTiming: OnBootPhase_520_com.android.server.smartspace.SmartspaceManagerService
10-24 21:41:48.374 1637 1637 D SystemServerTiming: OnBootPhase_520_com.android.server.graphics.fonts.FontManagerService$Lifecycle
10-24 21:41:48.374 1637 1637 D SystemServerTiming: OnBootPhase_520_com.android.server.textservices.TextServicesManagerService$Lifecycle
10-24 21:41:48.374 1637 1637 D SystemServerTiming: OnBootPhase_520_com.android.server.textclassifier.TextClassificationManagerService$Lifecycle
10-24 21:41:48.374 1637 1637 D SystemServerTiming: OnBootPhase_520_com.android.server.NetworkScoreService$Lifecycle
10-24 21:41:48.374 1637 1637 D SystemServerTiming: OnBootPhase_520_com.android.server.NetworkStatsServiceInitializer
10-24 21:41:48.374 1637 1637 D SystemServerTiming: OnBootPhase_520_com.android.server.wifi.WifiService
10-24 21:41:48.374 1637 1637 D SystemServerTiming: OnBootPhase_520_com.android.server.wifi.scanner.WifiScanningService
10-24 21:41:48.374 1637 1637 D SystemServerTiming: OnBootPhase_520_com.android.server.wifi.rtt.RttService
10-24 21:41:48.374 1637 1637 D SystemServerTiming: OnBootPhase_520_com.android.server.wifi.aware.WifiAwareService
10-24 21:41:48.374 1637 1637 D SystemServerTiming: OnBootPhase_520_com.android.server.wifi.p2p.WifiP2pService
10-24 21:41:48.374 1637 1637 D SystemServerTiming: OnBootPhase_520_com.android.server.ConnectivityServiceInitializer
10-24 21:41:48.374 1637 1637 D SystemServerTiming: OnBootPhase_520_com.android.server.notification.NotificationManagerService
10-24 21:41:48.374 1637 1637 D SystemServerTiming: OnBootPhase_520_com.android.server.storage.DeviceStorageMonitorService
10-24 21:41:48.374 1637 1637 D SystemServerTiming: OnBootPhase_520_com.android.server.location.LocationManagerService$Lifecycle
10-24 21:41:48.374 1637 1637 D SystemServerTiming: OnBootPhase_520_com.android.server.timedetector.TimeDetectorService$Lifecycle
10-24 21:41:48.374 1637 1637 D SystemServerTiming: OnBootPhase_520_com.android.server.timezonedetector.TimeZoneDetectorService$Lifecycle
10-24 21:41:48.374 1637 1637 D SystemServerTiming: OnBootPhase_520_com.android.server.timezonedetector.location.LocationTimeZoneManagerService$Lifecycle
10-24 21:41:48.374 1637 1637 D SystemServerTiming: OnBootPhase_520_com.android.server.search.SearchManagerService$Lifecycle
10-24 21:41:48.374 1637 1637 D SystemServerTiming: OnBootPhase_520_com.android.server.wallpaper.WallpaperManagerService$Lifecycle
10-24 21:41:48.374 1637 1637 D SystemServerTiming: OnBootPhase_520_com.android.server.wallpapereffectsgeneration.WallpaperEffectsGenerationManagerService
10-24 21:41:48.374 1637 1637 D SystemServerTiming: OnBootPhase_520_com.android.server.audio.AudioService$Lifecycle
10-24 21:41:48.374 1637 1637 D SystemServerTiming: OnBootPhase_520_com.android.server.soundtrigger_middleware.SoundTriggerMiddlewareService$Lifecycle
10-24 21:41:48.374 1637 1637 D SystemServerTiming: OnBootPhase_520_com.android.server.DockObserver
10-24 21:41:48.374 1637 1637 D SystemServerTiming: OnBootPhase_520_com.android.server.midi.MidiService$Lifecycle
10-24 21:41:48.374 1637 1637 D SystemServerTiming: OnBootPhase_520_com.android.server.adb.AdbService$Lifecycle
10-24 21:41:48.374 1637 1637 D SystemServerTiming: OnBootPhase_520_com.android.server.usb.UsbService$Lifecycle
10-24 21:41:48.374 1637 1637 D SystemServerTiming: OnBootPhase_520_com.android.server.twilight.TwilightService
10-24 21:41:48.374 1637 1637 D SystemServerTiming: OnBootPhase_520_com.android.server.display.color.ColorDisplayService
10-24 21:41:48.374 1637 1637 D SystemServerTiming: OnBootPhase_520_com.android.server.job.JobSchedulerService
10-24 21:41:48.374 1637 1637 D SystemServerTiming: OnBootPhase_520_com.android.server.soundtrigger.SoundTriggerService
10-24 21:41:48.374 1637 1637 D SoundTriggerService: onBootPhase: 520 : false
10-24 21:41:48.374 1637 1637 D SystemServerTiming: OnBootPhase_520_com.android.server.trust.TrustManagerService
10-24 21:41:48.374 1637 1637 D SystemServerTiming: OnBootPhase_520_com.android.server.backup.BackupManagerService$Lifecycle
10-24 21:41:48.374 1637 1637 D SystemServerTiming: OnBootPhase_520_com.android.server.appwidget.AppWidgetService
10-24 21:41:48.374 1637 1637 D SystemServerTiming: OnBootPhase_520_com.android.server.voiceinteraction.VoiceInteractionManagerService
10-24 21:41:48.374 1637 1637 D SystemServerTiming: OnBootPhase_520_com.android.server.apphibernation.AppHibernationService
10-24 21:41:48.374 1637 1637 D SystemServerTiming: OnBootPhase_520_com.android.server.GestureLauncherService
10-24 21:41:48.374 1637 1637 D SystemServerTiming: OnBootPhase_520_com.android.server.SensorNotificationService
10-24 21:41:48.374 1637 1637 D SystemServerTiming: OnBootPhase_520_com.android.server.ContextHubSystemService
10-24 21:41:48.374 1637 1637 D SystemServerTiming: OnBootPhase_520_com.android.server.emergency.EmergencyAffordanceService
10-24 21:41:48.374 1637 1637 D SystemServerTiming: OnBootPhase_520_com.android.server.blob.BlobStoreManagerService
10-24 21:41:48.374 1637 1637 D SystemServerTiming: OnBootPhase_520_com.android.server.dreams.DreamManagerService
10-24 21:41:48.374 1637 1637 D SystemServerTiming: OnBootPhase_520_com.android.server.print.PrintManagerService
10-24 21:41:48.374 1637 1637 D SystemServerTiming: OnBootPhase_520_com.android.server.security.AttestationVerificationManagerService
10-24 21:41:48.374 1637 1637 D SystemServerTiming: OnBootPhase_520_com.android.server.companion.CompanionDeviceManagerService
10-24 21:41:48.374 1637 1637 D SystemServerTiming: OnBootPhase_520_com.android.server.companion.virtual.VirtualDeviceManagerService
10-24 21:41:48.374 1637 1637 D SystemServerTiming: OnBootPhase_520_com.android.server.restrictions.RestrictionsManagerService
10-24 21:41:48.374 1637 1637 D SystemServerTiming: OnBootPhase_520_com.android.server.media.MediaSessionService
10-24 21:41:48.374 1637 1637 D SystemServerTiming: OnBootPhase_520_com.android.server.media.MediaResourceMonitorService
10-24 21:41:48.374 1637 1637 D SystemServerTiming: OnBootPhase_520_com.android.server.biometrics.sensors.fingerprint.FingerprintService
10-24 21:41:48.374 1637 1637 D SystemServerTiming: OnBootPhase_520_com.android.server.biometrics.BiometricService
10-24 21:41:48.374 1637 1637 D SystemServerTiming: OnBootPhase_520_com.android.server.biometrics.AuthService
10-24 21:41:48.374 1637 1637 D SystemServerTiming: OnBootPhase_520_com.android.server.pm.ShortcutService$Lifecycle
10-24 21:41:48.374 1637 1637 D SystemServerTiming: OnBootPhase_520_com.android.server.pm.LauncherAppsService
10-24 21:41:48.374 1637 1637 D SystemServerTiming: OnBootPhase_520_com.android.server.pm.CrossProfileAppsService
10-24 21:41:48.374 1637 1637 D SystemServerTiming: OnBootPhase_520_com.android.server.people.PeopleService
10-24 21:41:48.374 1637 1637 D SystemServerTiming: OnBootPhase_520_com.android.server.media.metrics.MediaMetricsManagerService
10-24 21:41:48.374 1637 1637 D SystemServerTiming: OnBootPhase_520_com.android.server.media.projection.MediaProjectionManagerService
10-24 21:41:48.374 1637 1637 D SystemServerTiming: OnBootPhase_520_com.android.server.slice.SliceManagerService$Lifecycle
10-24 21:41:48.374 1637 1637 D SystemServerTiming: OnBootPhase_520_com.android.server.stats.StatsCompanion$Lifecycle
10-24 21:41:48.374 1637 1637 D SystemServerTiming: OnBootPhase_520_com.android.server.scheduling.RebootReadinessManagerService$Lifecycle
10-24 21:41:48.374 1637 1637 D SystemServerTiming: OnBootPhase_520_com.android.server.stats.pull.StatsPullAtomService
10-24 21:41:48.374 1637 1637 D SystemServerTiming: OnBootPhase_520_com.android.server.stats.bootstrap.StatsBootstrapAtomService$Lifecycle
10-24 21:41:48.374 1637 1637 D SystemServerTiming: OnBootPhase_520_com.android.server.incident.IncidentCompanionService
10-24 21:41:48.374 1637 1637 D SystemServerTiming: OnBootPhase_520_com.android.server.sdksandbox.SdkSandboxManagerService$Lifecycle
10-24 21:41:48.374 1637 1637 D SystemServerTiming: OnBootPhase_520_com.android.server.adservices.AdServicesManagerService$Lifecycle
10-24 21:41:48.374 1637 1637 D SystemServerTiming: OnBootPhase_520_com.android.server.MmsServiceBroker
10-24 21:41:48.374 1637 1637 D SystemServerTiming: OnBootPhase_520_com.android.server.autofill.AutofillManagerService
10-24 21:41:48.374 1637 1637 D SystemServerTiming: OnBootPhase_520_com.android.server.translation.TranslationManagerService
10-24 21:41:48.374 1637 1637 D SystemServerTiming: OnBootPhase_520_com.android.server.clipboard.ClipboardService
10-24 21:41:48.374 1637 1637 D SystemServerTiming: OnBootPhase_520_com.android.server.appbinding.AppBindingService$Lifecycle
10-24 21:41:48.374 1637 1637 D SystemServerTiming: OnBootPhase_520_com.android.server.tracing.TracingServiceProxy
10-24 21:41:48.374 1637 1637 D SystemServerTiming: OnBootPhase_520_com.android.server.policy.PermissionPolicyService
10-24 21:41:48.375 1637 1637 D SystemServerTiming: OnBootPhase_520_com.android.server.pm.StagingManager$Lifecycle
10-24 21:41:48.375 1637 1637 D SystemServerTiming: OnBootPhase_520_com.android.server.app.GameManagerService$Lifecycle
10-24 21:41:48.375 1637 1637 D SystemServerTiming: OnBootPhase_520_com.android.server.uwb.UwbService
10-24 21:41:48.375 1637 1637 D SystemServerTiming: StartSafetyCenterService
10-24 21:41:48.375 1637 1637 I SystemServiceManager: Starting com.android.safetycenter.SafetyCenterService
10-24 21:41:48.375 587 721 D BootAnimation: Playing files = /product/media/bootanimation-dark.zip/part2, Requested repeat = 180, playUntilComplete = false
10-24 21:41:48.375 1637 1637 I SafetyCenterResApk: Found Safety Center resources APK at: com.google.android.safetycenter.resources
10-24 21:41:48.383 1637 1637 D SafetyCenterConfigReade: SafetyCenterConfig loaded successfully
10-24 21:41:48.384 1637 1637 D SafetyCenterIssueDis: Safety Center persisted issues read successfully
10-24 21:41:48.385 1637 1637 D SystemServerTiming: AppSearchModule
10-24 21:41:48.385 1637 1637 I SystemServiceManager: Starting com.android.server.appsearch.AppSearchModule$Lifecycle
10-24 21:41:48.389 1637 1637 I AppSearchModule: AppsIndexer service is disabled.
10-24 21:41:48.389 1637 1637 D SystemServerTiming: IsolatedCompilationService
10-24 21:41:48.389 1637 1637 I SystemServiceManager: Starting com.android.server.compos.IsolatedCompilationService
10-24 21:41:48.389 1637 1637 D SystemServerTiming: StartMediaCommunicationService
10-24 21:41:48.389 1637 1637 I SystemServiceManager: Starting com.android.server.media.MediaCommunicationService
10-24 21:41:48.390 1637 1637 D SystemServerTiming: AppCompatOverridesService
10-24 21:41:48.390 1637 1637 I SystemServiceManager: Starting com.android.server.compat.overrides.AppCompatOverridesService$Lifecycle
10-24 21:41:48.390 1637 1637 D SystemServerTiming: PhaseActivityManagerReady
10-24 21:41:48.390 1637 1637 D SystemServerTiming: controllersReady
10-24 21:41:48.392 587 721 D BootAnimation: Playing files = /product/media/bootanimation-dark.zip/part2, Requested repeat = 180, playUntilComplete = false
10-24 21:41:48.392 1637 1896 D SystemServerTimingAsync: InitThreadPoolExec:Update app-ops uidState in case package fgcl.fc changed
10-24 21:41:48.392 1637 1913 D SystemServerTimingAsync: InitThreadPoolExec:Update app-ops uidState in case package com.discord changed
10-24 21:41:48.392 1637 1941 D SystemServerTimingAsync: InitThreadPoolExec:Update app-ops uidState in case package com.app.missednotificationsreminder changed
10-24 21:41:48.392 1637 1945 D SystemServerTimingAsync: InitThreadPoolExec:Update app-ops uidState in case package com.ubercab changed
10-24 21:41:48.392 1637 1895 D SystemServerTimingAsync: InitThreadPoolExec:Update app-ops uidState in case package gr.nikolasspyr.integritycheck changed
10-24 21:41:48.392 1637 1864 D SystemServerTimingAsync: InitThreadPoolExec:Update app-ops uidState in case package icu.nullptr.applistdetector changed
10-24 21:41:48.392 1637 1765 D SystemServerTimingAsync: InitThreadPoolExec:Update app-ops uidState in case package com.venmo changed
10-24 21:41:48.392 1637 1880 D SystemServerTimingAsync: InitThreadPoolExec:Update app-ops uidState in case package com.tsng.hidemyapplist changed
10-24 21:41:48.393 1637 1896 D SystemServerTimingAsync: InitThreadPoolExec:Update app-ops uidState in case package com.microsoft.skydrive changed
10-24 21:41:48.393 1637 1913 D SystemServerTimingAsync: InitThreadPoolExec:Update app-ops uidState in case package com.google.android.apps.walletnfcrel changed
10-24 21:41:48.393 1637 1896 D SystemServerTimingAsync: InitThreadPoolExec:Update app-ops uidState in case package keepass2android.keepass2android changed
10-24 21:41:48.393 1637 1895 D SystemServerTimingAsync: InitThreadPoolExec:Update app-ops uidState in case package com.google.android.apps.translate changed
10-24 21:41:48.393 1637 1913 D SystemServerTimingAsync: InitThreadPoolExec:Update app-ops uidState in case package com.microsoft.office.outlook changed
10-24 21:41:48.393 1637 1895 D SystemServerTimingAsync: InitThreadPoolExec:Update app-ops uidState in case package org.mozilla.firefox changed
10-24 21:41:48.393 1637 1945 D SystemServerTimingAsync: InitThreadPoolExec:Update app-ops uidState in case package com.facebook.orca changed
10-24 21:41:48.393 1637 1913 D SystemServerTimingAsync: InitThreadPoolExec:Update app-ops uidState in case package app.revanced.android.gms changed
10-24 21:41:48.393 1637 1864 D SystemServerTimingAsync: InitThreadPoolExec:Update app-ops uidState in case package app.revanced.android.youtube changed
10-24 21:41:48.393 1637 1895 D SystemServerTimingAsync: InitThreadPoolExec:Update app-ops uidState in case package com.urbandroid.sleep changed
10-24 21:41:48.393 1637 1941 D SystemServerTimingAsync: InitThreadPoolExec:Update app-ops uidState in case package com.google.android.apps.googlevoice changed
10-24 21:41:48.393 1637 1895 D SystemServerTimingAsync: InitThreadPoolExec:Update app-ops uidState in case package com.google.android.apps.bard changed
10-24 21:41:48.393 1637 1895 D SystemServerTimingAsync: InitThreadPoolExec:Update app-ops uidState in case package com.amazon.mShop.android.shopping changed
10-24 21:41:48.393 1637 1765 D SystemServerTimingAsync: InitThreadPoolExec:Update app-ops uidState in case package com.shazam.android changed
10-24 21:41:48.393 1637 1895 D SystemServerTimingAsync: InitThreadPoolExec:Update app-ops uidState in case package es.chiteroman.bootloaderspoofer changed
10-24 21:41:48.393 1637 1945 D SystemServerTimingAsync: InitThreadPoolExec:Update app-ops uidState in case package com.citymapper.app.release changed
10-24 21:41:48.393 1637 1880 D SystemServerTimingAsync: InitThreadPoolExec:Update app-ops uidState in case package com.molink.john.hummingbird changed
10-24 21:41:48.393 1637 1765 D SystemServerTimingAsync: InitThreadPoolExec:Update app-ops uidState in case package app.revanced.manager.flutter changed
10-24 21:41:48.393 1637 1941 D SystemServerTimingAsync: InitThreadPoolExec:Update app-ops uidState in case package com.riteshsahu.SMSBackupRestore changed
10-24 21:41:48.393 1637 1880 D SystemServerTimingAsync: InitThreadPoolExec:Update app-ops uidState in case package co.hinge.app changed
10-24 21:41:48.393 1637 1864 D SystemServerTimingAsync: InitThreadPoolExec:Update app-ops uidState in case package com.cxinventor.file.explorer changed
10-24 21:41:48.393 1637 1913 D SystemServerTimingAsync: InitThreadPoolExec:Update app-ops uidState in case package com.ultrahuman.android changed
10-24 21:41:48.393 1637 1864 D SystemServerTimingAsync: InitThreadPoolExec:Update app-ops uidState in case package nextapp.fx changed
10-24 21:41:48.393 1637 1864 D SystemServerTimingAsync: InitThreadPoolExec:Update app-ops uidState in case package com.bumble.app changed
10-24 21:41:48.393 1637 1895 D SystemServerTimingAsync: InitThreadPoolExec:Update app-ops uidState in case package com.myblocked changed
10-24 21:41:48.393 1637 1864 D SystemServerTimingAsync: InitThreadPoolExec:Update app-ops uidState in case package com.konylabs.capitalone changed
10-24 21:41:48.393 1637 1945 D SystemServerTimingAsync: InitThreadPoolExec:Update app-ops uidState in case package com.authy.authy changed
10-24 21:41:48.394 1637 1765 D SystemServerTimingAsync: InitThreadPoolExec:Update app-ops uidState in case package com.azure.authenticator changed
10-24 21:41:48.394 1637 1913 D SystemServerTimingAsync: InitThreadPoolExec:Update app-ops uidState in case package com.henrikherzig.playintegritychecker changed
10-24 21:41:48.394 1637 1896 D SystemServerTimingAsync: InitThreadPoolExec:Update app-ops uidState in case package jp.naver.line.android changed
10-24 21:41:48.394 1637 1913 D SystemServerTimingAsync: InitThreadPoolExec:Update app-ops uidState in case package com.google.android.cellbroadcastreceiver changed
10-24 21:41:48.394 1637 1880 D SystemServerTimingAsync: InitThreadPoolExec:Update app-ops uidState in case package com.firsttech.firsttech changed
10-24 21:41:48.394 1637 1895 D SystemServerTimingAsync: InitThreadPoolExec:Update app-ops uidState in case package com.njtransit.njtapp changed
10-24 21:41:48.394 1637 1864 D SystemServerTimingAsync: InitThreadPoolExec:Update app-ops uidState in case package org.telegram.messenger changed
10-24 21:41:48.394 1637 1895 D SystemServerTimingAsync: InitThreadPoolExec:Update app-ops uidState in case package com.shannon.rcsservice changed
10-24 21:41:48.394 1637 1864 D SystemServerTimingAsync: InitThreadPoolExec:Update app-ops uidState in case package com.android.systemui changed
10-24 21:41:48.394 1637 1765 D SystemServerTimingAsync: InitThreadPoolExec:Update app-ops uidState in case package com.google.android.ext.services changed
10-24 21:41:48.394 1637 1864 D SystemServerTimingAsync: InitThreadPoolExec:Update app-ops uidState in case package com.samsung.slsi.telephony.oemril changed
10-24 21:41:48.394 1637 1895 D SystemServerTimingAsync: InitThreadPoolExec:Update app-ops uidState in case package com.google.android.pixel.setupwizard changed
10-24 21:41:48.394 1637 1945 D SystemServerTimingAsync: InitThreadPoolExec:Update app-ops uidState in case package com.google.android.permissioncontroller changed
10-24 21:41:48.394 1637 1913 D SystemServerTimingAsync: InitThreadPoolExec:Update app-ops uidState in case package com.google.android.adservices.api changed
10-24 21:41:48.394 1637 1880 D SystemServerTimingAsync: InitThreadPoolExec:Update app-ops uidState in case package com.shannon.qualifiednetworksservice changed
10-24 21:41:48.394 1637 1895 D SystemServerTimingAsync: InitThreadPoolExec:Update app-ops uidState in case package com.shannon.imsservice changed
10-24 21:41:48.394 1637 1941 D SystemServerTimingAsync: InitThreadPoolExec:Update app-ops uidState in case package com.citi.citimobile changed
10-24 21:41:48.394 1637 1945 D SystemServerTimingAsync: InitThreadPoolExec:Update app-ops uidState in case package com.google.android.apps.wallpaper changed
10-24 21:41:48.394 1637 1864 D SystemServerTimingAsync: InitThreadPoolExec:Update app-ops uidState in case package com.google.android.apps.nexuslauncher changed
10-24 21:41:48.394 1637 1945 D SystemServerTimingAsync: InitThreadPoolExec:Update app-ops uidState in case package com.google.android.markup changed
10-24 21:41:48.394 1637 1864 D SystemServerTimingAsync: InitThreadPoolExec:Update app-ops uidState in case package com.google.android.marvin.talkback changed
10-24 21:41:48.394 1637 1880 D SystemServerTimingAsync: InitThreadPoolExec:Update app-ops uidState in case package com.google.android.youtube changed
10-24 21:41:48.394 1637 1765 D SystemServerTimingAsync: InitThreadPoolExec:Update app-ops uidState in case package com.google.android.connectivitythermalpowermanager changed
10-24 21:41:48.394 1637 1941 D SystemServerTimingAsync: InitThreadPoolExec:Update app-ops uidState in case package com.google.android.contacts changed
10-24 21:41:48.394 1637 1765 D SystemServerTimingAsync: InitThreadPoolExec:Update app-ops uidState in case package com.google.ar.core changed
10-24 21:41:48.394 1637 1896 D SystemServerTimingAsync: InitThreadPoolExec:Update app-ops uidState in case package com.google.android.providers.media.module changed
10-24 21:41:48.394 1637 1765 D SystemServerTimingAsync: InitThreadPoolExec:Update app-ops uidState in case package com.google.android.videos changed
10-24 21:41:48.394 1637 1765 D SystemServerTimingAsync: InitThreadPoolExec:Update app-ops uidState in case package com.google.android.apps.accessibility.voiceaccess changed
10-24 21:41:48.394 1637 1896 D SystemServerTimingAsync: InitThreadPoolExec:Update app-ops uidState in case package com.google.android.apps.tycho changed
10-24 21:41:48.394 1637 1765 D SystemServerTimingAsync: InitThreadPoolExec:Update app-ops uidState in case package com.google.android.apps.youtube.music changed
10-24 21:41:48.394 1637 1765 D SystemServerTimingAsync: InitThreadPoolExec:Update app-ops uidState in case package com.google.android.apps.photos changed
10-24 21:41:48.394 1637 1765 D SystemServerTimingAsync: InitThreadPoolExec:Update app-ops uidState in case package com.google.android.calendar changed
10-24 21:41:48.394 1637 1864 D SystemServerTimingAsync: InitThreadPoolExec:Update app-ops uidState in case package com.google.android.deskclock changed
10-24 21:41:48.394 1637 1765 D SystemServerTimingAsync: InitThreadPoolExec:Update app-ops uidState in case package com.google.android.calculator changed
10-24 21:41:48.394 1637 1880 D SystemServerTimingAsync: InitThreadPoolExec:Update app-ops uidState in case package com.android.chrome changed
10-24 21:41:48.394 1637 1765 D SystemServerTimingAsync: InitThreadPoolExec:Update app-ops uidState in case package com.google.android.apps.docs changed
10-24 21:41:48.394 1637 1941 D SystemServerTimingAsync: InitThreadPoolExec:Update app-ops uidState in case package com.google.android.apps.maps changed
10-24 21:41:48.394 1637 1945 D SystemServerTimingAsync: InitThreadPoolExec:Update app-ops uidState in case package com.google.android.webview changed
10-24 21:41:48.394 1637 1941 D SystemServerTimingAsync: InitThreadPoolExec:Update app-ops uidState in case package com.google.android.apps.camera.services changed
10-24 21:41:48.394 1637 1765 D SystemServerTimingAsync: InitThreadPoolExec:Update app-ops uidState in case package com.google.android.apps.work.clouddpc changed
10-24 21:41:48.394 1637 1945 D SystemServerTimingAsync: InitThreadPoolExec:Update app-ops uidState in case package com.google.android.apps.turbo changed
10-24 21:41:48.394 1637 1941 D SystemServerTimingAsync: InitThreadPoolExec:Update app-ops uidState in case package com.google.android.carrier changed
10-24 21:41:48.394 1637 1880 D SystemServerTimingAsync: InitThreadPoolExec:Update app-ops uidState in case package com.google.android.inputmethod.latin changed
10-24 21:41:48.394 1637 1945 D SystemServerTimingAsync: InitThreadPoolExec:Update app-ops uidState in case package com.google.android.setupwizard changed
10-24 21:41:48.394 1637 1941 D SystemServerTimingAsync: InitThreadPoolExec:Update app-ops uidState in case package com.google.android.googlequicksearchbox changed
10-24 21:41:48.394 1637 1945 D SystemServerTimingAsync: InitThreadPoolExec:Update app-ops uidState in case package com.google.android.apps.wearables.maestro.companion changed
10-24 21:41:48.394 1637 1896 D SystemServerTimingAsync: InitThreadPoolExec:Update app-ops uidState in case package com.google.android.tts changed
10-24 21:41:48.394 1637 1864 D SystemServerTimingAsync: InitThreadPoolExec:Update app-ops uidState in case package com.google.android.gms.location.history changed
10-24 21:41:48.394 1637 1945 D SystemServerTimingAsync: InitThreadPoolExec:Update app-ops uidState in case package com.google.android.apps.cbrsnetworkmonitor changed
10-24 21:41:48.394 1637 1864 D SystemServerTimingAsync: InitThreadPoolExec:Update app-ops uidState in case package com.google.android.dialer changed
10-24 21:41:48.394 1637 1864 D SystemServerTimingAsync: InitThreadPoolExec:Update app-ops uidState in case package com.google.android.as changed
10-24 21:41:48.394 1637 1896 D SystemServerTimingAsync: InitThreadPoolExec:Update app-ops uidState in case package com.google.android.euicc changed
10-24 21:41:48.394 1637 1945 D SystemServerTimingAsync: InitThreadPoolExec:Update app-ops uidState in case package com.google.android.apps.carrier.carrierwifi changed
10-24 21:41:48.394 1637 1896 D SystemServerTimingAsync: InitThreadPoolExec:Update app-ops uidState in case package com.google.android.gms changed
10-24 21:41:48.394 1637 1880 D SystemServerTimingAsync: InitThreadPoolExec:Update app-ops uidState in case package com.google.android.projection.gearhead changed
10-24 21:41:48.394 1637 1864 D SystemServerTimingAsync: InitThreadPoolExec:Update app-ops uidState in case package com.google.android.settings.intelligence changed
10-24 21:41:48.394 1637 1765 D SystemServerTimingAsync: InitThreadPoolExec:Update app-ops uidState in case package com.google.android.apps.messaging changed
10-24 21:41:48.394 1637 1895 D SystemServerTimingAsync: InitThreadPoolExec:Update app-ops uidState in case package com.google.android.accessibility.soundamplifier changed
10-24 21:41:48.394 1637 1941 D SystemServerTimingAsync: InitThreadPoolExec:Update app-ops uidState in case package com.google.android.gsf changed
