10-24 21:41:41.777 578 588 D libnos_transport: Send app 2 go command 0x00020014
10-24 21:41:41.778 578 588 D libnos_transport: Polling app 2
10-24 21:41:41.781 578 588 D libnos_transport: App 2 poll=16 status=0x00000000 reply_len=0 flags=0x0001
10-24 21:41:41.783 578 588 D libnos_transport: App 2 poll=32 status=0x00000000 reply_len=0 flags=0x0001
10-24 21:41:41.786 578 588 D libnos_transport: App 2 poll=48 status=0x00000000 reply_len=0 flags=0x0001
10-24 21:41:41.789 578 588 D libnos_transport: App 2 poll=64 status=0x00000000 reply_len=0 flags=0x0001
10-24 21:41:41.792 578 588 D libnos_transport: App 2 poll=80 status=0x00000000 reply_len=0 flags=0x0001
10-24 21:41:41.795 578 588 D libnos_transport: App 2 poll=96 status=0x00000000 reply_len=0 flags=0x0001
10-24 21:41:41.798 578 588 D libnos_transport: App 2 poll=112 status=0x00000000 reply_len=0 flags=0x0001
10-24 21:41:41.801 578 588 D libnos_transport: App 2 poll=128 status=0x00000000 reply_len=0 flags=0x0001
10-24 21:41:41.801 578 588 D libnos_transport: App 2 polled=132 status=0x80000000 reply_len=34 flags=0x0000
10-24 21:41:41.801 578 588 D libnos_transport: Read app 2 reply data (34 bytes)
10-24 21:41:41.802 578 588 D libnos_transport: App 2 returning 0x0
10-24 21:41:41.802 574 601 I keystore2: keystore2::shared_secret_negotiation: Shared secret negotiation concluded successfully.
10-24 21:41:41.802 574 601 I keystore2: keystore2::shared_secret_negotiation: StrongBox does not provide a challenge, so no RoT transfer: Status(-8, EX_SERVICE_SPECIFIC): '-100: '
10-24 21:41:41.861 550 550 I vold : [libfs_mgr]__mount(source=/dev/block/dm-42,target=/data,type=f2fs)=0: Success
10-24 21:41:41.862 550 550 D vold : Mounted /data
10-24 21:41:41.866 530 597 W libc : Unable to set property "ctl.interface_start" to "aidl/android.system.keystore2.IKeystoreService/default": error code: 0x20
10-24 21:41:41.866 530 597 I servicemanager: Tried to start aidl service android.system.keystore2.IKeystoreService/default as a lazy service, but was unable to. Usually this happens when a service is not installed, but if the service is intended to be used as a lazy service, then it may be configured incorrectly.
10-24 21:41:41.868 530 692 W libc : Unable to set property "ctl.interface_start" to "aidl/SurfaceFlinger": error code: 0x20
10-24 21:41:41.868 530 692 I servicemanager: Tried to start aidl service SurfaceFlinger as a lazy service, but was unable to. Usually this happens when a service is not installed, but if the service is intended to be used as a lazy service, then it may be configured incorrectly.
10-24 21:41:41.868 530 736 W libc : Unable to set property "ctl.interface_start" to "aidl/android.frameworks.stats.IStats/default": error code: 0x20
10-24 21:41:41.868 530 736 I servicemanager: Tried to start aidl service android.frameworks.stats.IStats/default as a lazy service, but was unable to. Usually this happens when a service is not installed, but if the service is intended to be used as a lazy service, then it may be configured incorrectly.
10-24 21:41:41.872 550 550 I Checkpoint: cp_prepareCheckpoint called
10-24 21:41:41.878 550 550 I vold : fscrypt_initialize_systemwide_keys
10-24 21:41:41.878 550 550 D vold : Key exists, using: /data/unencrypted/key
10-24 21:41:41.881 744 744 I libperfmgr: Pixel Power HAL AIDL Service with Extension is starting with config: /vendor/etc/powerhint.json
10-24 21:41:41.883 744 744 I libperfmgr: Failed to read Node[0]'s DefaultIndex, set to last index: 2
10-24 21:41:41.883 744 744 I libperfmgr: Failed to read Node[0]'s Truncate, set to 'true'
10-24 21:41:41.883 744 744 I libperfmgr: Failed to read Node[0]'s HoldFd, set to 'false'
10-24 21:41:41.883 744 744 I libperfmgr: Failed to read Node[1]'s DefaultIndex, set to last index: 1
10-24 21:41:41.883 744 744 I libperfmgr: Failed to read Node[1]'s Truncate, set to 'true'
10-24 21:41:41.883 744 744 I libperfmgr: Failed to read Node[1]'s HoldFd, set to 'false'
10-24 21:41:41.883 744 744 I libperfmgr: Failed to read Node[2]'s Truncate, set to 'true'
10-24 21:41:41.883 744 744 I libperfmgr: Failed to read Node[2]'s HoldFd, set to 'false'
10-24 21:41:41.883 744 744 I libperfmgr: Failed to read Node[3]'s DefaultIndex, set to last index: 2
10-24 21:41:41.883 744 744 I libperfmgr: Failed to read Node[3]'s Truncate, set to 'true'
10-24 21:41:41.883 744 744 I libperfmgr: Failed to read Node[3]'s HoldFd, set to 'false'
10-24 21:41:41.883 744 744 I libperfmgr: Failed to read Node[4]'s Truncate, set to 'true'
10-24 21:41:41.883 550 550 D vold : Installed fscrypt key with ref 8185e12e9d848d60a6a97945f3705fc8 to /data
10-24 21:41:41.883 744 744 I libperfmgr: Failed to read Node[4]'s HoldFd, set to 'false'
10-24 21:41:41.883 744 744 I libperfmgr: Failed to read Node[5]'s DefaultIndex, set to last index: 2
10-24 21:41:41.883 744 744 I libperfmgr: Failed to read Node[5]'s Truncate, set to 'true'
10-24 21:41:41.883 744 744 I libperfmgr: Failed to read Node[5]'s HoldFd, set to 'false'
10-24 21:41:41.883 744 744 I libperfmgr: Failed to read Node[6]'s Truncate, set to 'true'
10-24 21:41:41.883 744 744 I libperfmgr: Failed to read Node[6]'s HoldFd, set to 'false'
10-24 21:41:41.883 744 744 I libperfmgr: Failed to read Node[7]'s DefaultIndex, set to last index: 2
10-24 21:41:41.883 550 550 D vold : Added fscrypt-provisioning key for 8185e12e9d848d60a6a97945f3705fc8 to session keyring
10-24 21:41:41.883 744 744 I libperfmgr: Failed to read Node[7]'s Truncate, set to 'true'
10-24 21:41:41.883 744 744 I libperfmgr: Failed to read Node[7]'s HoldFd, set to 'false'
10-24 21:41:41.883 744 744 I libperfmgr: Failed to read Node[8]'s DefaultIndex, set to last index: 4
10-24 21:41:41.883 744 744 I libperfmgr: Failed to read Node[8]'s Truncate, set to 'true'
10-24 21:41:41.883 744 744 I libperfmgr: Failed to read Node[8]'s HoldFd, set to 'false'
10-24 21:41:41.883 744 744 I libperfmgr: Failed to read Node[9]'s DefaultIndex, set to last index: 1
10-24 21:41:41.883 744 744 I libperfmgr: Failed to read Node[9]'s ResetOnInit, set to 'false'
10-24 21:41:41.883 744 744 I libperfmgr: Failed to read Node[9]'s Truncate, set to 'true'
10-24 21:41:41.883 744 744 I libperfmgr: Failed to read Node[9]'s HoldFd, set to 'false'
10-24 21:41:41.883 744 744 I libperfmgr: Failed to read Node[10]'s Truncate, set to 'true'
10-24 21:41:41.883 744 744 I libperfmgr: Failed to read Node[10]'s HoldFd, set to 'false'
10-24 21:41:41.883 744 744 I libperfmgr: Failed to read Node[11]'s DefaultIndex, set to last index: 1
10-24 21:41:41.883 744 744 I libperfmgr: Failed to read Node[11]'s Truncate, set to 'true'
10-24 21:41:41.883 744 744 I libperfmgr: Failed to read Node[11]'s HoldFd, set to 'false'
10-24 21:41:41.883 744 744 I libperfmgr: Failed to read Node[12]'s DefaultIndex, set to last index: 1
10-24 21:41:41.883 744 744 I libperfmgr: Failed to read Node[12]'s Truncate, set to 'true'
10-24 21:41:41.883 744 744 I libperfmgr: Failed to read Node[12]'s HoldFd, set to 'false'
10-24 21:41:41.883 744 744 I libperfmgr: Failed to read Node[13]'s DefaultIndex, set to last index: 1
10-24 21:41:41.883 744 744 I libperfmgr: Failed to read Node[13]'s Truncate, set to 'true'
10-24 21:41:41.883 744 744 I libperfmgr: Failed to read Node[13]'s HoldFd, set to 'false'
10-24 21:41:41.883 744 744 I libperfmgr: Failed to read Node[14]'s Truncate, set to 'true'
10-24 21:41:41.883 744 744 I libperfmgr: Failed to read Node[14]'s HoldFd, set to 'false'
10-24 21:41:41.883 744 744 I libperfmgr: Failed to read Node[15]'s DefaultIndex, set to last index: 1
10-24 21:41:41.883 744 744 I libperfmgr: Failed to read Node[15]'s Truncate, set to 'true'
10-24 21:41:41.883 744 744 I libperfmgr: Failed to read Node[15]'s HoldFd, set to 'false'
10-24 21:41:41.883 744 744 I libperfmgr: Failed to read Node[16]'s DefaultIndex, set to last index: 1
10-24 21:41:41.883 744 744 I libperfmgr: Failed to read Node[16]'s ResetOnInit, set to 'false'
10-24 21:41:41.883 744 744 I libperfmgr: Failed to read Node[16]'s Truncate, set to 'true'
10-24 21:41:41.883 744 744 I libperfmgr: Failed to read Node[17]'s DefaultIndex, set to last index: 1
10-24 21:41:41.883 744 744 I libperfmgr: Failed to read Node[17]'s Truncate, set to 'true'
10-24 21:41:41.883 744 744 I libperfmgr: Failed to read Node[17]'s HoldFd, set to 'false'
10-24 21:41:41.883 744 744 I libperfmgr: Failed to read Node[18]'s DefaultIndex, set to last index: 2
10-24 21:41:41.883 744 744 I libperfmgr: Failed to read Node[18]'s Truncate, set to 'true'
10-24 21:41:41.883 744 744 I libperfmgr: Failed to read Node[18]'s HoldFd, set to 'false'
10-24 21:41:41.883 744 744 I libperfmgr: Failed to read Node[19]'s DefaultIndex, set to last index: 2
10-24 21:41:41.883 744 744 I libperfmgr: Failed to read Node[19]'s Truncate, set to 'true'
10-24 21:41:41.883 744 744 I libperfmgr: Failed to read Node[19]'s HoldFd, set to 'false'
10-24 21:41:41.883 744 744 I libperfmgr: Failed to read Node[20]'s DefaultIndex, set to last index: 2
10-24 21:41:41.883 744 744 I libperfmgr: Failed to read Node[20]'s Truncate, set to 'true'
10-24 21:41:41.883 744 744 I libperfmgr: Failed to read Node[20]'s HoldFd, set to 'false'
10-24 21:41:41.883 744 744 I libperfmgr: Failed to read Node[21]'s DefaultIndex, set to last index: 2
10-24 21:41:41.883 744 744 I libperfmgr: Failed to read Node[21]'s Truncate, set to 'true'
10-24 21:41:41.883 744 744 I libperfmgr: Failed to read Node[21]'s HoldFd, set to 'false'
10-24 21:41:41.883 744 744 I libperfmgr: Failed to read Node[22]'s DefaultIndex, set to last index: 1
10-24 21:41:41.883 744 744 I libperfmgr: Failed to read Node[22]'s Truncate, set to 'true'
10-24 21:41:41.883 744 744 I libperfmgr: Failed to read Node[22]'s HoldFd, set to 'false'
10-24 21:41:41.883 744 744 I libperfmgr: Failed to read Node[23]'s DefaultIndex, set to last index: 1
10-24 21:41:41.883 744 744 I libperfmgr: Failed to read Node[23]'s Truncate, set to 'true'
10-24 21:41:41.883 744 744 I libperfmgr: Failed to read Node[23]'s HoldFd, set to 'false'
10-24 21:41:41.883 744 744 I libperfmgr: Failed to read Node[24]'s Truncate, set to 'true'
10-24 21:41:41.883 744 744 I libperfmgr: Failed to read Node[24]'s HoldFd, set to 'false'
10-24 21:41:41.883 744 744 I libperfmgr: Failed to read Node[25]'s DefaultIndex, set to last index: 1
10-24 21:41:41.883 744 744 I libperfmgr: Failed to read Node[25]'s Truncate, set to 'true'
10-24 21:41:41.883 744 744 I libperfmgr: Failed to read Node[25]'s HoldFd, set to 'false'
10-24 21:41:41.883 744 744 I libperfmgr: Failed to read Node[26]'s DefaultIndex, set to last index: 1
10-24 21:41:41.883 744 744 I libperfmgr: Failed to read Node[26]'s Truncate, set to 'true'
10-24 21:41:41.884 744 744 I libperfmgr: Failed to read Node[26]'s HoldFd, set to 'false'
10-24 21:41:41.884 744 744 I libperfmgr: Failed to read Node[27]'s DefaultIndex, set to last index: 1
10-24 21:41:41.884 744 744 I libperfmgr: Failed to read Node[28]'s DefaultIndex, set to last index: 1
10-24 21:41:41.884 744 744 I libperfmgr: Failed to read Node[28]'s ResetOnInit, set to 'false'
10-24 21:41:41.884 744 744 I libperfmgr: Failed to read Node[29]'s DefaultIndex, set to last index: 1
10-24 21:41:41.884 744 744 I libperfmgr: Failed to read Node[30]'s DefaultIndex, set to last index: 1
10-24 21:41:41.884 744 744 I libperfmgr: Failed to read Node[30]'s Truncate, set to 'true'
10-24 21:41:41.884 744 744 I libperfmgr: Failed to read Node[30]'s HoldFd, set to 'false'
10-24 21:41:41.884 744 744 I libperfmgr: Failed to read Node[31]'s DefaultIndex, set to last index: 1
10-24 21:41:41.884 744 744 I libperfmgr: Failed to read Node[31]'s Truncate, set to 'true'
10-24 21:41:41.884 744 744 I libperfmgr: Failed to read Node[31]'s HoldFd, set to 'false'
10-24 21:41:41.884 744 744 I libperfmgr: Failed to read Node[32]'s DefaultIndex, set to last index: 1
10-24 21:41:41.884 744 744 I libperfmgr: Failed to read Node[32]'s Truncate, set to 'true'
10-24 21:41:41.884 744 744 I libperfmgr: Failed to read Node[32]'s HoldFd, set to 'false'
10-24 21:41:41.884 744 744 I libperfmgr: Failed to read Node[33]'s Truncate, set to 'true'
10-24 21:41:41.884 744 744 I libperfmgr: Failed to read Node[33]'s HoldFd, set to 'false'
10-24 21:41:41.884 744 744 I libperfmgr: Failed to read Node[34]'s Truncate, set to 'true'
10-24 21:41:41.884 744 744 I libperfmgr: Failed to read Node[34]'s HoldFd, set to 'false'
10-24 21:41:41.884 744 744 I libperfmgr: Failed to read Node[35]'s Truncate, set to 'true'
10-24 21:41:41.884 744 744 I libperfmgr: Failed to read Node[35]'s HoldFd, set to 'false'
10-24 21:41:41.884 744 744 I libperfmgr: Failed to read Node[36]'s Truncate, set to 'true'
10-24 21:41:41.884 744 744 I libperfmgr: Failed to read Node[36]'s HoldFd, set to 'false'
10-24 21:41:41.884 744 744 I libperfmgr: Failed to read Node[37]'s Truncate, set to 'true'
10-24 21:41:41.884 744 744 I libperfmgr: Failed to read Node[37]'s HoldFd, set to 'false'
10-24 21:41:41.884 744 744 I libperfmgr: Failed to read Node[38]'s Truncate, set to 'true'
10-24 21:41:41.884 744 744 I libperfmgr: Failed to read Node[38]'s HoldFd, set to 'false'
10-24 21:41:41.884 744 744 I libperfmgr: Failed to read Node[39]'s Truncate, set to 'true'
10-24 21:41:41.884 744 744 I libperfmgr: Failed to read Node[39]'s HoldFd, set to 'false'
10-24 21:41:41.884 744 744 I libperfmgr: Failed to read Node[40]'s Truncate, set to 'true'
10-24 21:41:41.884 744 744 I libperfmgr: Failed to read Node[40]'s HoldFd, set to 'false'
10-24 21:41:41.884 744 744 I libperfmgr: Failed to read Node[41]'s ResetOnInit, set to 'false'
10-24 21:41:41.884 744 744 I libperfmgr: Failed to read Node[41]'s Truncate, set to 'true'
10-24 21:41:41.884 744 744 I libperfmgr: Failed to read Node[41]'s HoldFd, set to 'false'
10-24 21:41:41.884 744 744 I libperfmgr: Failed to read Node[42]'s ResetOnInit, set to 'false'
10-24 21:41:41.884 744 744 I libperfmgr: Failed to read Node[42]'s Truncate, set to 'true'
10-24 21:41:41.884 744 744 I libperfmgr: Failed to read Node[42]'s HoldFd, set to 'false'
10-24 21:41:41.884 744 744 I libperfmgr: Failed to read Node[43]'s ResetOnInit, set to 'false'
10-24 21:41:41.884 744 744 I libperfmgr: Failed to read Node[43]'s Truncate, set to 'true'
10-24 21:41:41.884 744 744 I libperfmgr: Failed to read Node[43]'s HoldFd, set to 'false'
10-24 21:41:41.884 744 744 I libperfmgr: Failed to read Node[44]'s DefaultIndex, set to last index: 1
10-24 21:41:41.884 744 744 I libperfmgr: Failed to read Node[44]'s ResetOnInit, set to 'false'
10-24 21:41:41.884 744 744 I libperfmgr: Failed to read Node[44]'s Truncate, set to 'true'
10-24 21:41:41.884 744 744 I libperfmgr: Failed to read Node[44]'s HoldFd, set to 'false'
10-24 21:41:41.884 744 744 I libperfmgr: Failed to read Node[45]'s DefaultIndex, set to last index: 1
10-24 21:41:41.884 744 744 I libperfmgr: Failed to read Node[45]'s ResetOnInit, set to 'false'
10-24 21:41:41.884 744 744 I libperfmgr: Failed to read Node[45]'s Truncate, set to 'true'
10-24 21:41:41.884 744 744 I libperfmgr: Failed to read Node[45]'s HoldFd, set to 'false'
10-24 21:41:41.884 744 744 I libperfmgr: Failed to read Node[46]'s ResetOnInit, set to 'false'
10-24 21:41:41.884 744 744 I libperfmgr: Failed to read Node[46]'s Truncate, set to 'true'
10-24 21:41:41.884 744 744 I libperfmgr: Failed to read Node[46]'s HoldFd, set to 'false'
10-24 21:41:41.884 744 744 I libperfmgr: Failed to read Node[47]'s DefaultIndex, set to last index: 4
10-24 21:41:41.884 744 744 I libperfmgr: Failed to read Node[47]'s ResetOnInit, set to 'false'
10-24 21:41:41.884 744 744 I libperfmgr: Failed to read Node[48]'s DefaultIndex, set to last index: 2
10-24 21:41:41.884 744 744 I libperfmgr: Failed to read Node[48]'s ResetOnInit, set to 'false'
10-24 21:41:41.884 744 744 I libperfmgr: 49 Nodes parsed successfully
10-24 21:41:41.884 550 550 I vold : Wrote system DE key reference to:/data/unencrypted/ref
10-24 21:41:41.884 550 550 D vold : Generating wrapped storage key
10-24 21:41:41.885 744 744 I libperfmgr: 6 AdpfConfigs parsed successfully
10-24 21:41:41.887 550 550 D vold : Installed fscrypt key with ref b1de498848d22ca3d797a401d9520c0f to /data
10-24 21:41:41.887 550 550 D vold : Added fscrypt-provisioning key for b1de498848d22ca3d797a401d9520c0f to session keyring
10-24 21:41:41.887 550 550 I vold : Wrote per boot key reference to:/data/unencrypted/per_boot_ref
10-24 21:41:41.887 744 744 I libperfmgr: 228 actions parsed successfully
10-24 21:41:41.887 744 744 I libperfmgr: PowerHint ML_ACC has 2 node actions, and 0 hint actions parsed
10-24 21:41:41.887 744 744 I libperfmgr: PowerHint FP_BOOST has 7 node actions, and 0 hint actions parsed
10-24 21:41:41.887 744 744 I libperfmgr: PowerHint THERMAL_VIRTUAL-SKIN_EMERGENCY has 14 node actions, and 0 hint actions parsed
10-24 21:41:41.887 744 744 I libperfmgr: PowerHint THERMAL_VIRTUAL-SKIN_CRITICAL has 11 node actions, and 0 hint actions parsed
10-24 21:41:41.887 744 744 I libperfmgr: PowerHint THERMAL_VIRTUAL-SKIN_SEVERE has 11 node actions, and 0 hint actions parsed
10-24 21:41:41.887 744 744 I libperfmgr: PowerHint CAMERA_BACKEND_BOOST has 4 node actions, and 0 hint actions parsed
10-24 21:41:41.887 744 744 I libperfmgr: PowerHint THERMAL_VIRTUAL-SKIN_MODERATE has 11 node actions, and 0 hint actions parsed
10-24 21:41:41.887 744 744 I libperfmgr: PowerHint DISPLAY_UPDATE_IMMINENT has 1 node actions, and 0 hint actions parsed
10-24 21:41:41.887 744 744 I libperfmgr: PowerHint ADPF_DISABLE_TA_BOOST has 1 node actions, and 0 hint actions parsed
10-24 21:41:41.887 744 744 I libperfmgr: PowerHint LOW_POWER has 1 node actions, and 0 hint actions parsed
10-24 21:41:41.887 744 744 I libperfmgr: PowerHint THERMAL_VIRTUAL-SKIN_LIGHT has 11 node actions, and 0 hint actions parsed
10-24 21:41:41.887 744 744 I libperfmgr: PowerHint LOW_POWER_CPU_90 has 1 node actions, and 0 hint actions parsed
10-24 21:41:41.887 744 744 I libperfmgr: PowerHint LAUNCH has 10 node actions, and 5 hint actions parsed
10-24 21:41:41.887 744 744 I libperfmgr: PowerHint LOW_POWER_MID_CLUSTER_70 has 1 node actions, and 0 hint actions parsed
10-24 21:41:41.887 744 744 I libperfmgr: PowerHint LOW_POWER_MID_CLUSTER_80 has 1 node actions, and 0 hint actions parsed
10-24 21:41:41.887 744 744 I libperfmgr: PowerHint CAMERA_STREAMING_HIGH has 15 node actions, and 0 hint actions parsed
10-24 21:41:41.887 744 744 I libperfmgr: PowerHint LOW_POWER_MID_CLUSTER_50 has 1 node actions, and 0 hint actions parsed
10-24 21:41:41.887 744 744 I libperfmgr: PowerHint LOW_POWER_LITTLE_CLUSTER_90 has 1 node actions, and 0 hint actions parsed
10-24 21:41:41.887 744 744 I libperfmgr: PowerHint THERMAL_FLASH_LED_REDUCE_CRITICAL has 1 node actions, and 0 hint actions parsed
10-24 21:41:41.887 744 744 I libperfmgr: PowerHint LOW_POWER_LITTLE_CLUSTER_80 has 1 node actions, and 0 hint actions parsed
10-24 21:41:41.887 744 744 I libperfmgr: PowerHint LOW_POWER_LITTLE_CLUSTER_70 has 1 node actions, and 0 hint actions parsed
10-24 21:41:41.887 744 744 I libperfmgr: PowerHint REFRESH_120FPS has 1 node actions, and 0 hint actions parsed
10-24 21:41:41.887 744 744 I libperfmgr: PowerHint CAMERA_STREAMING_STANDARD has 13 node actions, and 0 hint actions parsed
10-24 21:41:41.887 744 744 I libperfmgr: PowerHint LOW_POWER_CPU_70 has 1 node actions, and 0 hint actions parsed
10-24 21:41:41.887 744 744 I libperfmgr: PowerHint LOW_POWER_LITTLE_CLUSTER_50 has 1 node actions, and 0 hint actions parsed
10-24 21:41:41.887 744 744 I libperfmgr: PowerHint GCA_CAMERA_SHOT_BIGMIDCPU has 5 node actions, and 0 hint actions parsed
10-24 21:41:41.887 744 744 I libperfmgr: PowerHint FIXED_PERFORMANCE has 6 node actions, and 0 hint actions parsed
10-24 21:41:41.887 744 744 I libperfmgr: PowerHint CAMERA_STREAMING_LOW has 14 node actions, and 0 hint actions parsed
10-24 21:41:41.887 744 744 I libperfmgr: PowerHint REFRESH_60FPS has 1 node actions, and 0 hint actions parsed
10-24 21:41:41.887 744 744 I libperfmgr: PowerHint LOW_POWER_CPU_80 has 1 node actions, and 0 hint actions parsed
10-24 21:41:41.887 744 744 I libperfmgr: PowerHint LOW_POWER_LITTLE_CLUSTER_60 has 1 node actions, and 0 hint actions parsed
10-24 21:41:41.887 744 744 I libperfmgr: PowerHint GCA_CAMERA_SHOT_BIGCPU has 3 node actions, and 0 hint actions parsed
10-24 21:41:41.887 744 744 I libperfmgr: PowerHint CAMERA_LAUNCH has 9 node actions, and 0 hint actions parsed
10-24 21:41:41.887 744 744 I libperfmgr: PowerHint LOW_POWER_CPU_50 has 1 node actions, and 0 hint actions parsed
10-24 21:41:41.887 744 744 I libperfmgr: PowerHint CDMIDCPUSETCPUS_RESTRICTED has 1 node actions, and 0 hint actions parsed
10-24 21:41:41.887 744 744 I libperfmgr: PowerHint CAMERA_SHOT has 5 node actions, and 0 hint actions parsed
10-24 21:41:41.887 744 744 I libperfmgr: PowerHint LOW_POWER_MID_CLUSTER_60 has 1 node actions, and 0 hint actions parsed
10-24 21:41:41.887 744 744 I libperfmgr: PowerHint CDCPUSET_RESTRICTED has 1 node actions, and 0 hint actions parsed
10-24 21:41:41.887 744 744 I libperfmgr: PowerHint LOW_POWER_CPU_60 has 1 node actions, and 0 hint actions parsed
10-24 21:41:41.887 744 744 I libperfmgr: PowerHint CAMERA_THERMAL_CPU_THROTTLE has 3 node actions, and 0 hint actions parsed
10-24 21:41:41.887 744 744 I libperfmgr: PowerHint CAMERA_LAUNCH_EXTENDED has 4 node actions, and 0 hint actions parsed
10-24 21:41:41.887 744 744 I libperfmgr: PowerHint LAUNCH_EXTEND has 3 node actions, and 0 hint actions parsed
10-24 21:41:41.887 744 744 I libperfmgr: PowerHint THERMAL_FLASH_LED_REDUCE_NONE has 1 node actions, and 0 hint actions parsed
10-24 21:41:41.887 744 744 I libperfmgr: PowerHint LOW_POWER_MID_CLUSTER_90 has 1 node actions, and 0 hint actions parsed
10-24 21:41:41.887 744 744 I libperfmgr: PowerHint CAMERA_CAPTURE_CPU_THROTTLE has 3 node actions, and 0 hint actions parsed
10-24 21:41:41.887 744 744 I libperfmgr: PowerHint EXPENSIVE_RENDERING has 2 node actions, and 0 hint actions parsed
10-24 21:41:41.887 744 744 I libperfmgr: PowerHint FACE_UNLOCK_BOOST has 3 node actions, and 0 hint actions parsed
10-24 21:41:41.887 744 744 I libperfmgr: PowerHint DISPLAY_IDLE has 2 node actions, and 1 hint actions parsed
10-24 21:41:41.887 744 744 I libperfmgr: PowerHint CAMERA_VIDEO_RECORDING has 0 node actions, and 4 hint actions parsed
10-24 21:41:41.887 744 744 I libperfmgr: PowerHint GCA_CAMERA_SHOT_ALLCPU has 7 node actions, and 0 hint actions parsed
10-24 21:41:41.887 744 744 I libperfmgr: PowerHint CAMERA_STREAMING_EXTREME has 14 node actions, and 0 hint actions parsed
10-24 21:41:41.887 744 744 I libperfmgr: PowerHint CDMIDHIGHCPUSETCPUS_RESTRICTED has 1 node actions, and 0 hint actions parsed
10-24 21:41:41.887 744 744 I libperfmgr: PowerHint CDHIGHCPUSETCPUS_RESTRICTED has 1 node actions, and 0 hint actions parsed
10-24 21:41:41.888 744 744 I libperfmgr: Initialized HintManager from JSON config: /vendor/etc/powerhint.json
10-24 21:41:41.888 744 744 E powerhal-libperfmgr: Unable to open fb idle state path (2)
10-24 21:41:41.888 744 744 I powerhal-libperfmgr: Initialize PowerHAL
10-24 21:41:41.888 530 530 I servicemanager: Found android.hardware.power.IPower/default in device VINTF manifest.
10-24 21:41:41.889 744 744 I powerhal-libperfmgr: Pixel Power HAL AIDL Service with Extension is started.
10-24 21:41:41.900 550 550 I incfs : Initial API level of the device: 31
10-24 21:41:41.900 550 550 I incfs : ro.incremental.enable: true
10-24 21:41:41.900 550 550 I incfs : isFsAvailable: true
10-24 21:41:41.900 550 550 I incfs : isFsAvailable: true
10-24 21:41:41.900 550 550 I incfs : IncFs_Features: v2
10-24 21:41:41.900 574 574 I keystore2: keystore2::maintenance: In early_boot_ended.
10-24 21:41:41.903 574 574 I keystore2: keystore2::globals: Touching Keystore 2.0 database for this first time since boot.
10-24 21:41:41.903 574 574 I keystore2: keystore2::globals: Calling cleanup leftovers.
10-24 21:41:41.907 751 751 I tombstoned: tombstoned successfully initialized
10-24 21:41:41.908 574 574 I keystore2: keystore2::super_key: Starting boot level watcher.
10-24 21:41:41.908 574 754 I keystore2: keystore2::super_key: Read keystore.boot_level value 30
10-24 21:41:41.908 574 754 I keystore2: keystore2::super_key: Read keystore.boot_level value 30
10-24 21:41:41.908 574 574 I keystore2: keystore2::maintenance: Call to earlyBootEnded succeeded for security level TRUSTED_ENVIRONMENT.
10-24 21:41:41.908 578 588 D libnos_transport: Calling App 2 with params 0x001e
10-24 21:41:41.908 578 588 D libnos_transport: App 2 inspection status=0x00000000 reply_len=0 protocol=1 flags=0x0000
10-24 21:41:41.908 578 588 D libnos_transport: Send app 2 command data (0 bytes)
10-24 21:41:41.909 578 588 D libnos_transport: Send app 2 go command 0x0002001e
10-24 21:41:41.909 578 588 D libnos_transport: Polling app 2
10-24 21:41:41.909 578 588 D libnos_transport: App 2 polled=3 status=0x80000000 reply_len=0 flags=0x0000
10-24 21:41:41.909 578 588 D libnos_transport: App 2 returning 0x0
10-24 21:41:41.910 574 574 I keystore2: keystore2::maintenance: Call to earlyBootEnded succeeded for security level STRONGBOX.
10-24 21:41:41.913 578 588 D libnos_transport: Calling App 2 with params 0x0000
10-24 21:41:41.913 578 588 D libnos_transport: App 2 inspection status=0x00000000 reply_len=0 protocol=1 flags=0x0000
10-24 21:41:41.913 578 588 D libnos_transport: Send app 2 command data (66 bytes)
10-24 21:41:41.913 578 588 D libnos_transport: Send app 2 go command 0x00020000
10-24 21:41:41.913 578 588 D libnos_transport: Polling app 2
10-24 21:41:41.914 578 588 D libnos_transport: App 2 polled=4 status=0x80000000 reply_len=0 flags=0x0000
10-24 21:41:41.915 578 588 D libnos_transport: App 2 returning 0x0
10-24 21:41:41.939 592 620 I ServiceManager: Waiting for service 'android.hardware.power.IPower/default' on '/dev/binder' successful after waiting 1105ms
10-24 21:41:41.939 592 620 I display : connected power HAL successfully
10-24 21:41:41.939 744 744 I android.hardware.power-service.pixel.ext-libperfmgr: PowerExt mode DISPLAY_IDLE isModeSupported: 1
10-24 21:41:41.939 592 620 I display : power HAL extension hint is supported: mode=DISPLAY_IDLE
10-24 21:41:41.939 592 620 I display : display idle hint is supported
10-24 21:41:41.939 744 744 I android.hardware.power-service.pixel.ext-libperfmgr: PowerExt mode REFRESH_60FPS isModeSupported: 1
10-24 21:41:41.939 592 620 I display : power HAL extension hint is supported: mode=REFRESH_60FPS
10-24 21:41:41.939 592 620 I display : cache refresh rate hint REFRESH_60FPS: 1
10-24 21:41:41.939 744 744 W libperfmgr: NodeLooperThread is not running, request REFRESH_60FPS
10-24 21:41:41.941 592 592 D display : setActiveConfigWithConstraints:: PrimaryDisplay config(36) test(0)
10-24 21:41:41.972 744 744 W libperfmgr: NodeLooperThread is not running, cancel REFRESH_60FPS
10-24 21:41:41.973 744 744 I android.hardware.power-service.pixel.ext-libperfmgr: PowerExt mode REFRESH_120FPS isModeSupported: 1
10-24 21:41:41.973 592 620 I display : power HAL extension hint is supported: mode=REFRESH_120FPS
10-24 21:41:41.973 592 620 I display : cache refresh rate hint REFRESH_120FPS: 1
10-24 21:41:41.973 744 744 W libperfmgr: NodeLooperThread is not running, request REFRESH_120FPS
10-24 21:41:42.042 744 744 W libperfmgr: NodeLooperThread is not running, request DISPLAY_IDLE
10-24 21:41:42.042 744 744 W libperfmgr: NodeLooperThread is not running, cancel DISPLAY_UPDATE_IMMINENT
10-24 21:41:42.201 590 634 D RenderEngine: Shader cache generated 93 shaders in 1181.205078 ms
10-24 21:41:42.334 853 853 I derive_sdk: Read version 13 from 7
10-24 21:41:42.334 853 853 I derive_sdk: Read version 14 from 6
10-24 21:41:42.334 853 853 I derive_sdk: Read version 14 from 5
10-24 21:41:42.334 853 853 I derive_sdk: Read version 14 from 13
10-24 21:41:42.334 853 853 I derive_sdk: Read version 14 from 3
10-24 21:41:42.335 853 853 I derive_sdk: Read version 14 from 2
10-24 21:41:42.335 853 853 I derive_sdk: Read version 13 from 1
10-24 21:41:42.335 853 853 I derive_sdk: Read version 13 from 4
10-24 21:41:42.335 853 853 I derive_sdk: Read version 13 from 8
10-24 21:41:42.335 853 853 I derive_sdk: Read version 14 from 14
10-24 21:41:42.335 853 853 I derive_sdk: Read version 13 from 9
10-24 21:41:42.336 853 853 I derive_sdk: Read version 13 from 10
10-24 21:41:42.336 853 853 I derive_sdk: Read version 13 from 12
10-24 21:41:42.336 853 853 I derive_sdk: Read version 14 from 11
10-24 21:41:42.336 853 853 I derive_sdk: extension r version is 14
10-24 21:41:42.336 853 853 I derive_sdk: extension s version is 14
10-24 21:41:42.336 853 853 I derive_sdk: extension t version is 14
10-24 21:41:42.336 853 853 I derive_sdk: extension ad_services version is 14
10-24 21:41:42.342 550 550 D vold : fscrypt_init_user0
10-24 21:41:42.342 550 550 D vold : Preparing: /data/misc/vold/user_keys
10-24 21:41:42.342 550 550 D vold : Preparing: /data/misc/vold/user_keys/ce
10-24 21:41:42.343 550 550 D vold : Preparing: /data/misc/vold/user_keys/de
10-24 21:41:42.354 550 550 D vold : Installed fscrypt key with ref a4465c372b83acd9a8e0e48758b9032b to /data
10-24 21:41:42.354 550 550 D vold : Added fscrypt-provisioning key for a4465c372b83acd9a8e0e48758b9032b to session keyring
10-24 21:41:42.354 550 550 D vold : Installed de key for user 0
10-24 21:41:42.354 550 550 D vold : fscrypt_prepare_user_storage for volume null, user 0, serial 0, flags 1
10-24 21:41:42.354 550 550 D vold : Preparing: /data/system/users/0
10-24 21:41:42.354 550 550 D vold : Preparing: /data/misc/profiles/cur/0
10-24 21:41:42.354 550 550 D vold : Preparing: /data/system_de/0
10-24 21:41:42.355 550 550 D vold : Preparing: /data/vendor_de/0
10-24 21:41:42.355 550 550 D vold : Preparing: /data/misc_de/0
10-24 21:41:42.355 550 550 D vold : Preparing: /data/user_de/0
10-24 21:41:42.355 550 550 I vold : Verified that /data/system_de/0 has the encryption policy a4465c372b83acd9a8e0e48758b9032b v2 modes 1/4 flags 0xa
10-24 21:41:42.355 550 550 I vold : Verified that /data/vendor_de/0 has the encryption policy a4465c372b83acd9a8e0e48758b9032b v2 modes 1/4 flags 0xa
10-24 21:41:42.355 550 550 I vold : Verified that /data/misc_de/0 has the encryption policy a4465c372b83acd9a8e0e48758b9032b v2 modes 1/4 flags 0xa
10-24 21:41:42.355 550 550 I vold : Verified that /data/user_de/0 has the encryption policy a4465c372b83acd9a8e0e48758b9032b v2 modes 1/4 flags 0xa
10-24 21:41:42.355 550 550 D vold : /system/bin/vold_prepare_subdirs
10-24 21:41:42.355 550 550 D vold : prepare
10-24 21:41:42.355 550 550 D vold :
10-24 21:41:42.355 550 550 D vold : 0
10-24 21:41:42.355 550 550 D vold : 1
10-24 21:41:42.360 855 855 D vold_prepare_subdirs: Setting up mode 771 uid 1000 gid 1000 context u:object_r:system_data_file:s0:c512,c768 on path: /data/user_de/0
10-24 21:41:42.360 855 855 D vold_prepare_subdirs: Setting up mode 771 uid 1000 gid 1000 context u:object_r:sdk_sandbox_system_data_file:s0:c512,c768 on path: /data/misc_de/0/sdksandbox
10-24 21:41:42.361 855 855 D vold_prepare_subdirs: Setting up mode 700 uid 0 gid 0 context u:object_r:vold_data_file:s0 on path: /data/misc_de/0/vold
10-24 21:41:42.361 855 855 D vold_prepare_subdirs: Setting up mode 700 uid 0 gid 0 context u:object_r:storaged_data_file:s0 on path: /data/misc_de/0/storaged
10-24 21:41:42.361 855 855 D vold_prepare_subdirs: Setting up mode 700 uid 0 gid 0 context u:object_r:rollback_data_file:s0 on path: /data/misc_de/0/rollback
10-24 21:41:42.361 855 855 D vold_prepare_subdirs: Setting up mode 700 uid 0 gid 0 context u:object_r:apex_rollback_data_file:s0 on path: /data/misc_de/0/apexrollback
10-24 21:41:42.362 855 855 D vold_prepare_subdirs: Setting up mode 711 uid 0 gid 0 context u:object_r:apex_module_data_file:s0 on path: /data/misc_de/0/apexdata
10-24 21:41:42.362 855 855 D vold_prepare_subdirs: Setting up mode 771 uid 0 gid 1000 context u:object_r:apex_module_data_file:s0 on path: /data/misc_de/0/apexdata/com.android.ondevicepersonalization
10-24 21:41:42.362 855 855 D vold_prepare_subdirs: Setting up mode 771 uid 0 gid 1000 context u:object_r:apex_module_data_file:s0 on path: /data/misc_de/0/apexdata/com.android.virt
10-24 21:41:42.362 855 855 D vold_prepare_subdirs: Setting up mode 771 uid 0 gid 1000 context u:object_r:apex_module_data_file:s0 on path: /data/misc_de/0/apexdata/com.android.ipsec
10-24 21:41:42.363 855 855 D vold_prepare_subdirs: Setting up mode 771 uid 0 gid 1000 context u:object_r:apex_module_data_file:s0 on path: /data/misc_de/0/apexdata/com.google.pixel.camera.hal
10-24 21:41:42.363 855 855 D vold_prepare_subdirs: Setting up mode 771 uid 0 gid 1000 context u:object_r:apex_system_server_data_file:s0 on path: /data/misc_de/0/apexdata/com.android.permission
10-24 21:41:42.363 855 855 D vold_prepare_subdirs: Setting up mode 771 uid 0 gid 1000 context u:object_r:apex_module_data_file:s0 on path: /data/misc_de/0/apexdata/com.android.sdkext
10-24 21:41:42.363 855 855 D vold_prepare_subdirs: Setting up mode 771 uid 0 gid 1000 context u:object_r:apex_module_data_file:s0 on path: /data/misc_de/0/apexdata/com.android.compos
10-24 21:41:42.363 855 855 D vold_prepare_subdirs: Setting up mode 771 uid 0 gid 1000 context u:object_r:apex_module_data_file:s0 on path: /data/misc_de/0/apexdata/com.android.neuralnetworks
10-24 21:41:42.364 855 855 D vold_prepare_subdirs: Setting up mode 771 uid 0 gid 1000 context u:object_r:apex_module_data_file:s0 on path: /data/misc_de/0/apexdata/com.android.apex.cts.shim
10-24 21:41:42.364 855 855 D vold_prepare_subdirs: Setting up mode 771 uid 0 gid 1000 context u:object_r:apex_module_data_file:s0 on path: /data/misc_de/0/apexdata/com.android.adservices
10-24 21:41:42.364 855 855 D vold_prepare_subdirs: Setting up mode 771 uid 0 gid 1000 context u:object_r:apex_module_data_file:s0 on path: /data/misc_de/0/apexdata/com.android.cellbroadcast
10-24 21:41:42.364 855 855 D vold_prepare_subdirs: Setting up mode 771 uid 0 gid 1000 context u:object_r:apex_module_data_file:s0 on path: /data/misc_de/0/apexdata/com.android.appsearch
10-24 21:41:42.364 855 855 D vold_prepare_subdirs: Setting up mode 771 uid 0 gid 1000 context u:object_r:apex_module_data_file:s0 on path: /data/misc_de/0/apexdata/com.android.os.statsd
10-24 21:41:42.365 855 855 D vold_prepare_subdirs: Setting up mode 771 uid 0 gid 1000 context u:object_r:apex_module_data_file:s0 on path: /data/misc_de/0/apexdata/com.android.media
10-24 21:41:42.365 855 855 D vold_prepare_subdirs: Setting up mode 771 uid 0 gid 1000 context u:object_r:apex_module_data_file:s0 on path: /data/misc_de/0/apexdata/com.android.resolv
10-24 21:41:42.365 855 855 D vold_prepare_subdirs: Setting up mode 771 uid 0 gid 1000 context u:object_r:apex_module_data_file:s0 on path: /data/misc_de/0/apexdata/com.android.media.swcodec
10-24 21:41:42.365 855 855 D vold_prepare_subdirs: Setting up mode 771 uid 0 gid 1000 context u:object_r:apex_system_server_data_file:s0 on path: /data/misc_de/0/apexdata/com.android.wifi
10-24 21:41:42.365 855 855 D vold_prepare_subdirs: Setting up mode 771 uid 0 gid 1000 context u:object_r:apex_module_data_file:s0 on path: /data/misc_de/0/apexdata/com.android.adbd
10-24 21:41:42.366 855 855 D vold_prepare_subdirs: Setting up mode 771 uid 0 gid 1000 context u:object_r:apex_module_data_file:s0 on path: /data/misc_de/0/apexdata/com.android.btservices
10-24 21:41:42.366 855 855 D vold_prepare_subdirs: Setting up mode 771 uid 0 gid 1000 context u:object_r:apex_module_data_file:s0 on path: /data/misc_de/0/apexdata/com.android.mediaprovider
10-24 21:41:42.366 855 855 D vold_prepare_subdirs: Setting up mode 771 uid 0 gid 1000 context u:object_r:apex_module_data_file:s0 on path: /data/misc_de/0/apexdata/com.android.scheduling
10-24 21:41:42.366 855 855 D vold_prepare_subdirs: Setting up mode 771 uid 0 gid 1000 context u:object_r:apex_module_data_file:s0 on path: /data/misc_de/0/apexdata/com.android.conscrypt
10-24 21:41:42.366 855 855 D vold_prepare_subdirs: Setting up mode 771 uid 0 gid 1000 context u:object_r:apex_module_data_file:s0 on path: /data/misc_de/0/apexdata/com.android.extservices
10-24 21:41:42.367 855 855 D vold_prepare_subdirs: Setting up mode 771 uid 0 gid 1000 context u:object_r:apex_module_data_file:s0 on path: /data/misc_de/0/apexdata/com.android.tethering
10-24 21:41:42.367 855 855 D vold_prepare_subdirs: Setting up mode 771 uid 0 gid 1000 context u:object_r:apex_system_server_data_file:s0 on path: /data/misc_de/0/apexdata/com.android.uwb
10-24 21:41:42.367 855 855 D vold_prepare_subdirs: Setting up mode 771 uid 0 gid 1000 context u:object_r:apex_module_data_file:s0 on path: /data/misc_de/0/apexdata/com.android.art
10-24 21:41:42.367 855 855 D vold_prepare_subdirs: Setting up mode 771 uid 0 gid 1000 context u:object_r:apex_module_data_file:s0 on path: /data/misc_de/0/apexdata/com.android.vndk.v33
10-24 21:41:42.367 855 855 D vold_prepare_subdirs: Setting up mode 771 uid 0 gid 1000 context u:object_r:apex_module_data_file:s0 on path: /data/misc_de/0/apexdata/com.android.runtime
10-24 21:41:42.368 855 855 D vold_prepare_subdirs: Setting up mode 771 uid 0 gid 1000 context u:object_r:apex_module_data_file:s0 on path: /data/misc_de/0/apexdata/com.android.tzdata
10-24 21:41:42.368 855 855 D vold_prepare_subdirs: Setting up mode 771 uid 0 gid 1000 context u:object_r:apex_module_data_file:s0 on path: /data/misc_de/0/apexdata/com.android.i18n
10-24 21:41:42.368 855 855 D vold_prepare_subdirs: Setting up mode 771 uid 0 gid 1000 context u:object_r:apex_module_data_file:s0 on path: /data/misc_de/0/apexdata/sharedlibs
10-24 21:41:42.368 855 855 D vold_prepare_subdirs: Setting up mode 771 uid 1000 gid 1000 context u:object_r:user_profile_root_file:s0:c512,c768 on path: /data/misc/profiles/cur/0
10-24 21:41:42.368 855 855 D vold_prepare_subdirs: Setting up mode 700 uid 1000 gid 1000 context u:object_r:fingerprint_vendor_data_file:s0 on path: /data/vendor_de/0/fpdata
10-24 21:41:42.369 855 855 D vold_prepare_subdirs: Setting up mode 700 uid 1000 gid 1000 context u:object_r:face_vendor_data_file:s0 on path: /data/vendor_de/0/facedata
10-24 21:41:42.369 550 550 D vold : Detected support for FS_IOC_ADD_ENCRYPTION_KEY
10-24 21:41:42.375 857 857 I derive_classpath: ParseFragments for bootclasspath
10-24 21:41:42.379 857 857 I derive_classpath: ReadClasspathFragment /apex/com.android.art/etc/classpaths/bootclasspath.pb
10-24 21:41:42.379 857 857 I derive_classpath: ReadClasspathFragment /system/etc/classpaths/bootclasspath.pb
10-24 21:41:42.380 857 857 I derive_classpath: ReadClasspathFragment /apex/com.android.adservices/etc/classpaths/bootclasspath.pb
10-24 21:41:42.380 857 857 I derive_classpath: ReadClasspathFragment /apex/com.android.appsearch/etc/classpaths/bootclasspath.pb
10-24 21:41:42.380 857 857 I derive_classpath: ReadClasspathFragment /apex/com.android.btservices/etc/classpaths/bootclasspath.pb
10-24 21:41:42.380 857 857 I derive_classpath: ReadClasspathFragment /apex/com.android.conscrypt/etc/classpaths/bootclasspath.pb
10-24 21:41:42.380 857 857 I derive_classpath: ReadClasspathFragment /apex/com.android.ipsec/etc/classpaths/bootclasspath.pb
10-24 21:41:42.380 857 857 I derive_classpath: ReadClasspathFragment /apex/com.android.media/etc/classpaths/bootclasspath.pb
10-24 21:41:42.381 857 857 I derive_classpath: ReadClasspathFragment /apex/com.android.mediaprovider/etc/classpaths/bootclasspath.pb
10-24 21:41:42.381 857 857 I derive_classpath: not installing /apex/com.android.mediaprovider/javalib/framework-pdf-v.jar with min_sdk_version 35
10-24 21:41:42.381 857 857 I derive_classpath: ReadClasspathFragment /apex/com.android.ondevicepersonalization/etc/classpaths/bootclasspath.pb
10-24 21:41:42.381 857 857 I derive_classpath: ReadClasspathFragment /apex/com.android.os.statsd/etc/classpaths/bootclasspath.pb
10-24 21:41:42.381 857 857 I derive_classpath: ReadClasspathFragment /apex/com.android.permission/etc/classpaths/bootclasspath.pb
10-24 21:41:42.381 857 857 I derive_classpath: ReadClasspathFragment /apex/com.android.scheduling/etc/classpaths/bootclasspath.pb
10-24 21:41:42.381 857 857 I derive_classpath: ReadClasspathFragment /apex/com.android.sdkext/etc/classpaths/bootclasspath.pb
10-24 21:41:42.381 857 857 I derive_classpath: ReadClasspathFragment /apex/com.android.tethering/etc/classpaths/bootclasspath.pb
10-24 21:41:42.382 857 857 I derive_classpath: ReadClasspathFragment /apex/com.android.uwb/etc/classpaths/bootclasspath.pb
10-24 21:41:42.382 857 857 I derive_classpath: ReadClasspathFragment /apex/com.android.wifi/etc/classpaths/bootclasspath.pb
10-24 21:41:42.382 857 857 I derive_classpath: ParseFragments for systemserverclasspath
10-24 21:41:42.382 857 857 I derive_classpath: ReadClasspathFragment /system/etc/classpaths/systemserverclasspath.pb
10-24 21:41:42.383 857 857 I derive_classpath: ReadClasspathFragment /apex/com.android.adservices/etc/classpaths/systemserverclasspath.pb
10-24 21:41:42.383 857 857 I derive_classpath: ReadClasspathFragment /apex/com.android.appsearch/etc/classpaths/systemserverclasspath.pb
10-24 21:41:42.383 857 857 I derive_classpath: ReadClasspathFragment /apex/com.android.art/etc/classpaths/systemserverclasspath.pb
10-24 21:41:42.383 857 857 I derive_classpath: ReadClasspathFragment /apex/com.android.btservices/etc/classpaths/systemserverclasspath.pb
10-24 21:41:42.383 857 857 I derive_classpath: ReadClasspathFragment /apex/com.android.compos/etc/classpaths/systemserverclasspath.pb
10-24 21:41:42.383 857 857 I derive_classpath: ReadClasspathFragment /apex/com.android.media/etc/classpaths/systemserverclasspath.pb
10-24 21:41:42.383 857 857 I derive_classpath: ReadClasspathFragment /apex/com.android.ondevicepersonalization/etc/classpaths/systemserverclasspath.pb
10-24 21:41:42.384 857 857 I derive_classpath: not installing /apex/com.android.ondevicepersonalization/javalib/service-ondevicepersonalization.jar with min_sdk_version 34
10-24 21:41:42.384 857 857 I derive_classpath: ReadClasspathFragment /apex/com.android.os.statsd/etc/classpaths/systemserverclasspath.pb
10-24 21:41:42.384 857 857 I derive_classpath: ReadClasspathFragment /apex/com.android.permission/etc/classpaths/systemserverclasspath.pb
10-24 21:41:42.384 857 857 I derive_classpath: ReadClasspathFragment /apex/com.android.scheduling/etc/classpaths/systemserverclasspath.pb
10-24 21:41:42.384 857 857 I derive_classpath: ReadClasspathFragment /apex/com.android.tethering/etc/classpaths/systemserverclasspath.pb
10-24 21:41:42.384 857 857 I derive_classpath: ReadClasspathFragment /apex/com.android.uwb/etc/classpaths/systemserverclasspath.pb
10-24 21:41:42.385 857 857 I derive_classpath: ReadClasspathFragment /apex/com.android.wifi/etc/classpaths/systemserverclasspath.pb
10-24 21:41:42.385 857 857 I derive_classpath: WriteClasspathExports /data/system/environ/classpath
10-24 21:41:42.385 857 857 I derive_classpath: WriteClasspathExports content
10-24 21:41:42.385 857 857 I derive_classpath: export BOOTCLASSPATH /apex/com.android.art/javalib/core-oj.jar:/apex/com.android.art/javalib/core-libart.jar:/apex/com.android.art/javalib/okhttp.jar:/apex/com.android.art/javalib/bouncycastle.jar:/apex/com.android.art/javalib/apache-xml.jar:/system/framework/framework.jar:/system/framework/framework-graphics.jar:/system/framework/ext.jar:/system/framework/telephony-common.jar:/system/framework/voip-common.jar:/system/framework/ims-common.jar:/apex/com.android.i18n/javalib/core-icu4j.jar:/apex/com.android.adservices/javalib/framework-adservices.jar:/apex/com.android.adservices/javalib/framework-sdksandbox.jar:/apex/com.android.appsearch/javalib/framework-appsearch.jar:/apex/com.android.btservices/javalib/framework-bluetooth.jar:/apex/com.android.conscrypt/javalib/conscrypt.jar:/apex/com.android.ipsec/javalib/android.net.ipsec.ike.jar:/apex/com.android.media/javalib/updatable-media.jar:/apex/com.android.mediaprovider/javalib/framework-mediaprovider.jar:/apex/com.android.mediaprovider/javalib/framework-pdf.jar:/apex/com.android.ondevicepersonalization/javalib/framework-ondevicepersonalization.jar:/apex/com.android.os.statsd/javalib/framework-statsd.jar:/apex/com.android.permission/javalib/framework-permission.jar:/apex/com.android.permission/javalib/framework-permission-s.jar:/apex/com.android.scheduling/javalib/framework-scheduling.jar:/apex/com.android.sdkext/javalib/framework-sdkextensions.jar:/apex/com.android.tethering/javalib/framework-connectivity.jar:/apex/com.android.tethering/javalib/framework-connectivity-t.jar:/apex/com.android.tethering/javalib/framework-tethering.jar:/apex/com.android.uwb/javalib/framework-uwb.jar:/apex/com.android.wifi/javalib/framework-wifi.jar
10-24 21:41:42.385 857 857 I derive_classpath: export DEX2OATBOOTCLASSPATH /apex/com.android.art/javalib/core-oj.jar:/apex/com.android.art/javalib/core-libart.jar:/apex/com.android.art/javalib/okhttp.jar:/apex/com.android.art/javalib/bouncycastle.jar:/apex/com.android.art/javalib/apache-xml.jar:/system/framework/framework.jar:/system/framework/framework-graphics.jar:/system/framework/ext.jar:/system/framework/telephony-common.jar:/system/framework/voip-common.jar:/system/framework/ims-common.jar:/apex/com.android.i18n/javalib/core-icu4j.jar
10-24 21:41:42.385 857 857 I derive_classpath: export SYSTEMSERVERCLASSPATH /system/framework/com.android.location.provider.jar:/system/framework/services.jar:/apex/com.android.adservices/javalib/service-adservices.jar:/apex/com.android.adservices/javalib/service-sdksandbox.jar:/apex/com.android.appsearch/javalib/service-appsearch.jar:/apex/com.android.art/javalib/service-art.jar:/apex/com.android.compos/javalib/service-compos.jar:/apex/com.android.media/javalib/service-media-s.jar:/apex/com.android.permission/javalib/service-permission.jar
10-24 21:41:42.385 857 857 I derive_classpath: export STANDALONE_SYSTEMSERVER_JARS /apex/com.android.btservices/javalib/service-bluetooth.jar:/apex/com.android.os.statsd/javalib/service-statsd.jar:/apex/com.android.scheduling/javalib/service-scheduling.jar:/apex/com.android.tethering/javalib/service-connectivity.jar:/apex/com.android.uwb/javalib/service-uwb.jar:/apex/com.android.wifi/javalib/service-wifi.jar
10-24 21:41:42.396 858 858 I odsign : Trying to retrieve existing HMAC key...
10-24 21:41:42.397 858 858 I odsign : Trying to retrieve existing keystore key...
10-24 21:41:42.399 858 858 I odsign : Verified public key signature.
10-24 21:41:42.399 858 858 I odsign : Initialized Keystore key.
10-24 21:41:42.400 858 858 I odsign : Found and verified existing public key certificate: /data/misc/odsign/key.cert
10-24 21:41:42.415 578 584 D libnos_transport: Calling App 0 with params 0x0200
10-24 21:41:42.415 578 584 D libnos_transport: App 0 inspection status=0x00000000 reply_len=0 protocol=1 flags=0x0000
10-24 21:41:42.415 578 584 D libnos_transport: Send app 0 command data (0 bytes)
10-24 21:41:42.415 578 584 D libnos_transport: Send app 0 go command 0x00000200
10-24 21:41:42.415 578 584 D libnos_transport: Polling app 0
10-24 21:41:42.418 578 584 D libnos_transport: App 0 poll=16 status=0x00000000 reply_len=0 flags=0x0001
10-24 21:41:42.421 578 584 D libnos_transport: App 0 poll=32 status=0x00000000 reply_len=0 flags=0x0001
10-24 21:41:42.424 578 584 D libnos_transport: App 0 poll=48 status=0x00000000 reply_len=0 flags=0x0001
10-24 21:41:42.426 578 584 D libnos_transport: App 0 poll=64 status=0x00000000 reply_len=0 flags=0x0001
10-24 21:41:42.429 578 584 D libnos_transport: App 0 poll=80 status=0x00000000 reply_len=0 flags=0x0001
10-24 21:41:42.432 578 584 D libnos_transport: App 0 poll=96 status=0x00000000 reply_len=0 flags=0x0001
10-24 21:41:42.435 578 584 D libnos_transport: App 0 poll=112 status=0x00000000 reply_len=0 flags=0x0001
10-24 21:41:42.437 578 584 D libnos_transport: App 0 poll=128 status=0x00000000 reply_len=0 flags=0x0001
10-24 21:41:42.440 578 584 D libnos_transport: App 0 poll=144 status=0x00000000 reply_len=0 flags=0x0001
10-24 21:41:42.440 860 860 I odrefresh: MMAP_TRYLOCK is not supported in uffd addr:0x7d745d3000 page-size:4096
10-24 21:41:42.443 578 584 D libnos_transport: App 0 poll=160 status=0x80000000 reply_len=92 flags=0x0000
10-24 21:41:42.443 578 584 D libnos_transport: App 0 polled=160 status=0x80000000 reply_len=92 flags=0x0000
10-24 21:41:42.443 578 584 D libnos_transport: Read app 0 reply data (92 bytes)
10-24 21:41:42.443 578 584 D libnos_transport: App 0 returning 0x0
10-24 21:41:42.443 578 584 D libnos_transport: Calling App 0 with params 0x0007
10-24 21:41:42.444 578 584 D libnos_transport: App 0 inspection status=0x00000000 reply_len=0 protocol=1 flags=0x0000
10-24 21:41:42.444 578 584 D libnos_transport: Send app 0 command data (1024 bytes)
10-24 21:41:42.445 578 584 D libnos_transport: Send app 0 go command 0x00000007
10-24 21:41:42.445 578 584 D libnos_transport: Polling app 0
10-24 21:41:42.446 578 584 D libnos_transport: App 0 polled=7 status=0x80000000 reply_len=203 flags=0x0000
10-24 21:41:42.446 578 584 D libnos_transport: Read app 0 reply data (203 bytes)
10-24 21:41:42.447 578 584 D libnos_transport: App 0 returning 0x0
10-24 21:41:42.447 578 584 W citadeld: IStats service is not ready yet/drop atom
10-24 21:41:42.448 860 860 I odrefresh: ART APEX version 350913350
10-24 21:41:42.448 860 860 I odrefresh: MMAP_TRYLOCK is not supported in uffd addr:0x7d745d4000 page-size:4096
10-24 21:41:42.448 860 860 W odrefresh: Userfaultfd GC check failed (build_enable_uffd_gc: false, is_at_most_u: true, kernel_supports_uffd: true).
10-24 21:41:42.476 860 860 I odrefresh: Checking boot images /data (arm64)
10-24 21:41:42.476 860 860 I odrefresh: Boot images on /data OK (arm64)
10-24 21:41:42.476 860 860 I odrefresh: Checking boot images /data (arm)
10-24 21:41:42.476 860 860 I odrefresh: Boot images on /data OK (arm)
10-24 21:41:42.476 860 860 I odrefresh: system_server artifacts on /data OK
10-24 21:41:42.482 858 858 I odsign : /data/misc/odsign/odsign.info.signature matches.
10-24 21:41:42.482 858 858 I odsign : Loaded /data/misc/odsign/odsign.info
10-24 21:41:42.487 574 754 I keystore2: keystore2::super_key: keystore.boot_level 1000000000 hits maximum 1000000000, finishing.
