10-24 21:41:45.671 1637 1765 I SystemConfig: Reading permissions from /vendor/etc/permissions/android.hardware.vulkan.compute.xml
10-24 21:41:45.671 1637 1637 D CompatConfig: Adding: com.android.server.compat.config.Change@d2fdbad
10-24 21:41:45.671 1637 1637 D CompatConfig: Adding: com.android.server.compat.config.Change@71d6ee2
10-24 21:41:45.671 1637 1637 D CompatConfig: Adding: com.android.server.compat.config.Change@41d4273
10-24 21:41:45.671 1637 1765 I SystemConfig: Reading permissions from /vendor/etc/permissions/android.hardware.uwb.xml
10-24 21:41:45.671 1637 1637 D CompatConfig: No directory /apex/com.android.tzdata/etc/compatconfig, skipping
10-24 21:41:45.671 1637 1637 D CompatConfig: No directory /apex/com.android.adbd/etc/compatconfig, skipping
10-24 21:41:45.671 1637 1637 D CompatConfig: No directory /apex/com.android.runtime/etc/compatconfig, skipping
10-24 21:41:45.671 1637 1637 D CompatConfig: No directory /apex/com.android.neuralnetworks/etc/compatconfig, skipping
10-24 21:41:45.671 1637 1637 D CompatConfig: No directory /apex/com.android.i18n/etc/compatconfig, skipping
10-24 21:41:45.671 1637 1765 I SystemConfig: Reading permissions from /vendor/etc/permissions/android.hardware.usb.host.xml
10-24 21:41:45.671 1637 1765 I SystemConfig: Reading permissions from /vendor/etc/permissions/android.hardware.usb.accessory.xml
10-24 21:41:45.671 1637 1637 D CompatConfig: Found a config file: /apex/com.android.art/etc/compatconfig/libcore-platform-compat-config.xml
10-24 21:41:45.672 1637 1765 I SystemConfig: Reading permissions from /vendor/etc/permissions/android.hardware.touchscreen.multitouch.jazzhand.xml
10-24 21:41:45.672 1637 1637 D CompatConfig: Adding: com.android.server.compat.config.Change@7fdd365
10-24 21:41:45.672 1637 1637 D CompatConfig: Adding: com.android.server.compat.config.Change@299f83a
10-24 21:41:45.672 1637 1637 D CompatConfig: Adding: com.android.server.compat.config.Change@c0c8ceb
10-24 21:41:45.672 1637 1637 D CompatConfig: Adding: com.android.server.compat.config.Change@d09ca48
10-24 21:41:45.672 1637 1637 D CompatConfig: Adding: com.android.server.compat.config.Change@47d40e1
10-24 21:41:45.672 1637 1637 D CompatConfig: Adding: com.android.server.compat.config.Change@21f5e06
10-24 21:41:45.672 1637 1637 D CompatConfig: Adding: com.android.server.compat.config.Change@4a50cc7
10-24 21:41:45.672 1637 1637 D CompatConfig: Adding: com.android.server.compat.config.Change@92c0a1d
10-24 21:41:45.672 1637 1637 D CompatConfig: Adding: com.android.server.compat.config.Change@2435492
10-24 21:41:45.672 1637 1637 D CompatConfig: Adding: com.android.server.compat.config.Change@55bae63
10-24 21:41:45.672 1637 1765 I SystemConfig: Reading permissions from /vendor/etc/permissions/android.hardware.telephony.ims.xml
10-24 21:41:45.672 1637 1637 D CompatConfig: Adding: com.android.server.compat.config.Change@abd9a60
10-24 21:41:45.672 1637 1637 D CompatConfig: Adding: com.android.server.compat.config.Change@e042b19
10-24 21:41:45.672 1637 1637 D CompatConfig: Adding: com.android.server.compat.config.Change@b3e27de
10-24 21:41:45.672 1637 1637 D CompatConfig: Adding: com.android.server.compat.config.Change@d50cdbf
10-24 21:41:45.672 1637 1637 D CompatConfig: Adding: com.android.server.compat.config.Change@ad1fc8c
10-24 21:41:45.672 1637 1637 D CompatConfig: Adding: com.android.server.compat.config.Change@6a35fd5
10-24 21:41:45.672 1637 1765 I SystemConfig: Reading permissions from /vendor/etc/permissions/android.hardware.telephony.ims.singlereg.xml
10-24 21:41:45.672 1637 1637 D CompatConfig: No directory /apex/com.android.virt/etc/compatconfig, skipping
10-24 21:41:45.672 1637 1637 D CompatConfig: No directory /apex/com.google.pixel.camera.hal/etc/compatconfig, skipping
10-24 21:41:45.672 1637 1637 D CompatConfig: No directory /apex/com.android.sdkext/etc/compatconfig, skipping
10-24 21:41:45.673 1637 1765 I SystemConfig: Reading permissions from /vendor/etc/permissions/android.hardware.telephony.gsm.xml
10-24 21:41:45.673 1637 1765 I SystemConfig: Reading permissions from /vendor/etc/permissions/android.hardware.telephony.carrierlock.xml
10-24 21:41:45.673 1637 1765 I SystemConfig: Reading permissions from /vendor/etc/permissions/android.hardware.strongbox_keystore.xml
10-24 21:41:45.673 1637 1765 I SystemConfig: Reading permissions from /vendor/etc/permissions/android.hardware.sensor.stepdetector.xml
10-24 21:41:45.674 1637 1765 I SystemConfig: Reading permissions from /vendor/etc/permissions/android.hardware.sensor.stepcounter.xml
10-24 21:41:45.674 1270 1513 I CHRE : @ 1.247: CHPP GNSS: Service open succeeded at service
10-24 21:41:45.674 1637 1765 I SystemConfig: Reading permissions from /vendor/etc/permissions/android.hardware.sensor.proximity.xml
10-24 21:41:45.674 1270 1513 D CHRE : @ 1.247: Opened GNSS PAL version 0x01040000
10-24 21:41:45.674 1637 1637 D SystemServerTiming: StartFileIntegrityService
10-24 21:41:45.674 1637 1765 I SystemConfig: Reading permissions from /vendor/etc/permissions/android.hardware.sensor.light.xml
10-24 21:41:45.674 1637 1637 I SystemServiceManager: Starting com.android.server.security.FileIntegrityService
10-24 21:41:45.675 1637 1765 I SystemConfig: Reading permissions from /vendor/etc/permissions/android.hardware.sensor.hifi_sensors.xml
10-24 21:41:45.675 1637 1765 I SystemConfig: Reading permissions from /vendor/etc/permissions/android.hardware.sensor.gyroscope.xml
10-24 21:41:45.675 1637 1765 I SystemConfig: Reading permissions from /vendor/etc/permissions/android.hardware.sensor.dynamic.head_tracker.xml
10-24 21:41:45.675 1637 1765 I SystemConfig: Reading permissions from /vendor/etc/permissions/android.hardware.sensor.compass.xml
10-24 21:41:45.675 1637 1637 E FileIntegrityService: Invalid certificate, ignored: java.security.cert.CertificateException: com.android.org.conscrypt.OpenSSLX509CertificateFactory$ParsingException: com.android.org.conscrypt.OpenSSLX509CertificateFactory$ParsingException: java.lang.RuntimeException: error:0c00006d:ASN.1 encoding routines:OPENSSL_internal:DECODE_ERROR
10-24 21:41:45.675 1637 1765 I SystemConfig: Reading permissions from /vendor/etc/permissions/android.hardware.sensor.barometer.xml
10-24 21:41:45.676 1637 1765 I SystemConfig: Reading permissions from /vendor/etc/permissions/android.hardware.sensor.accelerometer.xml
10-24 21:41:45.676 1637 1637 E FileIntegrityService: Invalid certificate, ignored: java.security.cert.CertificateException: com.android.org.conscrypt.OpenSSLX509CertificateFactory$ParsingException: com.android.org.conscrypt.OpenSSLX509CertificateFactory$ParsingException: java.lang.RuntimeException: error:0c00006d:ASN.1 encoding routines:OPENSSL_internal:DECODE_ERROR
10-24 21:41:45.676 1637 1765 I SystemConfig: Reading permissions from /vendor/etc/permissions/android.hardware.se.omapi.uicc.xml
10-24 21:41:45.676 1637 1765 I SystemConfig: Reading permissions from /vendor/etc/permissions/android.hardware.se.omapi.ese.xml
10-24 21:41:45.676 1637 1637 D SystemServerTiming: StartInstaller
10-24 21:41:45.676 1637 1765 I SystemConfig: Reading permissions from /vendor/etc/permissions/android.hardware.opengles.aep.xml
10-24 21:41:45.676 1637 1637 I SystemServiceManager: Starting com.android.server.pm.Installer
10-24 21:41:45.677 1637 1765 I SystemConfig: Reading permissions from /vendor/etc/permissions/android.hardware.nfc.xml
10-24 21:41:45.677 1637 1765 I SystemConfig: Reading permissions from /vendor/etc/permissions/android.hardware.nfc.uicc.xml
10-24 21:41:45.677 1637 1765 I SystemConfig: Reading permissions from /vendor/etc/permissions/android.hardware.nfc.hcef.xml
10-24 21:41:45.677 1194 1203 D installd: Found quota mount /dev/block/dm-42 at /data
10-24 21:41:45.677 1194 1203 D installd: Found quota mount /dev/block/dm-42 at /data/user/0
10-24 21:41:45.677 1637 1765 I SystemConfig: Reading permissions from /vendor/etc/permissions/android.hardware.nfc.hce.xml
10-24 21:41:45.678 1637 1765 I SystemConfig: Reading permissions from /vendor/etc/permissions/android.hardware.nfc.ese.xml
10-24 21:41:45.678 1637 1765 I SystemConfig: Reading permissions from /vendor/etc/permissions/android.hardware.location.gps.xml
10-24 21:41:45.678 1194 1203 D installd: Found quota mount /dev/block/dm-42 at /product/app/MicropaperPrebuilt/MicropaperPrebuilt.apk
10-24 21:41:45.678 1637 1765 I SystemConfig: Reading permissions from /vendor/etc/permissions/android.hardware.keystore.app_attest_key.xml
10-24 21:41:45.678 1637 1765 I SystemConfig: Reading permissions from /vendor/etc/permissions/android.hardware.identity_credential.xml
10-24 21:41:45.678 1194 1203 D installd: Found quota mount /dev/block/dm-42 at /product/etc/default-permissions/pixelify.xml
10-24 21:41:45.678 1194 1203 D installd: Found quota mount /dev/block/dm-42 at /product/etc/permissions/com.google.android.apps.dialer.call_recording_audio.xml
10-24 21:41:45.678 1194 1203 D installd: Found quota mount /dev/block/dm-42 at /product/etc/permissions/com.google.android.dialer.support.xml
10-24 21:41:45.678 1194 1203 D installd: Found quota mount /dev/block/dm-42 at /product/etc/permissions/privapp-permissions-com.google.android.apps.privacy.wildlife.xml
10-24 21:41:45.678 1194 1203 D installd: Found quota mount /dev/block/dm-42 at /product/etc/permissions/privapp-permissions-com.google.android.apps.weather.xml
10-24 21:41:45.678 1194 1203 D installd: Found quota mount /dev/block/dm-42 at /product/etc/permissions/privapp-permissions-com.google.android.dialer.xml
10-24 21:41:45.678 1194 1203 D installd: Found quota mount /dev/block/dm-42 at /product/etc/permissions/split-permissions-google.xml
10-24 21:41:45.678 1637 1765 I SystemConfig: Reading permissions from /vendor/etc/permissions/android.hardware.hardware_keystore.xml
10-24 21:41:45.678 1194 1203 D installd: Found quota mount /dev/block/dm-42 at /product/etc/sysconfig/GoogleCamera_6gb_or_more_ram.xml
10-24 21:41:45.678 1194 1203 D installd: Found quota mount /dev/block/dm-42 at /product/etc/sysconfig/adaptivecharging.xml
10-24 21:41:45.678 1194 1203 D installd: Found quota mount /dev/block/dm-42 at /product/etc/sysconfig/com.google.lens.feature.CAMERA_INTEGRATION.xml
10-24 21:41:45.678 1194 1203 D installd: Found quota mount /dev/block/dm-42 at /product/etc/sysconfig/dreamliner.xml
10-24 21:41:45.679 1194 1203 D installd: Found quota mount /dev/block/dm-42 at /product/etc/sysconfig/game_service.xml
10-24 21:41:45.679 1194 1203 D installd: Found quota mount /dev/block/dm-42 at /product/etc/sysconfig/google-hiddenapi-package-whitelist.xml
10-24 21:41:45.679 1194 1203 D installd: Found quota mount /dev/block/dm-42 at /product/etc/sysconfig/google_build.xml
10-24 21:41:45.679 1194 1203 D installd: Found quota mount /dev/block/dm-42 at /product/etc/sysconfig/pixel_2016_exclusive.xml
10-24 21:41:45.679 1194 1203 D installd: Found quota mount /dev/block/dm-42 at /product/etc/sysconfig/pixel_2017_exclusive.xml
10-24 21:41:45.679 1194 1203 D installd: Found quota mount /dev/block/dm-42 at /product/etc/sysconfig/pixel_2018_exclusive.xml
10-24 21:41:45.679 1194 1203 D installd: Found quota mount /dev/block/dm-42 at /product/etc/sysconfig/pixel_2019_exclusive.xml
10-24 21:41:45.679 1194 1203 D installd: Found quota mount /dev/block/dm-42 at /product/etc/sysconfig/pixel_experience_2017.xml
10-24 21:41:45.679 1194 1203 D installd: Found quota mount /dev/block/dm-42 at /product/etc/sysconfig/pixel_experience_2018.xml
10-24 21:41:45.679 1637 1765 I SystemConfig: Reading permissions from /vendor/etc/permissions/android.hardware.fingerprint.xml
10-24 21:41:45.679 1194 1203 D installd: Found quota mount /dev/block/dm-42 at /product/etc/sysconfig/pixel_experience_2019.xml
10-24 21:41:45.679 1194 1203 D installd: Found quota mount /dev/block/dm-42 at /product/etc/sysconfig/pixel_experience_2019_midyear.xml
10-24 21:41:45.679 1194 1203 D installd: Found quota mount /dev/block/dm-42 at /product/etc/sysconfig/pixel_experience_2020.xml
10-24 21:41:45.679 1194 1203 D installd: Found quota mount /dev/block/dm-42 at /product/etc/sysconfig/pixel_experience_2020_midyear.xml
10-24 21:41:45.679 1194 1203 D installd: Found quota mount /dev/block/dm-42 at /product/etc/sysconfig/pixel_experience_2021.xml
10-24 21:41:45.679 1194 1203 D installd: Found quota mount /dev/block/dm-42 at /product/etc/sysconfig/pixel_experience_2021_midyear.xml
10-24 21:41:45.679 1194 1203 D installd: Found quota mount /dev/block/dm-42 at /product/etc/sysconfig/pixel_experience_2022.xml
10-24 21:41:45.679 1194 1203 D installd: Found quota mount /dev/block/dm-42 at /product/etc/sysconfig/pixel_experience_2022_midyear.xml
10-24 21:41:45.679 1194 1203 D installd: Found quota mount /dev/block/dm-42 at /product/etc/sysconfig/pixel_experience_2023.xml
10-24 21:41:45.679 1194 1203 D installd: Found quota mount /dev/block/dm-42 at /product/etc/sysconfig/pixel_experience_2023_midyear.xml
10-24 21:41:45.679 1194 1203 D installd: Found quota mount /dev/block/dm-42 at /product/etc/sysconfig/pixelify-whitelist.xml
10-24 21:41:45.679 1194 1203 D installd: Found quota mount /dev/block/dm-42 at /product/etc/sysconfig/pixelify_experience.xml
10-24 21:41:45.679 1194 1203 D installd: Found quota mount /dev/block/dm-42 at /product/etc/sysconfig/preinstalled-packages-pixelify-overlays.xml
10-24 21:41:45.679 1194 1203 D installd: Found quota mount /dev/block/dm-42 at /product/etc/sysconfig/preinstalled-packages-platform-overlays.xml
10-24 21:41:45.679 1194 1203 D installd: Found quota mount /dev/block/dm-42 at /product/etc/sysconfig/preinstalled-packages-product-pixelify.xml
10-24 21:41:45.679 1194 1203 D installd: Found quota mount /dev/block/dm-42 at /product/etc/sysconfig/quick_tap.xml
10-24 21:41:45.679 1637 1765 I SystemConfig: Reading permissions from /vendor/etc/permissions/android.hardware.device_unique_attestation.xml
10-24 21:41:45.679 1194 1203 D installd: Found quota mount /dev/block/dm-42 at /product/etc/sysconfig/sysconfig_com.google.android.as.xml
10-24 21:41:45.679 1194 1203 D installd: Found quota mount /dev/block/dm-42 at /product/framework/com.google.android.dialer.support.jar
10-24 21:41:45.679 1194 1203 D installd: Found quota mount /dev/block/dm-42 at /product/media/audio/alarms/A_real_hoot.ogg
10-24 21:41:45.679 1194 1203 D installd: Found quota mount /dev/block/dm-42 at /product/media/audio/alarms/Bright_morning.ogg
10-24 21:41:45.679 1194 1203 D installd: Found quota mount /dev/block/dm-42 at /product/media/audio/alarms/Cuckoo_clock.ogg
10-24 21:41:45.679 1194 1203 D installd: Found quota mount /dev/block/dm-42 at /product/media/audio/alarms/Early_twilight.ogg
10-24 21:41:45.679 1194 1203 D installd: Found quota mount /dev/block/dm-42 at /product/media/audio/alarms/Fresh_start.ogg
10-24 21:41:45.679 1194 1203 D installd: Found quota mount /dev/block/dm-42 at /product/media/audio/alarms/Full_of_wonder.ogg
10-24 21:41:45.679 1194 1203 D installd: Found quota mount /dev/block/dm-42 at /product/media/audio/alarms/Gentle_breeze.ogg
10-24 21:41:45.679 1194 1203 D installd: Found quota mount /dev/block/dm-42 at /product/media/audio/alarms/Icicles.ogg
10-24 21:41:45.679 1194 1203 D installd: Found quota mount /dev/block/dm-42 at /product/media/audio/alarms/Jump_start.ogg
10-24 21:41:45.679 1194 1203 D installd: Found quota mount /dev/block/dm-42 at /product/media/audio/alarms/Loose_change.ogg
10-24 21:41:45.679 1194 1203 D installd: Found quota mount /dev/block/dm-42 at /product/media/audio/alarms/Rolling_fog.ogg
10-24 21:41:45.679 1637 1765 I SystemConfig: Reading permissions from /vendor/etc/permissions/android.hardware.context_hub.xml
10-24 21:41:45.679 1194 1203 D installd: Found quota mount /dev/block/dm-42 at /product/media/audio/alarms/Spokes.ogg
10-24 21:41:45.679 1194 1203 D installd: Found quota mount /dev/block/dm-42 at /product/media/audio/alarms/Sunshower.ogg
10-24 21:41:45.679 1194 1203 D installd: Found quota mount /dev/block/dm-42 at /product/media/audio/notifications/Beginning.ogg
10-24 21:41:45.679 1194 1203 D installd: Found quota mount /dev/block/dm-42 at /product/media/audio/notifications/Coconuts.ogg
10-24 21:41:45.679 1194 1203 D installd: Found quota mount /dev/block/dm-42 at /product/media/audio/notifications/Duet.ogg
10-24 21:41:45.679 1194 1203 D installd: Found quota mount /dev/block/dm-42 at /product/media/audio/notifications/End_note.ogg
10-24 21:41:45.679 1194 1203 D installd: Found quota mount /dev/block/dm-42 at /product/media/audio/notifications/Eureka.ogg
10-24 21:41:45.679 1194 1203 D installd: Found quota mount /dev/block/dm-42 at /product/media/audio/notifications/Gentle_gong.ogg
10-24 21:41:45.679 1194 1203 D installd: Found quota mount /dev/block/dm-42 at /product/media/audio/notifications/Mallet.ogg
10-24 21:41:45.679 1194 1203 D installd: Found quota mount /dev/block/dm-42 at /product/media/audio/notifications/Orders_up.ogg
10-24 21:41:45.679 1194 1203 D installd: Found quota mount /dev/block/dm-42 at /product/media/audio/notifications/Ping.ogg
10-24 21:41:45.679 1194 1203 D installd: Found quota mount /dev/block/dm-42 at /product/media/audio/notifications/Pipes.ogg
10-24 21:41:45.679 1194 1203 D installd: Found quota mount /dev/block/dm-42 at /product/media/audio/notifications/Popcorn.ogg
10-24 21:41:45.679 1194 1203 D installd: Found quota mount /dev/block/dm-42 at /product/media/audio/notifications/Shopkeeper.ogg
10-24 21:41:45.679 1194 1203 D installd: Found quota mount /dev/block/dm-42 at /product/media/audio/notifications/Sticks_and_stones.ogg
10-24 21:41:45.679 1194 1203 D installd: Found quota mount /dev/block/dm-42 at /product/media/audio/notifications/Tuneup.ogg
10-24 21:41:45.679 1637 1765 I SystemConfig: Reading permissions from /vendor/etc/permissions/android.hardware.camera.raw.xml
10-24 21:41:45.679 1194 1203 D installd: Found quota mount /dev/block/dm-42 at /product/media/audio/notifications/Tweeter.ogg
10-24 21:41:45.679 1194 1203 D installd: Found quota mount /dev/block/dm-42 at /product/media/audio/notifications/Twinkle.ogg
10-24 21:41:45.679 1194 1203 D installd: Found quota mount /dev/block/dm-42 at /product/media/audio/ringtones/Copycat.ogg
10-24 21:41:45.679 1194 1203 D installd: Found quota mount /dev/block/dm-42 at /product/media/audio/ringtones/Crackle.ogg
10-24 21:41:45.679 1194 1203 D installd: Found quota mount /dev/block/dm-42 at /product/media/audio/ringtones/Flutterby.ogg
10-24 21:41:45.679 1194 1203 D installd: Found quota mount /dev/block/dm-42 at /product/media/audio/ringtones/Hotline.ogg
10-24 21:41:45.679 1194 1203 D installd: Found quota mount /dev/block/dm-42 at /product/media/audio/ringtones/Leaps_and_bounds.ogg
10-24 21:41:45.679 1194 1203 D installd: Found quota mount /dev/block/dm-42 at /product/media/audio/ringtones/Lollipop.ogg
10-24 21:41:45.679 1194 1203 D installd: Found quota mount /dev/block/dm-42 at /product/media/audio/ringtones/Lost_and_found.ogg
10-24 21:41:45.680 1194 1203 D installd: Found quota mount /dev/block/dm-42 at /product/media/audio/ringtones/Mash_up.ogg
10-24 21:41:45.680 1194 1203 D installd: Found quota mount /dev/block/dm-42 at /product/media/audio/ringtones/Monkey_around.ogg
10-24 21:41:45.680 1194 1203 D installd: Found quota mount /dev/block/dm-42 at /product/media/audio/ringtones/Schools_out.ogg
10-24 21:41:45.680 1194 1203 D installd: Found quota mount /dev/block/dm-42 at /product/media/audio/ringtones/The_big_adventure.ogg
10-24 21:41:45.680 1194 1203 D installd: Found quota mount /dev/block/dm-42 at /product/media/audio/ringtones/Your_new_adventure.ogg
10-24 21:41:45.680 1194 1203 D installd: Found quota mount /dev/block/dm-42 at /product/media/audio/ringtones/Zen_too.ogg
10-24 21:41:45.680 1194 1203 D installd: Found quota mount /dev/block/dm-42 at /product/media/audio/ui/AttentionalHaptics.ogg
10-24 21:41:45.680 1194 1203 D installd: Found quota mount /dev/block/dm-42 at /product/media/audio/ui/ChargingStarted.ogg
10-24 21:41:45.680 1194 1203 D installd: Found quota mount /dev/block/dm-42 at /product/media/audio/ui/Dock.ogg
10-24 21:41:45.680 1637 1765 I SystemConfig: Reading permissions from /vendor/etc/permissions/android.hardware.camera.full.xml
10-24 21:41:45.680 1194 1203 D installd: Found quota mount /dev/block/dm-42 at /product/media/audio/ui/Effect_Tick.ogg
10-24 21:41:45.680 1194 1203 D installd: Found quota mount /dev/block/dm-42 at /product/media/audio/ui/InCallNotification.ogg
10-24 21:41:45.680 1194 1203 D installd: Found quota mount /dev/block/dm-42 at /product/media/audio/ui/KeypressDelete.ogg
10-24 21:41:45.680 1194 1203 D installd: Found quota mount /dev/block/dm-42 at /product/media/audio/ui/KeypressInvalid.ogg
10-24 21:41:45.680 1194 1203 D installd: Found quota mount /dev/block/dm-42 at /product/media/audio/ui/KeypressReturn.ogg
10-24 21:41:45.680 1194 1203 D installd: Found quota mount /dev/block/dm-42 at /product/media/audio/ui/KeypressSpacebar.ogg
10-24 21:41:45.680 1194 1203 D installd: Found quota mount /dev/block/dm-42 at /product/media/audio/ui/KeypressStandard.ogg
10-24 21:41:45.680 1194 1203 D installd: Found quota mount /dev/block/dm-42 at /product/media/audio/ui/Lock.ogg
10-24 21:41:45.680 1194 1203 D installd: Found quota mount /dev/block/dm-42 at /product/media/audio/ui/LowBattery.ogg
10-24 21:41:45.680 1194 1203 D installd: Found quota mount /dev/block/dm-42 at /product/media/audio/ui/NFCFailure.ogg
10-24 21:41:45.680 1194 1203 D installd: Found quota mount /dev/block/dm-42 at /product/media/audio/ui/NFCInitiated.ogg
10-24 21:41:45.680 1194 1203 D installd: Found quota mount /dev/block/dm-42 at /product/media/audio/ui/NFCSuccess.ogg
10-24 21:41:45.680 1194 1203 D installd: Found quota mount /dev/block/dm-42 at /product/media/audio/ui/NFCTransferComplete.ogg
10-24 21:41:45.680 1194 1203 D installd: Found quota mount /dev/block/dm-42 at /product/media/audio/ui/NFCTransferInitiated.ogg
10-24 21:41:45.680 1194 1203 D installd: Found quota mount /dev/block/dm-42 at /product/media/audio/ui/Trusted.ogg
10-24 21:41:45.680 1194 1203 D installd: Found quota mount /dev/block/dm-42 at /product/media/audio/ui/Undock.ogg
10-24 21:41:45.680 1194 1203 D installd: Found quota mount /dev/block/dm-42 at /product/media/audio/ui/Unlock.ogg
10-24 21:41:45.680 1194 1203 D installd: Found quota mount /dev/block/dm-42 at /product/media/audio/ui/VideoRecord.ogg
10-24 21:41:45.680 1194 1203 D installd: Found quota mount /dev/block/dm-42 at /product/media/audio/ui/VideoStop.ogg
10-24 21:41:45.680 1194 1203 D installd: Found quota mount /dev/block/dm-42 at /product/media/audio/ui/WirelessChargingStarted.ogg
10-24 21:41:45.680 1194 1203 D installd: Found quota mount /dev/block/dm-42 at /product/media/audio/ui/audio_end.ogg
10-24 21:41:45.680 1194 1203 D installd: Found quota mount /dev/block/dm-42 at /product/media/audio/ui/audio_initiate.ogg
10-24 21:41:45.680 1194 1203 D installd: Found quota mount /dev/block/dm-42 at /product/media/audio/ui/camera_click.ogg
10-24 21:41:45.680 1194 1203 D installd: Found quota mount /dev/block/dm-42 at /product/media/audio/ui/camera_focus.ogg
10-24 21:41:45.680 1194 1203 D installd: Found quota mount /dev/block/dm-42 at /product/media/audio/ui/reverse_charging_end.ogg
10-24 21:41:45.680 1194 1203 D installd: Found quota mount /dev/block/dm-42 at /product/media/audio/ui/reverse_charging_start.ogg
10-24 21:41:45.680 1637 1765 I SystemConfig: Reading permissions from /vendor/etc/permissions/android.hardware.camera.front.xml
10-24 21:41:45.680 1194 1203 D installd: Found quota mount /dev/block/dm-42 at /product/overlay/OneHandedModeGesturalOverlay/OneHandedModeGesturalOverlay.apk
10-24 21:41:45.680 1194 1203 D installd: Found quota mount /dev/block/dm-42 at /product/overlay/Pixelify.apk
10-24 21:41:45.680 1194 1203 D installd: Found quota mount /dev/block/dm-42 at /product/overlay/PixelifyDialer.apk
10-24 21:41:45.680 1194 1203 D installd: Found quota mount /dev/block/dm-42 at /product/overlay/PixelifyPixelS.apk
10-24 21:41:45.680 1194 1203 D installd: Found quota mount /dev/block/dm-42 at /product/overlay/PixelifySettingsOverlay.apk
10-24 21:41:45.681 1194 1203 D installd: Found quota mount /dev/block/dm-42 at /product/overlay/WildlifeSettingsVpnOverlay2022.apk
10-24 21:41:45.681 1194 1203 D installd: Found quota mount /dev/block/dm-42 at /product/overlay/WildlifeSysuiVpnOverlay2022.apk
10-24 21:41:45.681 1194 1203 D installd: Found quota mount /dev/block/dm-42 at /product/priv-app/AdaptiveVPNPrebuilt/AdaptiveVPNPrebuilt.apk
10-24 21:41:45.681 1637 1765 I SystemConfig: Reading permissions from /vendor/etc/permissions/android.hardware.camera.flash-autofocus.xml
10-24 21:41:45.681 1637 1765 I SystemConfig: Reading permissions from /vendor/etc/permissions/android.hardware.camera.concurrent.xml
10-24 21:41:45.682 1194 1203 D installd: Found quota mount /dev/block/dm-42 at /product/priv-app/WeatherPixelPrebuilt/WeatherPixelPrebuilt.apk
10-24 21:41:45.682 1637 1765 I SystemConfig: Reading permissions from /vendor/etc/permissions/android.hardware.camera.ar.xml
10-24 21:41:45.682 1194 1203 D installd: Found quota mount /dev/block/dm-42 at /system/bin/curl
10-24 21:41:45.682 1194 1203 D installd: Found quota mount /dev/block/dm-42 at /system/bin/fp
10-24 21:41:45.682 1637 1765 I SystemConfig: Reading permissions from /vendor/etc/permissions/android.hardware.bluetooth_le.xml
10-24 21:41:45.682 1194 1203 D installd: Found quota mount /dev/block/dm-42 at /system/bin/pixelify
10-24 21:41:45.682 1637 1765 I SystemConfig: Reading permissions from /vendor/etc/permissions/android.hardware.bluetooth.xml
10-24 21:41:45.682 1637 1765 I SystemConfig: Reading permissions from /vendor/etc/permissions/android.hardware.audio.pro.xml
10-24 21:41:45.683 1637 1765 I SystemConfig: Reading permissions from /vendor/etc/permissions/android.hardware.audio.low_latency.xml
10-24 21:41:45.683 1637 1765 I SystemConfig: Reading permissions from /product/etc/sysconfig/vendor-apex-allowlist.xml
10-24 21:41:45.683 1637 1765 I SystemConfig: Reading permissions from /product/etc/sysconfig/sysconfig_com.google.android.as.xml
10-24 21:41:45.683 1637 1765 I SystemConfig: Adding association: com.google.android.as <- com.android.bluetooth
10-24 21:41:45.683 1637 1765 I SystemConfig: Adding association: com.google.android.as <- com.android.providers.contacts
10-24 21:41:45.684 1637 1765 I SystemConfig: Adding association: com.google.android.as <- com.android.providers.media
10-24 21:41:45.684 1637 1765 I SystemConfig: Adding association: com.google.android.as <- com.android.providers.telephony
10-24 21:41:45.684 1637 1765 I SystemConfig: Adding association: com.google.android.as <- com.android.systemui
10-24 21:41:45.684 1637 1765 I SystemConfig: Adding association: com.google.android.as <- com.google.android.providers.media.module
10-24 21:41:45.684 1637 1765 I SystemConfig: Adding association: com.google.android.as <- com.google.android.as.oss
10-24 21:41:45.684 1637 1765 I SystemConfig: Adding association: com.google.android.as.oss <- com.google.android.as
10-24 21:41:45.684 1637 1765 I SystemConfig: Reading permissions from /product/etc/sysconfig/quick_tap.xml
10-24 21:41:45.684 1194 1203 D installd: Found quota mount /dev/block/dm-42 at /system/etc/sysconfig/pixel_2017_exclusive.xml
10-24 21:41:45.684 1194 1203 D installd: Found quota mount /dev/block/dm-42 at /system/etc/sysconfig/pixel_2018_exclusive.xml
10-24 21:41:45.684 1194 1203 D installd: Found quota mount /dev/block/dm-42 at /system/etc/sysconfig/pixel_2019_exclusive.xml
10-24 21:41:45.684 1194 1203 D installd: Found quota mount /dev/block/dm-42 at /system/etc/textclassifier/actions_suggestions.universal.model
10-24 21:41:45.684 1194 1203 D installd: Found quota mount /dev/block/dm-42 at /system/etc/textclassifier/lang_id.model
10-24 21:41:45.684 1194 1203 D installd: Found quota mount /dev/block/dm-42 at /system/etc/textclassifier/textclassifier.en.model
10-24 21:41:45.684 1194 1203 D installd: Found quota mount /dev/block/dm-42 at /system/etc/textclassifier/textclassifier.universal.model
10-24 21:41:45.684 1194 1203 D installd: Found quota mount /dev/block/dm-42 at /system/fonts/GInterVF-Italic.ttf
10-24 21:41:45.684 1194 1203 D installd: Found quota mount /dev/block/dm-42 at /system/fonts/GInterVF-Roman.ttf
10-24 21:41:45.684 1637 1765 I SystemConfig: Reading permissions from /product/etc/sysconfig/preinstalled-packages-product-pixelify.xml
10-24 21:41:45.684 1194 1203 D installd: Found quota mount /dev/block/dm-42 at /system/fonts/GoogleSans-Italic.ttf
10-24 21:41:45.684 1194 1203 D installd: Found quota mount /dev/block/dm-42 at /system/fonts/GoogleSans-Regular.ttf
10-24 21:41:45.684 1637 1765 I SystemConfig: Reading permissions from /product/etc/sysconfig/preinstalled-packages-product-pixel-2017-and-newer.xml
10-24 21:41:45.684 1194 1203 D installd: Found quota mount /dev/block/dm-42 at /vendor/etc/permissions/android.hardware.camera.ar.xml
10-24 21:41:45.684 1637 1765 I SystemConfig: Reading permissions from /product/etc/sysconfig/preinstalled-packages-platform-overlays.xml
10-24 21:41:45.685 1637 1765 I SystemConfig: Reading permissions from /product/etc/sysconfig/preinstalled-packages-platform-handheld-product.xml
10-24 21:41:45.685 1637 1765 I SystemConfig: Reading permissions from /product/etc/sysconfig/preinstalled-packages-pixelify-overlays.xml
10-24 21:41:45.685 1637 1765 I SystemConfig: Reading permissions from /product/etc/sysconfig/pixelify_experience.xml
10-24 21:41:45.686 1637 1765 I SystemConfig: Reading permissions from /product/etc/sysconfig/pixelify-whitelist.xml
10-24 21:41:45.686 1637 1765 I SystemConfig: Reading permissions from /product/etc/sysconfig/pixel_experience_2023_midyear.xml
10-24 21:41:45.686 1637 1765 I SystemConfig: Reading permissions from /product/etc/sysconfig/pixel_experience_2023.xml
10-24 21:41:45.686 1637 1765 I SystemConfig: Reading permissions from /product/etc/sysconfig/pixel_experience_2022_midyear.xml
10-24 21:41:45.687 1637 1765 I SystemConfig: Reading permissions from /product/etc/sysconfig/pixel_experience_2022.xml
10-24 21:41:45.687 1637 1765 I SystemConfig: Reading permissions from /product/etc/sysconfig/pixel_experience_2021_midyear.xml
10-24 21:41:45.687 1637 1765 I SystemConfig: Reading permissions from /product/etc/sysconfig/pixel_experience_2021.xml
10-24 21:41:45.687 1637 1765 I SystemConfig: Reading permissions from /product/etc/sysconfig/pixel_experience_2020_midyear.xml
10-24 21:41:45.687 1637 1637 D SystemServerTiming: DeviceIdentifiersPolicyService
10-24 21:41:45.687 1637 1637 I SystemServiceManager: Starting com.android.server.os.DeviceIdentifiersPolicyService
10-24 21:41:45.687 1637 1765 I SystemConfig: Reading permissions from /product/etc/sysconfig/pixel_experience_2020.xml
10-24 21:41:45.688 1637 1765 I SystemConfig: Reading permissions from /product/etc/sysconfig/pixel_experience_2019_midyear.xml
10-24 21:41:45.688 1637 1637 D SystemServerTiming: UriGrantsManagerService
10-24 21:41:45.688 1637 1637 I SystemServiceManager: Starting com.android.server.uri.UriGrantsManagerService$Lifecycle
10-24 21:41:45.688 1637 1765 I SystemConfig: Reading permissions from /product/etc/sysconfig/pixel_experience_2019.xml
10-24 21:41:45.688 1637 1765 I SystemConfig: Reading permissions from /product/etc/sysconfig/pixel_experience_2018.xml
10-24 21:41:45.688 1637 1637 D SystemServerTiming: StartPowerStatsService
10-24 21:41:45.688 1637 1765 I SystemConfig: Adding association: com.google.android.as.oss <- com.google.android.odad
10-24 21:41:45.688 1637 1765 I SystemConfig: Adding association: com.google.android.odad <- com.google.android.as.oss
10-24 21:41:45.688 1637 1637 I SystemServiceManager: Starting com.android.server.powerstats.PowerStatsService
10-24 21:41:45.688 1637 1765 I SystemConfig: Reading permissions from /product/etc/sysconfig/pixel_experience_2017.xml
10-24 21:41:45.689 1637 1765 I SystemConfig: Reading permissions from /product/etc/sysconfig/pixel_2019_exclusive.xml
10-24 21:41:45.689 530 530 I servicemanager: Found android.hardware.power.stats.IPowerStats/default in device VINTF manifest.
10-24 21:41:45.689 1637 1765 I SystemConfig: Reading permissions from /product/etc/sysconfig/pixel_2018_exclusive.xml
10-24 21:41:45.689 1637 1765 I SystemConfig: Reading permissions from /product/etc/sysconfig/pixel_2017_exclusive.xml
10-24 21:41:45.689 1637 1637 D SystemServerTiming: StartIStatsService
10-24 21:41:45.689 1637 1765 I SystemConfig: Reading permissions from /product/etc/sysconfig/pixel_2016_exclusive.xml
10-24 21:41:45.690 1637 1765 I SystemConfig: Reading permissions from /product/etc/sysconfig/nga.xml
10-24 21:41:45.690 531 531 I hwservicemanager: getTransport: Cannot find entry android.frameworks.stats@1.0::IStats/default in either framework or device VINTF manifest.
10-24 21:41:45.690 1637 1637 E HidlServiceManagement: Service android.frameworks.stats@1.0::IStats/default must be in VINTF manifest in order to register/get.
10-24 21:41:45.690 1637 1637 W system_server: Cannot register HIDL android.frameworks.stats@1.0::IStats: -2147483648
10-24 21:41:45.690 530 530 I servicemanager: Found android.frameworks.stats.IStats/default in framework VINTF manifest.
10-24 21:41:45.690 1637 1765 I SystemConfig: Reading permissions from /product/etc/sysconfig/nexus.xml
10-24 21:41:45.690 1637 1637 D SystemServerTiming: MemtrackProxyService
10-24 21:41:45.690 1637 1765 I SystemConfig: Reading permissions from /product/etc/sysconfig/google_build.xml
10-24 21:41:45.690 531 531 I hwservicemanager: getTransport: Cannot find entry android.hardware.memtrack@1.0::IMemtrack/default in either framework or device VINTF manifest.
10-24 21:41:45.690 530 530 I BpBinder: onLastStrongRef automatically unlinking death recipients:
10-24 21:41:45.690 1270 1513 E CHRE : @ 1.263: CHPP WWAN: ACK timeout. Tx t=763
10-24 21:41:45.690 530 530 I servicemanager: Found android.hardware.memtrack.IMemtrack/default in device VINTF manifest.
10-24 21:41:45.690 530 530 I BpBinder: onLastStrongRef automatically unlinking death recipients:
10-24 21:41:45.690 1637 1765 I SystemConfig: Reading permissions from /product/etc/sysconfig/google.xml
10-24 21:41:45.691 1637 1637 I Stability: Interface set with vintf stability downgraded to system stability stability
10-24 21:41:45.691 1023 1023 I usf_sensor_hal: Received SENSOR_LIST of size 41.
10-24 21:41:45.691 1270 1513 E CHRE : @ 1.263: CHPP WIFI: ACK timeout. Tx t=763
10-24 21:41:45.691 959 1377 I TouchSuez: IStats service online.
10-24 21:41:45.691 1637 1637 D SystemServerTiming: StartActivityManager
10-24 21:41:45.691 1637 1637 I SystemServiceManager: Starting com.android.server.wm.ActivityTaskManagerService$Lifecycle
10-24 21:41:45.691 1637 1765 I SystemConfig: Adding association: com.google.android.as <- com.android.bluetooth
10-24 21:41:45.691 1637 1765 I SystemConfig: Adding association: com.google.android.as <- com.android.providers.contacts
10-24 21:41:45.691 1637 1765 I SystemConfig: Adding association: com.google.android.as <- com.android.providers.media
10-24 21:41:45.691 1637 1765 I SystemConfig: Adding association: com.google.android.as <- com.android.providers.telephony
10-24 21:41:45.691 1637 1765 I SystemConfig: Adding association: com.google.android.as <- com.android.systemui
10-24 21:41:45.691 1637 1765 I SystemConfig: Adding association: com.google.android.as <- com.google.android.providers.media.module
10-24 21:41:45.691 1637 1765 I SystemConfig: Adding association: com.google.android.as <- com.google.android.as.oss
10-24 21:41:45.691 1637 1765 I SystemConfig: Adding association: com.google.android.as.oss <- com.google.android.as
10-24 21:41:45.692 1637 1765 I SystemConfig: Reading permissions from /product/etc/sysconfig/google-staged-installer-whitelist.xml
10-24 21:41:45.692 1637 1765 I SystemConfig: Reading permissions from /product/etc/sysconfig/google-install-constraints-package-allowlist.xml
10-24 21:41:45.692 1637 1637 I SystemServiceManager: Starting com.android.server.am.ActivityManagerService$Lifecycle
10-24 21:41:45.693 1637 1765 I SystemConfig: Reading permissions from /product/etc/sysconfig/google-hiddenapi-package-whitelist.xml
10-24 21:41:45.693 1637 1765 I SystemConfig: Reading permissions from /product/etc/sysconfig/game_service.xml
10-24 21:41:45.694 1637 1765 I SystemConfig: Reading permissions from /product/etc/sysconfig/dreamliner.xml
10-24 21:41:45.694 1637 1765 I SystemConfig: Reading permissions from /product/etc/sysconfig/com.google.lens.feature.CAMERA_INTEGRATION.xml
10-24 21:41:45.694 1637 1765 I SystemConfig: Reading permissions from /product/etc/sysconfig/allowlist_com.shannon.imsservice.xml
10-24 21:41:45.694 1637 1765 I SystemConfig: Reading permissions from /product/etc/sysconfig/allowlist_com.android.omadm.service.xml
10-24 21:41:45.694 1637 1637 I ActivityManager: Memory class: 256
10-24 21:41:45.695 1637 1765 I SystemConfig: Reading permissions from /product/etc/sysconfig/adaptivecharging.xml
10-24 21:41:45.695 1637 1765 I SystemConfig: Reading permissions from /product/etc/sysconfig/GoogleCamera_6gb_or_more_ram.xml
10-24 21:41:45.695 1637 1770 I Binder : Setting heavy hitter watcher config: false, 0, 0.0
10-24 21:41:45.695 1637 1765 I SystemConfig: Reading permissions from /product/etc/permissions/split-permissions-google.xml
10-24 21:41:45.696 1637 1765 I SystemConfig: Reading permissions from /product/etc/permissions/privapp-permissions-google-p.xml
10-24 21:41:45.697 1637 1765 I SystemConfig: Reading permissions from /product/etc/permissions/privapp-permissions-com.google.android.dialer.xml
10-24 21:41:45.698 1637 1765 I SystemConfig: Reading permissions from /product/etc/permissions/privapp-permissions-com.google.android.apps.weather.xml
10-24 21:41:45.698 1637 1765 I SystemConfig: Reading permissions from /product/etc/permissions/privapp-permissions-com.google.android.apps.privacy.wildlife.xml
10-24 21:41:45.698 1637 1765 I SystemConfig: Reading permissions from /product/etc/permissions/features-verizon.xml
10-24 21:41:45.699 1637 1765 I SystemConfig: Reading permissions from /product/etc/permissions/com.verizon.services.xml
10-24 21:41:45.699 1637 1765 I SystemConfig: Reading permissions from /product/etc/permissions/com.verizon.apn.xml
10-24 21:41:45.699 1637 1765 I SystemConfig: Reading permissions from /product/etc/permissions/com.google.omadm.trigger.xml
10-24 21:41:45.699 1637 1765 I SystemConfig: Reading permissions from /product/etc/permissions/com.google.android.odad.xml
10-24 21:41:45.700 1637 1765 I SystemConfig: Reading permissions from /product/etc/permissions/com.google.android.hardwareinfo.xml
10-24 21:41:45.700 1637 1765 I SystemConfig: Reading permissions from /product/etc/permissions/com.google.android.dialer.support.xml
10-24 21:41:45.700 1637 1765 I SystemConfig: Reading permissions from /product/etc/permissions/com.google.android.apps.dreamliner.xml
10-24 21:41:45.701 1637 1765 I SystemConfig: Reading permissions from /product/etc/permissions/com.google.android.apps.dialer.call_recording_audio.xml
10-24 21:41:45.701 1637 1765 I SystemConfig: Reading permissions from /product/etc/permissions/com.google.android.apps.diagnosticstool.xml
10-24 21:41:45.701 1637 1765 I SystemConfig: Reading permissions from /product/etc/permissions/com.google.SSRestartDetector.xml
10-24 21:41:45.701 1637 1765 I SystemConfig: Reading permissions from /product/etc/permissions/com.customermobile.preload.vzw.xml
10-24 21:41:45.701 1637 1765 I SystemConfig: Reading permissions from /product/etc/permissions/com.android.sdm.plugins.diagmon.xml
10-24 21:41:45.702 1637 1765 I SystemConfig: Reading permissions from /product/etc/permissions/com.android.sdm.plugins.dcmo.xml
10-24 21:41:45.702 1637 1765 I SystemConfig: Reading permissions from /product/etc/permissions/com.android.sdm.plugins.connmo.xml
10-24 21:41:45.702 1637 1765 I SystemConfig: Reading permissions from /product/etc/permissions/com.android.omadm.service.xml
10-24 21:41:45.702 1637 1765 I SystemConfig: Reading permissions from /product/etc/permissions/com.android.imsserviceentitlement.xml
10-24 21:41:45.703 1637 1765 I SystemConfig: Reading permissions from /product/etc/permissions/android.hardware.telephony.euicc.xml
10-24 21:41:45.703 1023 1023 I usf_sensor_hal: Adding Proximity sensor 'TMD3719 Proximity' to ProxMonitorService
10-24 21:41:45.703 1637 1765 W SystemConfig: No directory /system_ext/etc/sysconfig, skipping
10-24 21:41:45.703 1637 1765 I SystemConfig: Reading permissions from /system_ext/etc/permissions/com.shannon.qualifiednetworksservice.xml
10-24 21:41:45.703 1637 1765 I SystemConfig: Reading permissions from /system_ext/etc/permissions/com.verizon.llkagent.xml
10-24 21:41:45.704 1637 1765 I SystemConfig: Reading permissions from /system_ext/etc/permissions/privapp-permissions-qorvo.xml
10-24 21:41:45.704 1637 1765 I SystemConfig: Reading permissions from /system_ext/etc/permissions/oemrilhook.xml
10-24 21:41:45.704 1637 1765 I SystemConfig: Reading permissions from /system_ext/etc/permissions/org.carconnectivity.android.digitalkey.timesync.xml
10-24 21:41:45.705 1637 1765 I SystemConfig: Reading permissions from /system_ext/etc/permissions/com.google.android.camera.experimental2022_system.xml
10-24 21:41:45.705 1023 1023 D usf_sensor_hal: Registry value /dev/tmd3719/0/prox:min_fps not found.
10-24 21:41:45.705 1637 1765 I SystemConfig: Reading permissions from /system_ext/etc/permissions/com.google.euiccpixel.xml
10-24 21:41:45.705 1637 1765 I SystemConfig: Reading permissions from /system_ext/etc/permissions/com.google.android.camera.extensions.xml
10-24 21:41:45.705 1637 1765 I SystemConfig: Reading permissions from /system_ext/etc/permissions/com.shannon.rcsservice.xml
10-24 21:41:45.705 1023 1023 D usf_sensor_hal: The panel id with Prox: 0
10-24 21:41:45.706 1637 1765 I SystemConfig: Reading permissions from /system_ext/etc/permissions/com.shannon.imsservice.xml
10-24 21:41:45.706 1267 1267 D AOC : A3:MSG: tmd3719_sensor.cc, 274: USF: TMD3719: Received REPORT_SENSOR_ACTIVE_STATE_CHANGES req (cmd:0).
10-24 21:41:45.706 1637 1765 I SystemConfig: Reading permissions from /system_ext/etc/permissions/com.android.hotwordenrollment.common.util.xml
10-24 21:41:45.706 1023 1023 I usf_sensor_hal: Received REPORT_SENSOR_ACTIVE_STATE_CHANGES event from 'TMD3719 Proximity' with new state:kInactive!
10-24 21:41:45.706 1637 1765 I SystemConfig: Reading permissions from /system_ext/etc/permissions/google-ril.xml
10-24 21:41:45.707 1637 1765 I SystemConfig: Reading permissions from /system_ext/etc/permissions/com.google.android.factoryota.xml
10-24 21:41:45.707 1637 1765 I SystemConfig: Reading permissions from /system_ext/etc/permissions/com.google.euiccpixel.permissions.xml
10-24 21:41:45.707 1637 1765 I SystemConfig: Reading permissions from /system_ext/etc/permissions/vzw_mvs_permissions.xml
10-24 21:41:45.707 1637 1765 I SystemConfig: Reading permissions from /system_ext/etc/permissions/com.android.settings.xml
10-24 21:41:45.708 1637 1765 I SystemConfig: Reading permissions from /system_ext/etc/permissions/com.samsung.slsi.telephony.oemril.xml
10-24 21:41:45.708 1637 1765 I SystemConfig: Reading permissions from /system_ext/etc/permissions/privapp-permissions-google-se.xml
10-24 21:41:45.709 1637 1765 I SystemConfig: Reading permissions from /system_ext/etc/permissions/com.android.systemui.xml
10-24 21:41:45.710 1637 1765 I SystemConfig: Reading permissions from /system_ext/etc/permissions/com.android.omadm.radioconfig.xml
10-24 21:41:45.710 1637 1765 I SystemConfig: Reading permissions from /system_ext/etc/permissions/com.android.launcher3.xml
10-24 21:41:45.710 1637 1765 I SystemConfig: Reading permissions from /system_ext/etc/permissions/com.google.android.iwlan.xml
10-24 21:41:45.711 1637 1765 I SystemConfig: Reading permissions from /apex/com.android.virt/etc/permissions/android.system.virtualmachine.xml
10-24 21:41:45.712 1637 1765 I SystemConfig: Reading permissions from /apex/com.android.ipsec/etc/permissions/android.net.ipsec.ike.xml
10-24 21:41:45.713 1637 1765 I SystemConfig: Reading permissions from /apex/com.android.permission/etc/permissions/privapp_allowlist_com.google.android.permissioncontroller.xml
10-24 21:41:45.714 1637 1765 I SystemConfig: Reading permissions from /apex/com.android.adservices/etc/permissions/privapp_allowlist_com.google.android.adservices.api.xml
10-24 21:41:45.714 1637 1765 I SystemConfig: Reading permissions from /apex/com.android.cellbroadcast/etc/permissions/privapp_allowlist_com.google.android.cellbroadcastreceiver.xml
10-24 21:41:45.714 1023 1023 I usf_sensor_hal: Initialize the display info service.
10-24 21:41:45.714 1023 1023 I usf_sensor_hal: Connecting to the display info server.
10-24 21:41:45.715 1637 1765 I SystemConfig: Reading permissions from /apex/com.android.cellbroadcast/etc/permissions/privapp_allowlist_com.google.android.cellbroadcastservice.xml
10-24 21:41:45.715 1023 1023 I usf_sensor_hal: Successfully connected to the display info server.
10-24 21:41:45.715 1637 1765 I SystemConfig: Reading permissions from /apex/com.android.btservices/etc/permissions/privapp_allowlist_com.google.android.bluetooth.xml
10-24 21:41:45.716 1637 1765 I SystemConfig: Reading permissions from /apex/com.android.mediaprovider/etc/permissions/privapp_allowlist_com.google.android.providers.media.module.xml
10-24 21:41:45.716 1023 1023 I sensor-suez: Reporting sensor [0x00000001] probing status: 1.
10-24 21:41:45.716 1023 1023 I sensor-suez: Reporting sensor [0x00000002] probing status: 1.
10-24 21:41:45.716 1023 1023 I sensor-suez: Reporting sensor [0x00000003] probing status: 1.
10-24 21:41:45.716 1023 1023 I sensor-suez: Reporting sensor [0x00000004] probing status: 1.
10-24 21:41:45.716 1023 1023 I sensor-suez: Reporting sensor [0x00000005] probing status: 1.
10-24 21:41:45.716 1023 1023 I sensor-suez: Reporting sensor [0x00000006] probing status: 1.
10-24 21:41:45.716 1023 1023 I sensor-suez: Reporting sensor [0x00000008] probing status: 1.
10-24 21:41:45.716 1023 1023 I sensor-suez: Reporting sensor [0x00000009] probing status: 1.
10-24 21:41:45.716 1023 1023 I sensor-suez: Reporting sensor [0x0000000a] probing status: 1.
10-24 21:41:45.716 1637 1765 I SystemConfig: Reading permissions from /apex/com.android.mediaprovider/etc/permissions/privapp_allowlist_com.google.android.photopicker.xml
10-24 21:41:45.716 1023 1023 I sensor-suez: Reporting sensor [0x0000000b] probing status: 1.
10-24 21:41:45.716 1023 1023 I sensor-suez: Reporting sensor [0x0000000e] probing status: 1.
10-24 21:41:45.716 1023 1023 I sensor-suez: Reporting sensor [0x0000000f] probing status: 1.
10-24 21:41:45.716 1023 1023 I sensor-suez: Reporting sensor [0x00000010] probing status: 1.
10-24 21:41:45.716 1023 1023 I sensor-suez: Reporting sensor [0x00000011] probing status: 1.
10-24 21:41:45.716 1023 1023 I sensor-suez: Reporting sensor [0x00000012] probing status: 1.
10-24 21:41:45.716 1023 1023 I sensor-suez: Reporting sensor [0x00000013] probing status: 1.
10-24 21:41:45.716 1023 1023 I sensor-suez: Reporting sensor [0x00000014] probing status: 1.
10-24 21:41:45.716 1023 1023 I sensor-suez: Reporting sensor [0x00000016] probing status: 1.
10-24 21:41:45.716 1023 1023 I sensor-suez: Reporting sensor [0x00000019] probing status: 1.
10-24 21:41:45.716 1023 1023 I sensor-suez: Reporting sensor [0x0000001b] probing status: 1.
10-24 21:41:45.716 1023 1023 I sensor-suez: Reporting sensor [0x00000023] probing status: 1.
10-24 21:41:45.716 1023 1023 I sensor-suez: Reporting sensor [0x00010002] probing status: 1.
10-24 21:41:45.716 1023 1023 I sensor-suez: Reporting sensor [0x00010003] probing status: 1.
10-24 21:41:45.716 1023 1023 I sensor-suez: Reporting sensor [0x00010005] probing status: 1.
10-24 21:41:45.716 1023 1023 I sensor-suez: Reporting sensor [0x00010005] probing status: 1.
10-24 21:41:45.716 1023 1023 I sensor-suez: Reporting sensor [0x00010005] probing status: 1.
10-24 21:41:45.716 1023 1023 I sensor-suez: Reporting sensor [0x00010005] probing status: 1.
10-24 21:41:45.716 1023 1023 I sensor-suez: Reporting sensor [0x00010009] probing status: 1.
10-24 21:41:45.716 1023 1023 I sensor-suez: Reporting sensor [0x00020001] probing status: 1.
10-24 21:41:45.716 1023 1023 I sensor-suez: Reporting sensor [0x00020005] probing status: 1.
10-24 21:41:45.716 1023 1023 I sensor-suez: Reporting sensor [0x0002000b] probing status: 1.
10-24 21:41:45.716 1023 1023 I sensor-suez: Reporting sensor [0x0002000d] probing status: 1.
10-24 21:41:45.716 1023 1023 I sensor-suez: Reporting sensor [0x0002000f] probing status: 1.
10-24 21:41:45.716 1023 1023 I sensor-suez: Reporting sensor [0x00020010] probing status: 1.
10-24 21:41:45.716 1023 1023 I usf_sensor_hal: USF sensors sub-hal instance is created
10-24 21:41:45.717 1023 1023 D DynamicSensorHal: DynamicSensorsSubHal::getSensorsList_2_1 invoked.
10-24 21:41:45.717 1023 1023 D usf_sensor_hal: Enter GetSensorsList
10-24 21:41:45.717 1637 1765 I SystemConfig: Reading permissions from /apex/com.android.extservices/etc/permissions/privapp_allowlist_com.google.android.ext.services.xml
10-24 21:41:45.717 1637 1765 I SystemConfig: Reading permissions from /apex/com.android.tethering/etc/permissions/privapp_allowlist_com.google.android.networkstack.tethering.xml
10-24 21:41:45.718 1023 1023 I HidlServiceManagement: Registered android.hardware.sensors@2.1::ISensors/default
10-24 21:41:45.718 1023 1023 I HidlServiceManagement: Removing namespace from process name android.hardware.sensors@2.1-service.multihal to sensors@2.1-service.multihal.
10-24 21:41:45.721 1637 1637 I PackageWatchdog: Updated health check state for package com.google.android.googlequicksearchbox: INACTIVE -> PASSED
10-24 21:41:45.721 1637 1637 I PackageWatchdog: Updated health check state for package com.android.hbmsvmanager: INACTIVE -> PASSED
10-24 21:41:45.721 1637 1637 I PackageWatchdog: Updated health check state for package com.google.android.federatedcompute: INACTIVE -> PASSED
10-24 21:41:45.721 1637 1637 I PackageWatchdog: Updated health check state for package com.google.android.flipendo: INACTIVE -> PASSED
