10-24 21:41:42.498 858 858 I odsign : All root hashes match.
10-24 21:41:42.498 858 858 I odsign : odrefresh said artifacts are VALID
10-24 21:41:42.498 858 858 I odsign : On-device signing done.
10-24 21:41:42.501 863 863 I tzdatacheck: timezone distro dir /data/misc/zoneinfo/current does not exist. No action required.
10-24 21:41:42.515 866 866 I Magisk : Magisk 7b81e2d2(27005) daemon started
10-24 21:41:42.515 866 866 I Magisk : * Device API level: 33
10-24 21:41:42.525 866 868 I Magisk : ** post-fs-data mode running
10-24 21:41:42.544 866 868 I Magisk : * Initializing Magisk environment
10-24 21:41:42.568 866 868 I Magisk : * Running post-fs-data.d scripts
10-24 21:41:42.569 866 868 I Magisk : * Setup internal mounts
10-24 21:41:42.569 866 868 I Magisk : Pixelify: ignore
10-24 21:41:42.570 866 868 I Magisk : playintegrityfix: ignore
10-24 21:41:42.570 866 868 I Magisk : zygisk_shamiko: ignore
10-24 21:41:42.570 866 868 I Magisk : zn_magisk_compat: remove
10-24 21:41:42.570 866 868 I Magisk : * Running module post-fs-data scripts
10-24 21:41:42.570 873 873 I Magisk : tricky_store: exec [post-fs-data.sh]
10-24 21:41:42.571 1 1 W libc : Unable to set property "dev.mnt.dev.debug_ramdisk..magisk.modules" to "dm-42": error code: 0x10
10-24 21:41:42.571 1 1 W libc : Unable to set property "dev.mnt.blk.debug_ramdisk..magisk.modules" to "sda27": error code: 0x10
10-24 21:41:42.571 1 1 W libc : Unable to set property "dev.mnt.rootdisk.debug_ramdisk..magisk.modules" to "sda": error code: 0x10
10-24 21:41:42.572 873 873 I Magisk : zygisksu: exec [post-fs-data.sh]
10-24 21:41:42.579 880 880 I zn-daemon64: Zygisk Next Daemon 1.2.2-437-3a6aabe-release
10-24 21:41:42.595 880 880 I zn-daemon64: ** write prop
10-24 21:41:42.622 880 880 I zn-daemon64: ** magisk_compat: exec post-fs-data.sh of zygisk modules
10-24 21:41:42.622 886 886 I zn-daemon64: ** magisk_compat: exec /data/adb/modules/playintegrityfix/post-fs-data.sh
10-24 21:41:42.622 887 887 I zn-daemon64: ** magisk_compat: exec /data/adb/modules/zygisk_shamiko/post-fs-data.sh
10-24 21:41:42.633 587 721 D BootAnimation: Trying to load dynamic color sysprops.
10-24 21:41:42.633 587 721 I BootAnimation: Loaded dynamic color: persist.bootanim.color1 -> -1057793
10-24 21:41:42.633 587 721 I BootAnimation: Loaded dynamic color: persist.bootanim.color2 -> -10112524
10-24 21:41:42.633 587 721 I BootAnimation: Loaded dynamic color: persist.bootanim.color3 -> -9865336
10-24 21:41:42.633 587 721 I BootAnimation: Loaded dynamic color: persist.bootanim.color4 -> -3217921
10-24 21:41:42.633 587 721 I BootAnimation: Dynamically coloring boot animation. Sysprops loaded? 1
10-24 21:41:42.633 587 721 D BootAnimation: Playing files = /product/media/bootanimation-dark.zip/part1, Requested repeat = 1, playUntilComplete = true
10-24 21:41:42.646 744 744 W libperfmgr: NodeLooperThread is not running, cancel DISPLAY_IDLE
10-24 21:41:42.691 880 880 I zn-daemon64: ** magisk_compat: remove magisk stub
10-24 21:41:42.691 880 880 I zn-daemon64: ** magisk_compat: create magisk stub
10-24 21:41:42.691 880 880 I zn-daemon64: ** magisk_compat: link Pixelify
10-24 21:41:42.693 880 880 I zn-daemon64: ** magisk_compat: add system.prop of Pixelify
10-24 21:41:42.693 880 880 I zn-daemon64: ** preparing payload ...
10-24 21:41:42.693 880 880 I zn-daemon64: ** payload prepared
10-24 21:41:42.693 880 880 I zn-daemon64: ** attaching init ...
10-24 21:41:42.693 880 880 I zn-daemon64: ** init attached
10-24 21:41:42.693 880 880 I zn-daemon64: ** loading payload ...
10-24 21:41:42.694 880 880 I zn-daemon64: libpayload base: 7f90efa000
10-24 21:41:42.694 880 880 I zn-daemon64: ** payload loaded
10-24 21:41:42.694 880 880 I zn-daemon64: ** setting up payload ...
10-24 21:41:42.694 880 880 I zn-daemon64: ** payload has been setup
10-24 21:41:42.694 880 880 I zn-daemon64: ** inline hook prepare ...
10-24 21:41:42.696 880 880 I zn-daemon64: ** hooking execve
10-24 21:41:42.696 880 880 I zn-daemon64: *** prepare trampoline
10-24 21:41:42.697 880 880 I zn-daemon64: ** inline hook commit
10-24 21:41:42.697 880 880 I zn-daemon64: execve hook installed
10-24 21:41:42.697 880 880 I zn-daemon64: ** hooking wait4
10-24 21:41:42.697 880 880 I zn-daemon64: *** prepare trampoline
10-24 21:41:42.698 880 880 I zn-daemon64: ** inline hook commit
10-24 21:41:42.698 880 880 I zn-daemon64: wait4 hook installed
10-24 21:41:42.698 880 880 I zn-daemon64: inject success!
10-24 21:41:42.698 880 880 I zn-daemon64: ** do cleanup
10-24 21:41:42.698 880 880 I zn-daemon64: ** do restore
10-24 21:41:42.698 880 880 I zn-daemon64: loading 64bit modules
10-24 21:41:42.699 880 880 I zn-daemon64: loaded zygisk module Pixelify
10-24 21:41:42.700 880 880 I zn-daemon64: loaded zygisk module playintegrityfix
10-24 21:41:42.703 880 880 I zn-daemon64: loaded zygisk module zygisk_shamiko
10-24 21:41:42.703 880 880 I zn-daemon64: loaded 3 zygisk modules
10-24 21:41:42.703 880 880 I zn-daemon64: loading 32bit modules
10-24 21:41:42.703 880 880 I zn-daemon64: loaded zygisk module Pixelify
10-24 21:41:42.704 880 880 I zn-daemon64: loaded zygisk module playintegrityfix
10-24 21:41:42.706 880 880 I zn-daemon64: loaded zygisk module zygisk_shamiko
10-24 21:41:42.706 880 880 I zn-daemon64: loaded 3 zygisk modules
10-24 21:41:42.706 927 927 I zn-daemon64: ** daemon launched
10-24 21:41:42.706 927 927 I zn-daemon64: ** stop klog
10-24 21:41:42.706 927 927 I zn-daemon64: ** denylist enforce mode: 0
10-24 21:41:42.706 927 927 I zn-daemon64: ** write prop
10-24 21:41:42.707 873 873 I Magisk : hwr_logcat: exec [post-fs-data.sh]
10-24 21:41:42.754 866 868 I Magisk : Pixelify: ignore
10-24 21:41:42.754 866 868 I Magisk : playintegrityfix: ignore
10-24 21:41:42.754 866 868 I Magisk : zygisk_shamiko: ignore
10-24 21:41:42.754 866 868 I Magisk : * Loading modules
10-24 21:41:42.754 866 868 I Magisk : playcurlNEXT: loading mount files
10-24 21:41:42.754 866 868 I Magisk : zn_magisk_compat: loading [system.prop]
10-24 21:41:42.755 866 868 I Magisk : zn_magisk_compat: loading mount files
10-24 21:41:42.771 578 586 W ServiceManager: Waited one second for android.frameworks.stats.IStats/default (is service started? are binder threads started and available?)
10-24 21:41:42.771 530 530 I servicemanager: Since 'android.frameworks.stats.IStats/default' could not be found, trying to start it as a lazy AIDL service
10-24 21:41:42.771 530 957 W libc : Unable to set property "ctl.interface_start" to "aidl/android.frameworks.stats.IStats/default": error code: 0x20
10-24 21:41:42.771 530 957 I servicemanager: Tried to start aidl service android.frameworks.stats.IStats/default as a lazy service, but was unable to. Usually this happens when a service is not installed, but if the service is intended to be used as a lazy service, then it may be configured incorrectly.
10-24 21:41:42.976 1 1 W init : type=1400 audit(0.0:7): avc: denied { getattr } for path="/system/bin/atrace" dev="dm-6" ino=154 scontext=u:r:init:s0 tcontext=u:object_r:atrace_exec:s0 tclass=file permissive=0
10-24 21:41:42.976 1 1 W init : type=1400 audit(0.0:8): avc: denied { getattr } for path="/system/bin/bcc" dev="dm-6" ino=162 scontext=u:r:init:s0 tcontext=u:object_r:rs_exec:s0 tclass=file permissive=0
10-24 21:41:42.976 1 1 W init : type=1400 audit(0.0:9): avc: denied { getattr } for path="/system/bin/blkid" dev="dm-6" ino=164 scontext=u:r:init:s0 tcontext=u:object_r:blkid_exec:s0 tclass=file permissive=0
10-24 21:41:42.984 1 1 W init : type=1400 audit(0.0:10): avc: denied { getattr } for path="/system/bin/dnsmasq" dev="dm-6" ino=220 scontext=u:r:init:s0 tcontext=u:object_r:dnsmasq_exec:s0 tclass=file permissive=0
10-24 21:41:42.992 1 1 W init : type=1400 audit(0.0:11): avc: denied { getattr } for path="/system/bin/incident" dev="dm-6" ino=285 scontext=u:r:init:s0 tcontext=u:object_r:incident_exec:s0 tclass=file permissive=0
10-24 21:41:42.992 1 1 W init : type=1400 audit(0.0:12): avc: denied { getattr } for path="/system/bin/incident_helper" dev="dm-6" ino=287 scontext=u:r:init:s0 tcontext=u:object_r:incident_helper_exec:s0 tclass=file permissive=0
10-24 21:41:42.996 1 1 W init : type=1400 audit(0.0:13): avc: denied { getattr } for path="/system/bin/ld.mc" dev="dm-6" ino=312 scontext=u:r:init:s0 tcontext=u:object_r:rs_exec:s0 tclass=file permissive=0
10-24 21:41:42.996 1 1 W init : type=1400 audit(0.0:14): avc: denied { getattr } for path="/system/bin/logcat" dev="dm-6" ino=326 scontext=u:r:init:s0 tcontext=u:object_r:logcat_exec:s0 tclass=file permissive=0
10-24 21:41:43.000 1 1 W init : type=1400 audit(0.0:15): avc: denied { getattr } for path="/system/bin/migrate_legacy_obb_data.sh" dev="dm-6" ino=347 scontext=u:r:init:s0 tcontext=u:object_r:migrate_legacy_obb_data_exec:s0 tclass=file permissive=0
10-24 21:41:43.004 1 1 W init : type=1400 audit(0.0:16): avc: denied { getattr } for path="/system/bin/netutils-wrapper-1.0" dev="dm-6" ino=375 scontext=u:r:init:s0 tcontext=u:object_r:netutils_wrapper_exec:s0 tclass=file permissive=0
10-24 21:41:43.004 1 1 W init : type=1400 audit(0.0:17): avc: denied { getattr } for path="/system/bin/otapreopt" dev="dm-6" ino=384 scontext=u:r:init:s0 tcontext=u:object_r:postinstall_dexopt_exec:s0 tclass=file permissive=0
10-24 21:41:43.004 1 1 W init : type=1400 audit(0.0:18): avc: denied { getattr } for path="/system/bin/otapreopt_chroot" dev="dm-6" ino=385 scontext=u:r:init:s0 tcontext=u:object_r:otapreopt_chroot_exec:s0 tclass=file permissive=0
10-24 21:41:43.004 1 1 W init : type=1400 audit(0.0:19): avc: denied { getattr } for path="/system/bin/otapreopt_script" dev="dm-6" ino=386 scontext=u:r:init:s0 tcontext=u:object_r:postinstall_exec:s0 tclass=file permissive=0
10-24 21:41:43.004 1 1 W init : type=1400 audit(0.0:20): avc: denied { getattr } for path="/system/bin/pppd" dev="dm-6" ino=398 scontext=u:r:init:s0 tcontext=u:object_r:ppp_exec:s0 tclass=file permissive=0
10-24 21:41:43.008 1 1 W init : type=1400 audit(0.0:21): avc: denied { getattr } for path="/system/bin/preopt2cachename" dev="dm-6" ino=400 scontext=u:r:init:s0 tcontext=u:object_r:preopt2cachename_exec:s0 tclass=file permissive=0
10-24 21:41:43.008 1 1 W init : type=1400 audit(0.0:22): avc: denied { getattr } for path="/system/bin/run-as" dev="dm-6" ino=424 scontext=u:r:init:s0 tcontext=u:object_r:runas_exec:s0 tclass=file permissive=0
10-24 21:41:43.012 1 1 W init : type=1400 audit(0.0:23): avc: denied { getattr } for path="/system/bin/sdcard" dev="dm-6" ino=429 scontext=u:r:init:s0 tcontext=u:object_r:sdcardd_exec:s0 tclass=file permissive=0
10-24 21:41:43.012 1 1 W init : type=1400 audit(0.0:24): avc: denied { getattr } for path="/system/bin/sgdisk" dev="dm-6" ino=444 scontext=u:r:init:s0 tcontext=u:object_r:sgdisk_exec:s0 tclass=file permissive=0
10-24 21:41:43.012 1 1 W init : type=1400 audit(0.0:25): avc: denied { getattr } for path="/system/bin/simpleperf" dev="dm-6" ino=452 scontext=u:r:init:s0 tcontext=u:object_r:simpleperf_exec:s0 tclass=file permissive=0
10-24 21:41:43.012 1 1 W init : type=1400 audit(0.0:26): avc: denied { getattr } for path="/system/bin/simpleperf_app_runner" dev="dm-6" ino=453 scontext=u:r:init:s0 tcontext=u:object_r:simpleperf_app_runner_exec:s0 tclass=file permissive=0
10-24 21:41:43.016 1 1 W init : type=1400 audit(0.0:27): avc: denied { getattr } for path="/system/bin/tcpdump" dev="dm-6" ino=480 scontext=u:r:init:s0 tcontext=u:object_r:tcpdump_exec:s0 tclass=file permissive=0
10-24 21:41:43.020 1 1 W init : type=1400 audit(0.0:28): avc: denied { getattr } for path="/system/bin/viewcompiler" dev="dm-6" ino=523 scontext=u:r:init:s0 tcontext=u:object_r:viewcompiler_exec:s0 tclass=file permissive=0
10-24 21:41:43.020 1 1 W init : type=1400 audit(0.0:29): avc: denied { getattr } for path="/system/bin/vold_prepare_subdirs" dev="dm-6" ino=526 scontext=u:r:init:s0 tcontext=u:object_r:vold_prepare_subdirs_exec:s0 tclass=file permissive=0
10-24 21:41:43.112 1 1 W init : type=1400 audit(0.0:30): avc: denied { getattr } for path="/system/etc/selinux/plat_hwservice_contexts" dev="dm-6" ino=896 scontext=u:r:init:s0 tcontext=u:object_r:hwservice_contexts_file:s0 tclass=file permissive=0
10-24 21:41:43.112 1 1 W init : type=1400 audit(0.0:31): avc: denied { getattr } for path="/system/etc/selinux/plat_keystore2_key_contexts" dev="dm-6" ino=897 scontext=u:r:init:s0 tcontext=u:object_r:keystore2_key_contexts_file:s0 tclass=file permissive=0
10-24 21:41:43.112 1 1 W init : type=1400 audit(0.0:32): avc: denied { getattr } for path="/system/etc/selinux/plat_mac_permissions.xml" dev="dm-6" ino=898 scontext=u:r:init:s0 tcontext=u:object_r:mac_perms_file:s0 tclass=file permissive=0
10-24 21:41:43.116 1 1 W init : type=1400 audit(0.0:33): avc: denied { getattr } for path="/system/etc/selinux/plat_seapp_contexts" dev="dm-6" ino=900 scontext=u:r:init:s0 tcontext=u:object_r:seapp_contexts_file:s0 tclass=file permissive=0
10-24 21:41:43.116 1 1 W init : type=1400 audit(0.0:34): avc: denied { getattr } for path="/system/etc/selinux/plat_service_contexts" dev="dm-6" ino=903 scontext=u:r:init:s0 tcontext=u:object_r:service_contexts_file:s0 tclass=file permissive=0
10-24 21:41:43.224 958 958 I DMABUFHEAPS: Using DMA-BUF heap named: system
10-24 21:41:43.237 962 962 I otapreopt_slot: No A/B artifacts found for slot _b.
10-24 21:41:43.253 963 963 E recovery-persist: Failed to unlink /data/misc/recovery/last_install: No such file or directory
10-24 21:41:43.261 964 964 I sscoredump: add dev: sscd_bigocean, fd:6
10-24 21:41:43.261 964 964 I sscoredump: add dev: sscd_debugcore, fd:8
10-24 21:41:43.261 964 964 I sscoredump: add dev: sscd_abrolhos, fd:9
10-24 21:41:43.261 964 964 I sscoredump: add dev: sscd_mfc-core, fd:10
10-24 21:41:43.261 964 964 I sscoredump: add dev: sscd_aoc, fd:11
10-24 21:41:43.311 927 955 I zn-daemon64: ** new zygote process: 971 /system/bin/app_process64
10-24 21:41:43.312 927 955 I zn-daemon64: ** write prop
10-24 21:41:43.312 969 969 W linker : Warning: "/apex/com.android.os.statsd/bin/statsd" unused DT entry: unknown processor-specific (type 0x70000009 arg 0x1) (ignoring)
10-24 21:41:43.312 969 969 W linker : Warning: "/apex/com.android.os.statsd/bin/statsd" unused DT entry: unknown processor-specific (type 0x7000000b arg 0x1) (ignoring)
10-24 21:41:43.312 969 969 W linker : Warning: "/apex/com.android.os.statsd/bin/statsd" unused DT entry: unknown processor-specific (type 0x7000000c arg 0x0) (ignoring)
10-24 21:41:43.313 973 973 I zn-daemon64: ** run zygote-injector for 971: 973 ./bin/zygiskd64
10-24 21:41:43.313 927 974 I zn-daemon64: ** new zygote process: 972 /system/bin/app_process32
10-24 21:41:43.313 927 974 I zn-daemon64: ** write prop
10-24 21:41:43.316 973 973 I zn-injector64: injecting zygote 971 (injector 973)
10-24 21:41:43.316 975 975 I zn-daemon64: ** run zygote-injector for 972: 975 ./bin/zygiskd32
10-24 21:41:43.331 975 975 I zn-injector32: injecting zygote 972 (injector 975)
10-24 21:41:43.349 970 970 I netdClient: Skipping libnetd_client init since *we* are netd
10-24 21:41:43.356 969 969 I statsd : Statsd starts to listen to socket.
10-24 21:41:43.360 971 971 I zn-zygisk-loader64: Zygisk library injected, version 1.2.2-437-3a6aabe-release
10-24 21:41:43.360 971 971 I zn-zygisk-loader64: use magisk socket /debug_ramdisk/.magisk/device/socket
10-24 21:41:43.360 971 971 I zn-zygisk-loader64: Start hooking
10-24 21:41:43.362 973 973 I zn-injector64: inject zygote 971 succeed
10-24 21:41:43.362 927 955 I zn-daemon64: ** inject success for 971
10-24 21:41:43.363 927 955 I zn-daemon64: ** write prop
10-24 21:41:43.363 970 970 I netd : netd 1.0 starting
10-24 21:41:43.364 970 970 I netd : Pid file removed
10-24 21:41:43.364 970 970 I netd : SIGPIPE is blocked
10-24 21:41:43.364 970 970 I netd : setCloseOnExec(dnsproxyd)
10-24 21:41:43.364 970 970 I netd : setCloseOnExec(fwmarkd)
10-24 21:41:43.364 970 970 I netd : setCloseOnExec(mdns)
10-24 21:41:43.364 970 970 I NetdUpdatable: libnetd_updatable_init: Initializing
10-24 21:41:43.364 971 971 D AndroidRuntime: >>>>>> START com.android.internal.os.ZygoteInit uid 0 <<<<<<
10-24 21:41:43.367 970 970 I NetdUpdatable: Waiting for Networking BPF programs
10-24 21:41:43.368 971 971 I zygote64: MMAP_TRYLOCK is not supported in uffd addr:0x740de17000 page-size:4096
10-24 21:41:43.370 971 971 I AndroidRuntime: Using default boot image
10-24 21:41:43.370 971 971 I AndroidRuntime: Leaving lock profiling enabled
10-24 21:41:43.374 971 971 I zygote64: option[0]=-Xzygote
10-24 21:41:43.374 971 971 I zygote64: option[1]=exit
10-24 21:41:43.374 971 971 I zygote64: option[2]=vfprintf
10-24 21:41:43.374 971 971 I zygote64: option[3]=sensitiveThread
10-24 21:41:43.375 971 971 I zygote64: option[4]=-verbose:gc
10-24 21:41:43.375 971 971 I zygote64: option[5]=-XX:PerfettoHprof=true
10-24 21:41:43.375 971 971 I zygote64: option[6]=-XX:PerfettoJavaHeapStackProf=true
10-24 21:41:43.375 971 971 I zygote64: option[7]=-Xprimaryzygote
10-24 21:41:43.375 971 971 I zygote64: option[8]=-Xms16m
10-24 21:41:43.375 971 971 I zygote64: option[9]=-Xmx512m
10-24 21:41:43.375 971 971 I zygote64: option[10]=-XX:HeapGrowthLimit=256m
10-24 21:41:43.375 971 971 I zygote64: option[11]=-XX:HeapMinFree=8m
10-24 21:41:43.375 971 971 I zygote64: option[12]=-XX:HeapMaxFree=32m
10-24 21:41:43.375 971 971 I zygote64: option[13]=-XX:HeapTargetUtilization=0.5
10-24 21:41:43.375 971 971 I zygote64: option[14]=-Xusejit:true
10-24 21:41:43.375 971 971 I zygote64: option[15]=-Xjitsaveprofilinginfo
10-24 21:41:43.375 971 971 I zygote64: option[16]=-XMadviseWillNeedVdexFileSize:104857600
10-24 21:41:43.375 971 971 I zygote64: option[17]=-XMadviseWillNeedOdexFileSize:104857600
10-24 21:41:43.375 971 971 I zygote64: option[18]=-XMadviseWillNeedArtFileSize:4294967295
10-24 21:41:43.375 971 971 I zygote64: option[19]=-XjdwpOptions:suspend=n,server=y
10-24 21:41:43.375 971 971 I zygote64: option[20]=-XjdwpProvider:default
10-24 21:41:43.375 971 971 I zygote64: option[21]=-Xopaque-jni-ids:swapable
10-24 21:41:43.375 971 971 I zygote64: option[22]=-Xcompiler-option
10-24 21:41:43.375 971 971 I zygote64: option[23]=--instruction-set-variant=cortex-a55
10-24 21:41:43.375 971 971 I zygote64: option[24]=-Xcompiler-option
10-24 21:41:43.375 971 971 I zygote64: option[25]=--instruction-set-features=default
10-24 21:41:43.375 971 971 I zygote64: option[26]=-Xcompiler-option
10-24 21:41:43.375 971 971 I zygote64: option[27]=--generate-mini-debug-info
10-24 21:41:43.375 971 971 I zygote64: option[28]=-Ximage-compiler-option
10-24 21:41:43.375 971 971 I zygote64: option[29]=--runtime-arg
10-24 21:41:43.375 971 971 I zygote64: option[30]=-Ximage-compiler-option
10-24 21:41:43.375 971 971 I zygote64: option[31]=-Xms64m
10-24 21:41:43.375 971 971 I zygote64: option[32]=-Ximage-compiler-option
10-24 21:41:43.375 971 971 I zygote64: option[33]=--runtime-arg
10-24 21:41:43.375 971 971 I zygote64: option[34]=-Ximage-compiler-option
10-24 21:41:43.375 971 971 I zygote64: option[35]=-Xmx64m
10-24 21:41:43.375 971 971 I zygote64: option[36]=-Ximage-compiler-option
10-24 21:41:43.375 971 971 I zygote64: option[37]=--dirty-image-objects=/system/etc/dirty-image-objects
10-24 21:41:43.375 971 971 I zygote64: option[38]=-Ximage-compiler-option
10-24 21:41:43.375 971 971 I zygote64: option[39]=--instruction-set-variant=cortex-a55
10-24 21:41:43.375 971 971 I zygote64: option[40]=-Ximage-compiler-option
10-24 21:41:43.375 971 971 I zygote64: option[41]=--instruction-set-features=default
10-24 21:41:43.375 971 971 I zygote64: option[42]=-Ximage-compiler-option
10-24 21:41:43.375 971 971 I zygote64: option[43]=--generate-mini-debug-info
10-24 21:41:43.375 971 971 I zygote64: option[44]=-Duser.locale=en-US
10-24 21:41:43.375 971 971 I zygote64: option[45]=--cpu-abilist=arm64-v8a
10-24 21:41:43.375 971 971 I zygote64: option[46]=-Xfingerprint:google/raven/raven:13/TQ2A.230305.008.E1/9677224:user/release-keys
10-24 21:41:43.384 971 971 I zygote64: Using CollectorTypeCMC GC.
10-24 21:41:43.411 986 986 I HidlServiceManagement: Registered android.hidl.allocator@1.0::IAllocator/ashmem
10-24 21:41:43.412 986 986 I HidlServiceManagement: Removing namespace from process name android.hidl.allocator@1.0-service to allocator@1.0-service.
10-24 21:41:43.445 985 985 I GnssAidl: Gnss: hw_get_module 'gps'
10-24 21:41:43.445 985 985 D android.hardware.gnss@2.1-service-brcm: StartServiceGnssAidl: Register Gnss AIDL V2 service(android.hardware.gnss.IGnss/default)
10-24 21:41:43.447 530 530 I servicemanager: Found android.hardware.gnss.IGnss/default in device VINTF manifest.
10-24 21:41:43.466 990 990 I HidlServiceManagement: Registered android.hardware.audio@7.1::IDevicesFactory/default
10-24 21:41:43.467 990 990 I HidlServiceManagement: Removing namespace from process name android.hardware.audio.service to audio.service.
10-24 21:41:43.467 990 990 I LegacySupport: Registration complete for android.hardware.audio@7.1::IDevicesFactory/default.
10-24 21:41:43.490 990 990 I HidlServiceManagement: Registered android.hardware.audio.effect@7.0::IEffectsFactory/default
10-24 21:41:43.490 990 990 I LegacySupport: Registration complete for android.hardware.audio.effect@7.0::IEffectsFactory/default.
10-24 21:41:43.501 530 530 I servicemanager: Found android.hardware.drm.IDrmFactory/clearkey in device VINTF manifest.
10-24 21:41:43.507 530 530 I servicemanager: Found android.hardware.contexthub.IContextHub/default in device VINTF manifest.
10-24 21:41:43.514 1003 1003 I rlsservice_main: Using ApexUpdateListener: 0xb400007585223010
10-24 21:41:43.518 1012 1012 I HidlServiceManagement: Registered android.hardware.gatekeeper@1.0::IGatekeeper/default
10-24 21:41:43.518 1012 1012 I HidlServiceManagement: Removing namespace from process name android.hardware.gatekeeper@1.0-service.trusty to gatekeeper@1.0-service.trusty.
10-24 21:41:43.526 1005 1005 I HidlServiceManagement: Registered android.hardware.confirmationui@1.0::IConfirmationUI/default
10-24 21:41:43.526 1005 1005 I HidlServiceManagement: Removing namespace from process name android.hardware.confirmationui@1.0-service.trusty.vendor to confirmationui@1.0-service.trusty.vendor.
10-24 21:41:43.528 964 964 I sscoredump: inotify event:256 for device:sscd_wlan
10-24 21:41:43.528 964 964 I sscoredump: add dev: sscd_wlan, fd:5
10-24 21:41:43.530 993 993 I bthal.config: Attempt to load conf from /vendor/etc/bluetooth/bt_vendor.conf
10-24 21:41:43.531 971 971 D nativeloader: InitDefaultPublicLibraries for_preload=1: libandroid.so:libaaudio.so:libamidi.so:libbinder_ndk.so:libc.so:libcamera2ndk.so:libdl.so:libEGL.so:libGLESv1_CM.so:libGLESv2.so:libGLESv3.so:libicu.so:libicui18n.so:libicuuc.so:libjnigraphics.so:liblog.so:libmediandk.so:libm.so:libnativehelper.so:libnativewindow.so:libOpenMAXAL.so:libOpenSLES.so:libRS.so:libstdc++.so:libsync.so:libvulkan.so:libwebviewchromium_plat_support.so:libz.so
10-24 21:41:43.536 993 993 I bthal.config: Attempt to load conf from /vendor/etc/bluetooth/bt_vendor_overlay.conf
10-24 21:41:43.536 993 993 I bthal.config: StoreConfigValue: set persist.bluetooth.a2dp_offload.cap: sbc-aac-aptx-aptxhd-ldac-opus
10-24 21:41:43.545 1011 1011 I HidlServiceManagement: Registered android.hardware.dumpstate@1.1::IDumpstateDevice/default
10-24 21:41:43.545 1011 1011 I HidlServiceManagement: Removing namespace from process name android.hardware.dumpstate@1.1-service.gs101 to dumpstate@1.1-service.gs101.
10-24 21:41:43.547 530 530 I servicemanager: Found android.hardware.drm.IDrmFactory/widevine in device VINTF manifest.
10-24 21:41:43.547 1004 1004 I HidlServiceManagement: Registered android.hardware.cas@1.2::IMediaCasService/default
10-24 21:41:43.547 1004 1004 I HidlServiceManagement: Removing namespace from process name android.hardware.cas@1.2-service to cas@1.2-service.
10-24 21:41:43.548 993 993 I bthal.config: StoreConfigValue: set persist.bluetooth.opus.enabled: true
10-24 21:41:43.551 993 993 I HidlServiceManagement: Registered hardware.google.bluetooth.bt_channel_avoidance@1.0::IBTChannelAvoidance/default
10-24 21:41:43.552 993 993 I HidlServiceManagement: Registered hardware.google.bluetooth.sar@1.1::IBluetoothSar/default
10-24 21:41:43.552 993 993 I HidlServiceManagement: Registered hardware.google.bluetooth.ccc@1.1::IBluetoothCcc/default
10-24 21:41:43.552 531 531 I hwservicemanager: getTransport: Cannot find entry hardware.google.bluetooth.ewp@1.0::IBluetoothEwp/default in either framework or device VINTF manifest.
10-24 21:41:43.552 993 993 E HidlServiceManagement: Service hardware.google.bluetooth.ewp@1.0::IBluetoothEwp/default must be in VINTF manifest in order to register/get.
10-24 21:41:43.552 993 993 W android.hardware.bluetooth@1.1-service.bcmbtlinux: Error while registering Bluetooth Ewp service: -2147483648
10-24 21:41:43.552 993 993 I HidlServiceManagement: Registered hardware.google.bluetooth.ext@1.0::IBluetoothExt/default
10-24 21:41:43.553 993 993 I HidlServiceManagement: Registered android.hardware.bluetooth@1.1::IBluetoothHci/default
10-24 21:41:43.553 993 993 I HidlServiceManagement: Removing namespace from process name android.hardware.bluetooth@1.1-service.bcmbtlinux to bluetooth@1.1-service.bcmbtlinux.
10-24 21:41:43.554 1020 1020 D android.hardware.secure_element@1.2-service-gto-ese2: android::hardware::secure_element::V1_2 is starting.
10-24 21:41:43.554 1020 1020 D android.hardware.secure_element@1.2-service-gto-ese2: Thales Secure Element HAL for eSE2 Service 1.6.0 is starting. libse-gto v1.13
10-24 21:41:43.556 1020 1020 I HidlServiceManagement: Registered android.hardware.secure_element@1.2::ISecureElement/eSE2
10-24 21:41:43.556 1020 1020 I HidlServiceManagement: Removing namespace from process name android.hardware.secure_element@1.2-service-gto-ese2 to secure_element@1.2-service-gto-ese2.
10-24 21:41:43.556 1020 1020 D android.hardware.secure_element@1.2-service-gto-ese2: Gemalto Secure Element Service is ready
10-24 21:41:43.557 1013 1013 I android.hardware.health@2.1-impl-gs101: Starting health HAL.
10-24 21:41:43.557 1013 1013 I android.hardware.health-service.gs101: default instance initializing with healthd_config...
10-24 21:41:43.558 993 1026 I ServiceManager: Waiting for service 'power.stats-vendor' on '/dev/binder'...
10-24 21:41:43.558 530 530 I servicemanager: Found android.hardware.health.IHealth/default in device VINTF manifest.
10-24 21:41:43.559 1013 1013 I android.hardware.health-service.gs101: default: Hal init done
10-24 21:41:43.562 1014 1014 I android.hardware.identity-service: kGcmChunkSize: 1792
10-24 21:41:43.562 530 530 I servicemanager: Found android.hardware.identity.IIdentityCredentialStore/default in device VINTF manifest.
10-24 21:41:43.567 1022 1022 D secure_element@1.2-uicc-service: SE HAL Service 1.2 is starting.
10-24 21:41:43.568 1022 1022 D secure_element@1.2-uicc-service: RegisterAsService for SIM1
10-24 21:41:43.569 1022 1022 I HidlServiceManagement: Registered android.hardware.secure_element@1.2::ISecureElement/SIM1
10-24 21:41:43.569 1022 1022 I HidlServiceManagement: Removing namespace from process name android.hardware.secure_element@1.2-uicc-service to secure_element@1.2-uicc-service.
10-24 21:41:43.569 1022 1022 D secure_element@1.2-uicc-service: RegisterAsService for SIM2
10-24 21:41:43.570 1022 1022 I HidlServiceManagement: Registered android.hardware.secure_element@1.2::ISecureElement/SIM2
10-24 21:41:43.570 1022 1022 I HidlServiceManagement: Removing namespace from process name android.hardware.secure_element@1.2-uicc-service to secure_element@1.2-uicc-service.
10-24 21:41:43.570 1013 1013 I android.hardware.health@2.1-impl-gs101: ufs: ufs 310 detected
10-24 21:41:43.570 1022 1022 D secure_element@1.2-uicc-service: Secure Element Service is ready
10-24 21:41:43.571 1013 1013 I android.hardware.health@2.1-impl-gs101: ufs: eol=1 lifetimeA=1 lifetimeB=1
10-24 21:41:43.571 1013 1013 I android.hardware.health-service.gs101: Recording a sample at time 4
10-24 21:41:43.571 1021 1021 D android.hardware.secure_element@1.2-service-gto: android::hardware::secure_element::V1_2 is starting.
10-24 21:41:43.571 1021 1021 D android.hardware.secure_element@1.2-service-gto: Thales Secure Element HAL for eSE1 Service 1.6.0 is starting. libse-gto v1.13
10-24 21:41:43.572 1013 1013 I android.hardware.health-service.gs101: persist.vendor.shutdown.voltage_avg property contents:
10-24 21:41:43.577 971 971 D nativeloader: Load libicu_jni.so using APEX ns com_android_art for caller /apex/com.android.art/javalib/core-oj.jar: ok
10-24 21:41:43.582 1019 1019 I android.hardware.power.stats-service.pixel: Pixel PowerStats HAL AIDL Service is starting.
10-24 21:41:43.582 1019 1019 E android.hardware.power.stats-service.pixel: Failed to write: CONFIG_COMPLETE to: /sys/bus/iio/devices/iio:device1/enabled_rails
10-24 21:41:43.582 1019 1019 E android.hardware.power.stats-service.pixel: Failed to write: CONFIG_COMPLETE to: /sys/bus/iio/devices/iio:device0/enabled_rails
10-24 21:41:43.583 1019 1019 E android.hardware.power.stats-service.pixel: Failed to create PowerStatsEnergyConsumer for GPS
10-24 21:41:43.584 530 530 I servicemanager: Found android.hardware.power.stats.IPowerStats/default in device VINTF manifest.
10-24 21:41:43.584 1028 1038 W libPixelUsbOverheat:
10-24 21:41:43.586 530 530 I servicemanager: Found android.hardware.usb.IUsb/default in device VINTF manifest.
10-24 21:41:43.587 971 971 D zygote64: Time zone APEX ICU file found: /apex/com.android.tzdata/etc/icu/icu_tzdata.dat
10-24 21:41:43.591 971 971 D zygote64: I18n APEX ICU file found: /apex/com.android.i18n/etc/icu/icudt70l.dat
10-24 21:41:43.591 1029 1029 I HidlServiceManagement: Registered android.hardware.usb.gadget@1.2::IUsbGadget/default
10-24 21:41:43.591 1029 1029 I HidlServiceManagement: Removing namespace from process name android.hardware.usb.gadget-service.gs101 to gadget-service.gs101.
10-24 21:41:43.592 1029 1029 I android.hardware.usb.gadget-service.gs101: USB gadget HAL Ready.
10-24 21:41:43.604 971 971 D nativeloader: Load libjavacore.so using APEX ns com_android_art for caller /apex/com.android.art/javalib/core-oj.jar: ok
10-24 21:41:43.607 1036 1036 I android.hardware.nfc-service.st: NFC AIDL HAL Service is starting up
10-24 21:41:43.609 1039 1039 I qorvo.uwb.hal.Main: UWB HAL starting, version debe0e8
10-24 21:41:43.610 530 530 I servicemanager: Found hardware.qorvo.uwb.IUwbVendor/default in device VINTF manifest.
10-24 21:41:43.611 530 530 I servicemanager: Found android.hardware.uwb.IUwb/default in device VINTF manifest.
10-24 21:41:43.612 530 530 I servicemanager: Found com.google.edgetpu.IEdgeTpuAppService/default in framework VINTF manifest.
10-24 21:41:43.612 971 971 D nativeloader: Load libopenjdk.so using APEX ns com_android_art for caller /apex/com.android.art/javalib/core-oj.jar: ok
10-24 21:41:43.614 1036 1036 I android.hardware.nfc-service.st: ST NFC HAL STReset starting.
10-24 21:41:43.614 1036 1036 D STResetTool: STResetTool version boot_reset 0x100000B esim reset=noneed
10-24 21:41:43.614 1036 1036 I android.hardware.nfc-service.st: STReset Result= 0
10-24 21:41:43.614 1036 1036 I android.hardware.nfc-service.st: ST NFC HAL STReset Done.
10-24 21:41:43.615 530 530 I servicemanager: Found android.hardware.nfc.INfc/default in device VINTF manifest.
10-24 21:41:43.615 530 530 I servicemanager: Found android.hardware.memtrack.IMemtrack/default in device VINTF manifest.
10-24 21:41:43.617 970 970 I NetdUpdatable: Networking BPF programs are loaded
10-24 21:41:43.617 970 970 I NetdUpdatable: BPF programs are loaded
10-24 21:41:43.618 970 970 I NetdUpdatable: initMaps successfully
10-24 21:41:43.618 970 970 I netd : libnetd_updatable_init success
10-24 21:41:43.618 970 970 I netd : NetlinkManager instanced
10-24 21:41:43.618 970 970 I netd : enter NetworkController ctor
10-24 21:41:43.619 970 970 E TcUtils : NLMSG_ERROR message return error: -2
10-24 21:41:43.619 970 970 E TcUtils : NLMSG_ERROR message return error: -2
10-24 21:41:43.619 970 970 E TcUtils : NLMSG_ERROR message return error: -2
10-24 21:41:43.619 970 970 E TcUtils : NLMSG_ERROR message return error: -2
10-24 21:41:43.619 970 970 E TcUtils : NLMSG_ERROR message return error: -2
10-24 21:41:43.619 970 970 E TcUtils : NLMSG_ERROR message return error: -2
10-24 21:41:43.619 970 970 E TcUtils : NLMSG_ERROR message return error: -2
10-24 21:41:43.619 970 970 E TcUtils : NLMSG_ERROR message return error: -2
10-24 21:41:43.619 970 970 E TcUtils : NLMSG_ERROR message return error: -2
10-24 21:41:43.619 970 970 E TcUtils : NLMSG_ERROR message return error: -2
10-24 21:41:43.619 970 970 E TcUtils : NLMSG_ERROR message return error: -2
10-24 21:41:43.619 970 970 E TcUtils : NLMSG_ERROR message return error: -2
10-24 21:41:43.619 970 970 E TcUtils : NLMSG_ERROR message return error: -2
10-24 21:41:43.619 970 970 E TcUtils : NLMSG_ERROR message return error: -2
10-24 21:41:43.619 970 970 E TcUtils : NLMSG_ERROR message return error: -2
10-24 21:41:43.619 970 970 E TcUtils : NLMSG_ERROR message return error: -2
10-24 21:41:43.619 970 970 E TcUtils : NLMSG_ERROR message return error: -2
10-24 21:41:43.619 970 970 E TcUtils : NLMSG_ERROR message return error: -2
10-24 21:41:43.619 970 970 E TcUtils : NLMSG_ERROR message return error: -2
10-24 21:41:43.619 970 970 E TcUtils : NLMSG_ERROR message return error: -2
10-24 21:41:43.619 970 970 E TcUtils : NLMSG_ERROR message return error: -2
10-24 21:41:43.619 970 970 E TcUtils : NLMSG_ERROR message return error: -2
10-24 21:41:43.619 970 970 E TcUtils : NLMSG_ERROR message return error: -2
10-24 21:41:43.619 970 970 E TcUtils : NLMSG_ERROR message return error: -2
10-24 21:41:43.619 970 970 E TcUtils : NLMSG_ERROR message return error: -2
10-24 21:41:43.619 970 970 E TcUtils : NLMSG_ERROR message return error: -2
10-24 21:41:43.619 970 970 E TcUtils : NLMSG_ERROR message return error: -2
10-24 21:41:43.619 970 970 E TcUtils : NLMSG_ERROR message return error: -2
10-24 21:41:43.619 970 970 E TcUtils : NLMSG_ERROR message return error: -2
10-24 21:41:43.619 970 970 E TcUtils : NLMSG_ERROR message return error: -2
10-24 21:41:43.619 970 970 E TcUtils : NLMSG_ERROR message return error: -2
10-24 21:41:43.619 970 970 E TcUtils : NLMSG_ERROR message return error: -2
10-24 21:41:43.619 970 970 E TcUtils : NLMSG_ERROR message return error: -2
10-24 21:41:43.619 970 970 E TcUtils : NLMSG_ERROR message return error: -2
10-24 21:41:43.619 970 970 E TcUtils : NLMSG_ERROR message return error: -2
10-24 21:41:43.619 970 970 E TcUtils : NLMSG_ERROR message return error: -2
10-24 21:41:43.619 970 970 E TcUtils : NLMSG_ERROR message return error: -2
10-24 21:41:43.619 970 970 E TcUtils : NLMSG_ERROR message return error: -2
10-24 21:41:43.619 970 970 E TcUtils : NLMSG_ERROR message return error: -2
10-24 21:41:43.619 970 970 E TcUtils : NLMSG_ERROR message return error: -2
10-24 21:41:43.619 970 970 E TcUtils : NLMSG_ERROR message return error: -2
10-24 21:41:43.619 970 970 E TcUtils : NLMSG_ERROR message return error: -2
10-24 21:41:43.619 970 970 E TcUtils : NLMSG_ERROR message return error: -2
10-24 21:41:43.619 970 970 E TcUtils : NLMSG_ERROR message return error: -2
10-24 21:41:43.619 970 970 I netd : leave NetworkController ctor
10-24 21:41:43.619 970 970 I netd : enter TetherController ctor
10-24 21:41:43.619 970 970 D TetherController: Setting IP forward enable = 0
10-24 21:41:43.621 970 970 I netd : leave TetherController ctor
10-24 21:41:43.627 530 530 I servicemanager: Found vendor.google.google_battery.IGoogleBattery/default in device VINTF manifest.
10-24 21:41:43.628 1023 1023 I usf_sensor_hal: Create USF sensors sub-hal instance
10-24 21:41:43.628 1023 1023 D usf_sensor_hal: Enter Init
10-24 21:41:43.635 1023 1023 E USF : Failed to open the gralloc HAL device with error -22.
10-24 21:41:43.635 1023 1023 I usf_sensor_hal: Gralloc services unavailable.
10-24 21:41:43.635 1023 1023 D USF : Initializing USF client.
10-24 21:41:43.636 972 972 I zn-zygisk-loader32: Zygisk library injected, version 1.2.2-437-3a6aabe-release
10-24 21:41:43.636 972 972 I zn-zygisk-loader32: use magisk socket /debug_ramdisk/.magisk/device/socket
10-24 21:41:43.636 972 972 I zn-zygisk-loader32: Start hooking
10-24 21:41:43.636 1023 1023 I usf_sensor_hal: Connecting to USF.
10-24 21:41:43.640 975 975 I zn-injector32: inject zygote 972 succeed
10-24 21:41:43.640 971 971 I zygote64: Using memfd for future sealing
10-24 21:41:43.641 927 974 I zn-daemon64: ** inject success for 972
10-24 21:41:43.641 927 974 I zn-daemon64: ** write prop
10-24 21:41:43.642 972 972 D AndroidRuntime: >>>>>> START com.android.internal.os.ZygoteInit uid 0 <<<<<<
10-24 21:41:43.647 1051 1051 I WirelessCharger@1.3: WirelessCharger HAL is starting
10-24 21:41:43.647 1051 1051 D wlcproto: Using DEV /sys/class/power_supply/wireless/device, PSP /sys/class/power_supply/wireless
10-24 21:41:43.647 1051 1051 D rtxproto: Using DEV /sys/class/power_supply/wireless/device, PSP /sys/class/power_supply/wireless
10-24 21:41:43.647 1051 1051 I vendor.google.wireless_charger@1.3-service-vendor: WirelessEventThread started
10-24 21:41:43.648 1051 1051 I HidlServiceManagement: Registered vendor.google.wireless_charger@1.3::IWirelessCharger/default
10-24 21:41:43.648 1051 1051 I HidlServiceManagement: Removing namespace from process name vendor.google.wireless_charger@1.3-service-vendor to wireless_charger@1.3-service-vendor.
10-24 21:41:43.649 1051 1051 I WirelessCharger@1.3: WirelessCharger HAL is started
10-24 21:41:43.649 1030 1030 I android.hardware.weaver@1.0-service.citadel: Weaver HAL service starting
10-24 21:41:43.650 461 461 W libc : Unable to set property "ro.boot.wificountrycode" to "00": error code: 0xb
10-24 21:41:43.652 1030 1030 I HidlServiceManagement: Registered android.hardware.weaver@1.0::IWeaver/default
10-24 21:41:43.652 1030 1030 I HidlServiceManagement: Removing namespace from process name android.hardware.weaver@1.0-service.citadel to weaver@1.0-service.citadel.
10-24 21:41:43.652 1030 1030 I HidlServiceManagement: Registered android.hardware.oemlock@1.0::IOemLock/default
10-24 21:41:43.654 1030 1030 I HidlServiceManagement: Registered android.hardware.authsecret@1.0::IAuthSecret/default
10-24 21:41:43.656 970 970 I netd : Creating child chains: 25944us
10-24 21:41:43.656 970 970 I netd : Setting up OEM hooks: 67us
10-24 21:41:43.656 970 970 I netd : Setting up FirewallController hooks: 345us
10-24 21:41:43.658 1044 1044 D AudioMetricExt: AudioMetricExt initialized
10-24 21:41:43.658 1044 1044 D AudioMetricExt: AudioMetricExt is starting
10-24 21:41:43.658 1047 1047 I HidlServiceManagement: Registered vendor.google.radioext@1.3::IRadioExt/default
10-24 21:41:43.658 1047 1047 I HidlServiceManagement: Removing namespace from process name vendor.google.radioext@1.0-service to radioext@1.0-service.
10-24 21:41:43.658 993 1026 I ServiceManager: Waiting for service 'power.stats-vendor' on '/dev/binder' successful after waiting 100ms
10-24 21:41:43.659 1044 1044 I HidlServiceManagement: Registered vendor.google.audiometricext@1.0::IAudioMetricExt/default
10-24 21:41:43.659 1044 1044 I HidlServiceManagement: Removing namespace from process name vendor.google.audiometricext@1.0-service-vendor to audiometricext@1.0-service-vendor.
10-24 21:41:43.659 1044 1044 I AudioMetricExt: AudioMetricExt is started
10-24 21:41:43.660 970 970 I netd : Setting up TetherController hooks: 3329us
10-24 21:41:43.661 970 970 I netd : Setting up BandwidthController hooks: 1549us
10-24 21:41:43.661 970 970 I netd : Setting up IdletimerController hooks: 43us
10-24 21:41:43.665 1032 1032 I HidlServiceManagement: Registered android.hardware.media.c2@1.0::IComponentStore/default1
10-24 21:41:43.670 1064 1064 I modem_svc: IO handler started
10-24 21:41:43.670 1064 1088 I modem_svc: Open IO channel, fd: 4 channel: /dev/oem_ipc1
10-24 21:41:43.670 1064 1088 E modem_svc: MODEM_BOOT ioctl fd is invalid
10-24 21:41:43.676 1064 1087 I modem_svc: Start modem state monitoring
10-24 21:41:43.676 1064 1087 I modem_svc: Poll timeout. interval=0
10-24 21:41:43.676 1064 1087 I modem_svc: Modem state changed from -1 to 0
10-24 21:41:43.677 970 970 I netd : Setting up StrictController hooks: 15453us
10-24 21:41:43.679 972 972 I zygote : MMAP_TRYLOCK is not supported in uffd addr:0xf3a30000 page-size:4096
10-24 21:41:43.680 1043 1043 D vendor.dolby.media.c2@1.0-service: vendor.dolby.media.c2@1.0-service starting...
10-24 21:41:43.681 1043 1043 D vendor.dolby.media.c2@1.0-service: Instantiating Dolby Codec2's IComponentStore service...
10-24 21:41:43.683 1043 1043 I HidlServiceManagement: Registered android.hardware.media.c2@1.0::IComponentStore/default2
10-24 21:41:43.683 1043 1043 I vendor.dolby.media.c2@1.0-service: Dolby Codec2's IComponentStore service created.
10-24 21:41:43.683 970 970 I netd : Enabling bandwidth control: 6207us
10-24 21:41:43.684 1076 1076 I gsid : no DSU: No such file or directory
10-24 21:41:43.684 970 970 I netd : Initializing RouteController: 958us
10-24 21:41:43.684 970 970 D XfrmController: XfrmController::ipSecAddXfrmInterface, line=1480
10-24 21:41:43.684 1042 1042 I samsung.hardware.media.c2@1.0-service: media hwcodec service starting
10-24 21:41:43.684 970 970 D XfrmController: XfrmController::ipSecRemoveTunnelInterface, line=1693
10-24 21:41:43.684 970 970 D XfrmController: deviceName=ipsec_test
10-24 21:41:43.687 1042 1042 W samsung.hardware.media.c2@1.0-service: libminijail[1042]: failed to get path of fd 4: No such file or directory
10-24 21:41:43.687 1042 1042 W samsung.hardware.media.c2@1.0-service: libminijail[1042]: allowing syscall: connect
10-24 21:41:43.687 1042 1042 W samsung.hardware.media.c2@1.0-service: libminijail[1042]: allowing syscall: fcntl
10-24 21:41:43.687 1042 1042 W samsung.hardware.media.c2@1.0-service: libminijail[1042]: allowing syscall: sendto
10-24 21:41:43.687 1042 1042 W samsung.hardware.media.c2@1.0-service: libminijail[1042]: allowing syscall: socket
10-24 21:41:43.687 1042 1042 W samsung.hardware.media.c2@1.0-service: libminijail[1042]: allowing syscall: writev
10-24 21:41:43.687 1042 1042 W samsung.hardware.media.c2@1.0-service: libminijail[1042]: compile_file: (28): nonexistent syscall 'mmap2'
10-24 21:41:43.687 1042 1042 W samsung.hardware.media.c2@1.0-service: libminijail[1042]: compile_file: (32): nonexistent syscall 'ftruncate64'
10-24 21:41:43.687 1042 1042 W samsung.hardware.media.c2@1.0-service: libminijail[1042]: compile_file: (48): nonexistent syscall 'getuid32'
10-24 21:41:43.687 1042 1042 W samsung.hardware.media.c2@1.0-service: libminijail[1042]: compile_file: (49): nonexistent syscall 'fstat64'
10-24 21:41:43.687 1042 1042 W samsung.hardware.media.c2@1.0-service: libminijail[1042]: compile_file: (50): nonexistent syscall 'fstatfs64'
10-24 21:41:43.687 1042 1042 W samsung.hardware.media.c2@1.0-service: libminijail[1042]: compile_file: (65): nonexistent syscall '_llseek'
10-24 21:41:43.687 1042 1042 W samsung.hardware.media.c2@1.0-service: libminijail[1042]: compile_file: (68): nonexistent syscall 'statfs64'
10-24 21:41:43.687 1042 1042 W samsung.hardware.media.c2@1.0-service: libminijail[1042]: compile_file: (70): nonexistent syscall 'fstatat64'
10-24 21:41:43.687 1042 1042 W samsung.hardware.media.c2@1.0-service: libminijail[1042]: compile_file: (71): nonexistent syscall 'ugetrlimit'
10-24 21:41:43.687 1042 1042 W samsung.hardware.media.c2@1.0-service: libminijail[1042]: compile_file: (73): syscall getrandom redefined here
10-24 21:41:43.687 1042 1042 W samsung.hardware.media.c2@1.0-service: libminijail[1042]: compile_file: (29): previous definition here
10-24 21:41:43.687 1042 1042 W samsung.hardware.media.c2@1.0-service: libminijail[1042]: compile_file: /system/etc/seccomp_policy/crash_dump.arm.policy(1): syscall read redefined here
10-24 21:41:43.687 1042 1042 W samsung.hardware.media.c2@1.0-service: libminijail[1042]: compile_file: (23): previous definition here
10-24 21:41:43.687 1042 1042 W samsung.hardware.media.c2@1.0-service: libminijail[1042]: compile_file: /system/etc/seccomp_policy/crash_dump.arm.policy(2): syscall write redefined here
10-24 21:41:43.687 1042 1042 W samsung.hardware.media.c2@1.0-service: libminijail[1042]: compile_file: (19): previous definition here
10-24 21:41:43.687 1042 1042 W samsung.hardware.media.c2@1.0-service: libminijail[1042]: compile_file: /system/etc/seccomp_policy/crash_dump.arm.policy(3): syscall exit redefined here
10-24 21:41:43.687 1042 1042 W samsung.hardware.media.c2@1.0-service: libminijail[1042]: compile_file: (54): previous definition here
10-24 21:41:43.687 1042 1042 W samsung.hardware.media.c2@1.0-service: libminijail[1042]: compile_file: /system/etc/seccomp_policy/crash_dump.arm.policy(4): syscall rt_sigreturn redefined here
10-24 21:41:43.687 1042 1042 W samsung.hardware.media.c2@1.0-service: libminijail[1042]: compile_file: (59): previous definition here
10-24 21:41:43.687 1042 1042 W samsung.hardware.media.c2@1.0-service: libminijail[1042]: compile_file: /system/etc/seccomp_policy/crash_dump.arm.policy(5): nonexistent syscall 'sigreturn'
10-24 21:41:43.687 1042 1042 W samsung.hardware.media.c2@1.0-service: libminijail[1042]: compile_file: /system/etc/seccomp_policy/crash_dump.arm.policy(6): syscall exit_group redefined here
10-24 21:41:43.687 1042 1042 W samsung.hardware.media.c2@1.0-service: libminijail[1042]: compile_file: (58): previous definition here
10-24 21:41:43.687 1042 1042 W samsung.hardware.media.c2@1.0-service: libminijail[1042]: compile_file: /system/etc/seccomp_policy/crash_dump.arm.policy(7): syscall clock_gettime redefined here
10-24 21:41:43.687 1042 1042 W samsung.hardware.media.c2@1.0-service: libminijail[1042]: compile_file: (21): previous definition here
10-24 21:41:43.687 1042 1042 W samsung.hardware.media.c2@1.0-service: libminijail[1042]: compile_file: /system/etc/seccomp_policy/crash_dump.arm.policy(8): syscall gettimeofday redefined here
10-24 21:41:43.687 1042 1042 W samsung.hardware.media.c2@1.0-service: libminijail[1042]: compile_file: (61): previous definition here
10-24 21:41:43.687 1042 1042 W samsung.hardware.media.c2@1.0-service: libminijail[1042]: compile_file: /system/etc/seccomp_policy/crash_dump.arm.policy(9): syscall futex redefined here
10-24 21:41:43.687 1042 1042 W samsung.hardware.media.c2@1.0-service: libminijail[1042]: compile_file: (17): previous definition here
10-24 21:41:43.687 1042 1042 W samsung.hardware.media.c2@1.0-service: libminijail[1042]: compile_file: /system/etc/seccomp_policy/crash_dump.arm.policy(10): syscall getrandom redefined here
10-24 21:41:43.687 1042 1042 W samsung.hardware.media.c2@1.0-service: libminijail[1042]: compile_file: (29): previous definition here
10-24 21:41:43.687 1042 1042 W samsung.hardware.media.c2@1.0-service: libminijail[1042]: compile_file: /system/etc/seccomp_policy/crash_dump.arm.policy(13): syscall ppoll redefined here
10-24 21:41:43.687 1042 1042 W samsung.hardware.media.c2@1.0-service: libminijail[1042]: compile_file: (27): previous definition here
10-24 21:41:43.687 1042 1042 W samsung.hardware.media.c2@1.0-service: libminijail[1042]: compile_file: /system/etc/seccomp_policy/crash_dump.arm.policy(14): syscall pipe2 redefined here
10-24 21:41:43.687 1042 1042 W samsung.hardware.media.c2@1.0-service: libminijail[1042]: compile_file: (60): previous definition here
10-24 21:41:43.688 1042 1042 W samsung.hardware.media.c2@1.0-service: libminijail[1042]: compile_file: /system/etc/seccomp_policy/crash_dump.arm.policy(15): syscall openat redefined here
10-24 21:41:43.688 1042 1042 W samsung.hardware.media.c2@1.0-service: libminijail[1042]: compile_file: (44): previous definition here
10-24 21:41:43.688 1042 1042 W samsung.hardware.media.c2@1.0-service: libminijail[1042]: compile_file: /system/etc/seccomp_policy/crash_dump.arm.policy(16): syscall dup redefined here
10-24 21:41:43.688 1042 1042 W samsung.hardware.media.c2@1.0-service: libminijail[1042]: compile_file: (26): previous definition here
10-24 21:41:43.688 1042 1042 W samsung.hardware.media.c2@1.0-service: libminijail[1042]: compile_file: /system/etc/seccomp_policy/crash_dump.arm.policy(17): syscall close redefined here
10-24 21:41:43.688 1042 1042 W samsung.hardware.media.c2@1.0-service: libminijail[1042]: compile_file: (24): previous definition here
10-24 21:41:43.688 1042 1042 W samsung.hardware.media.c2@1.0-service: libminijail[1042]: compile_file: /system/etc/seccomp_policy/crash_dump.arm.policy(18): syscall lseek redefined here
10-24 21:41:43.688 1042 1042 W samsung.hardware.media.c2@1.0-service: libminijail[1042]: compile_file: (64): previous definition here
10-24 21:41:43.688 1042 1042 W samsung.hardware.media.c2@1.0-service: libminijail[1042]: compile_file: /system/etc/seccomp_policy/crash_dump.arm.policy(19): syscall getdents64 redefined here
10-24 21:41:43.688 1042 1042 W samsung.hardware.media.c2@1.0-service: libminijail[1042]: compile_file: (72): previous definition here
10-24 21:41:43.688 1042 1042 W samsung.hardware.media.c2@1.0-service: libminijail[1042]: compile_file: /system/etc/seccomp_policy/crash_dump.arm.policy(20): syscall faccessat redefined here
10-24 21:41:43.688 1042 1042 W samsung.hardware.media.c2@1.0-service: libminijail[1042]: compile_file: (52): previous definition here
10-24 21:41:43.688 1042 1042 W samsung.hardware.media.c2@1.0-service: libminijail[1042]: compile_file: /system/etc/seccomp_policy/crash_dump.arm.policy(26): syscall rt_sigprocmask redefined here
10-24 21:41:43.688 1042 1042 W samsung.hardware.media.c2@1.0-service: libminijail[1042]: compile_file: (55): previous definition here
10-24 21:41:43.688 1042 1042 W samsung.hardware.media.c2@1.0-service: libminijail[1042]: compile_file: /system/etc/seccomp_policy/crash_dump.arm.policy(29): syscall prctl redefined here
10-24 21:41:43.688 1042 1042 W samsung.hardware.media.c2@1.0-service: libminijail[1042]: compile_file: (20): previous definition here
