10-24 21:41:47.514 1637 1880 I SensorService: Camera V-Sync 1's reported power 0.000000 invalid, clamped to 0.001000
10-24 21:41:47.514 1637 1880 I SensorService: Camera V-Sync 2's reported power 0.000000 invalid, clamped to 0.001000
10-24 21:41:47.514 1637 1880 I SensorService: Camera V-Sync 3's reported power 0.000000 invalid, clamped to 0.001000
10-24 21:41:47.514 1637 1880 I SensorService: VD6282 Rear Light Sensor's reported power 0.000000 invalid, clamped to 0.001000
10-24 21:41:47.514 1637 1880 I SensorService: Double Twist (wake-up)'s reported power 0.000000 invalid, clamped to 0.001000
10-24 21:41:47.514 1637 1880 I SensorService: Binned Brightness (wake-up)'s reported power 0.000000 invalid, clamped to 0.001000
10-24 21:41:47.514 1637 1880 I SensorService: Proximity Gated Single Tap Gesture (wake-up)'s reported power 0.000000 invalid, clamped to 0.001000
10-24 21:41:47.514 1637 1880 I SensorService: Proximity Gated Long Press Gesture (wake-up)'s reported power 0.000000 invalid, clamped to 0.001000
10-24 21:41:47.514 1637 1880 I SensorService: Quick Pickup Sensor (wake-up)'s reported power 0.000000 invalid, clamped to 0.001000
10-24 21:41:47.514 1637 1880 I SensorService: Auto Brightness's reported power 0.000000 invalid, clamped to 0.001000
10-24 21:41:47.514 1003 1003 D USF : Initializing USF client.
10-24 21:41:47.514 587 721 D BootAnimation: Playing files = /product/media/bootanimation-dark.zip/part2, Requested repeat = 180, playUntilComplete = false
10-24 21:41:47.515 1003 1003 I USF : USF_API: Connecting to USF.
10-24 21:41:47.515 1003 1003 I USF : USF_API: Successfully connected to USF after 0 retries.
10-24 21:41:47.516 1267 1267 D AOC : A3:MSG: efw_transport.cc, 391: USF: Creating new transport for channel 6 type 0.
10-24 21:41:47.516 1267 1267 D AOC : A3:MSG: efw_transport.cc, 391: USF: Creating new transport for channel 7 type 1.
10-24 21:41:47.517 1637 1887 D SensorService: new thread SensorEventAckReceiver
10-24 21:41:47.517 1637 1888 D SensorService: nuSensorService thread starting...
10-24 21:41:47.517 1637 1880 V HistoricalRegistry: Interaction before persistence initialized
10-24 21:41:47.524 531 531 I hwservicemanager: getTransport: Cannot find entry android.hardware.light@2.0::ILight/default in either framework or device VINTF manifest.
10-24 21:41:47.524 531 531 I hwservicemanager: getTransport: Cannot find entry android.hardware.audio.effect@7.1::IEffectsFactory/default in either framework or device VINTF manifest.
10-24 21:41:47.525 1176 1179 I WPKTRT : process_link_down_or_deleted: dit0 is deactivated
10-24 21:41:47.525 990 990 I EffectsFactory: EffectCreate() create_effect
10-24 21:41:47.525 990 990 I DecibelSpatializer: Spatializer_Configure outputCfg.channels 0x3 inputCfg.channels 0x3f
10-24 21:41:47.527 1637 1637 I HealthServiceWrapperAidl: health: HealthServiceWrapper listening to AIDL HAL
10-24 21:41:47.527 1637 1637 I BatteryService: health: Waited 0ms and received the update.
10-24 21:41:47.527 1637 1637 D SystemServerTiming: StartUsageService
10-24 21:41:47.528 1637 1637 I SystemServiceManager: Starting com.android.server.usage.UsageStatsService
10-24 21:41:47.531 587 721 D BootAnimation: Playing files = /product/media/bootanimation-dark.zip/part2, Requested repeat = 180, playUntilComplete = false
10-24 21:41:47.532 990 990 I DecibelSpatializer: Spatializer_GetDescriptor
10-24 21:41:47.532 990 990 I DecibelSpatializer: Spatializer_GetDescriptor
10-24 21:41:47.532 1056 1056 D EffectHalHidl: EffectHalHidl: audio.spatializer.priority 1 on effect 1
10-24 21:41:47.532 1056 1056 I Spatializer: create FX create status 0 effect ID 1
10-24 21:41:47.534 1637 1637 D SystemServerTiming: StartWebViewUpdateService
10-24 21:41:47.534 1637 1637 I SystemServiceManager: Starting com.android.server.webkit.WebViewUpdateService
10-24 21:41:47.535 1637 1637 D SystemServerTiming: StartCachedDeviceStateService
10-24 21:41:47.535 1637 1637 I SystemServiceManager: Starting com.android.server.CachedDeviceStateService
10-24 21:41:47.535 1637 1637 D SystemServerTiming: StartBinderCallsStatsService
10-24 21:41:47.535 1637 1637 I SystemServiceManager: Starting com.android.server.BinderCallsStatsService$LifeCycle
10-24 21:41:47.535 1196 1871 W AudioAnalytics: onAudioServerStart: (key=audio.policy) AudioPolicy ctor, loadTimeMs:3463.950928
10-24 21:41:47.535 1637 1637 D SystemServerTiming: StartLooperStatsService
10-24 21:41:47.535 1637 1637 I SystemServiceManager: Starting com.android.server.LooperStatsService$Lifecycle
10-24 21:41:47.536 1637 1637 D SystemServerTiming: StartRollbackManagerService
10-24 21:41:47.536 1637 1637 I SystemServiceManager: Starting com.android.server.rollback.RollbackManagerService
10-24 21:41:47.537 1194 1874 D installd: Found quota mount /dev/block/dm-42 at /data
10-24 21:41:47.537 1194 1874 D installd: Found quota mount /dev/block/dm-42 at /data/user/0
10-24 21:41:47.537 1194 1874 D installd: Found quota mount /dev/block/dm-42 at /product/app/MicropaperPrebuilt/MicropaperPrebuilt.apk
10-24 21:41:47.537 1194 1874 D installd: Found quota mount /dev/block/dm-42 at /product/etc/default-permissions/pixelify.xml
10-24 21:41:47.537 1194 1874 D installd: Found quota mount /dev/block/dm-42 at /product/etc/permissions/com.google.android.apps.dialer.call_recording_audio.xml
10-24 21:41:47.537 1194 1874 D installd: Found quota mount /dev/block/dm-42 at /product/etc/permissions/com.google.android.dialer.support.xml
10-24 21:41:47.537 1194 1874 D installd: Found quota mount /dev/block/dm-42 at /product/etc/permissions/privapp-permissions-com.google.android.apps.privacy.wildlife.xml
10-24 21:41:47.537 1194 1874 D installd: Found quota mount /dev/block/dm-42 at /product/etc/permissions/privapp-permissions-com.google.android.apps.weather.xml
10-24 21:41:47.537 1194 1874 D installd: Found quota mount /dev/block/dm-42 at /product/etc/permissions/privapp-permissions-com.google.android.dialer.xml
10-24 21:41:47.537 1194 1874 D installd: Found quota mount /dev/block/dm-42 at /product/etc/permissions/split-permissions-google.xml
10-24 21:41:47.537 1194 1874 D installd: Found quota mount /dev/block/dm-42 at /product/etc/sysconfig/GoogleCamera_6gb_or_more_ram.xml
10-24 21:41:47.537 1194 1874 D installd: Found quota mount /dev/block/dm-42 at /product/etc/sysconfig/adaptivecharging.xml
10-24 21:41:47.537 1194 1874 D installd: Found quota mount /dev/block/dm-42 at /product/etc/sysconfig/com.google.lens.feature.CAMERA_INTEGRATION.xml
10-24 21:41:47.537 1194 1874 D installd: Found quota mount /dev/block/dm-42 at /product/etc/sysconfig/dreamliner.xml
10-24 21:41:47.537 1194 1874 D installd: Found quota mount /dev/block/dm-42 at /product/etc/sysconfig/game_service.xml
10-24 21:41:47.537 1194 1874 D installd: Found quota mount /dev/block/dm-42 at /product/etc/sysconfig/google-hiddenapi-package-whitelist.xml
10-24 21:41:47.537 1194 1874 D installd: Found quota mount /dev/block/dm-42 at /product/etc/sysconfig/google_build.xml
10-24 21:41:47.537 1194 1874 D installd: Found quota mount /dev/block/dm-42 at /product/etc/sysconfig/pixel_2016_exclusive.xml
10-24 21:41:47.537 1194 1874 D installd: Found quota mount /dev/block/dm-42 at /product/etc/sysconfig/pixel_2017_exclusive.xml
10-24 21:41:47.537 1194 1874 D installd: Found quota mount /dev/block/dm-42 at /product/etc/sysconfig/pixel_2018_exclusive.xml
10-24 21:41:47.537 1194 1874 D installd: Found quota mount /dev/block/dm-42 at /product/etc/sysconfig/pixel_2019_exclusive.xml
10-24 21:41:47.537 1194 1874 D installd: Found quota mount /dev/block/dm-42 at /product/etc/sysconfig/pixel_experience_2017.xml
10-24 21:41:47.537 1194 1874 D installd: Found quota mount /dev/block/dm-42 at /product/etc/sysconfig/pixel_experience_2018.xml
10-24 21:41:47.537 1194 1874 D installd: Found quota mount /dev/block/dm-42 at /product/etc/sysconfig/pixel_experience_2019.xml
10-24 21:41:47.537 1194 1874 D installd: Found quota mount /dev/block/dm-42 at /product/etc/sysconfig/pixel_experience_2019_midyear.xml
10-24 21:41:47.537 1194 1874 D installd: Found quota mount /dev/block/dm-42 at /product/etc/sysconfig/pixel_experience_2020.xml
10-24 21:41:47.537 1194 1874 D installd: Found quota mount /dev/block/dm-42 at /product/etc/sysconfig/pixel_experience_2020_midyear.xml
10-24 21:41:47.537 1194 1874 D installd: Found quota mount /dev/block/dm-42 at /product/etc/sysconfig/pixel_experience_2021.xml
10-24 21:41:47.537 1194 1874 D installd: Found quota mount /dev/block/dm-42 at /product/etc/sysconfig/pixel_experience_2021_midyear.xml
10-24 21:41:47.537 1194 1874 D installd: Found quota mount /dev/block/dm-42 at /product/etc/sysconfig/pixel_experience_2022.xml
10-24 21:41:47.537 1194 1874 D installd: Found quota mount /dev/block/dm-42 at /product/etc/sysconfig/pixel_experience_2022_midyear.xml
10-24 21:41:47.537 1194 1874 D installd: Found quota mount /dev/block/dm-42 at /product/etc/sysconfig/pixel_experience_2023.xml
10-24 21:41:47.537 1194 1874 D installd: Found quota mount /dev/block/dm-42 at /product/etc/sysconfig/pixel_experience_2023_midyear.xml
10-24 21:41:47.537 1194 1874 D installd: Found quota mount /dev/block/dm-42 at /product/etc/sysconfig/pixelify-whitelist.xml
10-24 21:41:47.537 1194 1874 D installd: Found quota mount /dev/block/dm-42 at /product/etc/sysconfig/pixelify_experience.xml
10-24 21:41:47.538 1194 1874 D installd: Found quota mount /dev/block/dm-42 at /product/etc/sysconfig/preinstalled-packages-pixelify-overlays.xml
10-24 21:41:47.538 1194 1874 D installd: Found quota mount /dev/block/dm-42 at /product/etc/sysconfig/preinstalled-packages-platform-overlays.xml
10-24 21:41:47.538 1194 1874 D installd: Found quota mount /dev/block/dm-42 at /product/etc/sysconfig/preinstalled-packages-product-pixelify.xml
10-24 21:41:47.538 1194 1874 D installd: Found quota mount /dev/block/dm-42 at /product/etc/sysconfig/quick_tap.xml
10-24 21:41:47.538 1194 1874 D installd: Found quota mount /dev/block/dm-42 at /product/etc/sysconfig/sysconfig_com.google.android.as.xml
10-24 21:41:47.538 1194 1874 D installd: Found quota mount /dev/block/dm-42 at /product/framework/com.google.android.dialer.support.jar
10-24 21:41:47.538 1194 1874 D installd: Found quota mount /dev/block/dm-42 at /product/media/audio/alarms/A_real_hoot.ogg
10-24 21:41:47.538 1194 1874 D installd: Found quota mount /dev/block/dm-42 at /product/media/audio/alarms/Bright_morning.ogg
10-24 21:41:47.538 1194 1874 D installd: Found quota mount /dev/block/dm-42 at /product/media/audio/alarms/Cuckoo_clock.ogg
10-24 21:41:47.538 1194 1874 D installd: Found quota mount /dev/block/dm-42 at /product/media/audio/alarms/Early_twilight.ogg
10-24 21:41:47.538 1194 1874 D installd: Found quota mount /dev/block/dm-42 at /product/media/audio/alarms/Fresh_start.ogg
10-24 21:41:47.538 1194 1874 D installd: Found quota mount /dev/block/dm-42 at /product/media/audio/alarms/Full_of_wonder.ogg
10-24 21:41:47.538 1194 1874 D installd: Found quota mount /dev/block/dm-42 at /product/media/audio/alarms/Gentle_breeze.ogg
10-24 21:41:47.538 1194 1874 D installd: Found quota mount /dev/block/dm-42 at /product/media/audio/alarms/Icicles.ogg
10-24 21:41:47.538 1194 1874 D installd: Found quota mount /dev/block/dm-42 at /product/media/audio/alarms/Jump_start.ogg
10-24 21:41:47.538 1194 1874 D installd: Found quota mount /dev/block/dm-42 at /product/media/audio/alarms/Loose_change.ogg
10-24 21:41:47.538 1194 1874 D installd: Found quota mount /dev/block/dm-42 at /product/media/audio/alarms/Rolling_fog.ogg
10-24 21:41:47.538 1194 1874 D installd: Found quota mount /dev/block/dm-42 at /product/media/audio/alarms/Spokes.ogg
10-24 21:41:47.538 1194 1874 D installd: Found quota mount /dev/block/dm-42 at /product/media/audio/alarms/Sunshower.ogg
10-24 21:41:47.538 1194 1874 D installd: Found quota mount /dev/block/dm-42 at /product/media/audio/notifications/Beginning.ogg
10-24 21:41:47.538 1194 1874 D installd: Found quota mount /dev/block/dm-42 at /product/media/audio/notifications/Coconuts.ogg
10-24 21:41:47.538 1194 1874 D installd: Found quota mount /dev/block/dm-42 at /product/media/audio/notifications/Duet.ogg
10-24 21:41:47.538 1194 1874 D installd: Found quota mount /dev/block/dm-42 at /product/media/audio/notifications/End_note.ogg
10-24 21:41:47.538 1194 1874 D installd: Found quota mount /dev/block/dm-42 at /product/media/audio/notifications/Eureka.ogg
10-24 21:41:47.538 1194 1874 D installd: Found quota mount /dev/block/dm-42 at /product/media/audio/notifications/Gentle_gong.ogg
10-24 21:41:47.538 1194 1874 D installd: Found quota mount /dev/block/dm-42 at /product/media/audio/notifications/Mallet.ogg
10-24 21:41:47.538 1194 1874 D installd: Found quota mount /dev/block/dm-42 at /product/media/audio/notifications/Orders_up.ogg
10-24 21:41:47.538 1194 1874 D installd: Found quota mount /dev/block/dm-42 at /product/media/audio/notifications/Ping.ogg
10-24 21:41:47.538 1194 1874 D installd: Found quota mount /dev/block/dm-42 at /product/media/audio/notifications/Pipes.ogg
10-24 21:41:47.538 1194 1874 D installd: Found quota mount /dev/block/dm-42 at /product/media/audio/notifications/Popcorn.ogg
10-24 21:41:47.538 1194 1874 D installd: Found quota mount /dev/block/dm-42 at /product/media/audio/notifications/Shopkeeper.ogg
10-24 21:41:47.538 1194 1874 D installd: Found quota mount /dev/block/dm-42 at /product/media/audio/notifications/Sticks_and_stones.ogg
10-24 21:41:47.538 1194 1874 D installd: Found quota mount /dev/block/dm-42 at /product/media/audio/notifications/Tuneup.ogg
10-24 21:41:47.538 1194 1874 D installd: Found quota mount /dev/block/dm-42 at /product/media/audio/notifications/Tweeter.ogg
10-24 21:41:47.538 1194 1874 D installd: Found quota mount /dev/block/dm-42 at /product/media/audio/notifications/Twinkle.ogg
10-24 21:41:47.538 1194 1874 D installd: Found quota mount /dev/block/dm-42 at /product/media/audio/ringtones/Copycat.ogg
10-24 21:41:47.538 1194 1874 D installd: Found quota mount /dev/block/dm-42 at /product/media/audio/ringtones/Crackle.ogg
10-24 21:41:47.538 1194 1874 D installd: Found quota mount /dev/block/dm-42 at /product/media/audio/ringtones/Flutterby.ogg
10-24 21:41:47.538 1194 1874 D installd: Found quota mount /dev/block/dm-42 at /product/media/audio/ringtones/Hotline.ogg
10-24 21:41:47.538 1194 1874 D installd: Found quota mount /dev/block/dm-42 at /product/media/audio/ringtones/Leaps_and_bounds.ogg
10-24 21:41:47.538 1194 1874 D installd: Found quota mount /dev/block/dm-42 at /product/media/audio/ringtones/Lollipop.ogg
10-24 21:41:47.538 1194 1874 D installd: Found quota mount /dev/block/dm-42 at /product/media/audio/ringtones/Lost_and_found.ogg
10-24 21:41:47.538 1194 1874 D installd: Found quota mount /dev/block/dm-42 at /product/media/audio/ringtones/Mash_up.ogg
10-24 21:41:47.538 1194 1874 D installd: Found quota mount /dev/block/dm-42 at /product/media/audio/ringtones/Monkey_around.ogg
10-24 21:41:47.538 1194 1874 D installd: Found quota mount /dev/block/dm-42 at /product/media/audio/ringtones/Schools_out.ogg
10-24 21:41:47.538 1194 1874 D installd: Found quota mount /dev/block/dm-42 at /product/media/audio/ringtones/The_big_adventure.ogg
10-24 21:41:47.538 1194 1874 D installd: Found quota mount /dev/block/dm-42 at /product/media/audio/ringtones/Your_new_adventure.ogg
10-24 21:41:47.538 1194 1874 D installd: Found quota mount /dev/block/dm-42 at /product/media/audio/ringtones/Zen_too.ogg
10-24 21:41:47.538 1194 1874 D installd: Found quota mount /dev/block/dm-42 at /product/media/audio/ui/AttentionalHaptics.ogg
10-24 21:41:47.538 1194 1874 D installd: Found quota mount /dev/block/dm-42 at /product/media/audio/ui/ChargingStarted.ogg
10-24 21:41:47.538 1194 1874 D installd: Found quota mount /dev/block/dm-42 at /product/media/audio/ui/Dock.ogg
10-24 21:41:47.538 1194 1874 D installd: Found quota mount /dev/block/dm-42 at /product/media/audio/ui/Effect_Tick.ogg
10-24 21:41:47.538 1194 1874 D installd: Found quota mount /dev/block/dm-42 at /product/media/audio/ui/InCallNotification.ogg
10-24 21:41:47.538 1194 1874 D installd: Found quota mount /dev/block/dm-42 at /product/media/audio/ui/KeypressDelete.ogg
10-24 21:41:47.538 1194 1874 D installd: Found quota mount /dev/block/dm-42 at /product/media/audio/ui/KeypressInvalid.ogg
10-24 21:41:47.538 1194 1874 D installd: Found quota mount /dev/block/dm-42 at /product/media/audio/ui/KeypressReturn.ogg
10-24 21:41:47.538 1194 1874 D installd: Found quota mount /dev/block/dm-42 at /product/media/audio/ui/KeypressSpacebar.ogg
10-24 21:41:47.538 1194 1874 D installd: Found quota mount /dev/block/dm-42 at /product/media/audio/ui/KeypressStandard.ogg
10-24 21:41:47.538 1194 1874 D installd: Found quota mount /dev/block/dm-42 at /product/media/audio/ui/Lock.ogg
10-24 21:41:47.538 1194 1874 D installd: Found quota mount /dev/block/dm-42 at /product/media/audio/ui/LowBattery.ogg
10-24 21:41:47.538 1194 1874 D installd: Found quota mount /dev/block/dm-42 at /product/media/audio/ui/NFCFailure.ogg
10-24 21:41:47.538 1194 1874 D installd: Found quota mount /dev/block/dm-42 at /product/media/audio/ui/NFCInitiated.ogg
10-24 21:41:47.538 1194 1874 D installd: Found quota mount /dev/block/dm-42 at /product/media/audio/ui/NFCSuccess.ogg
10-24 21:41:47.538 1194 1874 D installd: Found quota mount /dev/block/dm-42 at /product/media/audio/ui/NFCTransferComplete.ogg
10-24 21:41:47.538 1194 1874 D installd: Found quota mount /dev/block/dm-42 at /product/media/audio/ui/NFCTransferInitiated.ogg
10-24 21:41:47.538 1194 1874 D installd: Found quota mount /dev/block/dm-42 at /product/media/audio/ui/Trusted.ogg
10-24 21:41:47.538 1194 1874 D installd: Found quota mount /dev/block/dm-42 at /product/media/audio/ui/Undock.ogg
10-24 21:41:47.538 1194 1874 D installd: Found quota mount /dev/block/dm-42 at /product/media/audio/ui/Unlock.ogg
10-24 21:41:47.538 1194 1874 D installd: Found quota mount /dev/block/dm-42 at /product/media/audio/ui/VideoRecord.ogg
10-24 21:41:47.538 1194 1874 D installd: Found quota mount /dev/block/dm-42 at /product/media/audio/ui/VideoStop.ogg
10-24 21:41:47.538 1194 1874 D installd: Found quota mount /dev/block/dm-42 at /product/media/audio/ui/WirelessChargingStarted.ogg
10-24 21:41:47.538 1194 1874 D installd: Found quota mount /dev/block/dm-42 at /product/media/audio/ui/audio_end.ogg
10-24 21:41:47.538 1194 1874 D installd: Found quota mount /dev/block/dm-42 at /product/media/audio/ui/audio_initiate.ogg
10-24 21:41:47.538 1194 1874 D installd: Found quota mount /dev/block/dm-42 at /product/media/audio/ui/camera_click.ogg
10-24 21:41:47.538 1194 1874 D installd: Found quota mount /dev/block/dm-42 at /product/media/audio/ui/camera_focus.ogg
10-24 21:41:47.538 1194 1874 D installd: Found quota mount /dev/block/dm-42 at /product/media/audio/ui/reverse_charging_end.ogg
10-24 21:41:47.538 1194 1874 D installd: Found quota mount /dev/block/dm-42 at /product/media/audio/ui/reverse_charging_start.ogg
10-24 21:41:47.538 1194 1874 D installd: Found quota mount /dev/block/dm-42 at /product/overlay/OneHandedModeGesturalOverlay/OneHandedModeGesturalOverlay.apk
10-24 21:41:47.538 1194 1874 D installd: Found quota mount /dev/block/dm-42 at /product/overlay/Pixelify.apk
10-24 21:41:47.538 1194 1874 D installd: Found quota mount /dev/block/dm-42 at /product/overlay/PixelifyDialer.apk
10-24 21:41:47.538 1194 1874 D installd: Found quota mount /dev/block/dm-42 at /product/overlay/PixelifyPixelS.apk
10-24 21:41:47.538 1194 1874 D installd: Found quota mount /dev/block/dm-42 at /product/overlay/PixelifySettingsOverlay.apk
10-24 21:41:47.538 1194 1874 D installd: Found quota mount /dev/block/dm-42 at /product/overlay/WildlifeSettingsVpnOverlay2022.apk
10-24 21:41:47.538 1194 1874 D installd: Found quota mount /dev/block/dm-42 at /product/overlay/WildlifeSysuiVpnOverlay2022.apk
10-24 21:41:47.538 1194 1874 D installd: Found quota mount /dev/block/dm-42 at /product/priv-app/AdaptiveVPNPrebuilt/AdaptiveVPNPrebuilt.apk
10-24 21:41:47.539 1194 1874 D installd: Found quota mount /dev/block/dm-42 at /product/priv-app/WeatherPixelPrebuilt/WeatherPixelPrebuilt.apk
10-24 21:41:47.539 1194 1874 D installd: Found quota mount /dev/block/dm-42 at /system/bin/curl
10-24 21:41:47.539 1194 1874 D installd: Found quota mount /dev/block/dm-42 at /system/bin/fp
10-24 21:41:47.539 1194 1874 D installd: Found quota mount /dev/block/dm-42 at /system/bin/pixelify
10-24 21:41:47.539 1214 1258 D DMD : ModemStateMonitor : Modem is ONLINE
10-24 21:41:47.540 1194 1874 D installd: Found quota mount /dev/block/dm-42 at /system/etc/sysconfig/pixel_2017_exclusive.xml
10-24 21:41:47.540 1194 1874 D installd: Found quota mount /dev/block/dm-42 at /system/etc/sysconfig/pixel_2018_exclusive.xml
10-24 21:41:47.540 1194 1874 D installd: Found quota mount /dev/block/dm-42 at /system/etc/sysconfig/pixel_2019_exclusive.xml
10-24 21:41:47.540 1194 1874 D installd: Found quota mount /dev/block/dm-42 at /system/etc/textclassifier/actions_suggestions.universal.model
10-24 21:41:47.540 1194 1874 D installd: Found quota mount /dev/block/dm-42 at /system/etc/textclassifier/lang_id.model
10-24 21:41:47.540 1194 1874 D installd: Found quota mount /dev/block/dm-42 at /system/etc/textclassifier/textclassifier.en.model
10-24 21:41:47.540 1194 1874 D installd: Found quota mount /dev/block/dm-42 at /system/etc/textclassifier/textclassifier.universal.model
10-24 21:41:47.540 1194 1874 D installd: Found quota mount /dev/block/dm-42 at /system/fonts/GInterVF-Italic.ttf
10-24 21:41:47.540 1194 1874 D installd: Found quota mount /dev/block/dm-42 at /system/fonts/GInterVF-Roman.ttf
10-24 21:41:47.540 1194 1874 D installd: Found quota mount /dev/block/dm-42 at /system/fonts/GoogleSans-Italic.ttf
10-24 21:41:47.540 1194 1874 D installd: Found quota mount /dev/block/dm-42 at /system/fonts/GoogleSans-Regular.ttf
10-24 21:41:47.541 1194 1874 D installd: Found quota mount /dev/block/dm-42 at /vendor/etc/permissions/android.hardware.camera.ar.xml
10-24 21:41:47.548 587 721 D BootAnimation: Playing files = /product/media/bootanimation-dark.zip/part2, Requested repeat = 180, playUntilComplete = false
10-24 21:41:47.550 1637 1637 D SystemServerTiming: StartNativeTombstoneManagerService
10-24 21:41:47.550 1637 1637 I SystemServiceManager: Starting com.android.server.os.NativeTombstoneManagerService
10-24 21:41:47.550 1637 1637 D SystemServerTiming: StartBugreportManagerService
10-24 21:41:47.550 1637 1637 I SystemServiceManager: Starting com.android.server.os.BugreportManagerService
10-24 21:41:47.551 1637 1637 D SystemServerTiming: GpuService
10-24 21:41:47.551 1637 1637 I SystemServiceManager: Starting com.android.server.gpu.GpuService
10-24 21:41:47.551 1637 1637 D SystemServerTiming: startOtherServices
10-24 21:41:47.551 1637 1637 D SystemServerTiming: StartKeyAttestationApplicationIdProviderService
10-24 21:41:47.551 1637 1895 D SystemServerTimingAsync: InitThreadPoolExec:SecondaryZygotePreload
10-24 21:41:47.551 1637 1895 I SystemServer: SecondaryZygotePreload
10-24 21:41:47.551 1637 1895 D SystemServerTimingAsync: SecondaryZygotePreload
10-24 21:41:47.551 1637 1637 D SystemServerTiming: StartKeyChainSystemService
10-24 21:41:47.551 1637 1637 I SystemServiceManager: Starting com.android.server.security.KeyChainSystemService
10-24 21:41:47.551 1637 1637 D SystemServerTiming: StartBinaryTransparencyService
10-24 21:41:47.551 1637 1637 I SystemServiceManager: Starting com.android.server.BinaryTransparencyService
10-24 21:41:47.552 1637 1637 I TransparencyService: Started BinaryTransparencyService
10-24 21:41:47.552 1637 1637 D SystemServerTiming: StartSchedulingPolicyService
10-24 21:41:47.552 972 972 I Zygote : Lazily preloading resources.
10-24 21:41:47.552 972 972 D Zygote : begin preload
10-24 21:41:47.552 972 972 I Zygote : Calling ZygoteHooks.beginPreload()
10-24 21:41:47.552 1637 1896 D SystemServerTimingAsync: InitThreadPoolExec:SchedulingPolicyService.
10-24 21:41:47.552 1637 1637 D SystemServerTiming: StartTelecomLoaderService
10-24 21:41:47.553 1637 1637 I SystemServiceManager: Starting com.android.server.telecom.TelecomLoaderService
10-24 21:41:47.553 1637 1637 D SystemServerTiming: StartTelephonyRegistry
10-24 21:41:47.555 1637 1637 D SystemServerTiming: StartEntropyMixer
10-24 21:41:47.555 1637 1637 I EntropyMixer: Loaded existing seed file
10-24 21:41:47.556 1637 1637 I EntropyMixer: Updated seed file
10-24 21:41:47.556 1637 1637 D SystemServerTiming: StartAccountManagerService
10-24 21:41:47.556 1637 1637 I SystemServiceManager: Starting com.android.server.accounts.AccountManagerService$Lifecycle
10-24 21:41:47.561 1637 1637 D CompatibilityChangeReporter: Compat change id reported: 148180766; UID 1000; state: ENABLED
10-24 21:41:47.562 1637 1637 D SystemServerTiming: StartContentService
10-24 21:41:47.562 1637 1637 I SystemServiceManager: Starting com.android.server.content.ContentService$Lifecycle
10-24 21:41:47.562 1637 1637 D SystemServerTiming: InstallSystemProviders
10-24 21:41:47.563 1637 1896 I SchedulingPolicyService: Moving 1244 back to group default
10-24 21:41:47.565 587 721 D BootAnimation: Playing files = /product/media/bootanimation-dark.zip/part2, Requested repeat = 180, playUntilComplete = false
10-24 21:41:47.565 1215 1300 E RFSD : Break out monitoring
10-24 21:41:47.565 1215 1300 D RFSD : [ModemStateMonitor::OnModemBootDone] Modem is ONLINE
10-24 21:41:47.568 1637 1637 D nativeloader: Configuring clns-shared-11 for other apk /system/priv-app/SettingsProvider/SettingsProvider.apk. target_sdk_version=33, uses_libraries=, library_path=/system/priv-app/SettingsProvider/lib/arm64:/system/lib64:/system_ext/lib64, permitted_path=/data:/mnt/expand:/data/user_de/0/com.android.providers.settings:/system/priv-app/SettingsProvider:/system/lib64:/system_ext/lib64
10-24 21:41:47.581 972 972 I Zygote : Preloading classes...
10-24 21:41:47.582 587 721 D BootAnimation: Playing files = /product/media/bootanimation-dark.zip/part2, Requested repeat = 180, playUntilComplete = false
10-24 21:41:47.593 972 972 D nativeloader: Load libjavacrypto.so using APEX ns com_android_conscrypt for caller /apex/com.android.conscrypt/javalib/conscrypt.jar: ok
10-24 21:41:47.599 587 721 D BootAnimation: Playing files = /product/media/bootanimation-dark.zip/part2, Requested repeat = 180, playUntilComplete = false
10-24 21:41:47.602 972 972 I Typeface: Preloading /system/fonts/Roboto-Regular.ttf
10-24 21:41:47.604 972 972 I Typeface: Preloading /system/fonts/RobotoStatic-Regular.ttf
10-24 21:41:47.605 1637 1770 D ActivityManager: Freezer enabled
10-24 21:41:47.605 1637 1770 D ActivityManager: freezer override set to false
10-24 21:41:47.605 1637 1637 D SystemServerTiming: UpdateWatchdogTimeout
10-24 21:41:47.605 1637 1637 I Watchdog: Watchdog timeout updated to 60000 millis
10-24 21:41:47.605 1637 1637 D SystemServerTiming: StartDropBoxManager
10-24 21:41:47.605 1637 1637 I SystemServiceManager: Starting com.android.server.DropBoxManagerService
10-24 21:41:47.606 1637 1637 D SystemServerTiming: StartRoleManagerService
10-24 21:41:47.606 1637 1637 I SystemServiceManager: Starting com.android.role.RoleService
10-24 21:41:47.610 1637 1637 D SystemServerTiming: StartVibratorManagerService
10-24 21:41:47.610 1637 1637 I SystemServiceManager: Starting com.android.server.vibrator.VibratorManagerService$Lifecycle
10-24 21:41:47.611 530 530 I servicemanager: Could not find android.hardware.vibrator.IVibratorManager/default in the VINTF manifest.
10-24 21:41:47.612 530 530 I servicemanager: Found android.hardware.vibrator.IVibrator/default in device VINTF manifest.
10-24 21:41:47.616 587 721 D BootAnimation: Playing files = /product/media/bootanimation-dark.zip/part2, Requested repeat = 180, playUntilComplete = false
10-24 21:41:47.617 1003 1003 I USF : USF_API: Registry was loaded, get sensor list.
10-24 21:41:47.619 1003 1003 I USF : USF_API: Received SENSOR_LIST of size 41.
10-24 21:41:47.619 1098 1098 E android.hardware.vibrator-service.cs40l25: The external control is already disabled.
10-24 21:41:47.619 1098 1098 D android.hardware.vibrator-service.cs40l25: Vibrator::off
10-24 21:41:47.621 1637 1637 D SystemServerTiming: StartDynamicSystemService
10-24 21:41:47.622 1637 1637 D SystemServerTiming: StartConsumerIrService
10-24 21:41:47.622 530 530 I servicemanager: Could not find android.hardware.ir.IConsumerIr/default in the VINTF manifest.
10-24 21:41:47.622 531 531 I hwservicemanager: getTransport: Cannot find entry android.hardware.ir@1.0::IConsumerIr/default in either framework or device VINTF manifest.
10-24 21:41:47.623 1637 1637 D SystemServerTiming: StartResourceEconomy
10-24 21:41:47.623 1637 1637 I SystemServiceManager: Starting com.android.server.tare.InternalResourceService
10-24 21:41:47.625 1637 1637 D SystemServerTiming: StartAlarmManagerService
10-24 21:41:47.625 1637 1637 I SystemServiceManager: Starting com.android.server.alarm.AlarmManagerService
10-24 21:41:47.626 1637 1637 D nativeloader: Load /system/lib64/libalarm_jni.so using ns clns-shared-4 from class loader (caller=/system/framework/services.jar): ok
10-24 21:41:47.627 1637 1637 D AlarmManagerService: Kernel timezone updated to 240 minutes west of GMT
10-24 21:41:47.627 1637 1637 D CompatibilityChangeReporter: Compat change id reported: 160794467; UID 1000; state: ENABLED
10-24 21:41:47.628 1637 1637 D SystemServerTiming: StartInputManagerService
10-24 21:41:47.630 1637 1637 I InputManager: Initializing input manager, mUseDevInputEventForAudioJack=true
10-24 21:41:47.630 1637 1637 D SystemServerTiming: DeviceStateManagerService
10-24 21:41:47.630 1637 1637 I SystemServiceManager: Starting com.android.server.devicestate.DeviceStateManagerService
10-24 21:41:47.633 1637 1637 D SystemServerTiming: StartCameraServiceProxy
10-24 21:41:47.633 587 721 D BootAnimation: Playing files = /product/media/bootanimation-dark.zip/part2, Requested repeat = 180, playUntilComplete = false
10-24 21:41:47.633 1637 1637 I SystemServiceManager: Starting com.android.server.camera.CameraServiceProxy
10-24 21:41:47.634 1637 1637 D SystemServerTiming: StartWindowManagerService
10-24 21:41:47.634 1637 1637 I SystemServiceManager: Starting phase 200
10-24 21:41:47.634 1637 1637 D SystemServerTiming: OnBootPhase_200
10-24 21:41:47.634 1637 1637 D SystemServerTiming: OnBootPhase_200_com.android.server.security.FileIntegrityService
10-24 21:41:47.634 1637 1637 D SystemServerTiming: OnBootPhase_200_com.android.server.pm.Installer
10-24 21:41:47.634 1637 1637 D SystemServerTiming: OnBootPhase_200_com.android.server.os.DeviceIdentifiersPolicyService
10-24 21:41:47.634 1637 1637 D SystemServerTiming: OnBootPhase_200_com.android.server.uri.UriGrantsManagerService$Lifecycle
10-24 21:41:47.634 1637 1637 D SystemServerTiming: OnBootPhase_200_com.android.server.powerstats.PowerStatsService
10-24 21:41:47.634 1637 1637 D SystemServerTiming: OnBootPhase_200_com.android.server.wm.ActivityTaskManagerService$Lifecycle
10-24 21:41:47.635 1637 1637 D SystemServerTiming: OnBootPhase_200_com.android.server.am.ActivityManagerService$Lifecycle
10-24 21:41:47.635 1637 1637 D SystemServerTiming: OnBootPhase_200_com.android.server.pm.DataLoaderManagerService
10-24 21:41:47.635 1637 1637 D SystemServerTiming: OnBootPhase_200_com.android.server.power.PowerManagerService
10-24 21:41:47.635 1637 1637 D SystemServerTiming: OnBootPhase_200_com.android.server.power.ThermalManagerService
10-24 21:41:47.635 1637 1637 D SystemServerTiming: OnBootPhase_200_com.android.server.power.hint.HintManagerService
10-24 21:41:47.635 1637 1637 D SystemServerTiming: OnBootPhase_200_com.android.server.recoverysystem.RecoverySystemService$Lifecycle
10-24 21:41:47.635 1637 1637 D SystemServerTiming: OnBootPhase_200_com.android.server.lights.LightsService
10-24 21:41:47.635 1637 1637 D SystemServerTiming: OnBootPhase_200_com.android.server.display.DisplayManagerService
10-24 21:41:47.635 1637 1637 D SystemServerTiming: OnBootPhase_200_com.android.server.pm.verify.domain.DomainVerificationService
10-24 21:41:47.635 1637 1637 D SystemServerTiming: OnBootPhase_200_com.android.server.pm.PackageInstallerService$Lifecycle
10-24 21:41:47.635 1637 1637 D SystemServerTiming: OnBootPhase_200_com.android.server.pm.UserManagerService$LifeCycle
10-24 21:41:47.635 1637 1637 D SystemServerTiming: OnBootPhase_200_com.android.server.om.OverlayManagerService
10-24 21:41:47.635 1637 1637 D SystemServerTiming: OnBootPhase_200_com.android.server.resources.ResourcesManagerService
10-24 21:41:47.635 1637 1637 D SystemServerTiming: OnBootPhase_200_com.android.server.sensorprivacy.SensorPrivacyService
10-24 21:41:47.635 1637 1637 D SystemServerTiming: OnBootPhase_200_com.android.server.sensors.SensorService
10-24 21:41:47.635 1637 1637 D SystemServerTiming: OnBootPhase_200_com.android.server.SystemConfigService
10-24 21:41:47.635 1637 1637 D SystemServerTiming: OnBootPhase_200_com.android.server.BatteryService
10-24 21:41:47.635 1637 1637 D SystemServerTiming: OnBootPhase_200_com.android.server.usage.UsageStatsService
10-24 21:41:47.635 1637 1637 D SystemServerTiming: OnBootPhase_200_com.android.server.webkit.WebViewUpdateService
10-24 21:41:47.635 1637 1637 D SystemServerTiming: OnBootPhase_200_com.android.server.CachedDeviceStateService
10-24 21:41:47.635 1637 1637 D SystemServerTiming: OnBootPhase_200_com.android.server.BinderCallsStatsService$LifeCycle
10-24 21:41:47.635 1637 1637 D SystemServerTiming: OnBootPhase_200_com.android.server.LooperStatsService$Lifecycle
10-24 21:41:47.635 1637 1637 D SystemServerTiming: OnBootPhase_200_com.android.server.rollback.RollbackManagerService
10-24 21:41:47.635 1637 1637 D SystemServerTiming: OnBootPhase_200_com.android.server.os.NativeTombstoneManagerService
10-24 21:41:47.635 1637 1637 D SystemServerTiming: OnBootPhase_200_com.android.server.os.BugreportManagerService
10-24 21:41:47.635 1637 1637 D SystemServerTiming: OnBootPhase_200_com.android.server.gpu.GpuService
10-24 21:41:47.635 1637 1637 D SystemServerTiming: OnBootPhase_200_com.android.server.security.KeyChainSystemService
10-24 21:41:47.635 1637 1637 D SystemServerTiming: OnBootPhase_200_com.android.server.BinaryTransparencyService
10-24 21:41:47.635 972 972 E ActivityRecognitionHardware: activity_recognition HAL is deprecated. class_init is effectively a no-op
10-24 21:41:47.635 1637 1637 D SystemServerTiming: OnBootPhase_200_com.android.server.telecom.TelecomLoaderService
10-24 21:41:47.635 1637 1637 D SystemServerTiming: OnBootPhase_200_com.android.server.accounts.AccountManagerService$Lifecycle
10-24 21:41:47.635 1637 1637 D SystemServerTiming: OnBootPhase_200_com.android.server.content.ContentService$Lifecycle
10-24 21:41:47.635 1637 1637 D SystemServerTiming: OnBootPhase_200_com.android.server.DropBoxManagerService
10-24 21:41:47.635 1637 1637 D SystemServerTiming: OnBootPhase_200_com.android.role.RoleService
10-24 21:41:47.635 1637 1637 D SystemServerTiming: OnBootPhase_200_com.android.server.vibrator.VibratorManagerService$Lifecycle
10-24 21:41:47.635 1637 1637 D SystemServerTiming: OnBootPhase_200_com.android.server.tare.InternalResourceService
10-24 21:41:47.635 1637 1637 D SystemServerTiming: OnBootPhase_200_com.android.server.alarm.AlarmManagerService
10-24 21:41:47.635 1637 1637 D SystemServerTiming: OnBootPhase_200_com.android.server.devicestate.DeviceStateManagerService
10-24 21:41:47.635 1637 1637 D SystemServerTiming: OnBootPhase_200_com.android.server.camera.CameraServiceProxy
10-24 21:41:47.635 1637 1637 I WindowManager: No existing display settings, starting empty
10-24 21:41:47.639 1637 1761 E WindowManager: Error reading from LetterboxConfigurationPersister. Using default values!
10-24 21:41:47.639 1637 1761 E WindowManager: java.io.FileNotFoundException: /data/system/letterbox_config: open failed: ENOENT (No such file or directory)
10-24 21:41:47.639 1637 1761 E WindowManager: at libcore.io.IoBridge.open(IoBridge.java:574)
10-24 21:41:47.639 1637 1761 E WindowManager: at java.io.FileInputStream.(FileInputStream.java:179)
10-24 21:41:47.639 1637 1761 E WindowManager: at android.util.AtomicFile.openRead(AtomicFile.java:260)
10-24 21:41:47.639 1637 1761 E WindowManager: at com.android.server.wm.LetterboxConfigurationPersister.readCurrentConfiguration(LetterboxConfigurationPersister.java:221)
10-24 21:41:47.639 1637 1761 E WindowManager: at com.android.server.wm.LetterboxConfigurationPersister.(LetterboxConfigurationPersister.java:128)
10-24 21:41:47.639 1637 1761 E WindowManager: at com.android.server.wm.LetterboxConfigurationPersister.(LetterboxConfigurationPersister.java:101)
10-24 21:41:47.639 1637 1761 E WindowManager: at com.android.server.wm.LetterboxConfiguration.(LetterboxConfiguration.java:242)
10-24 21:41:47.639 1637 1761 E WindowManager: at com.android.server.wm.WindowManagerService.(WindowManagerService.java:1224)
10-24 21:41:47.639 1637 1761 E WindowManager: at com.android.server.wm.WindowManagerService.lambda$main$1(WindowManagerService.java:1168)
10-24 21:41:47.639 1637 1761 E WindowManager: at com.android.server.wm.WindowManagerService.$r8$lambda$mdM6IEP25omWg9Thw5NvWNLhRLE(Unknown Source:0)
10-24 21:41:47.639 1637 1761 E WindowManager: at com.android.server.wm.WindowManagerService$$ExternalSyntheticLambda3.run(Unknown Source:20)
10-24 21:41:47.639 1637 1761 E WindowManager: at android.os.Handler$BlockingRunnable.run(Handler.java:965)
10-24 21:41:47.639 1637 1761 E WindowManager: at android.os.Handler.handleCallback(Handler.java:942)
10-24 21:41:47.639 1637 1761 E WindowManager: at android.os.Handler.dispatchMessage(Handler.java:99)
10-24 21:41:47.639 1637 1761 E WindowManager: at android.os.Looper.loopOnce(Looper.java:201)
10-24 21:41:47.639 1637 1761 E WindowManager: at android.os.Looper.loop(Looper.java:288)
10-24 21:41:47.639 1637 1761 E WindowManager: at android.os.HandlerThread.run(HandlerThread.java:67)
10-24 21:41:47.639 1637 1761 E WindowManager: at com.android.server.ServiceThread.run(ServiceThread.java:44)
10-24 21:41:47.639 1637 1761 E WindowManager: Caused by: android.system.ErrnoException: open failed: ENOENT (No such file or directory)
10-24 21:41:47.639 1637 1761 E WindowManager: at libcore.io.Linux.open(Native Method)
10-24 21:41:47.639 1637 1761 E WindowManager: at libcore.io.ForwardingOs.open(ForwardingOs.java:563)
10-24 21:41:47.639 1637 1761 E WindowManager: at libcore.io.BlockGuardOs.open(BlockGuardOs.java:274)
10-24 21:41:47.639 1637 1761 E WindowManager: at libcore.io.IoBridge.open(IoBridge.java:560)
10-24 21:41:47.639 1637 1761 E WindowManager: ... 17 more
10-24 21:41:47.641 1637 1761 I WindowTracing: Setting window tracing log level to 1
10-24 21:41:47.641 1637 1761 I WindowTracing: Setting window tracing buffer capacity to 10485760bytes
10-24 21:41:47.649 1003 1003 I USF : USF_API: Successfully initialized USF services for USF API.
10-24 21:41:47.650 1003 1003 I USF : USF_SpAPI: Found ambient light sensor (24).
10-24 21:41:47.650 587 721 D BootAnimation: Playing files = /product/media/bootanimation-dark.zip/part2, Requested repeat = 180, playUntilComplete = false
10-24 21:41:47.650 1003 1003 I USF : USF_SpAPI: Found flicker sensor (25).
10-24 21:41:47.650 1003 1003 I rlsservice: Successfully initialized USF services for spectral sensor.
10-24 21:41:47.650 1003 1003 I rlsservice: SpectralSensorDevice created, refcnt::1
10-24 21:41:47.650 1003 1003 I rlsservice: Successfully created ambient light sensor.
10-24 21:41:47.650 1003 1003 I rlsservice: SpectralSensorDevice created, refcnt::2
10-24 21:41:47.650 1003 1003 I rlsservice: Successfully created flicker sensor.
10-24 21:41:47.650 1003 1909 I rlsservice: Enable sensor for display state: On: 1440x3120@120
10-24 21:41:47.650 1003 1907 I rlsservice: EnableWork mode 1, enable count 1, handle:6b8b4568 sampling/active period 1000/1000, sensor type:0
10-24 21:41:47.652 1637 1637 D SystemServerTiming: SetWindowManagerService
10-24 21:41:47.665 1637 1637 I ActivityTaskManager: Loaded persisted task ids for user 0
10-24 21:41:47.666 1637 1637 D SystemServerTiming: WindowManagerServiceOnInitReady
10-24 21:41:47.666 587 721 D BootAnimation: Playing files = /product/media/bootanimation-dark.zip/part2, Requested repeat = 180, playUntilComplete = false
10-24 21:41:47.683 587 721 D BootAnimation: Playing files = /product/media/bootanimation-dark.zip/part2, Requested repeat = 180, playUntilComplete = false
10-24 21:41:47.697 1637 1759 W WindowManager: Unable to add bookmark: com.google.android.talk/com.google.android.talk.SigningInActivity not found.
10-24 21:41:47.700 587 721 D BootAnimation: Playing files = /product/media/bootanimation-dark.zip/part2, Requested repeat = 180, playUntilComplete = false
10-24 21:41:47.707 1323 1323 I TrickyStore: waiting for service android.system.keystore2.IKeystoreService/default
10-24 21:41:47.717 587 721 D BootAnimation: Playing files = /product/media/bootanimation-dark.zip/part2, Requested repeat = 180, playUntilComplete = false
10-24 21:41:47.718 1637 1637 D SystemServerTiming: StartInputManager
10-24 21:41:47.718 1637 1637 I InputManager: Starting input manager
10-24 21:41:47.720 1637 1637 I InputManager: Enabling motion classifier because just booted: feature enabled, long press timeout = 400
10-24 21:41:47.720 1637 1637 I InputClassifier: Enabling motion classifier
10-24 21:41:47.720 1637 1913 D SystemServerTimingAsync: InitThreadPoolExec:StartHidlServices
10-24 21:41:47.720 1637 1913 D SystemServerTimingAsync: StartHidlServices
10-24 21:41:47.721 530 530 I servicemanager: Found android.hardware.input.processor.IInputProcessor/default in device VINTF manifest.
10-24 21:41:47.721 1637 1637 D SystemServerTiming: DisplayManagerWindowManagerAndInputReady
10-24 21:41:47.721 1637 1913 I HidlServiceManagement: Registered android.frameworks.sensorservice@1.0::ISensorManager/default
10-24 21:41:47.721 530 530 I servicemanager: Since 'android.hardware.input.processor.IInputProcessor/default' could not be found, trying to start it as a lazy AIDL service
10-24 21:41:47.721 1637 1761 I LogicalDisplayMapper: Requesting Transition to state: 0, from state=-1, interactive=true, mBootCompleted=false
10-24 21:41:47.721 1637 1761 I LogicalDisplayMapper: Applying layout: [{addr: {port=0, model=0x401ceccbbbeef1}, dispId: 0(ON)}], Previous layout: [{addr: {port=0, model=0x401ceccbbbeef1}, dispId: 0(ON)}]
10-24 21:41:47.721 1637 1637 D SystemServerTiming: StartBluetoothService
10-24 21:41:47.721 531 531 I hwservicemanager: getTransport: Cannot find entry android.frameworks.schedulerservice@1.0::ISchedulingPolicyService/default in either framework or device VINTF manifest.
10-24 21:41:47.721 1637 1913 W system_server: android.frameworks.schedulerservice@1.0::ISchedulingPolicyService is deprecated. Skipping registration.
10-24 21:41:47.721 1637 1637 I SystemServiceManager: Starting com.android.server.bluetooth.BluetoothService
10-24 21:41:47.722 531 531 I hw-BpHwBinder: onLastStrongRef automatically unlinking death recipients
10-24 21:41:47.722 1184 1184 I gpsd_d : GNSS: 557990
10-24 21:41:47.723 1184 1184 I gpsd_d : CustomerModule::Create chip info "Broadcom,BCM4776,557990" written into /data/vendor/gps//chip.info
10-24 21:41:47.724 1637 1915 D EventHub: No input device configuration file found for device 'sec_touchscreen'.
10-24 21:41:47.724 1637 1637 D BluetoothManagerService: Loading stored name and address
10-24 21:41:47.724 1184 1229 E RILClient: [OemClient]IND: pClient is NULL, (msgId = 1003, channel = 0)
10-24 21:41:47.724 1184 1229 E RILClient: [OemClient]IND: pClient is NULL, (msgId = 1002, channel = 0)
10-24 21:41:47.724 1184 1229 E RILClient: [OemClient]IND: pClient is NULL, (msgId = 1002, channel = 1)
10-24 21:41:47.725 1184 1184 D RILClient: [OemClient] getRadioExternalProxy clientId: old(-1)->new(1)
10-24 21:41:47.725 1184 1184 D RILClient: [OemClient] RILC_OpenV2 Client(1) created
10-24 21:41:47.725 1184 1184 I LibSITRil-Gps: GpsOpen() gSITRILC_Open() ... OK.
10-24 21:41:47.725 1184 1184 D RILClient: [OemClient] RILC_SetIndicationFilter
10-24 21:41:47.725 1184 1184 D RILClient: [OemClient] 222 filter=0x7fc1d089f0 size=28
10-24 21:41:47.725 1184 1184 D RILClient: [OemClient] 222 data.size()=28
10-24 21:41:47.725 1184 1184 D RILClient: [OemClient] RILC_RegisterUnsolicitedHandler
10-24 21:41:47.725 1184 1184 I LibSITRil-Gps: GpsOpen() gSITRILC_Open() ... OK.
10-24 21:41:47.725 1184 1184 I LibSITRil-Gps: RegisterCallback() new gSITRilGpsCallback(0x5716daec14)
10-24 21:41:47.725 1184 1184 I LibSITRil-Gps: RequestAGPS: msgId=216 data=0x7fc1d08aa0 data_len=1 callback=0x5716daf66c
10-24 21:41:47.725 1637 1637 D BluetoothManagerService: Stored bluetooth Name=PiePixel 6 Pro,Address=58:24:29:D6:86:44
10-24 21:41:47.725 1184 1184 D RILClient: [OemClient]REQ (clientId = 1, t = 0, msgId = 216, len = 1 channel = 0)
10-24 21:41:47.725 1184 1184 I LibSITRil-Gps: RequestAGPS: msgId=230 data=0x0 data_len=0 callback=0x5716daf66c
10-24 21:41:47.725 1184 1184 D RILClient: [OemClient]REQ (clientId = 1, t = 1, msgId = 230, len = 0 channel = 0)
10-24 21:41:47.725 1184 1184 I LibSITRil-Gps: RequestAGPS: msgId=228 data=0x0 data_len=0 callback=0x5716daf66c
10-24 21:41:47.725 1184 1184 D RILClient: [OemClient]REQ (clientId = 1, t = 2, msgId = 228, len = 0 channel = 0)
10-24 21:41:47.725 1637 1637 D BluetoothManagerService: Bluetooth persisted state: 1
10-24 21:41:47.725 1637 1637 D BluetoothManagerService: Startup: Bluetooth persisted state is ON.
10-24 21:41:47.725 1184 1184 D gpsd : WakeLock(Acquire,GPSD)
10-24 21:41:47.725 1184 1229 D RILClient: [OemClient]RSP: (clientId = 1, t = 0, msgId = 216, len = 0, channel = 0, status = 1)
10-24 21:41:47.725 1184 1229 D RILClient: [OemClient]RSP: (clientId = 1, t = 1, msgId = 230, len = 0, channel = 0, status = 1)
10-24 21:41:47.725 1184 1229 D RILClient: [OemClient]RSP: (clientId = 1, t = 2, msgId = 228, len = 0, channel = 0, status = 1)
10-24 21:41:47.725 1637 1637 D BluetoothManagerService: Detected SystemUiUid: 10221
10-24 21:41:47.725 1637 1637 D SystemServerTiming: IpConnectivityMetrics
10-24 21:41:47.726 1637 1637 I SystemServiceManager: Starting com.android.server.connectivity.IpConnectivityMetrics
10-24 21:41:47.726 1637 1637 D SystemServerTiming: NetworkWatchlistService
10-24 21:41:47.726 1637 1637 I SystemServiceManager: Starting com.android.server.net.watchlist.NetworkWatchlistService$Lifecycle
10-24 21:41:47.729 1637 1637 I WatchlistSettings: Reload watchlist settings done
10-24 21:41:47.732 1637 1637 D SystemServerTiming: PinnerService
10-24 21:41:47.732 1637 1637 I SystemServiceManager: Starting com.android.server.PinnerService
10-24 21:41:47.732 1637 1921 I WatchlistLoggingHandler: No need to aggregate record yet.
10-24 21:41:47.732 1637 1921 I WatchlistLoggingHandler: Milliseconds spent on tryAggregateRecords(): 0
10-24 21:41:47.733 1637 1915 W EventHub: Unable to disable kernel key repeat for /dev/input/event3: Function not implemented
10-24 21:41:47.733 1637 1915 I EventHub: usingClockIoctl=true
10-24 21:41:47.733 1637 1915 I EventHub: New device: id=1, fd=220, path='/dev/input/event3', name='sec_touchscreen', classes=KEYBOARD | TOUCH | TOUCH_MT, configuration='', keyLayout='/system/usr/keylayout/Generic.kl', keyCharacterMap='/system/usr/keychars/Generic.kcm', builtinKeyboard=false,
10-24 21:41:47.733 1637 1915 D EventHub: No input device configuration file found for device 'STM VL53L1 proximity sensor'.
10-24 21:41:47.733 1637 1915 D EventHub: No input device configuration file found for device 'gpio_keys'.
10-24 21:41:47.734 1637 1637 V HistoricalRegistry: Interaction before persistence initialized
10-24 21:41:47.734 587 721 D BootAnimation: Playing files = /product/media/bootanimation-dark.zip/part2, Requested repeat = 180, playUntilComplete = false
10-24 21:41:47.734 1637 1637 D SystemServerTiming: SignedConfigService
10-24 21:41:47.734 1637 1637 D SystemServerTiming: AppIntegrityService
10-24 21:41:47.734 1637 1915 W EventHub: Unable to disable kernel key repeat for /dev/input/event0: Function not implemented
10-24 21:41:47.734 1637 1915 I EventHub: usingClockIoctl=true
10-24 21:41:47.734 1637 1915 I EventHub: New device: id=3, fd=225, path='/dev/input/event0', name='gpio_keys', classes=KEYBOARD, configuration='', keyLayout='/system/usr/keylayout/Generic.kl', keyCharacterMap='/system/usr/keychars/Generic.kcm', builtinKeyboard=false,
10-24 21:41:47.734 1637 1637 I SystemServiceManager: Starting com.android.server.integrity.AppIntegrityManagerService
10-24 21:41:47.735 1637 1915 D EventHub: No input device configuration file found for device 'goodix_fingerprint'.
10-24 21:41:47.735 1637 1769 D PinnerService: pinRangeStream: null
10-24 21:41:47.735 1637 1637 E IntegrityFileManager: Error creating staging and rules directory
10-24 21:41:47.736 1637 1915 W EventHub: Unable to disable kernel key repeat for /dev/input/event1: Function not implemented
10-24 21:41:47.736 1637 1915 I EventHub: usingClockIoctl=true
10-24 21:41:47.736 1637 1915 I EventHub: New device: id=4, fd=228, path='/dev/input/event1', name='goodix_fingerprint', classes=KEYBOARD, configuration='', keyLayout='/system/usr/keylayout/Generic.kl', keyCharacterMap='/system/usr/keychars/Generic.kcm', builtinKeyboard=false,
10-24 21:41:47.736 1637 1915 I EventHub: Found touch video device /dev/v4l-touch0
10-24 21:41:47.736 1637 1915 I TouchVideoDevice: Opening video device: driver = sec_ts, card = sec_touchscreen, bus_info = spi11.0, version = 330389
10-24 21:41:47.736 1637 1915 I TouchVideoDevice: Frame dimensions: height = 39 width = 18
10-24 21:41:47.736 1637 1915 I EventHub: Adding video device sec_touchscreen to list of unattached video devices
10-24 21:41:47.737 1637 1637 D SystemServerTiming: StartLogcatManager
10-24 21:41:47.737 1637 1637 I SystemServiceManager: Starting com.android.server.logcat.LogcatManagerService
10-24 21:41:47.739 1637 1915 I InputReader: Device added: id=-1, eventHubId=-1, name='Virtual', descriptor='a718a782d34bc767f4689c232d64d527998ea7fd',sources=KEYBOARD | DPAD
