10-24 21:41:48.273 1637 1637 D SystemServerTiming: OnBootPhase_480_com.android.server.security.FileIntegrityService
10-24 21:41:48.273 1637 1637 D SystemServerTiming: OnBootPhase_480_com.android.server.pm.Installer
10-24 21:41:48.273 1637 1637 D SystemServerTiming: OnBootPhase_480_com.android.server.os.DeviceIdentifiersPolicyService
10-24 21:41:48.273 1637 1637 D SystemServerTiming: OnBootPhase_480_com.android.server.uri.UriGrantsManagerService$Lifecycle
10-24 21:41:48.273 1637 1637 D SystemServerTiming: OnBootPhase_480_com.android.server.powerstats.PowerStatsService
10-24 21:41:48.273 1637 1637 D SystemServerTiming: OnBootPhase_480_com.android.server.wm.ActivityTaskManagerService$Lifecycle
10-24 21:41:48.273 1637 1637 D SystemServerTiming: OnBootPhase_480_com.android.server.am.ActivityManagerService$Lifecycle
10-24 21:41:48.273 1637 1637 D SystemServerTiming: OnBootPhase_480_com.android.server.pm.DataLoaderManagerService
10-24 21:41:48.273 1637 1637 D SystemServerTiming: OnBootPhase_480_com.android.server.power.PowerManagerService
10-24 21:41:48.273 1637 1637 D SystemServerTiming: OnBootPhase_480_com.android.server.power.ThermalManagerService
10-24 21:41:48.273 1637 1637 D SystemServerTiming: OnBootPhase_480_com.android.server.power.hint.HintManagerService
10-24 21:41:48.273 1637 1637 D SystemServerTiming: OnBootPhase_480_com.android.server.recoverysystem.RecoverySystemService$Lifecycle
10-24 21:41:48.273 1637 1637 D SystemServerTiming: OnBootPhase_480_com.android.server.lights.LightsService
10-24 21:41:48.273 1637 1637 D SystemServerTiming: OnBootPhase_480_com.android.server.display.DisplayManagerService
10-24 21:41:48.273 1637 1637 D SystemServerTiming: OnBootPhase_480_com.android.server.pm.verify.domain.DomainVerificationService
10-24 21:41:48.273 1637 1637 D SystemServerTiming: OnBootPhase_480_com.android.server.pm.PackageInstallerService$Lifecycle
10-24 21:41:48.273 1637 1637 D SystemServerTiming: OnBootPhase_480_com.android.server.pm.UserManagerService$LifeCycle
10-24 21:41:48.273 1637 1637 D SystemServerTiming: OnBootPhase_480_com.android.server.om.OverlayManagerService
10-24 21:41:48.273 1637 1637 D SystemServerTiming: OnBootPhase_480_com.android.server.resources.ResourcesManagerService
10-24 21:41:48.273 1637 1637 D SystemServerTiming: OnBootPhase_480_com.android.server.sensorprivacy.SensorPrivacyService
10-24 21:41:48.273 1637 1637 D SystemServerTiming: OnBootPhase_480_com.android.server.sensors.SensorService
10-24 21:41:48.273 1637 1637 D SystemServerTiming: OnBootPhase_480_com.android.server.SystemConfigService
10-24 21:41:48.273 1637 1637 D SystemServerTiming: OnBootPhase_480_com.android.server.BatteryService
10-24 21:41:48.273 1637 1637 D SystemServerTiming: OnBootPhase_480_com.android.server.usage.UsageStatsService
10-24 21:41:48.273 1637 1637 D SystemServerTiming: OnBootPhase_480_com.android.server.webkit.WebViewUpdateService
10-24 21:41:48.273 1637 1637 D SystemServerTiming: OnBootPhase_480_com.android.server.CachedDeviceStateService
10-24 21:41:48.273 1637 1637 D SystemServerTiming: OnBootPhase_480_com.android.server.BinderCallsStatsService$LifeCycle
10-24 21:41:48.273 1637 1637 D SystemServerTiming: OnBootPhase_480_com.android.server.LooperStatsService$Lifecycle
10-24 21:41:48.273 1637 1637 D SystemServerTiming: OnBootPhase_480_com.android.server.rollback.RollbackManagerService
10-24 21:41:48.273 1637 1637 D SystemServerTiming: OnBootPhase_480_com.android.server.os.NativeTombstoneManagerService
10-24 21:41:48.273 1637 1637 D SystemServerTiming: OnBootPhase_480_com.android.server.os.BugreportManagerService
10-24 21:41:48.273 1637 1637 D SystemServerTiming: OnBootPhase_480_com.android.server.gpu.GpuService
10-24 21:41:48.273 1637 1637 D SystemServerTiming: OnBootPhase_480_com.android.server.security.KeyChainSystemService
10-24 21:41:48.273 1637 1637 D SystemServerTiming: OnBootPhase_480_com.android.server.BinaryTransparencyService
10-24 21:41:48.273 1637 1637 D SystemServerTiming: OnBootPhase_480_com.android.server.telecom.TelecomLoaderService
10-24 21:41:48.273 1637 1637 D SystemServerTiming: OnBootPhase_480_com.android.server.accounts.AccountManagerService$Lifecycle
10-24 21:41:48.273 1637 1637 D SystemServerTiming: OnBootPhase_480_com.android.server.content.ContentService$Lifecycle
10-24 21:41:48.273 1637 1637 D SystemServerTiming: OnBootPhase_480_com.android.server.DropBoxManagerService
10-24 21:41:48.273 1637 1637 D SystemServerTiming: OnBootPhase_480_com.android.role.RoleService
10-24 21:41:48.273 1637 1637 D SystemServerTiming: OnBootPhase_480_com.android.server.vibrator.VibratorManagerService$Lifecycle
10-24 21:41:48.273 1637 1637 D SystemServerTiming: OnBootPhase_480_com.android.server.tare.InternalResourceService
10-24 21:41:48.273 1637 1637 D SystemServerTiming: OnBootPhase_480_com.android.server.alarm.AlarmManagerService
10-24 21:41:48.273 1637 1637 D SystemServerTiming: OnBootPhase_480_com.android.server.devicestate.DeviceStateManagerService
10-24 21:41:48.273 1637 1637 D SystemServerTiming: OnBootPhase_480_com.android.server.camera.CameraServiceProxy
10-24 21:41:48.273 1637 1637 D SystemServerTiming: OnBootPhase_480_com.android.server.bluetooth.BluetoothService
10-24 21:41:48.273 1637 1637 D SystemServerTiming: OnBootPhase_480_com.android.server.connectivity.IpConnectivityMetrics
10-24 21:41:48.273 1637 1637 D SystemServerTiming: OnBootPhase_480_com.android.server.net.watchlist.NetworkWatchlistService$Lifecycle
10-24 21:41:48.273 1637 1637 D SystemServerTiming: OnBootPhase_480_com.android.server.PinnerService
10-24 21:41:48.273 1637 1637 D SystemServerTiming: OnBootPhase_480_com.android.server.integrity.AppIntegrityManagerService
10-24 21:41:48.273 1637 1637 D SystemServerTiming: OnBootPhase_480_com.android.server.logcat.LogcatManagerService
10-24 21:41:48.273 1637 1637 D SystemServerTiming: OnBootPhase_480_com.android.server.inputmethod.InputMethodManagerService$Lifecycle
10-24 21:41:48.273 1637 1637 D SystemServerTiming: OnBootPhase_480_com.android.server.accessibility.AccessibilityManagerService$Lifecycle
10-24 21:41:48.273 1637 1637 D SystemServerTiming: OnBootPhase_480_com.android.server.StorageManagerService$Lifecycle
10-24 21:41:48.273 1637 1637 D SystemServerTiming: OnBootPhase_480_com.android.server.usage.StorageStatsService$Lifecycle
10-24 21:41:48.273 1637 1637 D SystemServerTiming: OnBootPhase_480_com.android.server.UiModeManagerService
10-24 21:41:48.273 1637 1637 D SystemServerTiming: OnBootPhase_480_com.android.server.locales.LocaleManagerService
10-24 21:41:48.273 1637 1637 D SystemServerTiming: OnBootPhase_480_com.android.server.locksettings.LockSettingsService$Lifecycle
10-24 21:41:48.273 1637 1637 D SystemServerTiming: OnBootPhase_480_com.android.server.PersistentDataBlockService
10-24 21:41:48.273 1637 1637 D SystemServerTiming: OnBootPhase_480_com.android.server.testharness.TestHarnessModeService
10-24 21:41:48.273 1637 1637 D SystemServerTiming: OnBootPhase_480_com.android.server.oemlock.OemLockService
10-24 21:41:48.273 1637 1637 D SystemServerTiming: OnBootPhase_480_com.android.server.DeviceIdleController
10-24 21:41:48.273 1637 1637 D SystemServerTiming: OnBootPhase_480_com.android.server.devicepolicy.DevicePolicyManagerService$Lifecycle
10-24 21:41:48.274 587 721 D BootAnimation: Playing files = /product/media/bootanimation-dark.zip/part2, Requested repeat = 180, playUntilComplete = false
10-24 21:41:48.275 1637 1637 I UsbPortManager: USB HAL AIDL version: USB_HAL_V2_0
10-24 21:41:48.275 1637 1637 D SystemServerTiming: OnBootPhase_480_com.android.server.musicrecognition.MusicRecognitionManagerService
10-24 21:41:48.275 1637 1880 D SystemServerTimingAsync: InitThreadPoolExec:DevicePolicyManager
10-24 21:41:48.275 1637 1637 D SystemServerTiming: OnBootPhase_480_com.android.server.contentcapture.ContentCaptureManagerService
10-24 21:41:48.275 1637 1637 D SystemServerTiming: OnBootPhase_480_com.android.server.attention.AttentionManagerService
10-24 21:41:48.275 1637 1637 D SystemServerTiming: OnBootPhase_480_com.android.server.rotationresolver.RotationResolverManagerService
10-24 21:41:48.275 1637 1637 D SystemServerTiming: OnBootPhase_480_com.android.server.systemcaptions.SystemCaptionsManagerService
10-24 21:41:48.275 1637 1637 D SystemServerTiming: OnBootPhase_480_com.android.server.texttospeech.TextToSpeechManagerService
10-24 21:41:48.275 1637 1637 D SystemServerTiming: OnBootPhase_480_com.android.server.ambientcontext.AmbientContextManagerService
10-24 21:41:48.275 1637 1637 D SystemServerTiming: OnBootPhase_480_com.android.server.speech.SpeechRecognitionManagerService
10-24 21:41:48.275 1637 1637 D SystemServerTiming: OnBootPhase_480_com.android.server.appprediction.AppPredictionManagerService
10-24 21:41:48.275 1637 1637 D SystemServerTiming: OnBootPhase_480_com.android.server.contentsuggestions.ContentSuggestionsManagerService
10-24 21:41:48.275 1637 1637 D SystemServerTiming: OnBootPhase_480_com.android.server.searchui.SearchUiManagerService
10-24 21:41:48.275 1637 1637 D SystemServerTiming: OnBootPhase_480_com.android.server.smartspace.SmartspaceManagerService
10-24 21:41:48.275 1637 1637 D SystemServerTiming: OnBootPhase_480_com.android.server.graphics.fonts.FontManagerService$Lifecycle
10-24 21:41:48.275 1637 1637 D SystemServerTiming: OnBootPhase_480_com.android.server.textservices.TextServicesManagerService$Lifecycle
10-24 21:41:48.275 1637 1637 D SystemServerTiming: OnBootPhase_480_com.android.server.textclassifier.TextClassificationManagerService$Lifecycle
10-24 21:41:48.275 1637 1637 D SystemServerTiming: OnBootPhase_480_com.android.server.NetworkScoreService$Lifecycle
10-24 21:41:48.275 1637 1637 D SystemServerTiming: OnBootPhase_480_com.android.server.NetworkStatsServiceInitializer
10-24 21:41:48.275 1637 1637 D SystemServerTiming: OnBootPhase_480_com.android.server.wifi.WifiService
10-24 21:41:48.275 1637 1637 D SystemServerTiming: OnBootPhase_480_com.android.server.wifi.scanner.WifiScanningService
10-24 21:41:48.275 1637 1637 D SystemServerTiming: OnBootPhase_480_com.android.server.wifi.rtt.RttService
10-24 21:41:48.275 1637 1637 D SystemServerTiming: OnBootPhase_480_com.android.server.wifi.aware.WifiAwareService
10-24 21:41:48.275 1637 1637 D SystemServerTiming: OnBootPhase_480_com.android.server.wifi.p2p.WifiP2pService
10-24 21:41:48.275 1637 1637 D SystemServerTiming: OnBootPhase_480_com.android.server.ConnectivityServiceInitializer
10-24 21:41:48.276 1637 1637 D SystemServerTiming: OnBootPhase_480_com.android.server.notification.NotificationManagerService
10-24 21:41:48.276 1637 1637 D SystemServerTiming: OnBootPhase_480_com.android.server.storage.DeviceStorageMonitorService
10-24 21:41:48.276 1637 1637 D SystemServerTiming: OnBootPhase_480_com.android.server.location.LocationManagerService$Lifecycle
10-24 21:41:48.276 1637 1637 D SystemServerTiming: OnBootPhase_480_com.android.server.timedetector.TimeDetectorService$Lifecycle
10-24 21:41:48.276 1637 1637 D SystemServerTiming: OnBootPhase_480_com.android.server.timezonedetector.TimeZoneDetectorService$Lifecycle
10-24 21:41:48.276 1637 1637 D SystemServerTiming: OnBootPhase_480_com.android.server.timezonedetector.location.LocationTimeZoneManagerService$Lifecycle
10-24 21:41:48.276 1637 1637 D SystemServerTiming: OnBootPhase_480_com.android.server.search.SearchManagerService$Lifecycle
10-24 21:41:48.276 1637 1637 D SystemServerTiming: OnBootPhase_480_com.android.server.wallpaper.WallpaperManagerService$Lifecycle
10-24 21:41:48.276 1637 1637 D SystemServerTiming: OnBootPhase_480_com.android.server.wallpapereffectsgeneration.WallpaperEffectsGenerationManagerService
10-24 21:41:48.276 1637 1637 D SystemServerTiming: OnBootPhase_480_com.android.server.audio.AudioService$Lifecycle
10-24 21:41:48.276 1637 1637 D SystemServerTiming: OnBootPhase_480_com.android.server.soundtrigger_middleware.SoundTriggerMiddlewareService$Lifecycle
10-24 21:41:48.276 1637 1637 D SystemServerTiming: OnBootPhase_480_com.android.server.DockObserver
10-24 21:41:48.276 1637 1637 D SystemServerTiming: OnBootPhase_480_com.android.server.midi.MidiService$Lifecycle
10-24 21:41:48.276 1637 1637 D SystemServerTiming: OnBootPhase_480_com.android.server.adb.AdbService$Lifecycle
10-24 21:41:48.276 1637 1637 D SystemServerTiming: OnBootPhase_480_com.android.server.usb.UsbService$Lifecycle
10-24 21:41:48.276 1637 1637 D SystemServerTiming: OnBootPhase_480_com.android.server.twilight.TwilightService
10-24 21:41:48.276 1637 1637 D SystemServerTiming: OnBootPhase_480_com.android.server.display.color.ColorDisplayService
10-24 21:41:48.276 1637 1637 D SystemServerTiming: OnBootPhase_480_com.android.server.job.JobSchedulerService
10-24 21:41:48.276 1637 1637 D SystemServerTiming: OnBootPhase_480_com.android.server.soundtrigger.SoundTriggerService
10-24 21:41:48.276 1637 1637 D SoundTriggerService: onBootPhase: 480 : false
10-24 21:41:48.276 1637 1637 D SystemServerTiming: OnBootPhase_480_com.android.server.trust.TrustManagerService
10-24 21:41:48.276 1637 1637 D SystemServerTiming: OnBootPhase_480_com.android.server.backup.BackupManagerService$Lifecycle
10-24 21:41:48.276 1637 1637 D SystemServerTiming: OnBootPhase_480_com.android.server.appwidget.AppWidgetService
10-24 21:41:48.276 1637 1637 D SystemServerTiming: OnBootPhase_480_com.android.server.voiceinteraction.VoiceInteractionManagerService
10-24 21:41:48.276 1637 1637 D SystemServerTiming: OnBootPhase_480_com.android.server.apphibernation.AppHibernationService
10-24 21:41:48.276 1637 1637 D SystemServerTiming: OnBootPhase_480_com.android.server.GestureLauncherService
10-24 21:41:48.276 1637 1637 D SystemServerTiming: OnBootPhase_480_com.android.server.SensorNotificationService
10-24 21:41:48.276 1637 1637 D SystemServerTiming: OnBootPhase_480_com.android.server.ContextHubSystemService
10-24 21:41:48.276 1637 1637 D SystemServerTiming: OnBootPhase_480_com.android.server.emergency.EmergencyAffordanceService
10-24 21:41:48.276 1637 1637 D SystemServerTiming: OnBootPhase_480_com.android.server.blob.BlobStoreManagerService
10-24 21:41:48.276 1637 1637 D SystemServerTiming: OnBootPhase_480_com.android.server.dreams.DreamManagerService
10-24 21:41:48.276 1637 1637 D SystemServerTiming: OnBootPhase_480_com.android.server.print.PrintManagerService
10-24 21:41:48.276 1637 1637 D SystemServerTiming: OnBootPhase_480_com.android.server.security.AttestationVerificationManagerService
10-24 21:41:48.276 1637 1637 D SystemServerTiming: OnBootPhase_480_com.android.server.companion.CompanionDeviceManagerService
10-24 21:41:48.276 1637 1637 D SystemServerTiming: OnBootPhase_480_com.android.server.companion.virtual.VirtualDeviceManagerService
10-24 21:41:48.276 1637 1637 D SystemServerTiming: OnBootPhase_480_com.android.server.restrictions.RestrictionsManagerService
10-24 21:41:48.276 1637 1637 D SystemServerTiming: OnBootPhase_480_com.android.server.media.MediaSessionService
10-24 21:41:48.276 1637 1637 D SystemServerTiming: OnBootPhase_480_com.android.server.media.MediaResourceMonitorService
10-24 21:41:48.276 1637 1637 D SystemServerTiming: OnBootPhase_480_com.android.server.biometrics.sensors.fingerprint.FingerprintService
10-24 21:41:48.276 1637 1637 D SystemServerTiming: OnBootPhase_480_com.android.server.biometrics.BiometricService
10-24 21:41:48.276 1637 1637 D SystemServerTiming: OnBootPhase_480_com.android.server.biometrics.AuthService
10-24 21:41:48.276 1637 1637 D SystemServerTiming: OnBootPhase_480_com.android.server.pm.ShortcutService$Lifecycle
10-24 21:41:48.277 1637 1637 D SystemServerTiming: OnBootPhase_480_com.android.server.pm.LauncherAppsService
10-24 21:41:48.277 1637 1637 D SystemServerTiming: OnBootPhase_480_com.android.server.pm.CrossProfileAppsService
10-24 21:41:48.277 1637 1637 D SystemServerTiming: OnBootPhase_480_com.android.server.people.PeopleService
10-24 21:41:48.277 1637 1637 D SystemServerTiming: OnBootPhase_480_com.android.server.media.metrics.MediaMetricsManagerService
10-24 21:41:48.277 1637 1637 D SystemServerTiming: OnBootPhase_480_com.android.server.media.projection.MediaProjectionManagerService
10-24 21:41:48.277 1637 1637 D SystemServerTiming: OnBootPhase_480_com.android.server.slice.SliceManagerService$Lifecycle
10-24 21:41:48.277 1637 1637 D SystemServerTiming: OnBootPhase_480_com.android.server.stats.StatsCompanion$Lifecycle
10-24 21:41:48.277 1637 1637 D SystemServerTiming: OnBootPhase_480_com.android.server.scheduling.RebootReadinessManagerService$Lifecycle
10-24 21:41:48.277 1637 1637 D SystemServerTiming: OnBootPhase_480_com.android.server.stats.pull.StatsPullAtomService
10-24 21:41:48.277 1637 1637 D SystemServerTiming: OnBootPhase_480_com.android.server.stats.bootstrap.StatsBootstrapAtomService$Lifecycle
10-24 21:41:48.277 1637 1637 D SystemServerTiming: OnBootPhase_480_com.android.server.incident.IncidentCompanionService
10-24 21:41:48.277 1637 1637 D SystemServerTiming: OnBootPhase_480_com.android.server.sdksandbox.SdkSandboxManagerService$Lifecycle
10-24 21:41:48.277 1637 1637 D SystemServerTiming: OnBootPhase_480_com.android.server.adservices.AdServicesManagerService$Lifecycle
10-24 21:41:48.277 1637 1637 D SystemServerTiming: OnBootPhase_480_com.android.server.MmsServiceBroker
10-24 21:41:48.277 1637 1637 D SystemServerTiming: OnBootPhase_480_com.android.server.autofill.AutofillManagerService
10-24 21:41:48.277 1637 1637 D SystemServerTiming: OnBootPhase_480_com.android.server.translation.TranslationManagerService
10-24 21:41:48.277 1637 1637 D SystemServerTiming: OnBootPhase_480_com.android.server.clipboard.ClipboardService
10-24 21:41:48.277 1637 1637 D SystemServerTiming: OnBootPhase_480_com.android.server.appbinding.AppBindingService$Lifecycle
10-24 21:41:48.277 1637 1637 D SystemServerTiming: OnBootPhase_480_com.android.server.tracing.TracingServiceProxy
10-24 21:41:48.277 1637 1637 D SystemServerTiming: StartBootPhaseSystemServicesReady
10-24 21:41:48.277 1637 1637 I SystemServiceManager: Starting phase 500
10-24 21:41:48.277 1637 1637 D SystemServerTiming: OnBootPhase_500
10-24 21:41:48.277 1637 1637 D SystemServerTiming: OnBootPhase_500_com.android.server.security.FileIntegrityService
10-24 21:41:48.277 1637 1637 D SystemServerTiming: OnBootPhase_500_com.android.server.pm.Installer
10-24 21:41:48.277 1637 1637 D SystemServerTiming: OnBootPhase_500_com.android.server.os.DeviceIdentifiersPolicyService
10-24 21:41:48.277 1637 1637 D SystemServerTiming: OnBootPhase_500_com.android.server.uri.UriGrantsManagerService$Lifecycle
10-24 21:41:48.277 1637 1637 D SystemServerTiming: OnBootPhase_500_com.android.server.powerstats.PowerStatsService
10-24 21:41:48.277 1637 1637 D SystemServerTiming: OnBootPhase_500_com.android.server.wm.ActivityTaskManagerService$Lifecycle
10-24 21:41:48.277 1637 1637 D SystemServerTiming: OnBootPhase_500_com.android.server.am.ActivityManagerService$Lifecycle
10-24 21:41:48.281 1019 1019 E android.hardware.power.stats-service.pixel: Failed to read uid_time_in_state for attribution, return default EnergyConsumer
10-24 21:41:48.281 1637 1637 D ConnectivityService: requestNetwork for uid/pid:1000/1637 activeRequest: null callbackRequest: 6 [NetworkRequest [ REQUEST id=7, [ Capabilities: INTERNET&NOT_RESTRICTED&TRUSTED&NOT_VCN_MANAGED Uid: 1000 RequestorUid: 1000 RequestorPkg: android UnderlyingNetworks: Null] ]] callback flags: 0 order: 2147483647 isUidTracked: false declaredMethods: 0xffffffff
10-24 21:41:48.282 1637 1977 D ConnectivityService: NetReassign [no changes] [c 0] [a 0] [i 0]
10-24 21:41:48.282 1637 1637 D SystemServerTiming: OnBootPhase_500_com.android.server.pm.DataLoaderManagerService
10-24 21:41:48.282 1637 1637 D SystemServerTiming: OnBootPhase_500_com.android.server.power.PowerManagerService
10-24 21:41:48.283 1637 1637 I AttentionDetector: readValuesFromDeviceConfig():
10-24 21:41:48.283 1637 1637 I AttentionDetector: mMaximumExtensionMillis=330000
10-24 21:41:48.283 1637 1637 I AttentionDetector: mPreDimCheckDurationMillis=2100
10-24 21:41:48.283 1637 1637 I AttentionDetector: mRequestedPostDimTimeoutMillis=0
10-24 21:41:48.286 590 631 D PermissionCache: checking android.permission.CONTROL_DISPLAY_BRIGHTNESS for uid=1000 => granted (384 us)
10-24 21:41:48.287 1637 1637 W BrightnessThrottler: DeviceConfig BrightnessThrottlingData is null
10-24 21:41:48.287 1637 1637 E DisplayPowerController[0]: failed to set up display white-balance: java.lang.IllegalStateException: cannot find sensor com.google.sensor.color
10-24 21:41:48.288 744 744 I libperfmgr: Hint type not present in actions: INTERACTION
10-24 21:41:48.288 744 744 I powerhal-libperfmgr: Power boost INTERACTION isBoostSupported: 0
10-24 21:41:48.289 1637 1637 E DeviceConfig: Parsing int failed for location_mode
10-24 21:41:48.289 1637 1824 W KeyguardServiceDelegate: onScreenTurningOn(): no keyguard service!
10-24 21:41:48.290 1637 1637 I FaceDownDetector: readValuesFromDeviceConfig():
10-24 21:41:48.290 1637 1637 I FaceDownDetector: mAccelerationThreshold=0.2
10-24 21:41:48.290 1637 1637 I FaceDownDetector: mZAccelerationThreshold=-9.5
10-24 21:41:48.290 1637 1637 I FaceDownDetector: mTimeThreshold=PT1S
10-24 21:41:48.290 1637 1637 I FaceDownDetector: mIsEnabled=true
10-24 21:41:48.290 1637 1824 V DisplayPowerController[0]: Brightness [0.17429718] reason changing to: 'override', previous reason: '0'.
10-24 21:41:48.290 1023 1023 D usf_sensor_hal: accelerometer: Enter Batch. period = 200000000, latency = 2000000000.
10-24 21:41:48.290 1023 1023 D usf_sensor_hal: IMU temperature: Enter Batch. period = 615385000, latency = 2000000000.
10-24 21:41:48.290 1637 1824 I DisplayPowerController[0]: BrightnessEvent: disp=0, physDisp=local:4619827677550801152, brt=0.17429718, initBrt=NaN, rcmdBrt=NaN, preBrt=NaN, lux=0.0, preLux=0.0, hbmMax=0.62, hbmMode=off, rbcStrength=0, powerFactor=1.0, thrmMax=1.0, wasShortTermModelActive=false, flags=, reason=override, autoBrightness=false
10-24 21:41:48.290 1023 1023 D usf_sensor_hal: accelerometer: Enter Activate. Enable = 1.
10-24 21:41:48.290 1637 1824 I DisplayPowerController[0]: BrightnessEvent: disp=0, physDisp=local:4619827677550801152, brt=0.17429718, initBrt=0.17429718, rcmdBrt=NaN, preBrt=NaN, lux=0.0, preLux=0.0, hbmMax=0.62, hbmMode=off, rbcStrength=0, powerFactor=1.0, thrmMax=1.0, wasShortTermModelActive=false, flags=, reason=override, autoBrightness=true
10-24 21:41:48.291 1637 1824 I DisplayPowerController[0]: BrightnessEvent: disp=0, physDisp=local:4619827677550801152, brt=0.17429718, initBrt=0.17429718, rcmdBrt=NaN, preBrt=NaN, lux=0.0, preLux=0.0, hbmMax=0.62, hbmMode=off, rbcStrength=0, powerFactor=1.0, thrmMax=1.0, wasShortTermModelActive=false, flags=, reason=override, autoBrightness=true
10-24 21:41:48.291 744 744 I libperfmgr: Hint type not present in actions: DISPLAY_INACTIVE
10-24 21:41:48.291 744 744 I powerhal-libperfmgr: Power mode DISPLAY_INACTIVE isModeSupported: 0
10-24 21:41:48.291 587 721 D BootAnimation: Playing files = /product/media/bootanimation-dark.zip/part2, Requested repeat = 180, playUntilComplete = false
10-24 21:41:48.291 590 590 D SurfaceFlinger: Setting power mode 2 on display 4619827677550801152
10-24 21:41:48.291 1267 1267 D AOC : A3:MSG: usf_sensor.cc, 1368: USF: Received start sampling request for LSM6DSR Accelerometer.
10-24 21:41:48.291 1637 1761 I DisplayDeviceRepository: Display device changed state: "Built-in Screen", ON
10-24 21:41:48.292 1267 1267 D AOC : A3:MSG: lsm6dsr_device.cc, 755: USF: Lsm6dsrDevice: Sensor 2: Enabled 1, odr_index 1.
10-24 21:41:48.292 1267 1267 D AOC : A3:MSG: lsm6dsr_device.cc, 249: USF: Lsm6dsrDevice: Config sampling too slow. Took 331788ns.
10-24 21:41:48.292 1267 1267 D AOC : A3:MSG: lsm6dsr_device.cc, 755: USF: Lsm6dsrDevice: Sensor 0: Enabled 1, odr_index 1.
10-24 21:41:48.292 1637 1761 I InputManager-JNI: Viewport [0] to add: local:4619827677550801152, isActive: true
10-24 21:41:48.292 1637 1915 I InputReader: Reconfiguring input devices, changes=DISPLAY_INFO |
10-24 21:41:48.293 1637 1915 I InputReader: Device reconfigured: id=4, name='sec_touchscreen', size 1440x3120, orientation 0, mode 1, display id 0
10-24 21:41:48.293 1267 1267 D AOC : A3:MSG: lsm6dsr_fifo.cc, 747: USF: Lsm6dsrFifo: ODR: XL/G/T/TS: 13/0/13/1 WM: 54 Intr: 1.
10-24 21:41:48.294 1023 1023 D usf_sensor_hal: IMU temperature: Enter Activate. Enable = 1.
10-24 21:41:48.294 592 592 I display : path=sysfs, id=0, level=578, DimmingOn=0, Hbm=0, LhbmOn=0
10-24 21:41:48.295 1637 1824 I DisplayPowerController[0]: BrightnessEvent: disp=0, physDisp=local:4619827677550801152, brt=0.17429718, initBrt=0.17429718, rcmdBrt=NaN, preBrt=NaN, lux=0.0, preLux=0.0, hbmMax=0.62, hbmMode=off, rbcStrength=0, powerFactor=1.0, thrmMax=1.0, wasShortTermModelActive=false, flags=, reason=override, autoBrightness=true
10-24 21:41:48.295 1267 1267 D AOC : A3:MSG: usf_sensor.cc, 1368: USF: Received start sampling request for LSM6DSR Temperature.
10-24 21:41:48.296 1267 1267 D AOC : A3:MSG: tmd3719_device.cc, 4107: USF: TMD3719: brightness:578 leakage:0.000000 refresh_rate:120 status:1
10-24 21:41:48.296 1637 1637 I ScreenUndimDetector: readValuesFromDeviceConfig():
10-24 21:41:48.296 1637 1637 I ScreenUndimDetector: mKeepScreenOnForMillis=300000
10-24 21:41:48.296 1637 1637 I ScreenUndimDetector: mKeepScreenOnNotificationEnabled=false
10-24 21:41:48.296 1637 1637 I ScreenUndimDetector: mUndimsRequired=2
10-24 21:41:48.296 1023 1023 D usf_sensor_hal: auto brightness: Enter Batch. period = 1000000000, latency = 0.
10-24 21:41:48.296 1023 1023 D usf_sensor_hal: auto brightness: Enter Activate. Enable = 1.
10-24 21:41:48.297 1267 1267 D AOC : A3:MSG: usf_sensor.cc, 1368: USF: Received start sampling request for Auto Brightness.
10-24 21:41:48.297 1267 1267 D AOC : A3:MSG: vsc_sensor.cc, 37: VSC: [Auto Brightness] enable: period 1000000000, latency = 0
10-24 21:41:48.297 1267 1267 D AOC : A3:MSG: vsc_controller.cc, 537: VSC: [Auto Brightness] requestSensorEvents: sensor 0x20009, period=100 latency=0ms.
10-24 21:41:48.298 1267 1267 D AOC : A3:MSG: usf_sensor.cc, 1368: USF: Received start sampling request for TMD3719 Ambient Light.
10-24 21:41:48.298 1637 1637 D SystemServerTiming: OnBootPhase_500_com.android.server.power.ThermalManagerService
10-24 21:41:48.298 1637 1637 D SystemServerTiming: OnBootPhase_500_com.android.server.power.hint.HintManagerService
10-24 21:41:48.298 1637 1637 V HintManagerService: Initializing HintManager service...
10-24 21:41:48.298 1637 1637 V HistoricalRegistry: Interaction before persistence initialized
10-24 21:41:48.298 1637 1637 D SystemServerTiming: OnBootPhase_500_com.android.server.recoverysystem.RecoverySystemService$Lifecycle
10-24 21:41:48.298 1637 1637 D SystemServerTiming: OnBootPhase_500_com.android.server.lights.LightsService
10-24 21:41:48.298 1637 1637 D SystemServerTiming: OnBootPhase_500_com.android.server.display.DisplayManagerService
10-24 21:41:48.298 1637 1637 D SystemServerTiming: OnBootPhase_500_com.android.server.pm.verify.domain.DomainVerificationService
10-24 21:41:48.298 1637 1637 D SystemServerTiming: OnBootPhase_500_com.android.server.pm.PackageInstallerService$Lifecycle
10-24 21:41:48.298 1637 1637 D SystemServerTiming: OnBootPhase_500_com.android.server.pm.UserManagerService$LifeCycle
10-24 21:41:48.298 1637 1637 D SystemServerTiming: OnBootPhase_500_com.android.server.om.OverlayManagerService
10-24 21:41:48.298 1637 1637 D SystemServerTiming: OnBootPhase_500_com.android.server.resources.ResourcesManagerService
10-24 21:41:48.298 1637 1637 D SystemServerTiming: OnBootPhase_500_com.android.server.sensorprivacy.SensorPrivacyService
10-24 21:41:48.298 969 977 I ServiceManager: Waiting for service 'statscompanion' on '/dev/binder' successful after waiting 2911ms
10-24 21:41:48.299 1637 1637 D SystemServerTiming: OnBootPhase_500_com.android.server.sensors.SensorService
10-24 21:41:48.299 1637 1637 D SystemServerTiming: OnBootPhase_500_com.android.server.SystemConfigService
10-24 21:41:48.299 1637 1637 D SystemServerTiming: OnBootPhase_500_com.android.server.BatteryService
10-24 21:41:48.299 1637 1637 D SystemServerTiming: OnBootPhase_500_com.android.server.usage.UsageStatsService
10-24 21:41:48.299 1637 1637 D AppStandbyController: Setting app idle enabled state
10-24 21:41:48.302 1637 1637 V HistoricalRegistry: Interaction before persistence initialized
10-24 21:41:48.302 1637 1637 D SystemServerTiming: OnBootPhase_500_com.android.server.webkit.WebViewUpdateService
10-24 21:41:48.302 1637 1637 D SystemServerTiming: OnBootPhase_500_com.android.server.CachedDeviceStateService
10-24 21:41:48.302 1637 1637 D SystemServerTiming: OnBootPhase_500_com.android.server.BinderCallsStatsService$LifeCycle
10-24 21:41:48.303 1637 1637 D SystemServerTiming: OnBootPhase_500_com.android.server.LooperStatsService$Lifecycle
10-24 21:41:48.303 1637 1637 D SystemServerTiming: OnBootPhase_500_com.android.server.rollback.RollbackManagerService
10-24 21:41:48.303 1637 1637 D SystemServerTiming: OnBootPhase_500_com.android.server.os.NativeTombstoneManagerService
10-24 21:41:48.303 1637 1637 D SystemServerTiming: OnBootPhase_500_com.android.server.os.BugreportManagerService
10-24 21:41:48.303 1637 1637 D SystemServerTiming: OnBootPhase_500_com.android.server.gpu.GpuService
10-24 21:41:48.303 1637 1637 D SystemServerTiming: OnBootPhase_500_com.android.server.security.KeyChainSystemService
10-24 21:41:48.303 1637 1637 D SystemServerTiming: OnBootPhase_500_com.android.server.BinaryTransparencyService
10-24 21:41:48.303 1637 1637 D SystemServerTiming: OnBootPhase_500_com.android.server.telecom.TelecomLoaderService
10-24 21:41:48.303 1637 1637 D SystemServerTiming: OnBootPhase_500_com.android.server.accounts.AccountManagerService$Lifecycle
10-24 21:41:48.303 1637 1637 D SystemServerTiming: OnBootPhase_500_com.android.server.content.ContentService$Lifecycle
10-24 21:41:48.303 1637 1637 D SystemServerTiming: OnBootPhase_500_com.android.server.DropBoxManagerService
10-24 21:41:48.303 1637 1637 D SystemServerTiming: OnBootPhase_500_com.android.role.RoleService
10-24 21:41:48.303 1637 1637 D SystemServerTiming: OnBootPhase_500_com.android.server.vibrator.VibratorManagerService$Lifecycle
10-24 21:41:48.303 1637 1637 V VibratorManagerService: Initializing VibratorManager service...
10-24 21:41:48.303 1637 1637 V HistoricalRegistry: Interaction before persistence initialized
10-24 21:41:48.303 1637 1637 V VibratorManagerService: VibratorManager service initialized
10-24 21:41:48.303 1637 1637 D SystemServerTiming: OnBootPhase_500_com.android.server.tare.InternalResourceService
10-24 21:41:48.304 1267 1267 D AOC : A3:MSG: vsc_controller.cc, 537: VSC: [Auto Brightness] requestSensorEvents: sensor 0x2000e, period=100 latency=0ms.
10-24 21:41:48.304 1637 1637 D SystemServerTiming: OnBootPhase_500_com.android.server.alarm.AlarmManagerService
10-24 21:41:48.305 1267 1267 D AOC : A3:MSG: auto_brightness.c, 931: [Auto Brightness] Configured instance at 0x7810e490, front-als:1 rear-als:0 rls:1
10-24 21:41:48.305 1637 1637 D SystemServerTiming: OnBootPhase_500_com.android.server.devicestate.DeviceStateManagerService
10-24 21:41:48.305 1637 1637 D SystemServerTiming: OnBootPhase_500_com.android.server.camera.CameraServiceProxy
10-24 21:41:48.305 1637 1637 D SystemServerTiming: OnBootPhase_500_com.android.server.bluetooth.BluetoothService
10-24 21:41:48.306 1637 1637 D SystemServerTiming: OnBootPhase_500_com.android.server.connectivity.IpConnectivityMetrics
10-24 21:41:48.306 1637 1977 D ConnectivityService: NetReassign [no changes] [c 0] [a 0] [i 0]
10-24 21:41:48.307 1637 1637 D SystemServerTiming: OnBootPhase_500_com.android.server.net.watchlist.NetworkWatchlistService$Lifecycle
10-24 21:41:48.307 1637 1637 D SystemServerTiming: OnBootPhase_500_com.android.server.PinnerService
10-24 21:41:48.307 1637 1637 D SystemServerTiming: OnBootPhase_500_com.android.server.integrity.AppIntegrityManagerService
10-24 21:41:48.307 1637 1637 D SystemServerTiming: OnBootPhase_500_com.android.server.logcat.LogcatManagerService
10-24 21:41:48.307 1637 1637 D SystemServerTiming: OnBootPhase_500_com.android.server.inputmethod.InputMethodManagerService$Lifecycle
10-24 21:41:48.307 1637 1637 D SystemServerTiming: OnBootPhase_500_com.android.server.accessibility.AccessibilityManagerService$Lifecycle
10-24 21:41:48.307 1637 1637 D SystemServerTiming: OnBootPhase_500_com.android.server.StorageManagerService$Lifecycle
10-24 21:41:48.307 1637 1637 D SystemServerTiming: OnBootPhase_500_com.android.server.usage.StorageStatsService$Lifecycle
10-24 21:41:48.307 1637 1637 D SystemServerTiming: OnBootPhase_500_com.android.server.UiModeManagerService
10-24 21:41:48.308 587 721 D BootAnimation: Playing files = /product/media/bootanimation-dark.zip/part2, Requested repeat = 180, playUntilComplete = false
10-24 21:41:48.308 1637 1637 I ActivityTaskManager: Config changes=200 {1.0 ?mcc?mnc [en_US] ldltr sw411dp w411dp h850dp 560dpi nrml long port night finger -keyb/v/h -nav/h winConfig={ mBounds=Rect(0, 0 - 1440, 3120) mAppBounds=Rect(0, 145 - 1440, 3120) mMaxBounds=Rect(0, 0 - 1440, 3120) mDisplayRotation=ROTATION_0 mWindowingMode=fullscreen mDisplayWindowingMode=fullscreen mActivityType=undefined mAlwaysOnTop=undefined mRotation=ROTATION_0} s.6 ?fontWeightAdjustment}
10-24 21:41:48.308 1637 1769 E AppWidgetManager: Nofity service of inheritance info
10-24 21:41:48.308 1637 1769 E AppWidgetManager: java.lang.IllegalStateException: User 0 must be unlocked for widgets to be available
10-24 21:41:48.308 1637 1769 E AppWidgetManager: at com.android.server.appwidget.AppWidgetServiceImpl.ensureGroupStateLoadedLocked(AppWidgetServiceImpl.java:640)
10-24 21:41:48.308 1637 1769 E AppWidgetManager: at com.android.server.appwidget.AppWidgetServiceImpl.ensureGroupStateLoadedLocked(AppWidgetServiceImpl.java:634)
10-24 21:41:48.308 1637 1769 E AppWidgetManager: at com.android.server.appwidget.AppWidgetServiceImpl.getInstalledProvidersForProfile(AppWidgetServiceImpl.java:1700)
10-24 21:41:48.308 1637 1769 E AppWidgetManager: at android.appwidget.AppWidgetManager.getInstalledProvidersForProfile(AppWidgetManager.java:920)
10-24 21:41:48.308 1637 1769 E AppWidgetManager: at android.appwidget.AppWidgetManager.getInstalledProvidersForPackage(AppWidgetManager.java:854)
10-24 21:41:48.308 1637 1769 E AppWidgetManager: at android.appwidget.AppWidgetManager.lambda$new$3$android-appwidget-AppWidgetManager(AppWidgetManager.java:536)
10-24 21:41:48.308 1637 1769 E AppWidgetManager: at android.appwidget.AppWidgetManager$$ExternalSyntheticLambda4.run(Unknown Source:2)
10-24 21:41:48.308 1637 1769 E AppWidgetManager: at android.os.Handler.handleCallback(Handler.java:942)
10-24 21:41:48.308 1637 1769 E AppWidgetManager: at android.os.Handler.dispatchMessage(Handler.java:99)
10-24 21:41:48.308 1637 1769 E AppWidgetManager: at android.os.Looper.loopOnce(Looper.java:201)
10-24 21:41:48.308 1637 1769 E AppWidgetManager: at android.os.Looper.loop(Looper.java:288)
10-24 21:41:48.308 1637 1769 E AppWidgetManager: at android.os.HandlerThread.run(HandlerThread.java:67)
10-24 21:41:48.309 1637 1637 I WindowManager: Override config changes=200 {1.0 ?mcc?mnc [en_US] ldltr sw411dp w411dp h850dp 560dpi nrml long port night finger -keyb/v/h -nav/h winConfig={ mBounds=Rect(0, 0 - 1440, 3120) mAppBounds=Rect(0, 145 - 1440, 3120) mMaxBounds=Rect(0, 0 - 1440, 3120) mDisplayRotation=ROTATION_0 mWindowingMode=fullscreen mDisplayWindowingMode=fullscreen mActivityType=undefined mAlwaysOnTop=undefined mRotation=ROTATION_0} s.6 ?fontWeightAdjustment} for displayId=0
10-24 21:41:48.309 1637 1637 D SystemServerTiming: OnBootPhase_500_com.android.server.locales.LocaleManagerService
10-24 21:41:48.309 1637 1637 D SystemServerTiming: OnBootPhase_500_com.android.server.locksettings.LockSettingsService$Lifecycle
10-24 21:41:48.309 1637 1637 D SystemServerTiming: OnBootPhase_500_com.android.server.PersistentDataBlockService
10-24 21:41:48.309 1637 1637 D SystemServerTiming: OnBootPhase_500_com.android.server.testharness.TestHarnessModeService
10-24 21:41:48.309 1637 1637 D TestHarnessModeService: Setting up test harness mode
10-24 21:41:48.309 1637 1637 D TestHarnessModeService: Getting PersistentDataBlockManagerInternal from LocalServices
10-24 21:41:48.310 1637 1637 D SystemServerTiming: OnBootPhase_500_com.android.server.oemlock.OemLockService
10-24 21:41:48.310 1637 1637 D SystemServerTiming: OnBootPhase_500_com.android.server.DeviceIdleController
10-24 21:41:48.310 1637 1769 D PinnerService: pinRangeStream: null
10-24 21:41:48.311 1637 1637 V HistoricalRegistry: Interaction before persistence initialized
10-24 21:41:48.312 1637 1769 D PinnerService: pinRangeStream: null
10-24 21:41:48.312 1637 1637 D SystemServerTiming: OnBootPhase_500_com.android.server.devicepolicy.DevicePolicyManagerService$Lifecycle
10-24 21:41:48.312 1637 1637 D SystemServerTiming: OnBootPhase_500_com.android.server.musicrecognition.MusicRecognitionManagerService
10-24 21:41:48.312 1637 1637 D SystemServerTiming: OnBootPhase_500_com.android.server.contentcapture.ContentCaptureManagerService
10-24 21:41:48.312 1637 1637 D SystemServerTiming: OnBootPhase_500_com.android.server.attention.AttentionManagerService
10-24 21:41:48.312 1637 1637 I AttentionManagerService: readValuesFromDeviceConfig():
10-24 21:41:48.312 1637 1637 I AttentionManagerService: mIsServiceEnabled=true
10-24 21:41:48.312 1637 1637 I AttentionManagerService: mStaleAfterMillis=1000
10-24 21:41:48.312 1637 1637 D SystemServerTiming: OnBootPhase_500_com.android.server.rotationresolver.RotationResolverManagerService
10-24 21:41:48.312 1637 1769 D PinnerService: pinRangeStream: null
10-24 21:41:48.312 1637 1637 D SystemServerTiming: OnBootPhase_500_com.android.server.systemcaptions.SystemCaptionsManagerService
10-24 21:41:48.312 1637 1637 D SystemServerTiming: OnBootPhase_500_com.android.server.texttospeech.TextToSpeechManagerService
10-24 21:41:48.312 1637 1637 D SystemServerTiming: OnBootPhase_500_com.android.server.ambientcontext.AmbientContextManagerService
10-24 21:41:48.313 1637 1637 D SystemServerTiming: OnBootPhase_500_com.android.server.speech.SpeechRecognitionManagerService
10-24 21:41:48.313 1637 1637 D SystemServerTiming: OnBootPhase_500_com.android.server.appprediction.AppPredictionManagerService
10-24 21:41:48.313 1637 1637 D SystemServerTiming: OnBootPhase_500_com.android.server.contentsuggestions.ContentSuggestionsManagerService
10-24 21:41:48.313 1637 1637 D SystemServerTiming: OnBootPhase_500_com.android.server.searchui.SearchUiManagerService
10-24 21:41:48.313 1637 1637 D SystemServerTiming: OnBootPhase_500_com.android.server.smartspace.SmartspaceManagerService
10-24 21:41:48.313 1637 1637 D SystemServerTiming: OnBootPhase_500_com.android.server.graphics.fonts.FontManagerService$Lifecycle
10-24 21:41:48.313 1637 1637 D SystemServerTiming: OnBootPhase_500_com.android.server.textservices.TextServicesManagerService$Lifecycle
10-24 21:41:48.313 1637 1637 D SystemServerTiming: OnBootPhase_500_com.android.server.textclassifier.TextClassificationManagerService$Lifecycle
10-24 21:41:48.313 1637 1637 D SystemServerTiming: OnBootPhase_500_com.android.server.NetworkScoreService$Lifecycle
10-24 21:41:48.313 1637 1637 D SystemServerTiming: OnBootPhase_500_com.android.server.NetworkStatsServiceInitializer
10-24 21:41:48.313 1637 1637 D SystemServerTiming: OnBootPhase_500_com.android.server.wifi.WifiService
10-24 21:41:48.314 1637 1637 D SystemServerTiming: OnBootPhase_500_com.android.server.wifi.scanner.WifiScanningService
10-24 21:41:48.314 1637 1637 I WifiScanningService: Starting wifiscanner
10-24 21:41:48.314 1637 1637 D SystemServerTiming: OnBootPhase_500_com.android.server.wifi.rtt.RttService
10-24 21:41:48.314 1637 1637 I RttService: Starting wifirtt
10-24 21:41:48.315 1637 1637 D SystemServerTiming: OnBootPhase_500_com.android.server.wifi.aware.WifiAwareService
10-24 21:41:48.315 1637 1973 I WifiContext: Got resolveInfos for com.android.server.wifi.intent.action.SERVICE_WIFI_RESOURCES_APK: [ResolveInfo{3925550 com.google.android.wifi.resources/android.app.Activity m=0x108000}]
10-24 21:41:48.315 1637 1973 I WifiContext: Found Wifi Resources APK at: com.google.android.wifi.resources
10-24 21:41:48.316 1637 1637 I WifiAwareService: Starting Wi-Fi Aware service
10-24 21:41:48.316 1637 1637 I WifiContext: Got resolveInfos for com.android.server.wifi.intent.action.SERVICE_WIFI_RESOURCES_APK: [ResolveInfo{a3d7f26 com.google.android.wifi.resources/android.app.Activity m=0x108000}]
10-24 21:41:48.316 1637 1637 I WifiContext: Found Wifi Resources APK at: com.google.android.wifi.resources
10-24 21:41:48.316 1637 1637 D SystemServerTiming: OnBootPhase_500_com.android.server.wifi.p2p.WifiP2pService
10-24 21:41:48.316 1637 1637 D SystemServerTiming: OnBootPhase_500_com.android.server.ConnectivityServiceInitializer
10-24 21:41:48.316 1637 1637 I EthernetServiceImpl: Starting Ethernet service
10-24 21:41:48.316 1637 1977 D ConnectivityService: Got NetworkProvider Messenger for EthernetNetworkFactory
10-24 21:41:48.316 1637 1637 D SystemServerTiming: OnBootPhase_500_com.android.server.notification.NotificationManagerService
10-24 21:41:48.316 1637 1769 D PinnerService: pinRangeStream: java.util.zip.ZipFile$ZipFileInflaterInputStream@36cf5bd
10-24 21:41:48.318 1637 1637 D SystemServerTiming: OnBootPhase_500_com.android.server.storage.DeviceStorageMonitorService
10-24 21:41:48.318 1637 1637 D SystemServerTiming: OnBootPhase_500_com.android.server.location.LocationManagerService$Lifecycle
10-24 21:41:48.318 1637 1637 V HistoricalRegistry: Interaction before persistence initialized
10-24 21:41:48.318 1637 1637 D SystemServerTiming: OnBootPhase_500_com.android.server.timedetector.TimeDetectorService$Lifecycle
10-24 21:41:48.318 1637 1637 D SystemServerTiming: OnBootPhase_500_com.android.server.timezonedetector.TimeZoneDetectorService$Lifecycle
10-24 21:41:48.318 1637 1637 D SystemServerTiming: OnBootPhase_500_com.android.server.timezonedetector.location.LocationTimeZoneManagerService$Lifecycle
10-24 21:41:48.318 1637 1637 D SystemServerTiming: OnBootPhase_500_com.android.server.search.SearchManagerService$Lifecycle
10-24 21:41:48.318 1637 1637 D SystemServerTiming: OnBootPhase_500_com.android.server.wallpaper.WallpaperManagerService$Lifecycle
10-24 21:41:48.318 1637 1637 D SystemServerTiming: OnBootPhase_500_com.android.server.wallpapereffectsgeneration.WallpaperEffectsGenerationManagerService
10-24 21:41:48.318 1637 1637 D SystemServerTiming: OnBootPhase_500_com.android.server.audio.AudioService$Lifecycle
10-24 21:41:48.318 1637 1637 D SystemServerTiming: OnBootPhase_500_com.android.server.soundtrigger_middleware.SoundTriggerMiddlewareService$Lifecycle
10-24 21:41:48.318 1637 1637 D SystemServerTiming: OnBootPhase_500_com.android.server.DockObserver
10-24 21:41:48.318 1637 1637 D SystemServerTiming: OnBootPhase_500_com.android.server.midi.MidiService$Lifecycle
10-24 21:41:48.318 1637 1637 D SystemServerTiming: OnBootPhase_500_com.android.server.adb.AdbService$Lifecycle
10-24 21:41:48.318 1637 1637 D SystemServerTiming: OnBootPhase_500_com.android.server.usb.UsbService$Lifecycle
10-24 21:41:48.318 1637 1637 D SystemServerTiming: OnBootPhase_500_com.android.server.twilight.TwilightService
10-24 21:41:48.318 1637 1637 D SystemServerTiming: OnBootPhase_500_com.android.server.display.color.ColorDisplayService
10-24 21:41:48.318 1637 1637 D SystemServerTiming: OnBootPhase_500_com.android.server.job.JobSchedulerService
10-24 21:41:48.318 1637 1769 D PinnerService: pinRangeStream: java.util.zip.ZipFile$ZipFileInflaterInputStream@afbb0c
10-24 21:41:48.318 1637 1769 D PinnerService: pinRangeStream: java.util.zip.ZipFile$ZipFileInflaterInputStream@7ed1f36
10-24 21:41:48.318 1637 1769 D PinnerService: pinRangeStream: java.util.zip.ZipFile$ZipFileInflaterInputStream@1f4e10d
10-24 21:41:48.319 1637 1769 D PinnerService: pinRangeStream: java.util.zip.ZipFile$ZipFileInflaterInputStream@1c5d210
10-24 21:41:48.319 1637 1769 D PinnerService: pinRangeStream: java.util.zip.ZipFile$ZipFileInflaterInputStream@ff56d2f
10-24 21:41:48.319 1637 1769 D PinnerService: pinRangeStream: java.util.zip.ZipFile$ZipFileInflaterInputStream@babde1a
10-24 21:41:48.319 1637 1769 D PinnerService: pinRangeStream: java.util.zip.ZipFile$ZipFileInflaterInputStream@1554841
10-24 21:41:48.319 1637 1967 D CompatibilityChangeReporter: Compat change id reported: 213289672; UID 1000; state: ENABLED
10-24 21:41:48.319 1637 1769 D PinnerService: pinRangeStream: java.util.zip.ZipFile$ZipFileInflaterInputStream@11cf9d4
10-24 21:41:48.319 1637 1769 D PinnerService: pinRangeStream: java.util.zip.ZipFile$ZipFileInflaterInputStream@47c7ac3
10-24 21:41:48.319 1637 1769 D PinnerService: pinRangeStream: java.util.zip.ZipFile$ZipFileInflaterInputStream@e6527be
10-24 21:41:48.319 1637 1967 D CompatibilityChangeReporter: Compat change id reported: 215656264; UID 1000; state: ENABLED
10-24 21:41:48.319 1637 1769 D PinnerService: pinRangeStream: java.util.zip.ZipFile$ZipFileInflaterInputStream@c4801ca
10-24 21:41:48.319 1637 1967 D WifiConfigStore: Reading from all stores completed in 5 ms.
10-24 21:41:48.319 1637 1769 D PinnerService: pinRangeStream: java.util.zip.ZipFile$ZipFileInflaterInputStream@6dfc3b1
10-24 21:41:48.319 1637 1769 D PinnerService: pinRangeStream: java.util.zip.ZipFile$ZipFileInflaterInputStream@45c8004
10-24 21:41:48.320 1637 1967 E WifiConfigManager: Cannot find network with networkId -1 or configKey "AKA Times Square i-Hotel"NONE or upgradable security type check
10-24 21:41:48.320 1637 1967 E WifiConfigManager: Cannot find network with networkId -1 or configKey "Citadel_Employees"WPA_PSK or upgradable security type check
10-24 21:41:48.320 1637 1967 E WifiConfigManager: Cannot find network with networkId -1 or configKey "Side Hustle Guest"WPA_PSK or upgradable security type check
10-24 21:41:48.320 1637 1967 E WifiConfigManager: Cannot find network with networkId -1 or configKey "bebird-Note5-301010"NONE or upgradable security type check
10-24 21:41:48.320 1637 1967 I WifiInjector: enableVerboseLogging false hal false
10-24 21:41:48.320 1637 1967 D WifiNative: enableVerboseLogging false hal false
10-24 21:41:48.320 1637 1967 E SupplicantStaIfaceHalAidlImpl: Can't call setDebugParams, ISupplicant is null
10-24 21:41:48.321 1637 1967 I WifiService: WifiService starting up with Wi-Fi enabled
10-24 21:41:48.323 1637 1967 D WifiNative: mIsLocationModeEnabled true mLastLocationModeEnabledTimeMs 9699
10-24 21:41:48.323 1637 1637 V HistoricalRegistry: Interaction before persistence initialized
10-24 21:41:48.323 1637 1637 D SystemServerTiming: OnBootPhase_500_com.android.server.soundtrigger.SoundTriggerService
10-24 21:41:48.323 1637 1637 D SoundTriggerService: onBootPhase: 500 : false
10-24 21:41:48.323 1637 1637 D SystemServerTiming: OnBootPhase_500_com.android.server.trust.TrustManagerService
10-24 21:41:48.324 1637 1637 D SystemServerTiming: OnBootPhase_500_com.android.server.backup.BackupManagerService$Lifecycle
10-24 21:41:48.324 1637 1637 D SystemServerTiming: OnBootPhase_500_com.android.server.appwidget.AppWidgetService
10-24 21:41:48.324 1637 1637 D SystemServerTiming: OnBootPhase_500_com.android.server.voiceinteraction.VoiceInteractionManagerService
10-24 21:41:48.324 1637 1637 D SystemServerTiming: OnBootPhase_500_com.android.server.apphibernation.AppHibernationService
10-24 21:41:48.324 1637 1967 D WifiController: isAirplaneModeOn = false, isWifiEnabled = true, isScanningAvailable = false, isLocationModeActive = true, isSatelliteModeOn = false
10-24 21:41:48.324 1637 1967 D WifiActiveModeWarden: Starting primary ClientModeManager in connect mode
10-24 21:41:48.324 1637 1637 D SystemServerTiming: OnBootPhase_500_com.android.server.GestureLauncherService
10-24 21:41:48.324 1637 1637 D SystemServerTiming: OnBootPhase_500_com.android.server.SensorNotificationService
10-24 21:41:48.324 1637 1637 D SystemServerTiming: OnBootPhase_500_com.android.server.ContextHubSystemService
10-24 21:41:48.324 1637 1637 D ContextHubSystemService: onBootPhase: PHASE_SYSTEM_SERVICES_READY
10-24 21:41:48.324 587 721 D BootAnimation: Playing files = /product/media/bootanimation-dark.zip/part2, Requested repeat = 180, playUntilComplete = false
10-24 21:41:48.325 1637 1637 D SystemServerTiming: OnBootPhase_500_com.android.server.emergency.EmergencyAffordanceService
10-24 21:41:48.325 1637 1637 D SystemServerTiming: OnBootPhase_500_com.android.server.blob.BlobStoreManagerService
10-24 21:41:48.325 1637 1637 D SystemServerTiming: OnBootPhase_500_com.android.server.dreams.DreamManagerService
10-24 21:41:48.325 1637 1637 D SystemServerTiming: OnBootPhase_500_com.android.server.print.PrintManagerService
10-24 21:41:48.325 1637 1637 D SystemServerTiming: OnBootPhase_500_com.android.server.security.AttestationVerificationManagerService
10-24 21:41:48.325 1637 1637 D SystemServerTiming: OnBootPhase_500_com.android.server.companion.CompanionDeviceManagerService
10-24 21:41:48.325 1637 1967 I WifiHalHidlImpl: Initializing the WiFi HAL
10-24 21:41:48.325 1637 1967 I WifiHalHidlImpl: initServiceManagerIfNecessaryLocked
10-24 21:41:48.325 1637 1637 D BluetoothAdapter: registerBluetoothConnectionCallback()
10-24 21:41:48.325 1637 1637 D BluetoothAdapter: isLeEnabled(): OFF
10-24 21:41:48.325 1637 1967 I android_os_HwBinder: HwBinder: Starting thread pool for getting: android.hidl.manager@1.2::IServiceManager/default
10-24 21:41:48.325 1637 1637 D SystemServerTiming: OnBootPhase_500_com.android.server.companion.virtual.VirtualDeviceManagerService
10-24 21:41:48.325 1637 1637 D SystemServerTiming: OnBootPhase_500_com.android.server.restrictions.RestrictionsManagerService
10-24 21:41:48.325 1637 1637 D SystemServerTiming: OnBootPhase_500_com.android.server.media.MediaSessionService
10-24 21:41:48.325 1637 1637 D SystemServerTiming: OnBootPhase_500_com.android.server.media.MediaResourceMonitorService
10-24 21:41:48.325 1637 1637 D SystemServerTiming: OnBootPhase_500_com.android.server.biometrics.sensors.fingerprint.FingerprintService
