10-24 21:41:46.120 1637 1637 W PackageSettings: Missing permission state for package com.google.pixel.digitalkey.timesync on user 0
10-24 21:41:46.120 1637 1637 W PackageSettings: Missing permission state for package com.google.android.networkstack.tethering.overlay2021 on user 0
10-24 21:41:46.120 1637 1637 W PackageSettings: Missing permission state for package com.android.nfc.auto_generated_rro_product__ on user 0
10-24 21:41:46.120 1637 1637 W PackageSettings: Missing permission state for package com.android.dreams.basic on user 0
10-24 21:41:46.120 1637 1637 W PackageSettings: Missing permission state for package com.google.android.pixel.setupwizard.auto_generated_rro_product__ on user 0
10-24 21:41:46.120 1637 1637 W PackageSettings: Missing permission state for package com.android.providers.settings.auto_generated_rro_product__ on user 0
10-24 21:41:46.120 1637 1637 W PackageSettings: Missing permission state for package com.android.traceur.auto_generated_rro_product__ on user 0
10-24 21:41:46.120 1637 1637 W PackageSettings: Missing permission state for package com.google.android.flipendo.auto_generated_rro_product__ on user 0
10-24 21:41:46.120 1637 1637 W PackageSettings: Missing permission state for package com.google.android.appsearch.apk on user 0
10-24 21:41:46.120 1637 1637 W PackageSettings: Missing permission state for package com.android.ons.auto_generated_rro_vendor__ on user 0
10-24 21:41:46.120 1637 1637 W PackageSettings: Missing permission state for package com.google.android.documentsui.theme.pixel on user 0
10-24 21:41:46.120 1637 1637 W PackageSettings: Missing permission state for package com.google.android.markup on user 0
10-24 21:41:46.120 1637 1637 W PackageSettings: Missing permission state for package com.android.server.telecom.auto_generated_rro_product__ on user 0
10-24 21:41:46.120 1637 1637 W PackageSettings: Missing permission state for package com.google.android.overlay.googleconfig on user 0
10-24 21:41:46.120 1637 1637 W PackageSettings: Missing permission state for package com.android.bips.auto_generated_rro_product__ on user 0
10-24 21:41:46.120 1637 1637 W PackageSettings: Missing permission state for package com.google.android.overlay.permissioncontroller on user 0
10-24 21:41:46.121 1637 1637 W PackageSettings: Missing permission state for package com.android.safetyregulatoryinfo on user 0
10-24 21:41:46.121 1637 1637 W PackageSettings: Missing permission state for package com.android.cameraextensions on user 0
10-24 21:41:46.121 1637 1637 W PackageSettings: Missing permission state for package com.google.android.pixel.setupwizard.overlay on user 0
10-24 21:41:46.121 1637 1637 W PackageSettings: Missing permission state for package com.google.android.apps.wallpaper.pixel on user 0
10-24 21:41:46.121 1637 1637 W PackageSettings: Missing permission state for package com.google.euiccpixel.overlay.gs101 on user 0
10-24 21:41:46.121 1637 1637 W PackageSettings: Missing permission state for package com.google.android.virtualmachine.res on user 0
10-24 21:41:46.121 1637 1637 W PackageSettings: Missing permission state for package com.android.theme.font.notoserifsource on user 0
10-24 21:41:46.121 1637 1637 W PackageSettings: Missing permission state for package com.google.android.safetycenter.resources on user 0
10-24 21:41:46.121 1637 1637 W PackageSettings: Missing permission state for package com.google.android.compos.payload on user 0
10-24 21:41:46.121 1637 1637 W PackageSettings: Missing permission state for package com.android.internal.display.cutout.emulation.waterfall on user 0
10-24 21:41:46.121 1637 1637 W PackageSettings: Missing permission state for package com.google.android.storagemanager.auto_generated_rro_vendor__ on user 0
10-24 21:41:46.121 1637 1637 W PackageSettings: Missing permission state for package com.google.android.connectivity.resources on user 0
10-24 21:41:46.121 1637 1637 W PackageSettings: Missing permission state for package com.android.providers.contacts.auto_generated_rro_product__ on user 0
10-24 21:41:46.121 1637 1637 W PackageSettings: Missing permission state for package com.google.android.systemui.gxoverlay on user 0
10-24 21:41:46.121 1637 1637 W PackageSettings: Missing permission state for package com.android.cellbroadcastservice.overlay.pixel on user 0
10-24 21:41:46.121 1637 1637 W PackageSettings: Missing permission state for package com.android.providers.partnerbookmarks on user 0
10-24 21:41:46.121 1637 1637 W PackageSettings: Missing permission state for package com.google.android.pixel.setupwizard.overlay2019 on user 0
10-24 21:41:46.121 1637 1637 W PackageSettings: Missing permission state for package com.google.android.pixel.setupwizard.overlay2021 on user 0
10-24 21:41:46.121 1637 1637 W PackageSettings: Missing permission state for package com.android.providers.telephony.auto_generated_rro_product__ on user 0
10-24 21:41:46.121 1637 1637 W PackageSettings: Missing permission state for package com.android.phone.auto_generated_rro_vendor__ on user 0
10-24 21:41:46.121 1637 1637 W PackageSettings: Missing permission state for package com.android.traceur.auto_generated_rro_vendor__ on user 0
10-24 21:41:46.121 1637 1637 W PackageSettings: Missing permission state for package com.android.internal.display.cutout.emulation.avoidAppsInCutout on user 0
10-24 21:41:46.121 1637 1637 W PackageSettings: Missing permission state for package com.android.bookmarkprovider on user 0
10-24 21:41:46.121 1637 1637 W PackageSettings: Missing permission state for package com.google.android.overlay.pixelconfigcommon on user 0
10-24 21:41:46.121 1637 1637 W PackageSettings: Missing permission state for package com.google.android.uwb.resources on user 0
10-24 21:41:46.121 1637 1637 W PackageSettings: Missing permission state for package com.google.android.wifi.resources on user 0
10-24 21:41:46.121 1637 1637 W PackageSettings: Missing permission state for package com.android.nfc.auto_generated_rro_vendor__ on user 0
10-24 21:41:46.121 1637 1637 W PackageSettings: Missing permission state for package com.android.angle on user 0
10-24 21:41:46.121 1637 1637 W PackageSettings: Missing permission state for package com.android.settings.auto_generated_rro_product__ on user 0
10-24 21:41:46.121 1637 1637 W PackageSettings: Missing permission state for package com.android.providers.media.overlay.pixel on user 0
10-24 21:41:46.121 1637 1637 W PackageSettings: Missing permission state for package com.android.captiveportallogin.overlay on user 0
10-24 21:41:46.121 1637 1637 W PackageSettings: Missing permission state for package com.android.internal.systemui.navbar.gestural on user 0
10-24 21:41:46.121 1637 1637 W PackageSettings: Missing permission state for package com.google.android.dreamlinerupdater on user 0
10-24 21:41:46.121 1637 1637 W PackageSettings: Missing permission state for package com.android.phone.auto_generated_rro_product__ on user 0
10-24 21:41:46.121 1637 1637 W PackageSettings: Missing permission state for package com.android.omadm.service.auto_generated_rro_vendor__ on user 0
10-24 21:41:46.121 1637 1637 W PackageSettings: Missing permission state for package android.auto_generated_rro_product__ on user 0
10-24 21:41:46.121 1637 1637 W PackageSettings: Missing permission state for package com.android.internal.systemui.navbar.gestural_narrow_back on user 0
10-24 21:41:46.121 1637 1637 W PackageSettings: Missing permission state for package android.auto_generated_rro_vendor__ on user 0
10-24 21:41:46.122 1637 1637 W PackageSettings: Missing permission state for shared user: android.uid.log
10-24 21:41:46.122 1637 1637 W PackageSettings: Missing permission state for shared user: android.uid.uwb
10-24 21:41:46.129 1637 1637 D PackageManager: Directories scanned as system partitions: [/system:0, /vendor:524288, /odm:4194304, /oem:262144, /product:1048576, /system_ext:2097152, /apex/com.android.media:8388608, /apex/com.android.apex.cts.shim:8388608, /apex/com.android.extservices:8388608, /apex/com.android.conscrypt:8388608, /apex/com.android.appsearch:8388608, /apex/com.android.tethering:8388608, /apex/com.android.permission:8388608, /apex/com.android.scheduling:8388608, /apex/com.android.compos:10485760, /apex/com.android.uwb:8388608, /apex/com.google.mainline.primary.libs:8388608, /apex/com.android.btservices:8388608, /apex/com.android.ipsec:8388608, /apex/com.android.os.statsd:8388608, /apex/com.android.ondevicepersonalization:8388608, /apex/com.android.media.swcodec:8388608, /apex/com.android.vndk.v33:8388608, /apex/com.android.mediaprovider:8388608, /apex/com.android.adservices:8388608, /apex/com.android.resolv:8388608, /apex/com.android.cellbroadcast:8388608, /apex/com.android.wifi:8388608, /apex/com.android.tzdata:8388608, /apex/com.android.adbd:8388608, /apex/com.android.runtime:8388608, /apex/com.android.neuralnetworks:8388608, /apex/com.android.i18n:8388608, /apex/com.android.art:8388608, /apex/com.android.virt:10485760, /apex/com.google.pixel.camera.hal:8912896, /apex/com.android.sdkext:8388608]
10-24 21:41:46.130 1637 1637 D PackageManager: Keeping known cache 13bfa76de65fa07183852e377f54722c2b055daa
10-24 21:41:46.146 1637 1637 D PackageManager: No files in app dir /apex/com.google.pixel.camera.hal/overlay
10-24 21:41:46.147 1637 1637 D PackageManager: No files in app dir /apex/com.android.virt/overlay
10-24 21:41:46.147 1637 1637 D PackageManager: No files in app dir /apex/com.android.compos/overlay
10-24 21:41:46.147 1637 1637 D PackageManager: No files in app dir /system_ext/overlay
10-24 21:41:46.148 1637 1637 I PackageBackwardCompatibility: Loaded android.content.pm.AndroidTestBaseUpdater
10-24 21:41:46.149 1637 1637 D CompatibilityChangeReporter: Compat change id reported: 143539591; UID -1; state: DISABLED
10-24 21:41:46.149 1637 1637 D CompatibilityChangeReporter: Compat change id reported: 168782947; UID -1; state: ENABLED
10-24 21:41:46.150 1637 1637 I PackageManager: /product/overlay/WildlifeSettingsVpnOverlay2022.apk changed; collecting certs
10-24 21:41:46.150 1637 1836 I ApkLiteParseUtils: Skipping target and overlay pair com.android.settings and /product/overlay/SettingsOverlayGLU0G.apk: overlay ignored due to required system property: ro.boot.hardware.sku with value: GLU0G
10-24 21:41:46.150 1637 1835 I ApkLiteParseUtils: Skipping target and overlay pair com.android.settings and /product/overlay/SettingsOverlayGF5KQ.apk: overlay ignored due to required system property: ro.boot.hardware.sku with value: GF5KQ
10-24 21:41:46.156 1000 1000 I Lyric : generic_calibration_data_controller.cc:321: Camera module wide has factory EEPROM.
10-24 21:41:46.158 1637 1637 I PackageManager: /product/overlay/WildlifeSysuiVpnOverlay2022.apk changed; collecting certs
10-24 21:41:46.161 1637 1637 W PackageManager: Failed to parse /product/overlay/SettingsOverlayGLU0G.apk: Skipping target and overlay pair com.android.settings and /product/overlay/SettingsOverlayGLU0G.apk: overlay ignored due to required system property: ro.boot.hardware.sku with value: GLU0G
10-24 21:41:46.161 1637 1637 W PackageManager: Failed to parse /product/overlay/SettingsOverlayGF5KQ.apk: Skipping target and overlay pair com.android.settings and /product/overlay/SettingsOverlayGF5KQ.apk: overlay ignored due to required system property: ro.boot.hardware.sku with value: GF5KQ
10-24 21:41:46.162 1637 1637 I PackageManager: /product/overlay/PixelifySettingsOverlay.apk changed; collecting certs
10-24 21:41:46.165 1637 1637 I PackageManager: /product/overlay/PixelifyPixelS.apk changed; collecting certs
10-24 21:41:46.168 1637 1637 I PackageManager: /product/overlay/PixelifyDialer.apk changed; collecting certs
10-24 21:41:46.170 1637 1637 I PackageManager: /product/overlay/Pixelify.apk changed; collecting certs
10-24 21:41:46.172 1275 1275 I android.hardware.biometrics.fingerprint-service.goodix: Done shutting down TrustyApp
10-24 21:41:46.177 1637 1637 I PackageManager: /product/overlay/OneHandedModeGesturalOverlay changed; collecting certs
10-24 21:41:46.178 1637 1637 W PackageManager: System overlay com.android.internal.systemui.onehanded.gestural targets an SDK below the required SDK level of system overlays (33). This will become an install error in a future release
10-24 21:41:46.183 1637 1637 D PackageManager: No files in app dir /oem/overlay
10-24 21:41:46.183 1637 1637 D PackageManager: No files in app dir /odm/overlay
10-24 21:41:46.185 1275 1275 I DMABUFHEAPS: Using DMA-BUF heap named: system
10-24 21:41:46.185 1275 1275 I android.hardware.biometrics.fingerprint-service.goodix: succeeded to connect to Trusty TA "com.goodix.fingerprint.test"
10-24 21:41:46.187 0 0 I trusty : [GF_TA][I][gf_modules][ta_version_info] SOFT VERSION INFO PRINT
10-24 21:41:46.187 0 0 I trusty : [GF_TA][I][gf_modules][ta_version_info] ANDROID_VERSION=android12.0
10-24 21:41:46.187 0 0 I trusty : [GF_TA][I][gf_modules][ta_version_info] TARGET_MODE=release
10-24 21:41:46.187 0 0 I trusty : [GF_TA][I][gf_modules][ta_version_info] PACKAGE_VERSION_CODE=26010162
10-24 21:41:46.187 0 0 I trusty : [GF_TA][I][gf_modules][ta_version_info] PACKAGE_VERSION_NAME=V26.01.01.62
10-24 21:41:46.187 0 0 I trusty : [GF_TA][I][gf_modules][ta_version_info] GIT_BRANCH=master
10-24 21:41:46.187 0 0 I trusty : [GF_TA][I][gf_modules][ta_version_info] COMMIT_ID=ed1d48b_af07f73_2cad877
10-24 21:41:46.187 0 0 I trusty : [GF_TA][I][gf_modules][ta_version_info] BUILD_TIME=2022.05.20_15:45:26
10-24 21:41:46.187 0 0 I trusty : [GF_TA][I][gf_modules][ta_version_info] TA_VERSION=ed1d48b_af07f73_2cad877_2022.05.20_15:45:26
10-24 21:41:46.187 0 0 I trusty : [GF_TA][I][gf_hw_dc][gf_hw_dc_init_function] sensor_type=0x00000003
10-24 21:41:46.187 0 0 I trusty : [GF_TA][I][gf_hw_dc][gf_hw_dc_init_function] init delmar_t
10-24 21:41:46.188 1637 1637 W PackageManager: Failed to parse /system/framework/oat: Missing base APK in /system/framework/oat
10-24 21:41:46.188 0 0 I trusty : [GF_TA][I][gf_sensor_utils][print_ta_version_in_sensor_utils] TA_VERSION=ed1d48b_af07f73_2cad877_2022.05.20_15:45:26
10-24 21:41:46.188 1637 1637 W PackageManager: Failed to parse /system/framework/arm: Missing base APK in /system/framework/arm
10-24 21:41:46.188 1275 1275 D FingerprintPerf: [setTaCpuAffinity] cpu:4
10-24 21:41:46.188 1637 1637 W PackageManager: Failed to parse /system/framework/arm64: Missing base APK in /system/framework/arm64
10-24 21:41:46.189 0 0 I trusty : [GF_TA][I][gf_hw][hw_detect_chip_type] detect chip type = 3
10-24 21:41:46.189 1275 1275 I [GF_HAL][Device]: [enable] g_netlink_route=25
10-24 21:41:46.189 1275 1275 E [GF_HAL][SensorConfigProvider]: [getConfig] exit. err=GF_ERROR_FILE_OPEN_FAILED, errno=1080
10-24 21:41:46.190 1275 1275 D DevCdtInfo: DevCdtInfo: platform:0x02
10-24 21:41:46.190 1275 1275 D DevCdtInfo: DevCdtInfo: product:0x02
10-24 21:41:46.190 1275 1275 D DevCdtInfo: DevCdtInfo: stage:0x06
10-24 21:41:46.190 1275 1275 D DevCdtInfo: DevCdtInfo: major:0x01
10-24 21:41:46.190 1275 1275 D DevCdtInfo: DevCdtInfo: minro:0x00
10-24 21:41:46.190 1275 1275 D DevCdtInfo: DevCdtInfo: variant_0x00
10-24 21:41:46.190 1275 1275 E [HAL][HalUtils]: [loadDataFromSdcard] load file(/data/media/0/gf_secure_obj_1.so_0) is not exist
10-24 21:41:46.190 1275 1275 E [HAL][HalUtils]: [loadDataFromSdcard] exit. err=GF_ERROR_FILE_NOT_EXIST, errno=1081
10-24 21:41:46.192 0 0 I trusty : [GF_TA][E][gf_sensor_customized][sensor_customized_do_init] hbm_mode=0
10-24 21:41:46.192 0 0 I trusty : [GF_TA][E][gf_sensor_customized][sensor_customized_do_init] support_local_hbm_mode=1
10-24 21:41:46.192 0 0 I trusty : [GF_TA][E][gf_hw][hw_has_flash] exit. err=GF_ERROR_BASE, errno=1000
10-24 21:41:46.192 1023 1713 W ServiceManager: Waited one second for android.frameworks.stats.IStats/default (is service started? are binder threads started and available?)
10-24 21:41:46.193 530 530 I BpBinder: onLastStrongRef automatically unlinking death recipients:
10-24 21:41:46.193 1023 1713 I sensor-suez: IStats service online.
10-24 21:41:46.194 0 0 I trusty : [GF_TA][E][gf_delmar_t_dc][delmar_read_vendor_id] smt1 vendor id =0000
10-24 21:41:46.194 0 0 I trusty : [GF_TA][E][gf_delmar_t_dc][delmar_read_vendor_id] smt2 vendor id =0000
10-24 21:41:46.193 1023 1713 I sensor-suez: Vendor atom [id = 100023] reported.
10-24 21:41:46.193 1023 1713 I sensor-suez: Vendor atom [id = 100023] reported.
10-24 21:41:46.193 1023 1713 I sensor-suez: Vendor atom [id = 100023] reported.
10-24 21:41:46.193 1023 1713 I sensor-suez: Vendor atom [id = 100023] reported.
10-24 21:41:46.193 1023 1713 I sensor-suez: Vendor atom [id = 100023] reported.
10-24 21:41:46.193 1023 1713 I sensor-suez: Vendor atom [id = 100023] reported.
10-24 21:41:46.193 1023 1713 I sensor-suez: Vendor atom [id = 100023] reported.
10-24 21:41:46.193 1023 1713 I sensor-suez: Vendor atom [id = 100023] reported.
10-24 21:41:46.193 1023 1713 I sensor-suez: Vendor atom [id = 100023] reported.
10-24 21:41:46.194 1023 1713 I sensor-suez: Vendor atom [id = 100023] reported.
10-24 21:41:46.194 1023 1713 I sensor-suez: Vendor atom [id = 100023] reported.
10-24 21:41:46.194 1023 1713 I sensor-suez: Vendor atom [id = 100023] reported.
10-24 21:41:46.194 1023 1713 I sensor-suez: Vendor atom [id = 100023] reported.
10-24 21:41:46.194 1023 1713 I sensor-suez: Vendor atom [id = 100023] reported.
10-24 21:41:46.194 1023 1713 I sensor-suez: Vendor atom [id = 100023] reported.
10-24 21:41:46.194 1023 1713 I sensor-suez: Vendor atom [id = 100023] reported.
10-24 21:41:46.194 1023 1713 I sensor-suez: Vendor atom [id = 100023] reported.
10-24 21:41:46.194 1023 1713 I sensor-suez: Vendor atom [id = 100023] reported.
10-24 21:41:46.194 1023 1713 I sensor-suez: Vendor atom [id = 100023] reported.
10-24 21:41:46.194 1023 1713 I sensor-suez: Vendor atom [id = 100023] reported.
10-24 21:41:46.194 1023 1713 I sensor-suez: Vendor atom [id = 100023] reported.
10-24 21:41:46.194 1023 1713 I sensor-suez: Vendor atom [id = 100023] reported.
10-24 21:41:46.194 1023 1713 I sensor-suez: Vendor atom [id = 100023] reported.
10-24 21:41:46.194 1023 1713 I sensor-suez: Vendor atom [id = 100023] reported.
10-24 21:41:46.194 1023 1713 I sensor-suez: Vendor atom [id = 100023] reported.
10-24 21:41:46.194 1023 1713 I sensor-suez: Vendor atom [id = 100023] reported.
10-24 21:41:46.194 1023 1713 I sensor-suez: Vendor atom [id = 100023] reported.
10-24 21:41:46.194 1023 1713 I sensor-suez: Vendor atom [id = 100023] reported.
10-24 21:41:46.194 1023 1713 I sensor-suez: Vendor atom [id = 100023] reported.
10-24 21:41:46.194 1023 1713 I sensor-suez: Vendor atom [id = 100023] reported.
10-24 21:41:46.194 1023 1713 I sensor-suez: Vendor atom [id = 100023] reported.
10-24 21:41:46.194 1023 1713 I sensor-suez: Vendor atom [id = 100023] reported.
10-24 21:41:46.194 1023 1713 I sensor-suez: Vendor atom [id = 100023] reported.
10-24 21:41:46.194 1023 1713 I sensor-suez: Vendor atom [id = 100023] reported.
10-24 21:41:46.208 1637 1637 W PackageManager: Failed to scan /system/priv-app/NetworkStackGoogle: Package com.google.android.networkstack at /system/priv-app/NetworkStackGoogle ignored: updated version 350911030 better than this 331011030
10-24 21:41:46.209 1637 1637 W PackageManager: Failed to scan /system/priv-app/DocumentsUIGoogle: Package com.google.android.documentsui at /system/priv-app/DocumentsUIGoogle ignored: updated version 350915130 better than this 330443060
10-24 21:41:46.212 1637 1637 W PackageManager: Failed to scan /system/app/CaptivePortalLoginGoogle: Package com.google.android.captiveportallogin at /system/app/CaptivePortalLoginGoogle ignored: updated version 350820770 better than this 330811010
10-24 21:41:46.217 1023 1773 D usf_sensor_hal: Attached ALSP for panel-0: /dev/tmd3719/0
10-24 21:41:46.218 1023 1773 D usf_sensor_hal: Registry value /dev/tmd3719/0/panel-a/als:itime_table_brightness not found.
10-24 21:41:46.219 1023 1773 D usf_sensor_hal: No valid histogram config found in /dev/tmd3719/0/panel-a/als.
10-24 21:41:46.221 1023 1773 D usf_sensor_hal: itime_table for panel-0:95 181 271 361 2048
10-24 21:41:46.221 1023 1773 D usf_sensor_hal: No valid histogram config found in /dev/tmd3719/0/als.
10-24 21:41:46.221 1023 1773 D usf_sensor_hal: Registry value '/dev/display_info/1:attached_alsp not found.
10-24 21:41:46.222 1023 1773 I usf_sensor_hal: Starting to monitor display state.
10-24 21:41:46.222 1637 1637 D PackageManager: No files in app dir /vendor/priv-app
10-24 21:41:46.222 1637 1637 D PackageManager: No files in app dir /vendor/app
10-24 21:41:46.222 1637 1637 D PackageManager: No files in app dir /odm/priv-app
10-24 21:41:46.222 1637 1637 D PackageManager: No files in app dir /odm/app
10-24 21:41:46.222 1637 1637 D PackageManager: No files in app dir /oem/app
10-24 21:41:46.222 1267 1267 D AOC : A3:MSG: tmd3719_device.cc, 4107: USF: TMD3719: brightness:1023 leakage:0.000000 refresh_rate:120 status:1
10-24 21:41:46.224 1267 1267 D AOC : A3:MSG: tmd3719_device.cc, 539: USF: TMD3719: [ALS]sync_delay_adjustment: 0
10-24 21:41:46.232 1637 1637 I PackageManager: /product/priv-app/WeatherPixelPrebuilt changed; collecting certs
10-24 21:41:46.237 0 0 I trusty : [GF_TA][E][gf_local_store_file_system][gf_load_data_in_partion]Sector 0 no data in block index = 0, seg_offset = 0
10-24 21:41:46.237 0 0 I trusty : [GF_TA][E][gf_local_store_file_system][gf_load_data_in_partion] exit. err=GF_ERROR_INVALID_DATA, errno=1024
10-24 21:41:46.238 1637 1834 W PackageParsing: Unknown element under : meta-data at /product/priv-app/TurboPrebuilt/TurboPrebuilt.apk Binary XML file line #20
10-24 21:41:46.238 0 0 I trusty : [GF_TA][I][gf_delmar_sensor][sensor_do_init] sensor 0 cf_mark = 1 cf_mask_type = 5, optical_type = 14
10-24 21:41:46.238 0 0 I trusty : [GF_TA][I][gf_delmar_sensor][sensor_do_init] sg num = 4
10-24 21:41:46.238 0 0 I trusty : [GF_TA][I][gf_delmar_sensor][sensor_do_init] bg version = 1
10-24 21:41:46.238 0 0 I trusty : [GF_TA][E][gf_hw_utils][gf_get_c_chip_type] exit. err=GF_ERROR_CHIP_TYPE_INCORRECT, errno=1528
10-24 21:41:46.238 0 0 I trusty : [GF_TA][I][gf_delmar_sensor][sensor_do_init] get c chip type err:1528, maybe not g6x, not break
10-24 21:41:46.238 0 0 I trusty : [GF_TA][I][gf_delmar_sensor][sensor_do_init] fw_version =
10-24 21:41:46.238 0 0 I trusty : [GF_TA][E][gf_delmar_t_dc][init_default_config] load DELMAR_SENSOR_TYPE_SINGLE_T_SE5 config.
10-24 21:41:46.238 0 0 I trusty : [GF_TA][I][gf_delmar_t_dc][init_default_config] idle config, addr: 0x166, val: 0x4
10-24 21:41:46.238 0 0 I trusty : [GF_TA][I][gf_delmar_t_dc][init_default_config] idle config, addr: 0x13a, val: 0x0
10-24 21:41:46.238 0 0 I trusty : [GF_TA][I][gf_hw_utils][gf_get_pga_gain_value] sensor index = 0 gain_value=10.472999
10-24 21:41:46.240 1637 1637 W PackageManager: Failed to scan /product/priv-app/TurboPrebuilt: Package com.google.android.apps.turbo at /product/priv-app/TurboPrebuilt ignored: updated version 10270547 better than this 10250957
10-24 21:41:46.244 0 0 I trusty : [GF_TA][I][gf_hw_dc][hw_init_chip_config] Data process version(Mixed):DataProcMixed_V1.0.25
10-24 21:41:46.245 1275 1275 I [GF_HAL][DelmarSensor]: [init] update new otp data to HAL storage
10-24 21:41:46.245 1275 1275 E [HAL][HalUtils]: [saveDataToSdcard] save file(/data/media/0/gf_secure_obj_1.so_0) error.
10-24 21:41:46.245 1275 1275 E [HAL][HalUtils]: [saveDataToSdcard] exit. err=GF_ERROR_FILE_OPEN_FAILED, errno=1080
10-24 21:41:46.245 0 0 I trusty : [GF_TA][I][gf_algo_common][algo_check_config] max_fingers=32
10-24 21:41:46.245 0 0 I trusty : [GF_TA][I][gf_algo_common][algo_check_config] max_fingers_per_user=5
10-24 21:41:46.245 0 0 I trusty : [GF_TA][I][gf_algo_common][algo_check_config] enrolling_min_templates=40
10-24 21:41:46.245 0 0 I trusty : [GF_TA][I][gf_algo_common][algo_check_config] valid_image_quality_threshold=15
10-24 21:41:46.245 0 0 I trusty : [GF_TA][I][gf_algo_common][algo_check_config] valid_image_area_threshold=65
10-24 21:41:46.245 0 0 I trusty : [GF_TA][I][gf_algo_common][algo_check_config] duplicate_finger_overlay_score=70
10-24 21:41:46.245 0 0 I trusty : [GF_TA][I][gf_algo_common][algo_check_config] increase_rate_between_stitch_info=10
10-24 21:41:46.245 0 0 I trusty : [GF_TA][I][gf_algo_common][algo_check_config] forbidden_enroll_duplicate_fingers=0
10-24 21:41:46.245 0 0 I trusty : [GF_TA][I][gf_algo_common][algo_check_config] authenticate_order=0
10-24 21:41:46.245 0 0 I trusty : [GF_TA][I][gf_algo_common][algo_check_config] template_update_save_threshold=20
10-24 21:41:46.245 0 0 I trusty : [GF_TA][E][gf_cali][cali_init] start cali inti lb mode = 0.
10-24 21:41:46.254 1637 1637 W PackageManager: Failed to scan /product/priv-app/WellbeingPrebuilt: Package com.google.android.apps.wellbeing at /product/priv-app/WellbeingPrebuilt ignored: updated version 661987 better than this 452937
10-24 21:41:46.256 1266 1266 W ServiceManager: Waited one second for android.frameworks.stats.IStats/default (is service started? are binder threads started and available?)
10-24 21:41:46.256 530 530 I BpBinder: onLastStrongRef automatically unlinking death recipients:
10-24 21:41:46.257 1266 1266 I Darwinn : DarwiNN trace reader is not enabled.
10-24 21:41:46.266 1637 1637 W PackageManager: Failed to scan /product/priv-app/SettingsIntelligenceGooglePrebuilt: Package com.google.android.settings.intelligence at /product/priv-app/SettingsIntelligenceGooglePrebuilt ignored: updated version 1000231855 better than this 1000214325
10-24 21:41:46.275 1000 1000 I Lyric : real_cpi_controller.cc:93: Use geo calibration from persist. File size: 2762
10-24 21:41:46.276 1000 1000 I Lyric : real_cpi_controller.cc:378: Make CPI controller successfully, wide: gn1_wide_p21, ultra_wide: imx386_UW_p21, tele: imx586_tele_p21
10-24 21:41:46.277 1000 1000 I Lyric : actuator_driver.cc:433: skip update to PID7b
10-24 21:41:46.277 1000 1000 I Lyric : whi_device_context.cc:653: Using Ak7377 as act-rear-normal
10-24 21:41:46.279 1000 1000 I Lyric : whi_device_context.cc:653: Using Sem1215sa as act-rear-tele
10-24 21:41:46.283 1000 1000 W Lyric : tuning_provider_base.cc:58: /apex/com.google.pixel.camera.hal/etc/lib64/camera/. is not a binarypb.
10-24 21:41:46.283 1000 1000 W Lyric : tuning_provider_base.cc:58: /apex/com.google.pixel.camera.hal/etc/lib64/camera/.. is not a binarypb.
10-24 21:41:46.285 1000 1000 W Lyric : tuning_provider_base.cc:58: /apex/com.google.pixel.camera.hal/etc/lib64/camera/tuning_ocl.txt is not a binarypb.
10-24 21:41:46.290 1637 1637 W PackageManager: Failed to scan /product/priv-app/ScribePrebuilt: Package com.google.audio.hearing.visualization.accessibility.scribe at /product/priv-app/ScribePrebuilt ignored: updated version 149868 better than this 79148
10-24 21:41:46.291 1270 1513 E CHRE : @ 1.863: CHPP WWAN: ACK timeout. Tx t=1363
10-24 21:41:46.291 1270 1513 E CHRE : @ 1.864: CHPP WIFI: ACK timeout. Tx t=1363
10-24 21:41:46.292 1259 1259 I update_engine: [INFO:cleanup_previous_update_action.cc(112)] Executing task 1
10-24 21:41:46.292 1259 1259 I update_engine: [INFO:cleanup_previous_update_action.cc(124)] CleanupPreviousUpdateAction scheduled task ID 3 for WaitBootCompleted
10-24 21:41:46.294 1637 1637 W PackageManager: Failed to scan /product/priv-app/RecorderPrebuilt: Package com.google.android.apps.recorder at /product/priv-app/RecorderPrebuilt ignored: updated version 42202013 better than this 40010113
10-24 21:41:46.294 1000 1000 E Lyric : tuning_provider_base.cc:354: INVALID_ARGUMENT: whi_tuning_tree_set does not have lsc tuning tree.
10-24 21:41:46.294 1637 1637 W PackageManager: Failed to scan /product/priv-app/SafetyHubPrebuilt: Package com.google.android.apps.safetyhub at /product/priv-app/SafetyHubPrebuilt ignored: updated version 100516188 better than this 10089311
10-24 21:41:46.305 1637 1834 W PackageParsing: Unknown element under : meta-data at /product/priv-app/PixelLiveWallpaperPrebuilt/PixelLiveWallpaperPrebuilt.apk Binary XML file line #27
10-24 21:41:46.308 1637 1834 D CompatibilityChangeReporter: Compat change id reported: 150232615; UID -1; state: DISABLED
10-24 21:41:46.316 1637 1637 D CompatibilityChangeReporter: Compat change id reported: 168782947; UID -1; state: DISABLED
10-24 21:41:46.316 1637 1637 W PackageManager: Failed to scan /product/priv-app/PixelLiveWallpaperPrebuilt: Package com.google.pixel.livewallpaper at /product/priv-app/PixelLiveWallpaperPrebuilt ignored: updated version 25000013 better than this 16000420
10-24 21:41:46.336 1637 1836 W PackageParsing: No actions in intent-filter at /product/priv-app/PrebuiltBugle/PrebuiltBugle.apk Binary XML file line #1295
10-24 21:41:46.341 1637 1637 W PackageManager: Failed to scan /product/priv-app/PrebuiltBugle: Package com.google.android.apps.messaging at /product/priv-app/PrebuiltBugle ignored: updated version 256096063 better than this 143576840
10-24 21:41:46.350 1637 1637 W PackageManager: Failed to scan /product/priv-app/PartnerSetupPrebuilt: Package com.google.android.partnersetup at /product/priv-app/PartnerSetupPrebuilt ignored: updated version 1997 better than this 1450
10-24 21:41:46.358 1637 1637 W Permission: New decl Package{4a5845d com.google.omadm.trigger} of permission androidx.legacy.v4.DYNAMIC_RECEIVER_NOT_EXPORTED_PERMISSION is system; overriding com.google.android.configupdater
10-24 21:41:46.360 1637 1833 W PackageParsing: No actions in intent-filter at /product/priv-app/Velvet/Velvet.apk Binary XML file line #2295
10-24 21:41:46.364 1637 1637 W PackageManager: Failed to scan /product/priv-app/OdadPrebuilt: Package com.google.android.odad at /product/priv-app/OdadPrebuilt ignored: updated version 54955 better than this 11313
10-24 21:41:46.370 1637 1637 W PackageManager: Failed to scan /product/priv-app/Phonesky: Package com.android.vending at /product/priv-app/Phonesky ignored: updated version 84321630 better than this 83042110
10-24 21:41:46.375 1637 1637 W PackageManager: Failed to scan /product/priv-app/MaestroPrebuilt: Package com.google.android.apps.wearables.maestro.companion at /product/priv-app/MaestroPrebuilt ignored: updated version 10183611 better than this 1
10-24 21:41:46.377 1637 1637 W PackageManager: Failed to scan /product/priv-app/Velvet: Package com.google.android.googlequicksearchbox at /product/priv-app/Velvet ignored: updated version 301410675 better than this 301194890
10-24 21:41:46.386 1637 1637 W PackageManager: Failed to scan /product/priv-app/HealthConnectPrebuilt: Package com.google.android.apps.healthdata at /product/priv-app/HealthConnectPrebuilt ignored: updated version 157339 better than this 2
10-24 21:41:46.386 1637 1637 W PackageManager: Failed to scan /product/priv-app/PrebuiltGmsCore: Package com.google.android.gms at /product/priv-app/PrebuiltGmsCore ignored: updated version 244134029 better than this 224617045
10-24 21:41:46.390 1637 1637 W PackageManager: Failed to scan /product/priv-app/HelpRtcPrebuilt: Package com.google.android.apps.helprtc at /product/priv-app/HelpRtcPrebuilt ignored: updated version 1348 better than this 1276
10-24 21:41:46.391 1270 1513 E CHRE : @ 1.964: CHPP WWAN: Wake handshaking start timed out
10-24 21:41:46.391 1270 1513 E CHRE : @ 1.964: CHPP WWAN: Async send failure: 255
10-24 21:41:46.391 1270 1513 E CHRE : @ 1.964: CHPP WWAN: RESET-ACK timeout; giving up
10-24 21:41:46.391 1270 1513 E CHRE : @ 1.964: CHPP WIFI: Wake handshaking start timed out
10-24 21:41:46.391 1270 1513 E CHRE : @ 1.964: CHPP WIFI: Async send failure: 255
10-24 21:41:46.391 1270 1513 E CHRE : @ 1.964: CHPP WIFI: RESET-ACK timeout; giving up
10-24 21:41:46.397 1637 1637 W PackageManager: Failed to scan /product/priv-app/GCS: Package com.google.android.apps.gcs at /product/priv-app/GCS ignored: updated version 18869 better than this 15041
10-24 21:41:46.398 1637 1637 W PackageManager: Failed to scan /product/priv-app/GoogleRestorePrebuilt: Package com.google.android.apps.restore at /product/priv-app/GoogleRestorePrebuilt ignored: updated version 636048 better than this 137084
10-24 21:41:46.406 1637 1637 W PackageManager: Failed to scan /product/priv-app/GoogleCamera: Package com.google.android.GoogleCamera at /product/priv-app/GoogleCamera ignored: updated version 66480026 better than this 64474404
10-24 21:41:46.411 1637 1835 W PackageParsing: Unknown element under : meta-data at /product/priv-app/GoogleDialer/GoogleDialer.apk Binary XML file line #146
10-24 21:41:46.411 1637 1835 W PackageParsing: Unknown element under : meta-data at /product/priv-app/GoogleDialer/GoogleDialer.apk Binary XML file line #153
10-24 21:41:46.414 1637 1637 W PackageManager: Failed to scan /product/priv-app/EuiccGoogle: Package com.google.android.euicc at /product/priv-app/EuiccGoogle ignored: updated version 221996 better than this 211310
10-24 21:41:46.415 1637 1637 W PackageManager: Failed to scan /product/priv-app/GoogleDialer: Package com.google.android.dialer at /product/priv-app/GoogleDialer ignored: updated version 18015148 better than this 10836308
10-24 21:41:46.423 1637 1637 W PackageManager: Failed to scan /product/priv-app/FilesPrebuilt: Package com.google.android.apps.nbu.files at /product/priv-app/FilesPrebuilt ignored: updated version 1050751 better than this 388739
10-24 21:41:46.424 1637 1637 W PackageManager: Failed to scan /product/priv-app/DreamlinerPrebuilt: Package com.google.android.apps.dreamliner at /product/priv-app/DreamlinerPrebuilt ignored: updated version 20005084 better than this 20001568
10-24 21:41:46.428 1637 1637 W PackageManager: Failed to scan /product/priv-app/DeviceIntelligenceNetworkPrebuilt: Package com.google.android.as.oss at /product/priv-app/DeviceIntelligenceNetworkPrebuilt ignored: updated version 72923 better than this 4363
10-24 21:41:46.436 1637 1637 W PackageManager: Failed to scan /product/priv-app/CarrierWifi: Package com.google.android.apps.carrier.carrierwifi at /product/priv-app/CarrierWifi ignored: updated version 89 better than this 43
10-24 21:41:46.442 1637 1637 W PackageManager: Failed to scan /product/priv-app/CarrierServices: Package com.google.android.ims at /product/priv-app/CarrierServices ignored: updated version 31144015 better than this 30939330
10-24 21:41:46.444 1637 1637 W PackageManager: Failed to scan /product/priv-app/DevicePersonalizationPrebuiltPixel2021: Package com.google.android.as at /product/priv-app/DevicePersonalizationPrebuiltPixel2021 ignored: updated version 8997605 better than this 8460915
10-24 21:41:46.449 1637 1637 W PackageManager: Failed to scan /product/priv-app/AmbientStreaming: Package com.google.ambient.streaming at /product/priv-app/AmbientStreaming ignored: updated version 10069710 better than this 1000000
10-24 21:41:46.455 1637 1637 W PackageManager: Failed to scan /product/priv-app/AndroidAutoStubPrebuilt: Package com.google.android.projection.gearhead at /product/priv-app/AndroidAutoStubPrebuilt ignored: updated version 129643854 better than this 12526000
10-24 21:41:46.458 0 0 I trusty : [GF_TA][I][gf_algo_adapter][gf_adt_fp_preprocess_init] MoireFilterVersion=Moire_v_2.01.13
10-24 21:41:46.459 1637 1637 I PackageManager: /product/priv-app/AdaptiveVPNPrebuilt changed; collecting certs
10-24 21:41:46.465 1637 1637 W PackageManager: Failed to scan /product/app/arcore: Package com.google.ar.core at /product/app/arcore ignored: updated version 242600293 better than this 0
10-24 21:41:46.473 1637 1637 W PackageManager: Failed to scan /product/app/WebViewGoogle-Stub: Package com.google.android.webview at /product/app/WebViewGoogle-Stub ignored: updated version 666810033 better than this 506007133
10-24 21:41:46.473 1637 1637 W PackageManager: Failed to parse /product/app/WebViewGoogle: Missing base APK in /product/app/WebViewGoogle
10-24 21:41:46.477 1000 1000 E Lyric : tuning_provider_base.cc:354: INVALID_ARGUMENT: whi_tuning_tree_set does not have lsc tuning tree.
10-24 21:41:46.480 1637 1637 W PackageManager: Failed to scan /product/app/VoiceAccessPrebuilt: Package com.google.android.apps.accessibility.voiceaccess at /product/app/VoiceAccessPrebuilt ignored: updated version 88361 better than this 68279
10-24 21:41:46.486 1637 1637 W PackageManager: Failed to scan /product/app/YouTubeMusicPrebuilt: Package com.google.android.apps.youtube.music at /product/app/YouTubeMusicPrebuilt ignored: updated version 72351240 better than this 50451240
10-24 21:41:46.500 1637 1637 W PackageManager: Failed to scan /product/app/Videos: Package com.google.android.videos at /product/app/Videos ignored: updated version 439235267 better than this 42000068
10-24 21:41:46.503 1637 1637 W PackageManager: Failed to scan /product/app/TrichromeLibrary-Stub: Package com.google.android.trichromelibrary_506007133 at /product/app/TrichromeLibrary-Stub ignored: updated version 506007133 better than this 506007133
10-24 21:41:46.503 1637 1637 W PackageManager: Failed to parse /product/app/TrichromeLibrary: Missing base APK in /product/app/TrichromeLibrary
10-24 21:41:46.513 1637 1637 W PackageManager: Failed to scan /product/app/YouTube: Package com.google.android.youtube at /product/app/YouTube ignored: updated version 1549135296 better than this 1529081304
10-24 21:41:46.513 0 0 I trusty : [GF_TA][I][gf_algo_adapter][gf_adt_fp_preprocess_init] MoireFilterVersion=Moire_v_2.01.13
10-24 21:41:46.516 1637 1637 W PackageManager: Failed to scan /product/app/talkback: Package com.google.android.marvin.talkback at /product/app/talkback ignored: updated version 60140773 better than this 60124966
10-24 21:41:46.516 1637 1637 W PackageManager: Failed to scan /product/app/Tycho: Package com.google.android.apps.tycho at /product/app/Tycho ignored: updated version 3707631 better than this 2001749
10-24 21:41:46.518 1637 1637 W PackageManager: Failed to scan /product/app/PrebuiltGoogleTelemetryTvp: Package com.google.mainline.telemetry at /product/app/PrebuiltGoogleTelemetryTvp ignored: updated version 350907004 better than this 331002004
10-24 21:41:46.520 1637 1637 W PackageManager: Failed to scan /product/app/SoundPickerPrebuilt: Package com.google.android.soundpicker at /product/app/SoundPickerPrebuilt ignored: updated version 31000232 better than this 30000182
10-24 21:41:46.521 1637 1637 W PackageManager: Failed to scan /product/app/PrebuiltGoogleAdservicesTvp: Package com.google.mainline.adservices at /product/app/PrebuiltGoogleAdservicesTvp ignored: updated version 351012000 better than this 331002000
10-24 21:41:46.532 1637 1637 W PackageManager: Failed to scan /product/app/SoundAmplifierPrebuilt: Package com.google.android.accessibility.soundamplifier at /product/app/SoundAmplifierPrebuilt ignored: updated version 230928 better than this 177500
10-24 21:41:46.534 1637 1637 W PackageManager: Failed to scan /product/app/PixelCameraServicesRaven: Package com.google.android.apps.camera.services at /product/app/PixelCameraServicesRaven ignored: updated version 341872 better than this 726
10-24 21:41:46.538 1637 1637 W PackageManager: Failed to scan /product/app/ModuleMetadataGoogle: Package com.google.android.modulemetadata at /product/app/ModuleMetadataGoogle ignored: updated version 350956064 better than this 331061004
10-24 21:41:46.539 1637 1836 D CompatibilityChangeReporter: Compat change id reported: 150776642; UID -1; state: DISABLED
10-24 21:41:46.540 1637 1637 I PackageManager: /product/app/MicropaperPrebuilt changed; collecting certs
10-24 21:41:46.543 1637 1637 W PackageManager: Failed to scan /product/app/PrebuiltDeskClockGoogle: Package com.google.android.deskclock at /product/app/PrebuiltDeskClockGoogle ignored: updated version 76005891 better than this 73003398
10-24 21:41:46.569 0 0 I trusty : [GF_TA][I][gf_algo_adapter][gf_adt_fp_preprocess_init] MoireFilterVersion=Moire_v_2.01.13
10-24 21:41:46.575 1021 1021 E ese_spi : Pixel eSE Preprocess default
10-24 21:41:46.575 1021 1021 E ese_spi : Pixel eSE normal enable
10-24 21:41:46.575 1021 1021 E ese_spi : Pixel eSE JPKI V1done
10-24 21:41:46.575 1021 1021 D android.hardware.secure_element@1.2-service-gto: STEsePreProcess=0
10-24 21:41:46.577 1021 1021 I HidlServiceManagement: Registered android.hardware.secure_element@1.2::ISecureElement/eSE1
10-24 21:41:46.577 1021 1021 I HidlServiceManagement: Removing namespace from process name android.hardware.secure_element@1.2-service-gto to secure_element@1.2-service-gto.
10-24 21:41:46.577 1021 1021 D android.hardware.secure_element@1.2-service-gto: Thales Secure Element Service is ready
10-24 21:41:46.580 1637 1637 W PackageManager: Failed to scan /product/app/Maps: Package com.google.android.apps.maps at /product/app/Maps ignored: updated version 1067753512 better than this 1066662178
10-24 21:41:46.588 1000 1000 E Lyric : tuning_provider_base.cc:354: INVALID_ARGUMENT: whi_tuning_tree_set does not have lsc tuning tree.
10-24 21:41:46.590 1637 1637 W PackageManager: Failed to scan /product/app/GoogleTTS: Package com.google.android.tts at /product/app/GoogleTTS ignored: updated version 210511214 better than this 210379725
10-24 21:41:46.594 1637 1834 W PackageParsing: Ignoring duplicate uses-permissions/uses-permissions-sdk-m: android.permission.ACCESS_NETWORK_STATE in package: com.google.android.gm at: Binary XML file line #300
10-24 21:41:46.594 1637 1834 W PackageParsing: Ignoring duplicate uses-permissions/uses-permissions-sdk-m: android.permission.INTERNET in package: com.google.android.gm at: Binary XML file line #306
10-24 21:41:46.594 1637 1834 W PackageParsing: Ignoring duplicate uses-permissions/uses-permissions-sdk-m: android.permission.RECEIVE_BOOT_COMPLETED in package: com.google.android.gm at: Binary XML file line #307
10-24 21:41:46.594 1637 1834 W PackageParsing: Ignoring duplicate uses-permissions/uses-permissions-sdk-m: android.permission.VIBRATE in package: com.google.android.gm at: Binary XML file line #308
10-24 21:41:46.594 1637 1834 W PackageParsing: Ignoring duplicate uses-permissions/uses-permissions-sdk-m: android.permission.WAKE_LOCK in package: com.google.android.gm at: Binary XML file line #309
10-24 21:41:46.594 1637 1834 W PackageParsing: Ignoring duplicate uses-permissions/uses-permissions-sdk-m: com.google.android.c2dm.permission.RECEIVE in package: com.google.android.gm at: Binary XML file line #312
10-24 21:41:46.594 1637 1834 W PackageParsing: Ignoring duplicate uses-permissions/uses-permissions-sdk-m: android.permission.GET_PACKAGE_SIZE in package: com.google.android.gm at: Binary XML file line #313
10-24 21:41:46.594 1637 1834 W PackageParsing: Ignoring duplicate uses-permissions/uses-permissions-sdk-m: com.google.android.providers.gsf.permission.READ_GSERVICES in package: com.google.android.gm at: Binary XML file line #314
10-24 21:41:46.594 1637 1834 W PackageParsing: Ignoring duplicate uses-permissions/uses-permissions-sdk-m: com.google.android.providers.gsf.permission.READ_GSERVICES in package: com.google.android.gm at: Binary XML file line #319
10-24 21:41:46.594 1637 1834 W PackageParsing: Ignoring duplicate uses-permissions/uses-permissions-sdk-m: android.permission.GET_PACKAGE_SIZE in package: com.google.android.gm at: Binary XML file line #320
10-24 21:41:46.594 1637 1834 W PackageParsing: Ignoring duplicate uses-permissions/uses-permissions-sdk-m: android.permission.ACCESS_NETWORK_STATE in package: com.google.android.gm at: Binary XML file line #322
10-24 21:41:46.594 1637 1834 W PackageParsing: Ignoring duplicate uses-permissions/uses-permissions-sdk-m: android.permission.CAMERA in package: com.google.android.gm at: Binary XML file line #332
10-24 21:41:46.594 1637 1834 W PackageParsing: Ignoring duplicate uses-permissions/uses-permissions-sdk-m: android.permission.READ_CONTACTS in package: com.google.android.gm at: Binary XML file line #347
10-24 21:41:46.594 1637 1834 W PackageParsing: Ignoring duplicate uses-permissions/uses-permissions-sdk-m: android.permission.FOREGROUND_SERVICE in package: com.google.android.gm at: Binary XML file line #349
10-24 21:41:46.594 1637 1834 W PackageParsing: Ignoring duplicate uses-permissions/uses-permissions-sdk-m: android.permission.INTERNET in package: com.google.android.gm at: Binary XML file line #350
10-24 21:41:46.594 1637 1834 W PackageParsing: Ignoring duplicate uses-permissions/uses-permissions-sdk-m: android.permission.WAKE_LOCK in package: com.google.android.gm at: Binary XML file line #353
10-24 21:41:46.594 1637 1834 W PackageParsing: Ignoring duplicate uses-permissions/uses-permissions-sdk-m: android.permission.READ_CONTACTS in package: com.google.android.gm at: Binary XML file line #362
10-24 21:41:46.594 1637 1834 W PackageParsing: Ignoring duplicate uses-permissions/uses-permissions-sdk-m: com.google.android.hangouts.START_HANGOUT in package: com.google.android.gm at: Binary XML file line #363
10-24 21:41:46.597 1637 1834 W PackageParsing: No actions in intent-filter at /product/app/PrebuiltGmail/PrebuiltGmail.apk Binary XML file line #1020
10-24 21:41:46.598 1637 1834 W PackageParsing: No actions in intent-filter at /product/app/PrebuiltGmail/PrebuiltGmail.apk Binary XML file line #1094
10-24 21:41:46.604 1637 1637 W PackageManager: Failed to scan /product/app/Photos: Package com.google.android.apps.photos at /product/app/Photos ignored: updated version 49288964 better than this 43359491
10-24 21:41:46.604 1637 1637 W PackageManager: Failed to scan /product/app/PrebuiltGmail: Package com.google.android.gm at /product/app/PrebuiltGmail ignored: updated version 64818650 better than this 63266701
10-24 21:41:46.604 1637 1637 W PackageManager: Failed to scan /product/app/LatinIMEGooglePrebuilt: Package com.google.android.inputmethod.latin at /product/app/LatinIMEGooglePrebuilt ignored: updated version 153613058 better than this 99078518
10-24 21:41:46.614 1000 1000 E Lyric : tuning_provider_base.cc:354: INVALID_ARGUMENT: whi_tuning_tree_set does not have lsc tuning tree.
10-24 21:41:46.615 1637 1637 W PackageManager: Failed to scan /product/app/Chrome-Stub: Package com.android.chrome at /product/app/Chrome-Stub ignored: updated version 672307333 better than this 506007133
10-24 21:41:46.615 1637 1637 W PackageManager: Failed to parse /product/app/Chrome: Missing base APK in /product/app/Chrome
10-24 21:41:46.621 1637 1637 W PackageManager: Failed to scan /product/app/GoogleContacts: Package com.google.android.contacts at /product/app/GoogleContacts ignored: updated version 3197227 better than this 2810142
10-24 21:41:46.626 0 0 I trusty : [GF_TA][I][gf_algo_adapter][gf_adt_fp_preprocess_init] MoireFilterVersion=Moire_v_2.01.13
10-24 21:41:46.628 1637 1637 W PackageManager: Failed to scan /product/app/DevicePolicyPrebuilt: Package com.google.android.apps.work.clouddpc at /product/app/DevicePolicyPrebuilt ignored: updated version 10205060 better than this 1677610
10-24 21:41:46.636 0 0 I trusty : [GF_TA][I][gf_algo_adapter][gf_adt_fp_preprocess_init] MoireFilterVersion=Moire_v_2.01.13
10-24 21:41:46.636 0 0 I trusty : [GF_TA][E][gf_cali][cali_after_init] cali_info=0x***, cali_info->pstPreProc=0
10-24 21:41:46.637 1637 1637 W PackageManager: Failed to scan /product/app/CalculatorGooglePrebuilt: Package com.google.android.calculator at /product/app/CalculatorGooglePrebuilt ignored: updated version 85005519 better than this 83000598
10-24 21:41:46.642 1637 1836 W PackageParsing: No actions in intent-filter at /product/app/CalendarGooglePrebuilt/CalendarGooglePrebuilt.apk Binary XML file line #1034
10-24 21:41:46.643 1637 1637 W PackageManager: Failed to scan /product/app/Drive: Package com.google.android.apps.docs at /product/app/Drive ignored: updated version 213773816 better than this 212806139
10-24 21:41:46.644 1637 1637 W PackageManager: Failed to scan /product/app/CalendarGooglePrebuilt: Package com.google.android.calendar at /product/app/CalendarGooglePrebuilt ignored: updated version 2017571428 better than this 2017095958
10-24 21:41:46.653 1637 1637 W PackageManager: Skipping provider name androidx.appcompat.androidx-startup (in package com.shannon.imsservice): name already used by com.google.android.carrierlocation
10-24 21:41:46.671 1637 1637 D PackageManager: No files in app dir /apex/com.android.media/priv-app
10-24 21:41:46.671 1637 1637 D PackageManager: No files in app dir /apex/com.android.media/app
10-24 21:41:46.672 1637 1637 I ApexManager: Registering com.android.cts.priv.ctsshim as apk-in-apex of com.android.apex.cts.shim
10-24 21:41:46.673 1637 1637 I ApexManager: Registering com.android.cts.ctsshim as apk-in-apex of com.android.apex.cts.shim
10-24 21:41:46.675 1637 1637 I ApexManager: Registering com.google.android.ext.services as apk-in-apex of com.android.extservices
10-24 21:41:46.675 1637 1637 D PackageManager: No files in app dir /apex/com.android.extservices/app
10-24 21:41:46.675 1637 1637 D PackageManager: No files in app dir /apex/com.android.conscrypt/priv-app
10-24 21:41:46.675 1637 1637 D PackageManager: No files in app dir /apex/com.android.conscrypt/app
10-24 21:41:46.677 1637 1637 I ApexManager: Registering com.google.android.appsearch.apk as apk-in-apex of com.android.appsearch
10-24 21:41:46.677 1637 1637 D PackageManager: No files in app dir /apex/com.android.appsearch/app
10-24 21:41:46.679 1637 1637 I ApexManager: Registering com.google.android.networkstack.tethering as apk-in-apex of com.android.tethering
10-24 21:41:46.680 1637 1637 I ApexManager: Registering com.google.android.connectivity.resources as apk-in-apex of com.android.tethering
10-24 21:41:46.681 1637 1637 D PackageManager: No files in app dir /apex/com.android.tethering/app
10-24 21:41:46.683 1637 1637 I ApexManager: Registering com.google.android.safetycenter.resources as apk-in-apex of com.android.permission
10-24 21:41:46.684 1637 1637 I ApexManager: Registering com.google.android.permissioncontroller as apk-in-apex of com.android.permission
10-24 21:41:46.684 1637 1637 D PackageManager: No files in app dir /apex/com.android.permission/app
10-24 21:41:46.685 1637 1637 D PackageManager: No files in app dir /apex/com.android.scheduling/priv-app
