10-24 21:41:44.539 1267 1267 D AOC : A3:MSG: camera_vsync_device.cc, 71: USF: CAMERA_VSYNC: Initializing device manager.
10-24 21:41:44.539 1267 1267 D AOC : A3:MSG: counter_device.cc, 48: USF: Initializing the Counter device manager.
10-24 21:41:44.539 1267 1267 D AOC : A3:MSG: drv5032_device.cc, 82: USF: Initializing the Drv5032 device manager.
10-24 21:41:44.539 1267 1267 D AOC : A3:MSG: ftm5_device.cc, 51: USF: FTM5: Initializing device manager.
10-24 21:41:44.539 1267 1267 D AOC : A3:MSG: icp10101_device.cc, 54: USF: ICP10101: Initializing device manager.
10-24 21:41:44.539 1267 1267 D AOC : A3:MSG: lsm6dsr_device.cc, 52: USF: Lsm6dsrDeviceMgr: Initializing device manager.
10-24 21:41:44.539 1267 1267 D AOC : A3:MSG: mmc56x3x_device.cc, 48: USF: Initializing the MMC56X3X device manager.
10-24 21:41:44.539 1267 1267 D AOC : A3:MSG: s6sy79x_device.cc, 55: USF: S6SY79X: Initializing device manager.
10-24 21:41:44.539 1267 1267 D AOC : A3:MSG: tcs3701_device.cc, 45: USF: TCS3701: Initializing device manager.
10-24 21:41:44.539 1267 1267 D AOC : A3:MSG: tmd3719_device.cc, 60: USF: TMD3719: Initializing device manager.
10-24 21:41:44.539 1267 1267 D AOC : A3:MSG: vd6282_device.cc, 84: USF: VD6282: Initializing device manager.
10-24 21:41:44.539 1267 1267 D AOC : A3:MSG: fusion_mag_sensor.cc, 55: USF: FMAG: Initializing the fusion mag sensor manager instance.
10-24 21:41:44.539 1267 1267 D AOC : A3:MSG: virtual_alsp_sensor.cc, 57: USF: VALSP: Initializing the virtual ALSP sensor manager instance.
10-24 21:41:44.539 1267 1267 D AOC : A3:MSG: usf_test_server.cc, 46: USF: USF test server online.
10-24 21:41:44.539 1267 1267 D AOC : A3:MSG: pal.cc, 750: USF: Thread VSC(0x400e2d90) wdog token 3
10-24 21:41:44.540 1267 1267 D AOC : F1:MSG: controller.cc, 273: AudioInCtrl: cmd ID: 0x0001, tag: 0x00 [cntr = 4]
10-24 21:41:44.540 1267 1267 D AOC : F1:ERR: memory_overlay_xtensa_whi.cc, 73: This operation is not supported
10-24 21:41:44.540 1267 1267 D AOC : F1:MSG: controller.cc, 811: AudioInCtrl: ipc: C-Ch-AI, cmd ID: 0x0001, tag: 0x00, rc: 0
10-24 21:41:44.540 1267 1267 D AOC : A3:MSG: controller.cc, 273: CNTRL: cmd ID: 0x0001, tag: 0x00 [cntr = 1]
10-24 21:41:44.540 1267 1267 D AOC : A3:MSG: controller.cc, 811: SysMem: ipc: C-F1-Ar, cmd ID: 0x0003, tag: 0x00, rc: 0
10-24 21:41:44.540 1267 1267 D AOC : F1:CRT: controller_ff1.cc, 180: FF1 Notifi ID = 0x000a
10-24 21:41:44.540 1267 1267 D AOC : F1:CRT: controller_ff1.cc, 180: FF1 Notifi ID = 0x000a
10-24 21:41:44.540 1267 1267 D AOC : F1:CRT: controller_ff1.cc, 190: FF1: Heap session over
10-24 21:41:44.540 1267 1267 D AOC : F1:MSG: controller.cc, 811: FF1: ipc: I-Ar-F1, cmd ID: 0x0001, tag: 0x00, rc: 0
10-24 21:41:44.540 1267 1267 D AOC : F1:ERR: controller_ff1.cc, 26: Ahi Ahi Ahi. We caught you with the finger in the jar!!!
10-24 21:41:44.540 1267 1267 D AOC : F1:ERR: controller_ff1.cc, 28: Alloc detected from task 'FF1'.
10-24 21:41:44.540 1267 1267 D AOC : F1:MSG: controller.cc, 811: FF1: ipc: I-Ar-F1, cmd ID: 0x0003, tag: 0x01, rc: 0
10-24 21:41:44.540 1267 1267 D AOC : F1:MSG: controller.cc, 273: AudioOutCtrl: cmd ID: 0x0001, tag: 0x00 [cntr = 3]
10-24 21:41:44.540 1267 1267 D AOC : F1:ERR: controller_ff1.cc, 26: Ahi Ahi Ahi. We caught you with the finger in the jar!!!
10-24 21:41:44.540 1267 1267 D AOC : F1:ERR: controller_ff1.cc, 28: Alloc detected from task 'AudioDeco'.
10-24 21:41:44.540 1267 1267 D AOC : F1:A3:
10-24 21:41:44.540 1267 1267 I AOC : MSG: controller.cc, 273: CNTRL: cmd ID: 0x00cd, tag: 0x05 [cntr = 48]
10-24 21:41:44.540 1267 1267 D AOC : A3:MSG: controller.cc, 811: CNTRL: ipc: uwb_service, cmd ID: 0x00cd, tag: 0x05, rc: 0
10-24 21:41:44.540 1267 1267 D AOC : A3:MSG: controller.cc, 273: CNTRL: cmd ID: 0x00cb, tag: 0x06 [cntr = 49]
10-24 21:41:44.541 1267 1267 D AOC : A3:MSG: controller.cc, 811: CNTRL: ipc: uwb_service, cmd ID: 0x00cb, tag: 0x06, rc: 0
10-24 21:41:44.541 1267 1267 D AOC : A3:MSG: controller.cc, 273: CNTRL: cmd ID: 0x00cd, tag: 0x07 [cntr = 50]
10-24 21:41:44.541 1267 1267 D AOC : A3:MSG: controller.cc, 811: CNTRL: ipc: uwb_service, cmd ID: 0x00cd, tag: 0x07, rc: 0
10-24 21:41:44.541 971 971 D nativeloader: Configuring clns-shared-2 for other apk /system/framework/android.hidl.manager-V1.0-java.jar. target_sdk_version=33, uses_libraries=, library_path=, permitted_path=/data:/mnt/expand
10-24 21:41:44.542 971 971 D ApplicationLoaders: Created zygote-cached class loader: /system/framework/android.hidl.manager-V1.0-java.jar
10-24 21:41:44.545 971 971 D nativeloader: Configuring clns-shared-3 for other apk /system/framework/android.test.base.jar. target_sdk_version=33, uses_libraries=, library_path=, permitted_path=/data:/mnt/expand
10-24 21:41:44.546 971 971 D ApplicationLoaders: Created zygote-cached class loader: /system/framework/android.test.base.jar
10-24 21:41:44.546 971 971 I Zygote : Preloading resources...
10-24 21:41:44.554 971 971 W Resources: Preloaded drawable resource #0x1080287 (android:drawable/dialog_background_material) that varies with configuration!!
10-24 21:41:44.560 1176 1179 I WPKTRT : process_link_down_or_deleted: wpan0 is deactivated
10-24 21:41:44.563 971 971 I Zygote : ...preloaded 64 resources in 17ms.
10-24 21:41:44.565 971 971 I Zygote : ...preloaded 41 resources in 2ms.
10-24 21:41:44.612 990 1007 D audio_hw_aoc: aoc_card_ctrl_init:find card name: google,aoc-snd-card
10-24 21:41:44.612 990 1007 D audio_hw_aoc: soundcard# 0 google,aoc-snd-card
10-24 21:41:44.613 990 1007 D audio_hw_aoc: aoc_card_ctrl_init: mixer_path: /vendor/etc/mixer_paths.xml
10-24 21:41:44.614 1267 1267 D AOC : F1:MSG: controller.cc, 273: AudioInCtrl: cmd ID: 0x00cd, tag: 0x00 [cntr = 6]
10-24 21:41:44.614 1267 1267 D AOC : F1:MSG: controller.cc, 811: AudioInCtrl: ipc: audio_input_con, cmd ID: 0x00cd, tag: 0x00, rc: 0
10-24 21:41:44.614 1267 1267 D AOC : F1:MSG: controller.cc, 273: AudioInCtrl: cmd ID: 0x00cd, tag: 0x01 [cntr = 7]
10-24 21:41:44.615 1267 1267 D AOC : F1:MSG: controller.cc, 811: AudioInCtrl: ipc: audio_input_con, cmd ID: 0x00cd, tag: 0x01, rc: 0
10-24 21:41:44.615 1267 1267 D AOC : F1:MSG: controller.cc, 273: AudioInCtrl: cmd ID: 0x00cd, tag: 0x02 [cntr = 8]
10-24 21:41:44.616 1267 1267 D AOC : F1:MSG: controller.cc, 811: AudioInCtrl: ipc: audio_input_con, cmd ID: 0x00cd, tag: 0x02, rc: 0
10-24 21:41:44.616 1267 1267 D AOC : F1:MSG: controller.cc, 273: AudioInCtrl: cmd ID: 0x00cd, tag: 0x03 [cntr = 9]
10-24 21:41:44.616 1267 1267 D AOC : F1:MSG: controller.cc, 811: AudioInCtrl: ipc: audio_input_con, cmd ID: 0x00cd, tag: 0x03, rc: 0
10-24 21:41:44.616 1267 1267 D AOC : F1:MSG: controller.cc, 273: AudioOutCtrl: cmd ID: 0x00e9, tag: 0x04 [cntr = 4]
10-24 21:41:44.616 1267 1267 D AOC : F1:MSG: controller.cc, 811: AudioOutCtrl: ipc: audio_output_co, cmd ID: 0x00e9, tag: 0x04, rc: 0
10-24 21:41:44.618 1267 1267 D AOC : F1:MSG: controller.cc, 273: AudioOutCtrl: cmd ID: 0x00d3, tag: 0x05 [cntr = 5]
10-24 21:41:44.618 1267 1267 D AOC : F1:MSG: controller.cc, 811: AudioOutCtrl: ipc: audio_output_co, cmd ID: 0x00d3, tag: 0x0d, rc: 0
10-24 21:41:44.619 1267 1267 D AOC : F1:MSG: controller.cc, 273: AudioOutCtrl: cmd ID: 0x00d3, tag: 0x06 [cntr = 6]
10-24 21:41:44.619 1267 1267 D AOC : F1:MSG: controller.cc, 811: AudioOutCtrl: ipc: audio_output_co, cmd ID: 0x00d3, tag: 0x0c, rc: 0
10-24 21:41:44.620 1267 1267 D AOC : F1:MSG: controller.cc, 273: AudioOutCtrl: cmd ID: 0x00d3, tag: 0x07 [cntr = 7]
10-24 21:41:44.620 1267 1267 D AOC : F1:MSG: controller.cc, 811: AudioOutCtrl: ipc: audio_output_co, cmd ID: 0x00d3, tag: 0x0c, rc: 0
10-24 21:41:44.621 1267 1267 D AOC : F1:MSG: controller.cc, 273: AudioOutCtrl: cmd ID: 0x00d3, tag: 0x29 [cntr = 31]
10-24 21:41:44.621 1267 1267 D AOC : F1:MSG: controller.cc, 811: AudioOutCtrl: ipc: audio_output_co, cmd ID: 0x00d3, tag: 0x05, rc: 0
10-24 21:41:44.621 990 990 D sound_trigger_platform: enable_hotword: enable 0
10-24 21:41:44.621 1267 1267 D AOC : H0:MSG: controller.cc, 811: AudOutCtrlH0: ipc: C-AO-H0, cmd ID: 0x00d3, tag: 0x0d, rc: 0
10-24 21:41:44.622 1267 1267 D AOC : H0:MSG: controller.cc, 811: AudOutCtrlH0: ipc: C-AO-H0, cmd ID: 0x00d3, tag: 0x0c, rc: 0
10-24 21:41:44.622 990 990 D sound_trigger_platform: enable_ambient_music: enable 0
10-24 21:41:44.622 1267 1267 D AOC : H0:MSG: controller.cc, 811: AudOutCtrlH0: ipc: C-AO-H0, cmd ID: 0x00d3, tag: 0x0c, rc: 0
10-24 21:41:44.622 990 990 D sound_trigger_platform: enable_ambient_music_break: enable 0
10-24 21:41:44.622 1267 1267 D AOC : H0:MSG: controller.cc, 811: AudOutCtrlH0: ipc: C-AO-H0, cmd ID: 0x00d3, tag: 0x0c, rc: 0
10-24 21:41:44.623 1267 1267 D AOC : H0:MSG: controller.cc, 811: AudOutCtrlH0: ipc: C-AO-H0, cmd ID: 0x00d3, tag: 0x05, rc: 0
10-24 21:41:44.623 1267 1267 D AOC : H0:MSG: controller.cc, 811: AudOutCtrlH0: ipc: C-AO-H0, cmd ID: 0x00d3, tag: 0x06, rc: 0
10-24 21:41:44.623 990 990 D sound_trigger_hw: reset_predefined_models_on_aoc: reset all predefined models
10-24 21:41:44.623 1267 1267 D AOC : H1:ERR: audio_mixer_voice.cc, 737: AMixMODEM: Could not retrieve PostProcessing status
10-24 21:41:44.623 1267 1267 D AOC : H1:MSG: controller.cc, 811: AudOutCtrlH1: ipc: C-AO-H1, cmd ID: 0x00d3, tag: 0x06, rc: 0
10-24 21:41:44.623 1267 1267 D AOC : H1:SRC for AMixMODEM is set to ON
10-24 21:41:44.623 1267 1267 D AOC : H1:MSG: controller.cc, 811: AudOutCtrlH1: ipc: C-AO-H1, cmd ID: 0x00d3, tag: 0x07, rc: 0
10-24 21:41:44.624 1267 1267 D AOC : H1:MSG: controller.cc, 811: AudOutCtrlH1: ipc: C-AO-H1, cmd ID: 0x00ff, tag: 0x08, rc: 0
10-24 21:41:44.624 990 990 D sound_trigger_tuning: loadTuningFile
10-24 21:41:44.624 1267 1267 D AOC : H1:MSG: controller.cc, 811: AudOutCtrlH1: ipc: C-AO-H1, cmd ID: 0x00ff, tag: 0x09, rc: 0
10-24 21:41:44.624 1267 1267 D AOC : H1:MSG: controller.cc, 811: AudOutCtrlH1: ipc: C-AO-H1, cmd ID: 0x00ff, tag: 0x0a, rc: 0
10-24 21:41:44.625 1267 1267 D AOC : H1:MSG: controller.cc, 811: AudOutCtrlH1: ipc: C-AO-H1, cmd ID: 0x010c, tag: 0x0b, rc: 0
10-24 21:41:44.625 1267 1267 D AOC : H1:MSG: controller.cc, 811: AudOutCtrlH1: ipc: C-AO-H1, cmd ID: 0x010c, tag: 0x0c, rc: 0
10-24 21:41:44.625 1267 1267 D AOC : H1:MSG: controller.cc, 811: AudOutCtrlH1: ipc: C-AO-H1, cmd ID: 0x00d3, tag: 0x0d, rc: 0
10-24 21:41:44.625 990 1007 W audio_route: Control 'TDM_1_RX Mixer EP8' doesn't exist - skipping
10-24 21:41:44.625 1267 1267 D AOC : H1:MSG: controller.cc, 811: AudOutCtrlH1: ipc: C-AO-H1, cmd ID: 0x00d3, tag: 0x0e, rc: 0
10-24 21:41:44.625 1267 1267 D AOC : H1:MSG: controller.cc, 811: AudOutCtrlH1: ipc: C-AO-H1, cmd ID: 0x010d, tag: 0x0f, rc: 0
10-24 21:41:44.625 1267 1267 D AOC : H1:MSG: controller.cc, 811: AudOutCtrlH1: ipc: C-AO-H1, cmd ID: 0x010d, tag: 0x10, rc: 0
10-24 21:41:44.626 1267 1267 D AOC : F1:MSG: controller.cc, 811: AudioOutCtrl: ipc: audio_output_co, cmd ID: 0x00d3, tag: 0x06, rc: 0
10-24 21:41:44.626 1267 1267 D AOC : F1:MSG: controller.cc, 273: AudioOutCtrl: cmd ID: 0x00f8, tag: 0x2b [cntr = 33]
10-24 21:41:44.626 1267 1267 D AOC : F1:MSG: controller.cc, 811: AudioOutCtrl: ipc: audio_output_co, cmd ID: 0x00f8, tag: 0x04, rc: 0
10-24 21:41:44.626 1267 1267 D AOC : F1:MSG: controller.cc, 273: AudioOutCtrl: cmd ID: 0x00f8, tag: 0x2c [cntr = 34]
10-24 21:41:44.626 1267 1267 D AOC : F1:MSG: controller.cc, 811: AudioOutCtrl: ipc: audio_output_co, cmd ID: 0x00f8, tag: 0x05, rc: 0
10-24 21:41:44.626 1267 1267 D AOC : F1:MSG: controller.cc, 273: AudioOutCtrl: cmd ID: 0x00f8, tag: 0x2d [cntr = 35]
10-24 21:41:44.626 1267 1267 D AOC : F1:MSG: controller.cc, 811: AudioOutCtrl: ipc: audio_output_co, cmd ID: 0x00f8, tag: 0x06, rc: 0
10-24 21:41:44.626 1267 1267 D AOC : F1:MSG: controller.cc, 273: AudioOutCtrl: cmd ID: 0x00fa, tag: 0x2e [cntr = 36]
10-24 21:41:44.627 1267 1267 D AOC : F1:MSG: controller.cc, 273: AudioInCtrl: cmd ID: 0x00e4, tag: 0x00 [cntr = 20]
10-24 21:41:44.627 990 990 D sound_trigger_tuning: tuning files:
10-24 21:41:44.627 990 990 D sound_trigger_tuning: tuning data#: 0
10-24 21:41:44.627 990 990 D sound_trigger_tuning: tuning key-data pair#: 0
10-24 21:41:44.627 990 990 E sound_trigger_tuning: can't find map for key 0x4000000000000000
10-24 21:41:44.627 990 990 W sound_trigger_hw: update_tuning_data: can't find tuning data
10-24 21:41:44.627 990 990 D sound_trigger_hw: stdev_open: initialization is successful!
10-24 21:41:44.627 990 990 I SoundTriggerHw: onFirstRef() mModuleName primary mHwDevice 0xb4000076eb9da6e0
10-24 21:41:44.627 1267 1267 D AOC : F1:MSG: controller.cc, 811: AudioInCtrl: ipc: sound_trigger, cmd ID: 0x00e4, tag: 0x00, rc: 0
10-24 21:41:44.627 1267 1267 D AOC : F1:MSG: controller.cc, 811: AudioOutCtrl: ipc: audio_output_co, cmd ID: 0x00fa, tag: 0x07, rc: 0
10-24 21:41:44.627 1267 1267 D AOC : F1:MSG: controller.cc, 273: AudioOutCtrl: cmd ID: 0x00fa, tag: 0x2f [cntr = 37]
10-24 21:41:44.627 1267 1267 D AOC : F1:MSG: controller.cc, 273: AudioInCtrl: cmd ID: 0x0106, tag: 0x01 [cntr = 21]
10-24 21:41:44.627 1267 1267 D AOC : F1:MSG: controller.cc, 811: AudioInCtrl: ipc: sound_trigger, cmd ID: 0x0106, tag: 0x01, rc: 0
10-24 21:41:44.627 1267 1267 D AOC : F1:MSG: controller.cc, 811: AudioOutCtrl: ipc: audio_output_co, cmd ID: 0x00fa, tag: 0x08, rc: 0
10-24 21:41:44.627 1267 1267 D AOC : F1:MSG: controller.cc, 273: AudioOutCtrl: cmd ID: 0x00fa, tag: 0x30 [cntr = 38]
10-24 21:41:44.627 1267 1267 D AOC : F1:MSG: controller.cc, 273: AudioInCtrl: cmd ID: 0x0101, tag: 0x02 [cntr = 22]
10-24 21:41:44.627 1267 1267 D AOC : F1:MSG: controller.cc, 811: AudioInCtrl: ipc: sound_trigger, cmd ID: 0x0101, tag: 0x02, rc: 0
10-24 21:41:44.627 1267 1267 D AOC : F1:MSG: controller.cc, 811: AudioOutCtrl: ipc: audio_output_co, cmd ID: 0x00fa, tag: 0x09, rc: 0
10-24 21:41:44.627 1267 1267 D AOC : F1:MSG: controller.cc, 273: AudioOutCtrl: cmd ID: 0x00fa, tag: 0x31 [cntr = 39]
10-24 21:41:44.627 1267 1267 D AOC : F1:MSG: controller.cc, 273: AudioInCtrl: cmd ID: 0x0109, tag: 0x03 [cntr = 23]
10-24 21:41:44.627 1267 1267 D AOC : F1:MSG: controller.cc, 811: AudioInCtrl: ipc: sound_trigger, cmd ID: 0x0109, tag: 0x03, rc: 0
10-24 21:41:44.627 1267 1267 D AOC : F1:MSG: controller.cc, 811: AudioOutCtrl: ipc: audio_output_co, cmd ID: 0x00fa, tag: 0x0a, rc: 0
10-24 21:41:44.627 990 990 I HidlServiceManagement: Registered android.hardware.soundtrigger@2.3::ISoundTriggerHw/default
10-24 21:41:44.627 1267 1267 D AOC : F1:MSG: controller.cc, 273: AudioOutCtrl: cmd ID: 0x00fa, tag: 0x32 [cntr = 40]
10-24 21:41:44.627 1267 1267 D AOC : F1:MSG: controller.cc, 273: AudioInCtrl: cmd ID: 0x011c, tag: 0x04 [cntr = 24]
10-24 21:41:44.627 1267 1267 D AOC : F1:MSG: controller.cc, 811: AudioInCtrl: ipc: sound_trigger, cmd ID: 0x011c, tag: 0x04, rc: 0
10-24 21:41:44.627 1267 1267 D AOC : F1:MSG: controller.cc, 811: AudioOutCtrl: ipc: audio_output_co, cmd ID: 0x00fa, tag: 0x0b, rc: 0
10-24 21:41:44.627 1267 1267 D AOC : F1:MSG: controller.cc, 273: AudioInCtrl: cmd ID: 0x00eb, tag: 0x33 [cntr = 25]
10-24 21:41:44.627 1267 1267 D AOC : F1:MSG: controller.cc, 811: AudioInCtrl: ipc: audio_input_con, cmd ID: 0x00eb, tag: 0x33, rc: 0
10-24 21:41:44.627 990 990 I LegacySupport: Registration complete for android.hardware.soundtrigger@2.3::ISoundTriggerHw/default.
10-24 21:41:44.627 1267 1267 D AOC : F1:MSG: controller.cc, 273: AudioInCtrl: cmd ID: 0x00eb, tag: 0x34 [cntr = 26]
10-24 21:41:44.628 531 531 I hwservicemanager: getTransport: Cannot find entry android.hardware.bluetooth.audio@2.2::IBluetoothAudioProvidersFactory/default in either framework or device VINTF manifest.
10-24 21:41:44.628 1267 1267 D AOC : F1:MSG: controller.cc, 811: AudioInCtrl: ipc: audio_input_con, cmd ID: 0x00eb, tag: 0x34, rc: 0
10-24 21:41:44.628 1267 1267 D AOC : F1:MSG: controller.cc, 273: AudioInCtrl: cmd ID: 0x0121, tag: 0x05 [cntr = 27]
10-24 21:41:44.628 990 990 E LegacySupport: Could not get passthrough implementation for android.hardware.bluetooth.audio@2.2::IBluetoothAudioProvidersFactory/default.
10-24 21:41:44.628 1267 1267 D AOC : F1:MSG: controller.cc, 811: AudioInCtrl: ipc: sound_trigger, cmd ID: 0x0121, tag: 0x05, rc: 0
10-24 21:41:44.628 531 531 I hwservicemanager: getTransport: Cannot find entry android.hardware.bluetooth.audio@2.1::IBluetoothAudioProvidersFactory/default in either framework or device VINTF manifest.
10-24 21:41:44.628 1267 1267 D AOC : F1:MSG: controller.cc, 273: AudioOutCtrl: cmd ID: 0x0109, tag: 0x35 [cntr = 41]
10-24 21:41:44.628 990 990 E LegacySupport: Could not get passthrough implementation for android.hardware.bluetooth.audio@2.1::IBluetoothAudioProvidersFactory/default.
10-24 21:41:44.628 1267 1267 D AOC : F1:MSG: controller.cc, 811: AudioOutCtrl: ipc: audio_output_co, cmd ID: 0x0109, tag: 0x03, rc: 0
10-24 21:41:44.628 531 531 I hwservicemanager: getTransport: Cannot find entry android.hardware.bluetooth.audio@2.0::IBluetoothAudioProvidersFactory/default in either framework or device VINTF manifest.
10-24 21:41:44.628 1267 1267 D AOC : F1:MSG: controller.cc, 273: AudioOutCtrl: cmd ID: 0x00d1, tag: 0x36 [cntr = 42]
10-24 21:41:44.628 990 990 E LegacySupport: Could not get passthrough implementation for android.hardware.bluetooth.audio@2.0::IBluetoothAudioProvidersFactory/default.
10-24 21:41:44.628 990 990 W audiohalservice: Could not register Bluetooth Audio API
10-24 21:41:44.628 1267 1267 D AOC : F1:MSG: controller.cc, 811: AudioOutCtrl: ipc: audio_output_co, cmd ID: 0x00d1, tag: 0x07, rc: 0
10-24 21:41:44.628 531 531 I hwservicemanager: getTransport: Cannot find entry android.hardware.bluetooth.a2dp@1.0::IBluetoothAudioOffload/default in either framework or device VINTF manifest.
10-24 21:41:44.628 990 990 E LegacySupport: Could not get passthrough implementation for android.hardware.bluetooth.a2dp@1.0::IBluetoothAudioOffload/default.
10-24 21:41:44.628 990 990 W audiohalservice: Could not register Bluetooth Audio Offload API
10-24 21:41:44.629 1267 1267 D AOC : F1:MSG: controller.cc, 273: AudioOutCtrl: cmd ID: 0x00f8, tag: 0x37 [cntr = 43]
10-24 21:41:44.629 1267 1267 D AOC : F1:MSG: controller.cc, 811: AudioOutCtrl: ipc: audio_output_co, cmd ID: 0x00f8, tag: 0x0c, rc: 0
10-24 21:41:44.629 1267 1267 D AOC : F1:MSG: controller.cc, 273: AudioOutCtrl: cmd ID: 0x00f7, tag: 0x38 [cntr = 44]
10-24 21:41:44.630 1267 1267 D AOC : F1:MSG: controller.cc, 811: AudioOutCtrl: ipc: audio_output_co, cmd ID: 0x00f7, tag: 0x0d, rc: 0
10-24 21:41:44.630 1267 1267 D AOC : F1:MSG: controller.cc, 273: AudioOutCtrl: cmd ID: 0x00f8, tag: 0x39 [cntr = 45]
10-24 21:41:44.630 1267 1267 D AOC : F1:MSG: controller.cc, 811: AudioOutCtrl: ipc: audio_output_co, cmd ID: 0x00f8, tag: 0x0e, rc: 0
10-24 21:41:44.630 1267 1267 D AOC : F1:MSG: controller.cc, 273: AudioOutCtrl: cmd ID: 0x00f7, tag: 0x3a [cntr = 46]
10-24 21:41:44.630 1267 1267 D AOC : F1:MSG: controller.cc, 811: AudioOutCtrl: ipc: audio_output_co, cmd ID: 0x00f7, tag: 0x0f, rc: 0
10-24 21:41:44.630 1267 1267 D AOC : F1:MSG: controller.cc, 273: AudioOutCtrl: cmd ID: 0x00f9, tag: 0x3b [cntr = 47]
10-24 21:41:44.630 1267 1267 D AOC : F1:MSG: controller.cc, 811: AudioOutCtrl: ipc: audio_output_co, cmd ID: 0x00f9, tag: 0x10, rc: 0
10-24 21:41:44.631 990 1007 D audio_hw_tuning: loadTuningFile
10-24 21:41:44.631 1267 1267 D AOC : F1:MSG: controller.cc, 273: AudioOutCtrl: cmd ID: 0x00f9, tag: 0x3c [cntr = 48]
10-24 21:41:44.631 1267 1267 D AOC : F1:MSG: controller.cc, 811: AudioOutCtrl: ipc: audio_output_co, cmd ID: 0x00f9, tag: 0x11, rc: 0
10-24 21:41:44.631 1267 1267 D AOC : F1:MSG: controller.cc, 273: AudioOutCtrl: cmd ID: 0x00f9, tag: 0x3d [cntr = 49]
10-24 21:41:44.631 1267 1267 D AOC : F1:MSG: controller.cc, 811: AudioOutCtrl: ipc: audio_output_co, cmd ID: 0x00f9, tag: 0x12, rc: 0
10-24 21:41:44.631 1267 1267 D AOC : F1:MSG: controller.cc, 273: AudioOutCtrl: cmd ID: 0x00f9, tag: 0x3e [cntr = 50]
10-24 21:41:44.631 1267 1267 D AOC : F1:MSG: controller.cc, 811: AudioOutCtrl: ipc: audio_output_co, cmd ID: 0x00f9, tag: 0x13, rc: 0
10-24 21:41:44.631 1267 1267 D AOC : F1:MSG: controller.cc, 273: AudioOutCtrl: cmd ID: 0x00f9, tag: 0x3f [cntr = 51]
10-24 21:41:44.631 1267 1267 D AOC : F1:MSG: controller.cc, 811: AudioOutCtrl: ipc: audio_output_co, cmd ID: 0x00f9, tag: 0x14, rc: 0
10-24 21:41:44.631 1267 1267 D AOC : F1:MSG: controller.cc, 273: AudioInCtrl: cmd ID: 0x00e9, tag: 0x40 [cntr = 28]
10-24 21:41:44.631 1267 1267 D AOC : F1:MSG: controller.cc, 811: AudioInCtrl: ipc: audio_input_con, cmd ID: 0x00e9, tag: 0x40, rc: 0
10-24 21:41:44.631 1267 1267 D AOC : H0:MSG: controller.cc, 811: AudOutCtrlH0: ipc: C-AO-H0, cmd ID: 0x00d1, tag: 0x07, rc: 0
10-24 21:41:44.634 990 1007 D audio_hw_tuning: tuning files:
10-24 21:41:44.634 990 1007 D audio_hw_tuning: file:recording.gatf ver: 0x1
10-24 21:41:44.634 990 1007 D audio_hw_tuning: tuning data#: 8
10-24 21:41:44.634 990 1007 D audio_hw_tuning: tuning key-data pair#: 9
10-24 21:41:44.634 1267 1267 D AOC : F1:MSG: controller.cc, 273: AudioOutCtrl: cmd ID: 0x00d1, tag: 0x41 [cntr = 52]
10-24 21:41:44.634 1267 1267 D AOC : F1:MSG: controller.cc, 811: AudioOutCtrl: ipc: audio_output_co, cmd ID: 0x00d1, tag: 0x0e, rc: 0
10-24 21:41:44.635 1267 1267 D AOC : H0:MSG: controller.cc, 811: AudOutCtrlH0: ipc: C-AO-H0, cmd ID: 0x00d1, tag: 0x0e, rc: 0
10-24 21:41:44.635 1267 1267 D AOC : F1:MSG: controller.cc, 273: AudioOutCtrl: cmd ID: 0x00d1, tag: 0x42 [cntr = 53]
10-24 21:41:44.635 1267 1267 D AOC : F1:MSG: controller.cc, 811: AudioOutCtrl: ipc: audio_output_co, cmd ID: 0x00d1, tag: 0x0d, rc: 0
10-24 21:41:44.635 1267 1267 D AOC : F1:MSG: controller.cc, 273: AudioOutCtrl: cmd ID: 0x00d1, tag: 0x43 [cntr = 54]
10-24 21:41:44.635 1267 1267 D AOC : F1:MSG: controller.cc, 811: AudioOutCtrl: ipc: audio_output_co, cmd ID: 0x00d1, tag: 0x0d, rc: 0
10-24 21:41:44.635 1267 1267 D AOC : H0:MSG: controller.cc, 811: AudOutCtrlH0: ipc: C-AO-H0, cmd ID: 0x00d1, tag: 0x0d, rc: 0
10-24 21:41:44.635 990 1007 D audio_hw_aoc: aoc_init_compress_offload_mixer_vol: mixer_gain 1000
10-24 21:41:44.635 1267 1267 D AOC : H0:MSG: controller.cc, 811: AudOutCtrlH0: ipc: C-AO-H0, cmd ID: 0x00d1, tag: 0x0d, rc: 0
10-24 21:41:44.636 990 1007 D audio_hw_aoc: update_new_aoc_dsp_mode: AoC DSP Mode set to Ambient
10-24 21:41:44.636 1267 1267 D AOC : F1:MSG: controller.cc, 273: AudioOutCtrl: cmd ID: 0x0115, tag: 0x44 [cntr = 55]
10-24 21:41:44.636 990 1007 D audio_hw_aoc: aoc_set_telephony_ec_path: Default
10-24 21:41:44.636 990 1007 D audio_hw_patch_strategies_api: InitPatchStrategies: PatchStrategies is disabled.
10-24 21:41:44.636 1267 1267 D AOC : F1:MSG: controller.cc, 811: AudioOutCtrl: ipc: audio_output_co, cmd ID: 0x0115, tag: 0x44, rc: 0
10-24 21:41:44.637 990 1007 D audio_hw_thermal_throttle_api: InitThermalThrottle: thermal throttle is disabled
10-24 21:41:44.637 990 1007 D audio_hw_battery_adaptive_audio_control_api: InitBatteryAdaptiveAudioControl: isn't supported
10-24 21:41:44.637 990 1007 D audio_hw_playback_thermal_throttle_control_api: InitPlaybackThermalThrottleControl: isn't supported
10-24 21:41:44.638 1323 1323 D nativeloader: Load /data/adb/modules/tricky_store/libtricky_store.so using system ns (caller=): ok
10-24 21:41:44.642 971 971 I Zygote : Preloading shared libraries...
10-24 21:41:44.643 971 971 D nativeloader: Load libandroid.so using system ns (caller=/system/framework/framework.jar!classes4.dex): ok
10-24 21:41:44.644 971 971 D nativeloader: Load libcompiler_rt.so using system ns (caller=/system/framework/framework.jar!classes4.dex): ok
10-24 21:41:44.645 971 971 D nativeloader: Load libjnigraphics.so using system ns (caller=/system/framework/framework.jar!classes4.dex): ok
10-24 21:41:44.645 971 971 E zygote64: Unable to find pattern file or unable to map it for am
10-24 21:41:44.647 530 530 I servicemanager: Found android.hardware.bluetooth.audio.IBluetoothAudioProviderFactory/default in device VINTF manifest.
10-24 21:41:44.647 971 971 D nativeloader: Load libwebviewchromium_loader.so using system ns (caller=/system/framework/framework.jar!classes3.dex): ok
10-24 21:41:44.647 990 990 I audiohalservice: createIBluetoothAudioProviderFactory() from android.hardware.bluetooth.audio-impl success
10-24 21:41:44.647 971 971 I Zygote : Called ZygoteHooks.endPreload()
10-24 21:41:44.648 971 971 I Zygote : Installed AndroidKeyStoreProvider in 1ms.
10-24 21:41:44.650 971 971 I Zygote : Warmed up JCA providers in 2ms.
10-24 21:41:44.650 971 971 D Zygote : end preload
10-24 21:41:44.656 990 1007 I WAVES_LOG_AlgFx: [AlgSys] (18) Loaded AlgSys library
10-24 21:41:44.670 1270 1270 D chre : Connected to USF Transport server (retry count: 2)
10-24 21:41:44.671 1267 1267 D AOC : A3:MSG: efw_transport.cc, 391: USF: Creating new transport for channel 4 type 0.
10-24 21:41:44.671 1267 1267 D AOC : A3:MSG: efw_transport.cc, 391: USF: Creating new transport for channel 5 type 1.
10-24 21:41:44.671 1270 1270 D USF : AP/AOC clock synced: AOC: 245239014 ns (1004499 tk), AP: 6047893922 ns, diff = -5802654908 ns
10-24 21:41:44.676 990 1007 D audio_hw_waves: SPK: 1
10-24 21:41:44.681 990 1007 W audio_hw_cirrus_battery_throttle_api: BatteryControlInitialize: unable to initialize battery control
10-24 21:41:44.683 1270 1513 I CHRE : @ 0.055: CHPP WIFI: Enqueue TX: code=0x10(RESET) len=10 pending=1
10-24 21:41:44.683 1270 1513 I CHRE : @ 0.055: CHRE init, version: chre=slider@9441429
10-24 21:41:44.683 1270 1513 I CHRE : @ 0.055: CHPP GNSS: Enqueue TX: code=0x10(RESET) len=10 pending=1
10-24 21:41:44.683 1270 1513 I CHRE : @ 0.055: CHPP WWAN: Enqueue TX: code=0x10(RESET) len=10 pending=1
10-24 21:41:44.683 1270 1513 E CHRE : @ 0.155: CHPP WIFI: Wake handshaking start timed out
10-24 21:41:44.683 1270 1513 E CHRE : @ 0.155: CHPP WIFI: Async send failure: 255
10-24 21:41:44.683 1270 1513 E CHRE : @ 0.155: CHPP GNSS: Wake handshaking start timed out
10-24 21:41:44.683 1270 1513 E CHRE : @ 0.155: CHPP GNSS: Async send failure: 255
10-24 21:41:44.683 1270 1513 E CHRE : @ 0.155: CHPP WWAN: Wake handshaking start timed out
10-24 21:41:44.683 1270 1513 E CHRE : @ 0.155: CHPP WWAN: Async send failure: 255
10-24 21:41:44.683 1270 1513 D CHRE : @ 0.256: Load nanoapp request for app ID 0x476f6f676c00100b ver 0x3000d flags 0x1 target API 0x01060000 size 423232 (txnId 0 client 65535)
10-24 21:41:44.684 990 1007 D FVSAM_LOG: Get handle
10-24 21:41:44.684 990 1007 I FVSAM_LOG: Init: fvsam_prm_parser version: 0x10100
10-24 21:41:44.684 990 1514 D audio_hw_35l41: control name = [DSP Booted]
10-24 21:41:44.684 990 1514 D audio_hw_35l41: control name = [R DSP Booted]
10-24 21:41:44.684 990 1514 D audio_hw_35l41: control name = [PCM Source]
10-24 21:41:44.684 990 1514 D audio_hw_35l41: control name = [R PCM Source]
10-24 21:41:44.684 990 1514 W audio_hw_35l41: cs35l41_dump_calibration_data: Dump calibration data ***(Hex)***:
10-24 21:41:44.684 990 1514 W audio_hw_35l41: amp_index: '0' = 'Left/Top cs35l41 amp'
10-24 21:41:44.684 990 1514 W audio_hw_35l41: cal_r: '1e6a'(5.566860 ohm)
10-24 21:41:44.684 990 1514 W audio_hw_35l41: cal_status: '1'
10-24 21:41:44.684 990 1514 W audio_hw_35l41: cal_checksum: '1e6b'
10-24 21:41:44.684 990 1514 W audio_hw_35l41: cal_ambient: '1b'
10-24 21:41:44.684 990 1514 W audio_hw_35l41: amp_pcm_gain: '11'
10-24 21:41:44.684 990 1514 W audio_hw_35l41: digital_pcm_gain: '331'
10-24 21:41:44.684 990 1514 W audio_hw_35l41: cs35l41_dump_calibration_data: Dump calibration data ***(Hex)***:
10-24 21:41:44.684 990 1514 W audio_hw_35l41: amp_index: '1' = 'Right/Bottom cs35l41 amp'
10-24 21:41:44.684 990 1514 W audio_hw_35l41: cal_r: '200a'(5.864293 ohm)
10-24 21:41:44.684 990 1514 W audio_hw_35l41: cal_status: '1'
10-24 21:41:44.684 990 1514 W audio_hw_35l41: cal_checksum: '200b'
10-24 21:41:44.684 990 1514 W audio_hw_35l41: cal_ambient: '1b'
10-24 21:41:44.684 990 1514 W audio_hw_35l41: amp_pcm_gain: '11'
10-24 21:41:44.684 990 1514 W audio_hw_35l41: digital_pcm_gain: '331'
10-24 21:41:44.684 990 1514 D audio_route: Apply path: cs35l41-load-protection-firmware-start
10-24 21:41:44.684 990 1514 D audio_route: Apply path: cs35l41-load-protection-firmware-end
10-24 21:41:44.693 990 1007 I OE::audio_hw_offload_effect: Initialize offload effects wrapper module
10-24 21:41:44.693 990 1007 D OE::audio_hw_offload_effect: usecase event client = 0xb40000763b9d39e8, common event client = 0xb40000762b9e9718
10-24 21:41:44.693 990 1007 I OE::audio_hw_offload_effect: DspController::setAudioDeviceAndResetHandleAndUsecase: reset all handles and set audio device as 0xb40000772b9d9d00
10-24 21:41:44.696 990 1007 D amcs_ext_file: amcs_file_io_init
10-24 21:41:44.696 990 1007 D amcs_ext_file: open_file_resource
10-24 21:41:44.696 990 1007 D amcs_ext_file: init_suez_array_default: speaker_nums[2] done.
10-24 21:41:44.696 990 1007 D amcs_ext: amcs_ext_init done
10-24 21:41:44.700 990 1007 D audio_hw_bt: bt_init: successfully created monitoring thread.
10-24 21:41:44.701 990 1007 D audio_hw_usb: usb_init: successfully created monitoring thread.
10-24 21:41:44.701 990 1007 D audio_hw: sthal ctrl tunnel status 0
10-24 21:41:44.701 990 1007 D audio_hw: sthal dump tunnel status 0
10-24 21:41:44.701 990 1007 D audio_hw: max_voice_vol_steps = 7
10-24 21:41:44.701 990 1528 I audio_hw_aoc: Mode Ambient is already selected
10-24 21:41:44.701 990 1528 D sound_trigger_hw: update_charger_dock: Update charger dock state as UnDocked
10-24 21:41:44.701 990 1528 E sound_trigger_tuning: can't find map for key 0x4000000000000000
10-24 21:41:44.701 990 1528 W sound_trigger_hw: update_tuning_data: can't find tuning data
10-24 21:41:44.702 531 531 I hwservicemanager: Since vendor.google.whitechapel.audio.audioext@4.0::IAudioExt/default is not registered, trying to start it as a lazy HAL.
10-24 21:41:44.702 990 1007 D audio_hw_hidlext: audio_register_ext_service: registering
10-24 21:41:44.702 1267 1267 D AOC : F1:MSG: controller.cc, 273: AudioInCtrl: cmd ID: 0x0153, tag: 0x06 [cntr = 29]
10-24 21:41:44.702 1267 1267 D AOC : F1:AP offload disable, num mics 2
10-24 21:41:44.702 1267 1267 D AOC : F1:AP offload already disabled
10-24 21:41:44.702 1267 1267 D AOC : F1:MSG: controller.cc, 811: AudioInCtrl: ipc: sound_trigger, cmd ID: 0x0153, tag: 0x06, rc: 0
10-24 21:41:44.702 990 1528 D sound_trigger_platform: st_platform_mic_swap: disable
10-24 21:41:44.702 1267 1267 D AOC : F1:MSG: controller.cc, 273: AudioInCtrl: cmd ID: 0x0157, tag: 0x07 [cntr = 30]
10-24 21:41:44.702 1267 1267 D AOC : F1:MSG: controller.cc, 811: AudioInCtrl: ipc: sound_trigger, cmd ID: 0x0157, tag: 0x07, rc: 0
10-24 21:41:44.703 990 1528 D sound_trigger_hw: send_control_cmd:cmd 2
10-24 21:41:44.703 990 1528 D amcs_ext: common event = 22
10-24 21:41:44.703 990 1496 D sound_trigger_hw: handle_control_cmd:get cmd 2
10-24 21:41:44.703 990 1528 D audio_hw_snd_restart: aoc_state_monitor_thread: initial dsp state:[online]
10-24 21:41:44.703 990 1007 D audioext: AudioExt construct
10-24 21:41:44.704 1323 1323 I TrickyStore: Welcome to TrickyStore!
10-24 21:41:44.704 1323 1323 I TrickyStore: Trying to register keystore interceptor ...
10-24 21:41:44.704 990 1007 I HidlServiceManagement: Registered vendor.google.whitechapel.audio.audioext@4.0::IAudioExt/default
10-24 21:41:44.704 990 1007 I LegacySupport: Registration complete for vendor.google.whitechapel.audio.audioext@4.0::IAudioExt/default.
10-24 21:41:44.705 531 531 I hw-BpHwBinder: onLastStrongRef automatically unlinking death recipients
10-24 21:41:44.705 531 531 I hw-BpHwBinder: onLastStrongRef automatically unlinking death recipients
10-24 21:41:44.705 1323 1323 I TrickyStore: waiting for service package
10-24 21:41:44.705 1222 1388 D rild_exynos: RilAudioClientImpl NotifyNetworkInfoToAudioService() sending rat: 0, band: 0, inCsCall: 0, inImsCall: 0
10-24 21:41:44.705 1222 1389 D rild_exynos: RilAudioClientImpl NotifyNetworkInfoToAudioService() sending rat: 0, band: 0, inCsCall: 0, inImsCall: 0
10-24 21:41:44.705 531 1531 W libc : Unable to set property "ctl.interface_start" to "vendor.google.whitechapel.audio.audioext@4.0::IAudioExt/default": error code: 0x20
10-24 21:41:44.705 531 1531 I hwservicemanager: Tried to start vendor.google.whitechapel.audio.audioext@4.0::IAudioExt/default as a lazy service, but was unable to. Usually this happens when a service is not installed, but if the service is intended to be used as a lazy service, then it may be configured incorrectly.
10-24 21:41:44.706 990 990 D audio_hw: adev_set_mode: mode 0
10-24 21:41:44.706 1056 1056 I AudioFlinger: loadHwModule() Loaded primary audio interface, handle 10
10-24 21:41:44.709 1056 1056 I AudioFlinger: openOutput() this 0xb400007402be1010, module 10 Device AUDIO_DEVICE_OUT_SPEAKER, @:, SamplingRate 48000, Format 0x000005, Channels 0x3, flags 0x6
10-24 21:41:44.710 990 990 D audio_hw_output_stream: adev_open_output_stream handle 13 channels=0x3 rate=48000 format=0x5
10-24 21:41:44.710 990 990 D audio_hw_output_stream: setup_fast_output selects handle 13 channels=2 rate=48000 format=5
10-24 21:41:44.710 990 990 D audio_hw_voice: HAL_EVENT_PRIMARY_OUTPUT_OPENED
10-24 21:41:44.710 990 990 D audio_hw_waves: waves_usecase_event: low-latency-playback stream info change
10-24 21:41:44.712 1056 1056 I AudioFlinger: HAL output buffer size 480 frames, normal sink buffer size 960 frames
10-24 21:41:44.712 531 531 I hwservicemanager: getTransport: Cannot find entry android.hardware.audio.effect@7.1::IEffectsFactory/default in either framework or device VINTF manifest.
10-24 21:41:44.726 990 990 D OE::audio_hw_offload_effect: getDescriptor: uuid = c7e3b29d-e797-4cf9-9912-17c1956510cc, name = Bass Boost Effect
10-24 21:41:44.726 990 990 D OE::audio_hw_offload_effect: getDescriptor: uuid = f8f88a03-fdf8-4554-8e60-77fbf8f2d3b0, name = Virtualizer Effect
10-24 21:41:44.726 990 990 D OE::audio_hw_offload_effect: getDescriptor: uuid = 50deaa30-4a83-4b1f-bfe3-dec6d605ede0, name = Equalizer Effect
10-24 21:41:44.726 990 990 D OE::audio_hw_offload_effect: getDescriptor: uuid = 0c84bcd9-bce4-441b-ba9e-51f80897c949, name = Environmental Reverb AUX Effect
10-24 21:41:44.726 990 990 D OE::audio_hw_offload_effect: getDescriptor: uuid = 86d1877a-127f-4bdc-9665-c958903ad7b2, name = Environmental Reverb INS Effect
10-24 21:41:44.726 990 990 D OE::audio_hw_offload_effect: getDescriptor: uuid = 4f90220c-9742-4467-a9d7-122f85c01195, name = Preset Reverb AUX Effect
10-24 21:41:44.726 990 990 D OE::audio_hw_offload_effect: getDescriptor: uuid = a2cf6b45-360b-49f3-94d7-fdb9837f89e8, name = Preset Reverb INS Effect
10-24 21:41:44.726 990 990 D OE::audio_hw_offload_effect: getDescriptor: uuid = 99fb2ecb-3426-4a0e-8082-1a1da5604b7d, name = Visualizer Effect
10-24 21:41:44.726 990 990 D OE::audio_hw_offload_effect: getDescriptor: uuid = 28c28780-ec8b-48b6-8590-8c84557d797d, name = Acoustic Echo Canceler
10-24 21:41:44.726 990 990 D OE::audio_hw_offload_effect: getDescriptor: uuid = 62ff2836-d050-43c3-9c2d-94a73dad2c64, name = Noise Suppressor
10-24 21:41:44.727 1056 1056 I BufferProvider: found effect "Multichannel Downmix To Stereo" from The Android Open Source Project
10-24 21:41:44.727 1056 1056 D AudioFlinger: Failed to add event callback
10-24 21:41:44.727 1056 1574 I AudioFlinger: AudioFlinger's thread 0xb4000075848549a0 tid=1574 ready to run
10-24 21:41:44.727 1056 1574 W AudioFlinger: no wake lock to update, system not ready yet
10-24 21:41:44.727 1056 1574 D AudioFlinger: ro.audio.silent is ignored since no output device is set
10-24 21:41:44.728 1056 1056 E APM_AudioPolicyManager: invalid volume index range
10-24 21:41:44.728 1056 1056 E APM_AudioPolicyManager: invalid volume index range
10-24 21:41:44.728 1056 1056 E APM_AudioPolicyManager: invalid volume index range
10-24 21:41:44.728 1056 1056 V APM_AudioPolicyManager: checkAndSetVolume cannot set volume group 4 volume when is not requested for comm
10-24 21:41:44.728 1056 1056 E APM_AudioPolicyManager: invalid volume index range
10-24 21:41:44.728 1056 1056 E APM_AudioPolicyManager: invalid volume index range
10-24 21:41:44.728 1056 1056 E APM_AudioPolicyManager: invalid volume index range
10-24 21:41:44.728 1056 1056 E APM_AudioPolicyManager: invalid volume index range
10-24 21:41:44.729 1056 1574 W AudioFlinger: no wake lock to update, system not ready yet
10-24 21:41:44.729 1056 1574 D AudioFlinger: ro.audio.silent is ignored since no output device is set
10-24 21:41:44.729 1056 1056 E APM_AudioPolicyManager: invalid volume index range
10-24 21:41:44.729 1056 1056 E APM_AudioPolicyManager: invalid volume index range
10-24 21:41:44.729 1056 1056 E APM_AudioPolicyManager: invalid volume index range
10-24 21:41:44.729 1056 1056 E APM_AudioPolicyManager: invalid volume index range
10-24 21:41:44.729 1056 1056 W AudioFlinger: moveEffects() bad srcOutput 0
10-24 21:41:44.729 1056 1056 V APM_AudioPolicyManager: selectOutputForMusicEffects selected output 13
10-24 21:41:44.729 1056 1056 V APM_AudioPolicyManager: setOutputDevices device {AUDIO_DEVICE_OUT_SPEAKER, @:} delayMs 0
10-24 21:41:44.729 1056 1056 V APM_AudioPolicyManager: setOutputDevices() prevDevice {AUDIO_DEVICE_OUT_SPEAKER, @:}
10-24 21:41:44.729 1056 1056 V APM_AudioPolicyManager: setOutputDevices changing device to {AUDIO_DEVICE_OUT_SPEAKER, @:}
10-24 21:41:44.731 1017 1017 W ServiceManager: Waited one second for android.frameworks.stats.IStats/default (is service started? are binder threads started and available?)
10-24 21:41:44.731 530 530 I servicemanager: Since 'android.frameworks.stats.IStats/default' could not be found, trying to start it as a lazy AIDL service
10-24 21:41:44.731 971 971 I zygote64: Explicit concurrent mark compact GC freed 4212KB AllocSpace bytes, 6(120KB) LOS objects, 75% free, 8461KB/33MB, paused 97us,5.392ms total 81.620ms
10-24 21:41:44.733 530 1575 W libc : Unable to set property "ctl.interface_start" to "aidl/android.frameworks.stats.IStats/default": error code: 0x20
10-24 21:41:44.733 530 1575 I servicemanager: Tried to start aidl service android.frameworks.stats.IStats/default as a lazy service, but was unable to. Usually this happens when a service is not installed, but if the service is intended to be used as a lazy service, then it may be configured incorrectly.
10-24 21:41:44.748 971 971 I zygote64: Explicit concurrent mark compact GC freed 320KB AllocSpace bytes, 0(0B) LOS objects, 75% free, 8205KB/32MB, paused 24us,853us total 15.134ms
10-24 21:41:44.759 1297 1363 I adbd : USB event: FUNCTIONFS_BIND
10-24 21:41:44.769 1270 1513 D CHRE : @ 0.342: Load manager load complete...
10-24 21:41:44.770 990 1007 D audio_hw_patch: low-latency-playback routing:
10-24 21:41:44.770 990 1007 D audio_hw_patch: dev: 0x2
10-24 21:41:44.771 578 586 W ServiceManager: Waited one second for android.frameworks.stats.IStats/default (is service started? are binder threads started and available?)
10-24 21:41:44.772 530 530 I servicemanager: Since 'android.frameworks.stats.IStats/default' could not be found, trying to start it as a lazy AIDL service
10-24 21:41:44.772 1056 1056 V APM_AudioPolicyManager: setOutputDevices() AF::createAudioPatch returned 0 patchHandle 12 num_sources 1 num_sinks 1
10-24 21:41:44.772 1056 1056 E APM_AudioPolicyManager: invalid volume index range
10-24 21:41:44.772 1056 1056 E APM_AudioPolicyManager: invalid volume index range
10-24 21:41:44.772 1056 1056 E APM_AudioPolicyManager: invalid volume index range
10-24 21:41:44.772 1056 1056 V APM_AudioPolicyManager: checkAndSetVolume cannot set volume group 4 volume when is not requested for comm
10-24 21:41:44.772 1056 1056 E APM_AudioPolicyManager: invalid volume index range
10-24 21:41:44.772 1056 1056 E APM_AudioPolicyManager: invalid volume index range
10-24 21:41:44.772 1056 1056 E APM_AudioPolicyManager: invalid volume index range
10-24 21:41:44.772 1056 1056 E APM_AudioPolicyManager: invalid volume index range
10-24 21:41:44.773 1056 1056 E APM_AudioPolicyManager: invalid volume index range
10-24 21:41:44.773 1056 1056 E APM_AudioPolicyManager: invalid volume index range
10-24 21:41:44.773 1056 1056 E APM_AudioPolicyManager: invalid volume index range
10-24 21:41:44.773 1056 1056 E APM_AudioPolicyManager: invalid volume index range
10-24 21:41:44.773 990 1514 W audio_hw_35l41: cs35l41_load_protection_firmware: ret: 0
10-24 21:41:44.773 990 1514 D audio_hw_35l41: control name = [DSP1 Protection cd CAL_R]
10-24 21:41:44.773 990 1514 W audio_hw_35l41: cs35l41_load_controls: Failed to get ctl from DSP1 Protection cd CAL_R, retry_mixer_count:0
10-24 21:41:44.773 990 1514 D audio_hw_35l41: cs35l41_release_controls_memory: free memory for name: CAL_R, index: 0
10-24 21:41:44.773 990 1514 D audio_hw_35l41: cs35l41_release_controls_memory: free memory for name: DSP Booted, index: 6
10-24 21:41:44.773 990 1514 D audio_hw_35l41: cs35l41_release_controls_memory: free memory for name: PCM Source, index: 7
10-24 21:41:44.773 1056 1056 I AudioFlinger: openOutput() this 0xb400007402be1010, module 10 Device AUDIO_DEVICE_OUT_SPEAKER, @:, SamplingRate 48000, Format 0x000005, Channels 0x3, flags 0x8
10-24 21:41:44.773 990 1007 D audio_hw_output_stream: adev_open_output_stream handle 21 channels=0x3 rate=48000 format=0x5
10-24 21:41:44.773 990 1007 D audio_hw_output_stream: deep-buffer-playback format 0x5 but request 24
10-24 21:41:44.773 990 1007 D audio_hw_output_stream: setup_deep_buffer_output selects handle 21 channels=2 rate=48000 format=5
10-24 21:41:44.773 990 1007 D audio_hw_output_stream: setup_deep_buffer_output selects handle 21 HAL channels=2 rate=48000 format=9
10-24 21:41:44.773 990 1007 D audio_hw_waves: waves_usecase_event: deep-buffer-playback stream info change
10-24 21:41:44.774 1056 1056 I AudioFlinger: HAL output buffer size 960 frames, normal sink buffer size 960 frames
10-24 21:41:44.774 1056 1056 D AudioFlinger: Failed to add event callback
10-24 21:41:44.775 1056 1635 I AudioFlinger: AudioFlinger's thread 0xb40000758209b9a0 tid=1635 ready to run
10-24 21:41:44.775 1056 1635 W AudioFlinger: no wake lock to update, system not ready yet
10-24 21:41:44.775 1056 1635 D AudioFlinger: ro.audio.silent is ignored since no output device is set
10-24 21:41:44.775 1056 1056 E APM_AudioPolicyManager: invalid volume index range
10-24 21:41:44.775 1056 1056 E APM_AudioPolicyManager: invalid volume index range
10-24 21:41:44.775 1056 1056 E APM_AudioPolicyManager: invalid volume index range
10-24 21:41:44.775 1056 1056 V APM_AudioPolicyManager: checkAndSetVolume cannot set volume group 4 volume when is not requested for comm
10-24 21:41:44.775 1056 1056 E APM_AudioPolicyManager: invalid volume index range
10-24 21:41:44.775 1056 1056 E APM_AudioPolicyManager: invalid volume index range
10-24 21:41:44.775 1056 1056 E APM_AudioPolicyManager: invalid volume index range
10-24 21:41:44.775 1056 1056 E APM_AudioPolicyManager: invalid volume index range
10-24 21:41:44.775 1056 1635 W AudioFlinger: no wake lock to update, system not ready yet
10-24 21:41:44.775 1056 1635 D AudioFlinger: ro.audio.silent is ignored since no output device is set
10-24 21:41:44.777 1056 1056 E APM_AudioPolicyManager: invalid volume index range
10-24 21:41:44.777 1056 1056 E APM_AudioPolicyManager: invalid volume index range
10-24 21:41:44.777 1056 1056 E APM_AudioPolicyManager: invalid volume index range
10-24 21:41:44.777 1056 1056 E APM_AudioPolicyManager: invalid volume index range
10-24 21:41:44.777 1056 1056 V APM_AudioPolicyManager: selectOutputForMusicEffects selected output 13
10-24 21:41:44.777 1056 1056 V APM_AudioPolicyManager: setOutputDevices device {AUDIO_DEVICE_OUT_SPEAKER, @:} delayMs 0
10-24 21:41:44.777 1056 1056 V APM_AudioPolicyManager: setOutputDevices() prevDevice {AUDIO_DEVICE_OUT_SPEAKER, @:}
10-24 21:41:44.778 1056 1056 V APM_AudioPolicyManager: setOutputDevices changing device to {AUDIO_DEVICE_OUT_SPEAKER, @:}
10-24 21:41:44.782 530 1634 W libc : Unable to set property "ctl.interface_start" to "aidl/android.frameworks.stats.IStats/default": error code: 0x20
10-24 21:41:44.782 530 1634 I servicemanager: Tried to start aidl service android.frameworks.stats.IStats/default as a lazy service, but was unable to. Usually this happens when a service is not installed, but if the service is intended to be used as a lazy service, then it may be configured incorrectly.
10-24 21:41:44.783 1270 1513 D CHRE : @ 0.356: Load nanoapp request for app ID 0x476f6f676c001013 ver 0x40005 flags 0x1 target API 0x01060000 size 549240 (txnId 1 client 65535)
10-24 21:41:44.803 1183 1183 I lhd : Lhd::LHD Init took 0.854s
10-24 21:41:44.804 927 955 I zn-daemon64: ** write prop
10-24 21:41:44.806 971 971 D Zygote : Forked child process 1637
10-24 21:41:44.806 971 971 I Zygote : System server process 1637 has been created
10-24 21:41:44.806 971 971 I Zygote : Accepting command socket connections
10-24 21:41:44.813 1644 1644 I zn-zygisk-companion64: spawning companion for zygisk_shamiko
10-24 21:41:44.816 1029 1372 I libpixelusb: GADGET pulled up
10-24 21:41:44.818 990 990 D audio_hw_patch: deep-buffer-playback routing:
10-24 21:41:44.818 990 990 D audio_hw_patch: dev: 0x2
10-24 21:41:44.818 1056 1056 V APM_AudioPolicyManager: setOutputDevices() AF::createAudioPatch returned 0 patchHandle 20 num_sources 1 num_sinks 1
10-24 21:41:44.818 1056 1056 E APM_AudioPolicyManager: invalid volume index range
10-24 21:41:44.818 1056 1056 E APM_AudioPolicyManager: invalid volume index range
10-24 21:41:44.818 1056 1056 E APM_AudioPolicyManager: invalid volume index range
10-24 21:41:44.819 1056 1056 V APM_AudioPolicyManager: checkAndSetVolume cannot set volume group 4 volume when is not requested for comm
10-24 21:41:44.819 1056 1056 E APM_AudioPolicyManager: invalid volume index range
10-24 21:41:44.819 1056 1056 E APM_AudioPolicyManager: invalid volume index range
10-24 21:41:44.819 1056 1056 E APM_AudioPolicyManager: invalid volume index range
10-24 21:41:44.819 1056 1056 E APM_AudioPolicyManager: invalid volume index range
10-24 21:41:44.819 1056 1056 E APM_AudioPolicyManager: invalid volume index range
10-24 21:41:44.819 1056 1056 E APM_AudioPolicyManager: invalid volume index range
10-24 21:41:44.819 1056 1056 E APM_AudioPolicyManager: invalid volume index range
10-24 21:41:44.819 1056 1056 E APM_AudioPolicyManager: invalid volume index range
10-24 21:41:44.819 1056 1056 I AudioFlinger: openOutput() this 0xb400007402be1010, module 10 Device AUDIO_DEVICE_OUT_SPEAKER, @:, SamplingRate 8000, Format 0x1000000, Channels 0x1, flags 0x31
10-24 21:41:44.819 990 990 D audio_hw_output_stream: adev_open_output_stream handle 29 channels=0x1 rate=8000 format=0x1000000
10-24 21:41:44.819 990 990 D audio_hw_output_stream: setup_compress_offload_output selects handle 29 channels=1 channel_mask 0x1 offload_channel_mask 0x1rate=8000 format=16777216
10-24 21:41:44.819 990 990 D audio_hw_waves: waves_usecase_event: compress-offload-playback stream info change
10-24 21:41:44.819 1056 1056 I AudioFlinger: HAL output buffer size 131072 frames, normal sink buffer size 131072 frames
10-24 21:41:44.820 1056 1056 D AudioFlinger: Failed to add event callback
10-24 21:41:44.820 1056 1651 I AudioFlinger: AudioFlinger's thread 0xb4000074a2beb030 tid=1651 ready to run
10-24 21:41:44.820 1056 1651 W AudioFlinger: no wake lock to update, system not ready yet
10-24 21:41:44.820 1056 1651 D AudioFlinger: ro.audio.silent is ignored since no output device is set
10-24 21:41:44.820 1056 1651 W AudioFlinger: no wake lock to update, system not ready yet
10-24 21:41:44.820 1056 1651 D AudioFlinger: ro.audio.silent is ignored since no output device is set
10-24 21:41:44.820 990 1007 D audio_hw_output_stream: out_set_parameters: enter: usecase(handle 29 compress-offload-playback) kvpairs: closing=true
10-24 21:41:44.820 578 584 D libnos_transport: Calling App 0 with params 0x0200
10-24 21:41:44.820 990 1007 D audio_hw_output_stream: out_set_parameters: enter: usecase(handle 29 compress-offload-playback) kvpairs: exiting=1
10-24 21:41:44.820 1056 1056 E AudioFlinger: Error when calling exit(): -38
10-24 21:41:44.821 990 1007 D audio_hw_output_stream: adev_close_output_stream handle 29
10-24 21:41:44.821 990 1007 D audio_hw_output_stream: destroy_offload_thread
10-24 21:41:44.821 990 1648 D audio_hw_output_stream: offload_thread_loop: OFFLOAD_EXIT
10-24 21:41:44.821 990 1649 D audio_hw_output_stream: offload_thread_loop_reset: exit
10-24 21:41:44.821 1056 1056 I AudioFlinger: openOutput() this 0xb400007402be1010, module 10 Device AUDIO_DEVICE_OUT_SPEAKER, @:, SamplingRate 48000, Format 0x000001, Channels 0x20000003, flags 0
10-24 21:41:44.821 990 1007 D audio_hw_output_stream: adev_open_output_stream handle 37 channels=0x20000003 rate=48000 format=0x1
10-24 21:41:44.821 990 1007 D audio_hw_waves: waves_usecase_event: haptic-audio stream info change
10-24 21:41:44.821 1056 1056 I AudioFlinger: HAL output buffer size 480 frames, normal sink buffer size 960 frames
10-24 21:41:44.822 1056 1056 D AudioFlinger: Failed to add event callback
10-24 21:41:44.822 1056 1655 I AudioFlinger: AudioFlinger's thread 0xb400007581d529a0 tid=1655 ready to run
10-24 21:41:44.822 1056 1655 W AudioFlinger: no wake lock to update, system not ready yet
10-24 21:41:44.822 1056 1655 D AudioFlinger: ro.audio.silent is ignored since no output device is set
10-24 21:41:44.822 1056 1056 E APM_AudioPolicyManager: invalid volume index range
10-24 21:41:44.822 1056 1056 E APM_AudioPolicyManager: invalid volume index range
10-24 21:41:44.822 1056 1056 E APM_AudioPolicyManager: invalid volume index range
10-24 21:41:44.822 1056 1056 V APM_AudioPolicyManager: checkAndSetVolume cannot set volume group 4 volume when is not requested for comm
10-24 21:41:44.822 1056 1056 E APM_AudioPolicyManager: invalid volume index range
10-24 21:41:44.822 1056 1056 E APM_AudioPolicyManager: invalid volume index range
10-24 21:41:44.822 1056 1056 E APM_AudioPolicyManager: invalid volume index range
10-24 21:41:44.822 1056 1056 E APM_AudioPolicyManager: invalid volume index range
10-24 21:41:44.822 1056 1655 W AudioFlinger: no wake lock to update, system not ready yet
10-24 21:41:44.822 1056 1655 D AudioFlinger: ro.audio.silent is ignored since no output device is set
