10-24 21:41:48.394 1637 1945 D SystemServerTimingAsync: InitThreadPoolExec:Update app-ops uidState in case package com.google.android.wfcactivation changed
10-24 21:41:48.394 1637 1864 D SystemServerTimingAsync: InitThreadPoolExec:Update app-ops uidState in case package com.google.android.apps.diagnosticstool changed
10-24 21:41:48.394 1637 1945 D SystemServerTimingAsync: InitThreadPoolExec:Update app-ops uidState in case package com.google.android.as.oss changed
10-24 21:41:48.394 1637 1880 D SystemServerTimingAsync: InitThreadPoolExec:Update app-ops uidState in case package com.android.vending changed
10-24 21:41:48.394 1637 1896 D SystemServerTimingAsync: InitThreadPoolExec:Update app-ops uidState in case package com.google.android.ims changed
10-24 21:41:48.394 1637 1864 D SystemServerTimingAsync: InitThreadPoolExec:Update app-ops uidState in case package com.google.android.apps.scone changed
10-24 21:41:48.394 1637 1880 D SystemServerTimingAsync: InitThreadPoolExec:Update app-ops uidState in case package com.google.android.apps.security.securityhub changed
10-24 21:41:48.394 1637 1864 D SystemServerTimingAsync: InitThreadPoolExec:Update app-ops uidState in case package com.google.android.apps.wellbeing changed
10-24 21:41:48.394 1637 1864 D SystemServerTimingAsync: InitThreadPoolExec:Update app-ops uidState in case package com.android.sdm.plugins.connmo changed
10-24 21:41:48.394 1637 1896 D SystemServerTimingAsync: InitThreadPoolExec:Update app-ops uidState in case package com.google.omadm.trigger changed
10-24 21:41:48.395 1637 1941 D SystemServerTimingAsync: InitThreadPoolExec:Update app-ops uidState in case package com.google.audio.hearing.visualization.accessibility.scribe changed
10-24 21:41:48.395 1637 1945 D SystemServerTimingAsync: InitThreadPoolExec:Update app-ops uidState in case package com.google.android.apps.gcs changed
10-24 21:41:48.395 1637 1864 D SystemServerTimingAsync: InitThreadPoolExec:Update app-ops uidState in case package com.google.android.apps.nbu.files changed
10-24 21:41:48.395 1637 1765 D SystemServerTimingAsync: InitThreadPoolExec:Update app-ops uidState in case package com.linak.deskcontrol changed
10-24 21:41:48.395 1637 1864 D SystemServerTimingAsync: InitThreadPoolExec:Update app-ops uidState in case package com.google.android.apps.carrier.log changed
10-24 21:41:48.395 1637 1896 D SystemServerTimingAsync: InitThreadPoolExec:Update app-ops uidState in case package com.google.android.apps.work.oobconfig changed
10-24 21:41:48.395 1637 1864 D SystemServerTimingAsync: InitThreadPoolExec:Update app-ops uidState in case package com.google.android.apps.safetyhub changed
10-24 21:41:48.395 1637 1880 D SystemServerTimingAsync: InitThreadPoolExec:Update app-ops uidState in case package com.google.android.GoogleCamera changed
10-24 21:41:48.395 1637 1941 D SystemServerTimingAsync: InitThreadPoolExec:Update app-ops uidState in case package com.google.android.apps.tips changed
10-24 21:41:48.395 1637 1895 D SystemServerTimingAsync: InitThreadPoolExec:Update app-ops uidState in case package com.google.android.odad changed
10-24 21:41:48.395 1637 1880 D SystemServerTimingAsync: InitThreadPoolExec:Update app-ops uidState in case package com.google.android.apps.healthdata changed
10-24 21:41:48.395 1637 1864 D SystemServerTimingAsync: InitThreadPoolExec:Update app-ops uidState in case package com.google.android.hardwareinfo changed
10-24 21:41:48.395 1637 1896 D SystemServerTimingAsync: InitThreadPoolExec:Update app-ops uidState in case package com.android.imsserviceentitlement changed
10-24 21:41:48.395 1637 1765 D SystemServerTimingAsync: InitThreadPoolExec:Update app-ops uidState in case package com.google.android.apps.restore changed
10-24 21:41:48.395 1637 1896 D SystemServerTimingAsync: InitThreadPoolExec:Update app-ops uidState in case package com.google.android.packageinstaller changed
10-24 21:41:48.395 1637 1864 D SystemServerTimingAsync: InitThreadPoolExec:Update app-ops uidState in case package com.google.android.documentsui changed
10-24 21:41:48.395 1637 1896 D SystemServerTimingAsync: InitThreadPoolExec:Update app-ops uidState in case package com.android.providers.media changed
10-24 21:41:48.395 1637 1880 D SystemServerTimingAsync: InitThreadPoolExec:Update app-ops uidState in case package com.android.printspooler changed
10-24 21:41:48.395 1637 1941 D SystemServerTimingAsync: InitThreadPoolExec:Update app-ops uidState in case package com.android.companiondevicemanager changed
10-24 21:41:48.395 1637 1945 D SystemServerTimingAsync: InitThreadPoolExec:Update app-ops uidState in case package com.google.android.apps.recorder changed
10-24 21:41:48.395 1637 1880 D SystemServerTimingAsync: InitThreadPoolExec:Update app-ops uidState in case package com.android.externalstorage changed
10-24 21:41:48.395 1637 1864 D SystemServerTimingAsync: InitThreadPoolExec:Update app-ops uidState in case package com.android.providers.downloads.ui changed
10-24 21:41:48.395 1637 1895 D SystemServerTimingAsync: InitThreadPoolExec:Update app-ops uidState in case package com.android.providers.calendar changed
10-24 21:41:48.395 1637 1880 D SystemServerTimingAsync: InitThreadPoolExec:Update app-ops uidState in case package com.android.cellbroadcastreceiver changed
10-24 21:41:48.395 1637 1765 D SystemServerTimingAsync: InitThreadPoolExec:Update app-ops uidState in case package com.android.mtp changed
10-24 21:41:48.395 1637 1880 D SystemServerTimingAsync: InitThreadPoolExec:Update app-ops uidState in case package com.android.shell changed
10-24 21:41:48.395 1637 1941 D SystemServerTimingAsync: InitThreadPoolExec:Update app-ops uidState in case package com.android.soundpicker changed
10-24 21:41:48.395 1637 1880 D SystemServerTimingAsync: InitThreadPoolExec:Update app-ops uidState in case package com.google.android.networkstack.tethering changed
10-24 21:41:48.395 1637 1941 D SystemServerTimingAsync: InitThreadPoolExec:Update app-ops uidState in case package com.google.android.networkstack changed
10-24 21:41:48.395 1637 1880 D SystemServerTimingAsync: InitThreadPoolExec:Update app-ops uidState in case package com.android.nfc changed
10-24 21:41:48.395 1637 1941 D SystemServerTimingAsync: InitThreadPoolExec:Update app-ops uidState in case package com.google.android.bluetooth changed
10-24 21:41:48.395 1637 1880 D SystemServerTimingAsync: InitThreadPoolExec:Update app-ops uidState in case package com.android.mms.service changed
10-24 21:41:48.395 1637 1913 D SystemServerTimingAsync: InitThreadPoolExec:Update app-ops uidState in case package com.google.android.gm changed
10-24 21:41:48.395 1637 1896 D SystemServerTimingAsync: InitThreadPoolExec:Update app-ops uidState in case package com.android.providers.downloads changed
10-24 21:41:48.395 1637 1945 D SystemServerTimingAsync: InitThreadPoolExec:Update app-ops uidState in case package com.android.providers.userdictionary changed
10-24 21:41:48.395 1637 1765 D SystemServerTimingAsync: InitThreadPoolExec:Update app-ops uidState in case package com.google.android.cellbroadcastservice changed
10-24 21:41:48.395 1637 1945 D SystemServerTimingAsync: InitThreadPoolExec:Update app-ops uidState in case package com.android.dynsystem changed
10-24 21:41:48.395 1637 1913 D SystemServerTimingAsync: InitThreadPoolExec:Update app-ops uidState in case package android changed
10-24 21:41:48.395 1637 1880 D SystemServerTimingAsync: InitThreadPoolExec:Update app-ops uidState in case package com.android.phone changed
10-24 21:41:48.395 1637 1945 D SystemServerTimingAsync: InitThreadPoolExec:Update app-ops uidState in case package com.google.android.iwlan changed
10-24 21:41:48.395 1637 1864 D SystemServerTimingAsync: InitThreadPoolExec:Update app-ops uidState in case package com.android.providers.blockednumber changed
10-24 21:41:48.395 1637 1945 D SystemServerTimingAsync: InitThreadPoolExec:Update app-ops uidState in case package com.android.inputdevices changed
10-24 21:41:48.395 1637 1637 E ActivityManager: Unable to find com.android.uwb.resources/u0
10-24 21:41:48.395 1637 1880 D SystemServerTimingAsync: InitThreadPoolExec:Update app-ops uidState in case package com.android.server.telecom changed
10-24 21:41:48.395 1637 1945 D SystemServerTimingAsync: InitThreadPoolExec:Update app-ops uidState in case package com.google.SSRestartDetector changed
10-24 21:41:48.395 1637 1896 D SystemServerTimingAsync: InitThreadPoolExec:Update app-ops uidState in case package com.android.providers.settings changed
10-24 21:41:48.395 1637 1896 D SystemServerTimingAsync: InitThreadPoolExec:Update app-ops uidState in case package com.android.settings changed
10-24 21:41:48.395 1637 1913 D SystemServerTimingAsync: InitThreadPoolExec:Update app-ops uidState in case package com.android.keychain changed
10-24 21:41:48.395 1637 1941 D SystemServerTimingAsync: InitThreadPoolExec:Update app-ops uidState in case package com.android.ons changed
10-24 21:41:48.395 1637 1896 D SystemServerTimingAsync: InitThreadPoolExec:Update app-ops uidState in case package com.android.location.fused changed
10-24 21:41:48.395 1637 1945 D SystemServerTimingAsync: InitThreadPoolExec:Update app-ops uidState in case package com.android.wallpaperbackup changed
10-24 21:41:48.395 1637 1864 D SystemServerTimingAsync: InitThreadPoolExec:Update app-ops uidState in case package com.android.localtransport changed
10-24 21:41:48.395 1637 1637 E ActivityManager: Unable to find com.jhc.detach/u0
10-24 21:41:48.395 1637 1637 E ActivityManager: Unable to find com.google.android.trichromelibrary_666808133/u0
10-24 21:41:48.395 1637 1895 D SystemServerTimingAsync: InitThreadPoolExec:Update app-ops uidState in case package com.android.providers.contacts changed
10-24 21:41:48.395 1637 1637 E ActivityManager: Unable to find com.google.android.trichromelibrary_666810233/u0
10-24 21:41:48.397 1637 1637 E ActivityManager: Unable to find pwlk.hwt/u0
10-24 21:41:48.397 1637 1637 E ActivityManager: Unable to find hb.tupwr/u0
10-24 21:41:48.397 1637 1637 E ActivityManager: Unable to find com.pixelify.overlay.dps/u0
10-24 21:41:48.398 1637 1637 E ActivityManager: Unable to find com.pixelify.overlay.ga/u0
10-24 21:41:48.398 1637 1637 E ActivityManager: Unable to find com.google.android.aicore/u0
10-24 21:41:48.398 1637 1637 E ActivityManager: Unable to find vkaazypfuxu.mc/u0
10-24 21:41:48.398 1637 1637 E ActivityManager: Unable to find com.pixelify.gd.overlay/u0
10-24 21:41:48.398 1637 1637 E ActivityManager: Unable to find ghf.h/u0
10-24 21:41:48.399 1637 1637 E ActivityManager: Unable to find com.google.android.nearby.halfsheet/u0
10-24 21:41:48.399 1637 1637 E ActivityManager: Unable to find com.google.android.trichromelibrary_672305833/u0
10-24 21:41:48.400 1637 1637 E ActivityManager: Unable to find r.l.zrty/u0
10-24 21:41:48.405 1637 1637 D SystemServerTiming: killProcesses
10-24 21:41:48.405 1637 1637 I ActivityManager: System now ready
10-24 21:41:48.405 1637 1637 D SystemServerTiming: updateTopComponentForFactoryTest
10-24 21:41:48.405 1637 1637 D SystemServerTiming: registerActivityLaunchObserver
10-24 21:41:48.405 1637 1637 D SystemServerTiming: watchDeviceProvisioning
10-24 21:41:48.409 587 721 D BootAnimation: Playing files = /product/media/bootanimation-dark.zip/part2, Requested repeat = 180, playUntilComplete = false
10-24 21:41:48.410 1637 1637 D SystemServerTiming: retrieveSettings
10-24 21:41:48.410 1637 1637 I ActivityTaskManager: Config changes=10000104 {1.0 ?mcc?mnc [en_US,ja_JP] ldltr sw411dp w411dp h850dp 560dpi nrml long port night finger -keyb/v/h -nav/h winConfig={ mBounds=Rect(0, 0 - 1440, 3120) mAppBounds=Rect(0, 145 - 1440, 3120) mMaxBounds=Rect(0, 0 - 1440, 3120) mDisplayRotation=ROTATION_0 mWindowingMode=fullscreen mDisplayWindowingMode=fullscreen mActivityType=undefined mAlwaysOnTop=undefined mRotation=ROTATION_0} s.8 fontWeightAdjustment=0}
10-24 21:41:48.413 1637 1637 I WindowManager: Override config changes=10000104 {1.0 ?mcc?mnc [en_US,ja_JP] ldltr sw411dp w411dp h850dp 560dpi nrml long port night finger -keyb/v/h -nav/h winConfig={ mBounds=Rect(0, 0 - 1440, 3120) mAppBounds=Rect(0, 145 - 1440, 3120) mMaxBounds=Rect(0, 0 - 1440, 3120) mDisplayRotation=ROTATION_0 mWindowingMode=fullscreen mDisplayWindowingMode=fullscreen mActivityType=undefined mAlwaysOnTop=undefined mRotation=ROTATION_0} s.8 fontWeightAdjustment=0} for displayId=0
10-24 21:41:48.415 1637 1637 D SystemServerTiming: Ugm.onSystemReady
10-24 21:41:48.415 1637 1637 D SystemServerTiming: updateForceBackgroundCheck
10-24 21:41:48.415 1637 1890 E JobScheduler.Quota: maybeScheduleStartAlarmLocked called for <0>android that has no jobs
10-24 21:41:48.415 1637 1890 E JobScheduler.Quota: maybeScheduleStartAlarmLocked called for <0>com.android.providers.settings that has no jobs
10-24 21:41:48.415 1637 1890 E JobScheduler.Quota: maybeScheduleStartAlarmLocked called for <0>com.android.settings that has no jobs
10-24 21:41:48.415 1637 1637 I SystemServer: Making services ready
10-24 21:41:48.415 1637 1637 D SystemServerTiming: StartActivityManagerReadyPhase
10-24 21:41:48.415 1637 1637 I SystemServiceManager: Starting phase 550
10-24 21:41:48.415 1637 1637 D SystemServerTiming: OnBootPhase_550
10-24 21:41:48.415 1637 1637 D SystemServerTiming: OnBootPhase_550_com.android.server.security.FileIntegrityService
10-24 21:41:48.415 1637 1637 D SystemServerTiming: OnBootPhase_550_com.android.server.pm.Installer
10-24 21:41:48.415 1637 1637 D SystemServerTiming: OnBootPhase_550_com.android.server.os.DeviceIdentifiersPolicyService
10-24 21:41:48.415 1637 1637 D SystemServerTiming: OnBootPhase_550_com.android.server.uri.UriGrantsManagerService$Lifecycle
10-24 21:41:48.415 1637 1637 D SystemServerTiming: OnBootPhase_550_com.android.server.powerstats.PowerStatsService
10-24 21:41:48.415 1637 1637 D SystemServerTiming: OnBootPhase_550_com.android.server.wm.ActivityTaskManagerService$Lifecycle
10-24 21:41:48.415 1637 1637 D SystemServerTiming: OnBootPhase_550_com.android.server.am.ActivityManagerService$Lifecycle
10-24 21:41:48.416 1637 1637 D SystemServerTiming: OnBootPhase_550_com.android.server.pm.DataLoaderManagerService
10-24 21:41:48.416 1637 1637 D SystemServerTiming: OnBootPhase_550_com.android.server.power.PowerManagerService
10-24 21:41:48.416 1637 1637 D SystemServerTiming: OnBootPhase_550_com.android.server.power.ThermalManagerService
10-24 21:41:48.416 1637 1637 I android_os_HwBinder: HwBinder: Starting thread pool for getting: android.hardware.thermal@2.0::IThermal/default
10-24 21:41:48.416 1810 1810 I pixel-thermal: a callback has been registered to ThermalHAL, isFilter: 0 Type: CPU
10-24 21:41:48.417 1637 1637 I ThermalHalWrapper: Thermal HAL 2.0 service connected.
10-24 21:41:48.418 1810 1810 I pixel-thermal: Sending notification: Type: BCL_VOLTAGE Name: smpl_gm CurrentValue: 0 ThrottlingStatus: NONE
10-24 21:41:48.418 1810 1810 I pixel-thermal: Sending notification: Type: BCL_VOLTAGE Name: vdroop2 CurrentValue: 0 ThrottlingStatus: NONE
10-24 21:41:48.418 1810 1810 I pixel-thermal: Sending notification: Type: BCL_CURRENT Name: batoilo CurrentValue: 0 ThrottlingStatus: NONE
10-24 21:41:48.418 1810 1810 I pixel-thermal: Sending notification: Type: UNKNOWN Name: FLASH_LED_REDUCE CurrentValue: 1 ThrottlingStatus: NONE
10-24 21:41:48.418 1810 1810 I pixel-thermal: Sending notification: Type: BCL_VOLTAGE Name: critical-battery-cell CurrentValue: 1 ThrottlingStatus: NONE
10-24 21:41:48.418 1810 1810 I pixel-thermal: Sending notification: Type: SKIN Name: VIRTUAL-SKIN CurrentValue: 29.2007 ThrottlingStatus: NONE
10-24 21:41:48.418 1810 1810 I pixel-thermal: Sending notification: Type: USB_PORT Name: VIRTUAL-USB-UI CurrentValue: 0 ThrottlingStatus: NONE
10-24 21:41:48.418 1810 1810 I pixel-thermal: Sending notification: Type: BCL_VOLTAGE Name: vdroop1 CurrentValue: 0 ThrottlingStatus: NONE
10-24 21:41:48.418 1810 1810 I pixel-thermal: Sending notification: Type: POWER_AMPLIFIER Name: cellular-emergency CurrentValue: 29.2007 ThrottlingStatus: NONE
10-24 21:41:48.418 1810 1810 W pixel-thermal: Failed to read sensor: rf1_therm: Invalid argument
10-24 21:41:48.418 1810 1810 E pixel-thermal: readTemperature: failed to read sensor: rf1_therm
10-24 21:41:48.418 1810 1810 E pixel-thermal: fillCurrentTemperatures: error reading temperature for sensor: rf1_therm
10-24 21:41:48.418 1810 1810 W pixel-thermal: Failed to read sensor: rf2_therm: Invalid argument
10-24 21:41:48.418 1810 1810 E pixel-thermal: readTemperature: failed to read sensor: rf2_therm
10-24 21:41:48.418 1810 1810 E pixel-thermal: fillCurrentTemperatures: error reading temperature for sensor: rf2_therm
10-24 21:41:48.419 1637 1637 D SystemServerTiming: OnBootPhase_550_com.android.server.power.hint.HintManagerService
10-24 21:41:48.419 1637 1637 D SystemServerTiming: OnBootPhase_550_com.android.server.recoverysystem.RecoverySystemService$Lifecycle
10-24 21:41:48.419 1637 1637 D SystemServerTiming: OnBootPhase_550_com.android.server.lights.LightsService
10-24 21:41:48.419 1637 1637 D SystemServerTiming: OnBootPhase_550_com.android.server.display.DisplayManagerService
10-24 21:41:48.419 1637 1637 D SystemServerTiming: OnBootPhase_550_com.android.server.pm.verify.domain.DomainVerificationService
10-24 21:41:48.419 1637 1637 D SystemServerTiming: OnBootPhase_550_com.android.server.pm.PackageInstallerService$Lifecycle
10-24 21:41:48.419 1637 1637 D SystemServerTiming: OnBootPhase_550_com.android.server.pm.UserManagerService$LifeCycle
10-24 21:41:48.419 1637 1637 D SystemServerTiming: OnBootPhase_550_com.android.server.om.OverlayManagerService
10-24 21:41:48.419 1637 1637 D SystemServerTiming: OnBootPhase_550_com.android.server.resources.ResourcesManagerService
10-24 21:41:48.419 1637 1637 D SystemServerTiming: OnBootPhase_550_com.android.server.sensorprivacy.SensorPrivacyService
10-24 21:41:48.419 1637 1637 D SystemServerTiming: OnBootPhase_550_com.android.server.sensors.SensorService
10-24 21:41:48.419 1637 1637 D SystemServerTiming: OnBootPhase_550_com.android.server.SystemConfigService
10-24 21:41:48.419 1637 1637 D SystemServerTiming: OnBootPhase_550_com.android.server.BatteryService
10-24 21:41:48.420 1637 1637 D SystemServerTiming: OnBootPhase_550_com.android.server.usage.UsageStatsService
10-24 21:41:48.420 1637 1637 D SystemServerTiming: OnBootPhase_550_com.android.server.webkit.WebViewUpdateService
10-24 21:41:48.420 1637 1637 D SystemServerTiming: OnBootPhase_550_com.android.server.CachedDeviceStateService
10-24 21:41:48.420 1637 1637 D SystemServerTiming: OnBootPhase_550_com.android.server.BinderCallsStatsService$LifeCycle
10-24 21:41:48.420 1637 1637 D SystemServerTiming: OnBootPhase_550_com.android.server.LooperStatsService$Lifecycle
10-24 21:41:48.420 1637 1637 D SystemServerTiming: OnBootPhase_550_com.android.server.rollback.RollbackManagerService
10-24 21:41:48.420 1637 1637 D SystemServerTiming: OnBootPhase_550_com.android.server.os.NativeTombstoneManagerService
10-24 21:41:48.420 1637 1637 D SystemServerTiming: OnBootPhase_550_com.android.server.os.BugreportManagerService
10-24 21:41:48.420 1637 1637 D SystemServerTiming: OnBootPhase_550_com.android.server.gpu.GpuService
10-24 21:41:48.420 1637 1637 D SystemServerTiming: OnBootPhase_550_com.android.server.security.KeyChainSystemService
10-24 21:41:48.420 1637 1637 D SystemServerTiming: OnBootPhase_550_com.android.server.BinaryTransparencyService
10-24 21:41:48.420 1637 1637 D SystemServerTiming: OnBootPhase_550_com.android.server.telecom.TelecomLoaderService
10-24 21:41:48.421 1637 1637 W ActivityManager: Too early to start/bind service in system_server: Phase=550 ComponentInfo{com.android.server.telecom/com.android.server.telecom.components.TelecomService}
10-24 21:41:48.421 1637 1637 D CompatibilityChangeReporter: Compat change id reported: 168419799; UID 1000; state: DISABLED
10-24 21:41:48.421 1637 1637 W ActivityManager: Too early to start/bind service in system_server: Phase=550 ComponentInfo{com.android.server.telecom/com.android.server.telecom.components.TelecomService}
10-24 21:41:48.421 1637 1637 D SystemServerTiming: OnBootPhase_550_com.android.server.accounts.AccountManagerService$Lifecycle
10-24 21:41:48.421 1637 1637 D SystemServerTiming: OnBootPhase_550_com.android.server.content.ContentService$Lifecycle
10-24 21:41:48.425 1637 1894 E NativeTombstoneManager: Tombstone has invalid selinux label (u:r:priv_app:s0:c512,c768└Ç), ignoring
10-24 21:41:48.426 587 721 D BootAnimation: Playing files = /product/media/bootanimation-dark.zip/part2, Requested repeat = 180, playUntilComplete = false
10-24 21:41:48.426 1637 1894 E NativeTombstoneManager: Tombstone has invalid selinux label (u:r:priv_app:s0:c512,c768└Ç), ignoring
10-24 21:41:48.432 1637 1894 E NativeTombstoneManager: Tombstone's UID (0) not an app, ignoring
10-24 21:41:48.437 1637 1894 E NativeTombstoneManager: Tombstone's UID (0) not an app, ignoring
10-24 21:41:48.441 1637 1894 E NativeTombstoneManager: Tombstone's UID (0) not an app, ignoring
10-24 21:41:48.443 587 721 D BootAnimation: Playing files = /product/media/bootanimation-dark.zip/part2, Requested repeat = 180, playUntilComplete = false
10-24 21:41:48.446 1637 1894 E NativeTombstoneManager: Tombstone's UID (0) not an app, ignoring
10-24 21:41:48.450 1637 1894 E NativeTombstoneManager: Tombstone's UID (0) not an app, ignoring
10-24 21:41:48.454 1637 1894 E NativeTombstoneManager: Tombstone's UID (0) not an app, ignoring
10-24 21:41:48.457 1637 1894 E NativeTombstoneManager: Tombstone has invalid selinux label (u:r:gmscore_app:s0:c512,c768└Ç), ignoring
10-24 21:41:48.457 1637 1894 E NativeTombstoneManager: Tombstone has invalid selinux label (u:r:gmscore_app:s0:c512,c768└Ç), ignoring
10-24 21:41:48.458 1637 1894 E NativeTombstoneManager: Tombstone has invalid selinux label (u:r:priv_app:s0:c512,c768└Ç), ignoring
10-24 21:41:48.458 1637 1894 E NativeTombstoneManager: Tombstone has invalid selinux label (u:r:priv_app:s0:c512,c768└Ç), ignoring
10-24 21:41:48.459 587 721 D BootAnimation: Playing files = /product/media/bootanimation-dark.zip/part2, Requested repeat = 180, playUntilComplete = false
10-24 21:41:48.463 1637 1894 E NativeTombstoneManager: Tombstone's UID (0) not an app, ignoring
10-24 21:41:48.465 1637 1894 E NativeTombstoneManager: Tombstone's UID (0) not an app, ignoring
10-24 21:41:48.466 1637 1894 E NativeTombstoneManager: Tombstone's UID (0) not an app, ignoring
10-24 21:41:48.468 1637 1894 E NativeTombstoneManager: Tombstone's UID (0) not an app, ignoring
10-24 21:41:48.469 1637 1894 E NativeTombstoneManager: Tombstone's UID (0) not an app, ignoring
10-24 21:41:48.471 1637 1894 E NativeTombstoneManager: Tombstone's UID (0) not an app, ignoring
10-24 21:41:48.473 1637 1894 E NativeTombstoneManager: Tombstone's UID (0) not an app, ignoring
10-24 21:41:48.474 1637 1894 E NativeTombstoneManager: Tombstone's UID (0) not an app, ignoring
10-24 21:41:48.476 587 721 D BootAnimation: Playing files = /product/media/bootanimation-dark.zip/part2, Requested repeat = 180, playUntilComplete = false
10-24 21:41:48.476 1637 1894 E NativeTombstoneManager: Tombstone's UID (0) not an app, ignoring
10-24 21:41:48.478 1637 1894 E NativeTombstoneManager: Tombstone's UID (0) not an app, ignoring
10-24 21:41:48.480 1637 1894 E NativeTombstoneManager: Tombstone's UID (0) not an app, ignoring
10-24 21:41:48.481 1637 1894 E NativeTombstoneManager: Tombstone's UID (0) not an app, ignoring
10-24 21:41:48.483 1637 1894 E NativeTombstoneManager: Tombstone's UID (0) not an app, ignoring
10-24 21:41:48.485 1637 1894 E NativeTombstoneManager: Tombstone's UID (0) not an app, ignoring
10-24 21:41:48.486 1637 1894 E NativeTombstoneManager: Tombstone's UID (0) not an app, ignoring
10-24 21:41:48.488 1637 1894 E NativeTombstoneManager: Tombstone's UID (0) not an app, ignoring
10-24 21:41:48.490 1637 1894 E NativeTombstoneManager: Tombstone's UID (0) not an app, ignoring
10-24 21:41:48.491 1637 1894 E NativeTombstoneManager: Tombstone's UID (0) not an app, ignoring
10-24 21:41:48.493 1637 1894 E NativeTombstoneManager: Tombstone's UID (0) not an app, ignoring
10-24 21:41:48.493 587 721 D BootAnimation: Playing files = /product/media/bootanimation-dark.zip/part2, Requested repeat = 180, playUntilComplete = false
10-24 21:41:48.494 1637 1894 E NativeTombstoneManager: Tombstone's UID (0) not an app, ignoring
10-24 21:41:48.496 1637 1894 E NativeTombstoneManager: Tombstone's UID (0) not an app, ignoring
10-24 21:41:48.498 1637 1894 E NativeTombstoneManager: Tombstone's UID (0) not an app, ignoring
10-24 21:41:48.499 1637 1894 E NativeTombstoneManager: Tombstone's UID (0) not an app, ignoring
10-24 21:41:48.501 1637 1894 E NativeTombstoneManager: Tombstone's UID (0) not an app, ignoring
10-24 21:41:48.502 1637 1894 E NativeTombstoneManager: Tombstone's UID (0) not an app, ignoring
10-24 21:41:48.504 1637 1894 E NativeTombstoneManager: Tombstone's UID (0) not an app, ignoring
10-24 21:41:48.506 1637 1894 E NativeTombstoneManager: Tombstone's UID (0) not an app, ignoring
10-24 21:41:48.507 1637 1894 E NativeTombstoneManager: Tombstone's UID (0) not an app, ignoring
10-24 21:41:48.509 1637 1894 E NativeTombstoneManager: Tombstone's UID (0) not an app, ignoring
10-24 21:41:48.510 587 721 D BootAnimation: Playing files = /product/media/bootanimation-dark.zip/part2, Requested repeat = 180, playUntilComplete = false
10-24 21:41:48.510 1637 1894 E NativeTombstoneManager: Tombstone's UID (0) not an app, ignoring
10-24 21:41:48.512 1637 1894 E NativeTombstoneManager: Tombstone's UID (0) not an app, ignoring
10-24 21:41:48.514 1637 1894 E NativeTombstoneManager: Tombstone's UID (0) not an app, ignoring
10-24 21:41:48.515 1637 1894 E NativeTombstoneManager: Tombstone's UID (0) not an app, ignoring
10-24 21:41:48.517 1637 1894 E NativeTombstoneManager: Tombstone's UID (0) not an app, ignoring
10-24 21:41:48.518 1637 1894 E NativeTombstoneManager: Tombstone's UID (0) not an app, ignoring
10-24 21:41:48.520 1637 1894 E NativeTombstoneManager: Tombstone's UID (0) not an app, ignoring
10-24 21:41:48.522 1637 1894 E NativeTombstoneManager: Tombstone's UID (0) not an app, ignoring
10-24 21:41:48.523 1637 1894 E NativeTombstoneManager: Tombstone's UID (0) not an app, ignoring
10-24 21:41:48.525 1637 1894 E NativeTombstoneManager: Tombstone's UID (0) not an app, ignoring
10-24 21:41:48.527 1637 1894 E NativeTombstoneManager: Tombstone's UID (0) not an app, ignoring
10-24 21:41:48.527 587 721 D BootAnimation: Playing files = /product/media/bootanimation-dark.zip/part2, Requested repeat = 180, playUntilComplete = false
10-24 21:41:48.528 1637 1894 E NativeTombstoneManager: Tombstone's UID (0) not an app, ignoring
10-24 21:41:48.530 1637 1894 E NativeTombstoneManager: Tombstone's UID (0) not an app, ignoring
10-24 21:41:48.532 1637 1894 E NativeTombstoneManager: Tombstone's UID (0) not an app, ignoring
10-24 21:41:48.533 1637 1894 E NativeTombstoneManager: Tombstone's UID (0) not an app, ignoring
10-24 21:41:48.544 587 721 D BootAnimation: Playing files = /product/media/bootanimation-dark.zip/part2, Requested repeat = 180, playUntilComplete = false
10-24 21:41:48.560 587 721 D BootAnimation: Playing files = /product/media/bootanimation-dark.zip/part2, Requested repeat = 180, playUntilComplete = false
10-24 21:41:48.577 587 721 D BootAnimation: Playing files = /product/media/bootanimation-dark.zip/part2, Requested repeat = 180, playUntilComplete = false
10-24 21:41:48.594 587 721 D BootAnimation: Playing files = /product/media/bootanimation-dark.zip/part2, Requested repeat = 180, playUntilComplete = false
10-24 21:41:48.611 587 721 D BootAnimation: Playing files = /product/media/bootanimation-dark.zip/part2, Requested repeat = 180, playUntilComplete = false
10-24 21:41:48.628 587 721 D BootAnimation: Playing files = /product/media/bootanimation-dark.zip/part2, Requested repeat = 180, playUntilComplete = false
10-24 21:41:48.629 1064 1088 I modem_svc: Get property request
10-24 21:41:48.634 1064 1088 I modem_svc: Write property persist.vendor.modem.esim_profiles_exist with value FALSE
10-24 21:41:48.645 587 721 D BootAnimation: Playing files = /product/media/bootanimation-dark.zip/part2, Requested repeat = 180, playUntilComplete = false
10-24 21:41:48.648 1637 1637 I incfs-mounts: [incfs] Loaded incremental-fs mount info: 2 instances, 4 mount points
10-24 21:41:48.662 587 721 D BootAnimation: Playing files = /product/media/bootanimation-dark.zip/part2, Requested repeat = 180, playUntilComplete = false
10-24 21:41:48.668 1637 1637 W SyncManager: Failure adding authority: auth=com.google.android.location.reporting enabled=false syncable=-1
10-24 21:41:48.671 1637 1637 W SystemServiceManager: Service com.android.server.content.ContentService$Lifecycle took 250 ms in onBootPhase
10-24 21:41:48.672 1637 1637 D SystemServerTiming: OnBootPhase_550_com.android.server.DropBoxManagerService
10-24 21:41:48.672 1637 1637 D SystemServerTiming: OnBootPhase_550_com.android.role.RoleService
10-24 21:41:48.672 1637 1637 D SystemServerTiming: OnBootPhase_550_com.android.server.vibrator.VibratorManagerService$Lifecycle
10-24 21:41:48.672 1637 1637 D SystemServerTiming: OnBootPhase_550_com.android.server.tare.InternalResourceService
10-24 21:41:48.672 1637 1637 D SystemServerTiming: OnBootPhase_550_com.android.server.alarm.AlarmManagerService
10-24 21:41:48.672 1637 1637 D SystemServerTiming: OnBootPhase_550_com.android.server.devicestate.DeviceStateManagerService
10-24 21:41:48.672 1637 1637 D SystemServerTiming: OnBootPhase_550_com.android.server.camera.CameraServiceProxy
10-24 21:41:48.672 1637 1637 D SystemServerTiming: OnBootPhase_550_com.android.server.bluetooth.BluetoothService
10-24 21:41:48.672 1637 1637 D SystemServerTiming: OnBootPhase_550_com.android.server.connectivity.IpConnectivityMetrics
10-24 21:41:48.672 1637 1637 D SystemServerTiming: OnBootPhase_550_com.android.server.net.watchlist.NetworkWatchlistService$Lifecycle
10-24 21:41:48.672 1637 1637 D SystemServerTiming: OnBootPhase_550_com.android.server.PinnerService
10-24 21:41:48.672 1637 1637 D SystemServerTiming: OnBootPhase_550_com.android.server.integrity.AppIntegrityManagerService
10-24 21:41:48.672 1637 1637 D SystemServerTiming: OnBootPhase_550_com.android.server.logcat.LogcatManagerService
10-24 21:41:48.672 1637 1637 D SystemServerTiming: OnBootPhase_550_com.android.server.inputmethod.InputMethodManagerService$Lifecycle
10-24 21:41:48.673 1637 1765 D SystemServerTimingAsync: InitThreadPoolExec:Lazily initialize IMMS#mImeDrawsImeNavBarRes
10-24 21:41:48.679 587 721 D BootAnimation: Playing files = /product/media/bootanimation-dark.zip/part2, Requested repeat = 180, playUntilComplete = false
10-24 21:41:48.695 587 721 D BootAnimation: Playing files = /product/media/bootanimation-dark.zip/part2, Requested repeat = 180, playUntilComplete = false
10-24 21:41:48.712 587 721 D BootAnimation: Playing files = /product/media/bootanimation-dark.zip/part2, Requested repeat = 180, playUntilComplete = false
10-24 21:41:48.717 1637 1637 W InputMethodUtils: getApplicationInfo failed. packageName=com.google.android.apps.inputmethod.hindi userId=0
10-24 21:41:48.717 1637 1637 W InputMethodUtils: android.content.pm.PackageManager$NameNotFoundException: com.google.android.apps.inputmethod.hindi
10-24 21:41:48.717 1637 1637 W InputMethodUtils: at android.app.ApplicationPackageManager.getApplicationInfoAsUser(ApplicationPackageManager.java:504)
10-24 21:41:48.717 1637 1637 W InputMethodUtils: at android.app.ApplicationPackageManager.getApplicationInfo(ApplicationPackageManager.java:487)
10-24 21:41:48.717 1637 1637 W InputMethodUtils: at com.android.server.inputmethod.InputMethodUtils.setNonSelectedSystemImesDisabledUntilUsed(InputMethodUtils.java:706)
10-24 21:41:48.717 1637 1637 W InputMethodUtils: at com.android.server.inputmethod.InputMethodManagerService.systemRunning(InputMethodManagerService.java:2031)
10-24 21:41:48.717 1637 1637 W InputMethodUtils: at com.android.server.inputmethod.InputMethodManagerService$Lifecycle.onBootPhase(InputMethodManagerService.java:1684)
10-24 21:41:48.717 1637 1637 W InputMethodUtils: at com.android.server.SystemServiceManager.startBootPhase(SystemServiceManager.java:294)
10-24 21:41:48.717 1637 1637 W InputMethodUtils: at com.android.server.SystemServer.lambda$startOtherServices$5(SystemServer.java:2797)
10-24 21:41:48.717 1637 1637 W InputMethodUtils: at com.android.server.SystemServer.$r8$lambda$jmaWUpWMxP4IiPakY5L6Y7rVWik(Unknown Source:0)
10-24 21:41:48.717 1637 1637 W InputMethodUtils: at com.android.server.SystemServer$$ExternalSyntheticLambda5.run(Unknown Source:30)
10-24 21:41:48.717 1637 1637 W InputMethodUtils: at com.android.server.am.ActivityManagerService.systemReady(ActivityManagerService.java:8142)
10-24 21:41:48.717 1637 1637 W InputMethodUtils: at com.android.server.SystemServer.startOtherServices(SystemServer.java:2794)
10-24 21:41:48.717 1637 1637 W InputMethodUtils: at com.android.server.SystemServer.run(SystemServer.java:937)
10-24 21:41:48.717 1637 1637 W InputMethodUtils: at com.android.server.SystemServer.main(SystemServer.java:647)
10-24 21:41:48.717 1637 1637 W InputMethodUtils: at java.lang.reflect.Method.invoke(Native Method)
10-24 21:41:48.717 1637 1637 W InputMethodUtils: at com.android.internal.os.RuntimeInit$MethodAndArgsCaller.run(RuntimeInit.java:548)
10-24 21:41:48.717 1637 1637 W InputMethodUtils: at com.android.internal.os.ZygoteInit.main(ZygoteInit.java:914)
10-24 21:41:48.717 1637 1637 W InputMethodUtils: getApplicationInfo failed. packageName=com.google.android.inputmethod.japanese userId=0
10-24 21:41:48.717 1637 1637 W InputMethodUtils: android.content.pm.PackageManager$NameNotFoundException: com.google.android.inputmethod.japanese
10-24 21:41:48.717 1637 1637 W InputMethodUtils: at android.app.ApplicationPackageManager.getApplicationInfoAsUser(ApplicationPackageManager.java:504)
10-24 21:41:48.717 1637 1637 W InputMethodUtils: at android.app.ApplicationPackageManager.getApplicationInfo(ApplicationPackageManager.java:487)
10-24 21:41:48.717 1637 1637 W InputMethodUtils: at com.android.server.inputmethod.InputMethodUtils.setNonSelectedSystemImesDisabledUntilUsed(InputMethodUtils.java:706)
10-24 21:41:48.717 1637 1637 W InputMethodUtils: at com.android.server.inputmethod.InputMethodManagerService.systemRunning(InputMethodManagerService.java:2031)
10-24 21:41:48.717 1637 1637 W InputMethodUtils: at com.android.server.inputmethod.InputMethodManagerService$Lifecycle.onBootPhase(InputMethodManagerService.java:1684)
10-24 21:41:48.717 1637 1637 W InputMethodUtils: at com.android.server.SystemServiceManager.startBootPhase(SystemServiceManager.java:294)
10-24 21:41:48.717 1637 1637 W InputMethodUtils: at com.android.server.SystemServer.lambda$startOtherServices$5(SystemServer.java:2797)
10-24 21:41:48.717 1637 1637 W InputMethodUtils: at com.android.server.SystemServer.$r8$lambda$jmaWUpWMxP4IiPakY5L6Y7rVWik(Unknown Source:0)
10-24 21:41:48.717 1637 1637 W InputMethodUtils: at com.android.server.SystemServer$$ExternalSyntheticLambda5.run(Unknown Source:30)
10-24 21:41:48.717 1637 1637 W InputMethodUtils: at com.android.server.am.ActivityManagerService.systemReady(ActivityManagerService.java:8142)
10-24 21:41:48.717 1637 1637 W InputMethodUtils: at com.android.server.SystemServer.startOtherServices(SystemServer.java:2794)
10-24 21:41:48.717 1637 1637 W InputMethodUtils: at com.android.server.SystemServer.run(SystemServer.java:937)
10-24 21:41:48.717 1637 1637 W InputMethodUtils: at com.android.server.SystemServer.main(SystemServer.java:647)
10-24 21:41:48.717 1637 1637 W InputMethodUtils: at java.lang.reflect.Method.invoke(Native Method)
10-24 21:41:48.717 1637 1637 W InputMethodUtils: at com.android.internal.os.RuntimeInit$MethodAndArgsCaller.run(RuntimeInit.java:548)
10-24 21:41:48.717 1637 1637 W InputMethodUtils: at com.android.internal.os.ZygoteInit.main(ZygoteInit.java:914)
10-24 21:41:48.717 1637 1637 W InputMethodUtils: getApplicationInfo failed. packageName=com.google.android.inputmethod.korean userId=0
10-24 21:41:48.717 1637 1637 W InputMethodUtils: android.content.pm.PackageManager$NameNotFoundException: com.google.android.inputmethod.korean
10-24 21:41:48.717 1637 1637 W InputMethodUtils: at android.app.ApplicationPackageManager.getApplicationInfoAsUser(ApplicationPackageManager.java:504)
10-24 21:41:48.717 1637 1637 W InputMethodUtils: at android.app.ApplicationPackageManager.getApplicationInfo(ApplicationPackageManager.java:487)
10-24 21:41:48.717 1637 1637 W InputMethodUtils: at com.android.server.inputmethod.InputMethodUtils.setNonSelectedSystemImesDisabledUntilUsed(InputMethodUtils.java:706)
10-24 21:41:48.717 1637 1637 W InputMethodUtils: at com.android.server.inputmethod.InputMethodManagerService.systemRunning(InputMethodManagerService.java:2031)
10-24 21:41:48.717 1637 1637 W InputMethodUtils: at com.android.server.inputmethod.InputMethodManagerService$Lifecycle.onBootPhase(InputMethodManagerService.java:1684)
10-24 21:41:48.717 1637 1637 W InputMethodUtils: at com.android.server.SystemServiceManager.startBootPhase(SystemServiceManager.java:294)
10-24 21:41:48.717 1637 1637 W InputMethodUtils: at com.android.server.SystemServer.lambda$startOtherServices$5(SystemServer.java:2797)
10-24 21:41:48.717 1637 1637 W InputMethodUtils: at com.android.server.SystemServer.$r8$lambda$jmaWUpWMxP4IiPakY5L6Y7rVWik(Unknown Source:0)
10-24 21:41:48.717 1637 1637 W InputMethodUtils: at com.android.server.SystemServer$$ExternalSyntheticLambda5.run(Unknown Source:30)
10-24 21:41:48.717 1637 1637 W InputMethodUtils: at com.android.server.am.ActivityManagerService.systemReady(ActivityManagerService.java:8142)
10-24 21:41:48.717 1637 1637 W InputMethodUtils: at com.android.server.SystemServer.startOtherServices(SystemServer.java:2794)
10-24 21:41:48.717 1637 1637 W InputMethodUtils: at com.android.server.SystemServer.run(SystemServer.java:937)
10-24 21:41:48.717 1637 1637 W InputMethodUtils: at com.android.server.SystemServer.main(SystemServer.java:647)
10-24 21:41:48.717 1637 1637 W InputMethodUtils: at java.lang.reflect.Method.invoke(Native Method)
10-24 21:41:48.717 1637 1637 W InputMethodUtils: at com.android.internal.os.RuntimeInit$MethodAndArgsCaller.run(RuntimeInit.java:548)
10-24 21:41:48.717 1637 1637 W InputMethodUtils: at com.android.internal.os.ZygoteInit.main(ZygoteInit.java:914)
10-24 21:41:48.717 1637 1637 W InputMethodUtils: getApplicationInfo failed. packageName=com.google.android.inputmethod.pinyin userId=0
10-24 21:41:48.717 1637 1637 W InputMethodUtils: android.content.pm.PackageManager$NameNotFoundException: com.google.android.inputmethod.pinyin
10-24 21:41:48.717 1637 1637 W InputMethodUtils: at android.app.ApplicationPackageManager.getApplicationInfoAsUser(ApplicationPackageManager.java:504)
10-24 21:41:48.717 1637 1637 W InputMethodUtils: at android.app.ApplicationPackageManager.getApplicationInfo(ApplicationPackageManager.java:487)
10-24 21:41:48.717 1637 1637 W InputMethodUtils: at com.android.server.inputmethod.InputMethodUtils.setNonSelectedSystemImesDisabledUntilUsed(InputMethodUtils.java:706)
10-24 21:41:48.717 1637 1637 W InputMethodUtils: at com.android.server.inputmethod.InputMethodManagerService.systemRunning(InputMethodManagerService.java:2031)
10-24 21:41:48.717 1637 1637 W InputMethodUtils: at com.android.server.inputmethod.InputMethodManagerService$Lifecycle.onBootPhase(InputMethodManagerService.java:1684)
10-24 21:41:48.717 1637 1637 W InputMethodUtils: at com.android.server.SystemServiceManager.startBootPhase(SystemServiceManager.java:294)
10-24 21:41:48.717 1637 1637 W InputMethodUtils: at com.android.server.SystemServer.lambda$startOtherServices$5(SystemServer.java:2797)
10-24 21:41:48.717 1637 1637 W InputMethodUtils: at com.android.server.SystemServer.$r8$lambda$jmaWUpWMxP4IiPakY5L6Y7rVWik(Unknown Source:0)
10-24 21:41:48.717 1637 1637 W InputMethodUtils: at com.android.server.SystemServer$$ExternalSyntheticLambda5.run(Unknown Source:30)
10-24 21:41:48.717 1637 1637 W InputMethodUtils: at com.android.server.am.ActivityManagerService.systemReady(ActivityManagerService.java:8142)
10-24 21:41:48.717 1637 1637 W InputMethodUtils: at com.android.server.SystemServer.startOtherServices(SystemServer.java:2794)
10-24 21:41:48.717 1637 1637 W InputMethodUtils: at com.android.server.SystemServer.run(SystemServer.java:937)
10-24 21:41:48.717 1637 1637 W InputMethodUtils: at com.android.server.SystemServer.main(SystemServer.java:647)
10-24 21:41:48.717 1637 1637 W InputMethodUtils: at java.lang.reflect.Method.invoke(Native Method)
10-24 21:41:48.717 1637 1637 W InputMethodUtils: at com.android.internal.os.RuntimeInit$MethodAndArgsCaller.run(RuntimeInit.java:548)
10-24 21:41:48.717 1637 1637 W InputMethodUtils: at com.android.internal.os.ZygoteInit.main(ZygoteInit.java:914)
10-24 21:41:48.717 1637 1637 W InputMethodUtils: getApplicationInfo failed. packageName=jp.co.omronsoft.iwnnime.ml userId=0
10-24 21:41:48.717 1637 1637 W InputMethodUtils: android.content.pm.PackageManager$NameNotFoundException: jp.co.omronsoft.iwnnime.ml
10-24 21:41:48.717 1637 1637 W InputMethodUtils: at android.app.ApplicationPackageManager.getApplicationInfoAsUser(ApplicationPackageManager.java:504)
10-24 21:41:48.717 1637 1637 W InputMethodUtils: at android.app.ApplicationPackageManager.getApplicationInfo(ApplicationPackageManager.java:487)
10-24 21:41:48.717 1637 1637 W InputMethodUtils: at com.android.server.inputmethod.InputMethodUtils.setNonSelectedSystemImesDisabledUntilUsed(InputMethodUtils.java:706)
10-24 21:41:48.717 1637 1637 W InputMethodUtils: at com.android.server.inputmethod.InputMethodManagerService.systemRunning(InputMethodManagerService.java:2031)
10-24 21:41:48.717 1637 1637 W InputMethodUtils: at com.android.server.inputmethod.InputMethodManagerService$Lifecycle.onBootPhase(InputMethodManagerService.java:1684)
10-24 21:41:48.717 1637 1637 W InputMethodUtils: at com.android.server.SystemServiceManager.startBootPhase(SystemServiceManager.java:294)
10-24 21:41:48.717 1637 1637 W InputMethodUtils: at com.android.server.SystemServer.lambda$startOtherServices$5(SystemServer.java:2797)
10-24 21:41:48.717 1637 1637 W InputMethodUtils: at com.android.server.SystemServer.$r8$lambda$jmaWUpWMxP4IiPakY5L6Y7rVWik(Unknown Source:0)
10-24 21:41:48.717 1637 1637 W InputMethodUtils: at com.android.server.SystemServer$$ExternalSyntheticLambda5.run(Unknown Source:30)
10-24 21:41:48.717 1637 1637 W InputMethodUtils: at com.android.server.am.ActivityManagerService.systemReady(ActivityManagerService.java:8142)
10-24 21:41:48.717 1637 1637 W InputMethodUtils: at com.android.server.SystemServer.startOtherServices(SystemServer.java:2794)
10-24 21:41:48.717 1637 1637 W InputMethodUtils: at com.android.server.SystemServer.run(SystemServer.java:937)
10-24 21:41:48.717 1637 1637 W InputMethodUtils: at com.android.server.SystemServer.main(SystemServer.java:647)
10-24 21:41:48.717 1637 1637 W InputMethodUtils: at java.lang.reflect.Method.invoke(Native Method)
10-24 21:41:48.717 1637 1637 W InputMethodUtils: at com.android.internal.os.RuntimeInit$MethodAndArgsCaller.run(RuntimeInit.java:548)
10-24 21:41:48.717 1637 1637 W InputMethodUtils: at com.android.internal.os.ZygoteInit.main(ZygoteInit.java:914)
10-24 21:41:48.717 1637 1637 W InputMethodUtils: getApplicationInfo failed. packageName=com.nuance.xt9.input userId=0
10-24 21:41:48.717 1637 1637 W InputMethodUtils: android.content.pm.PackageManager$NameNotFoundException: com.nuance.xt9.input
10-24 21:41:48.717 1637 1637 W InputMethodUtils: at android.app.ApplicationPackageManager.getApplicationInfoAsUser(ApplicationPackageManager.java:504)
10-24 21:41:48.717 1637 1637 W InputMethodUtils: at android.app.ApplicationPackageManager.getApplicationInfo(ApplicationPackageManager.java:487)
10-24 21:41:48.717 1637 1637 W InputMethodUtils: at com.android.server.inputmethod.InputMethodUtils.setNonSelectedSystemImesDisabledUntilUsed(InputMethodUtils.java:706)
10-24 21:41:48.717 1637 1637 W InputMethodUtils: at com.android.server.inputmethod.InputMethodManagerService.systemRunning(InputMethodManagerService.java:2031)
10-24 21:41:48.717 1637 1637 W InputMethodUtils: at com.android.server.inputmethod.InputMethodManagerService$Lifecycle.onBootPhase(InputMethodManagerService.java:1684)
10-24 21:41:48.717 1637 1637 W InputMethodUtils: at com.android.server.SystemServiceManager.startBootPhase(SystemServiceManager.java:294)
10-24 21:41:48.717 1637 1637 W InputMethodUtils: at com.android.server.SystemServer.lambda$startOtherServices$5(SystemServer.java:2797)
10-24 21:41:48.717 1637 1637 W InputMethodUtils: at com.android.server.SystemServer.$r8$lambda$jmaWUpWMxP4IiPakY5L6Y7rVWik(Unknown Source:0)
10-24 21:41:48.717 1637 1637 W InputMethodUtils: at com.android.server.SystemServer$$ExternalSyntheticLambda5.run(Unknown Source:30)
10-24 21:41:48.717 1637 1637 W InputMethodUtils: at com.android.server.am.ActivityManagerService.systemReady(ActivityManagerService.java:8142)
10-24 21:41:48.717 1637 1637 W InputMethodUtils: at com.android.server.SystemServer.startOtherServices(SystemServer.java:2794)
10-24 21:41:48.717 1637 1637 W InputMethodUtils: at com.android.server.SystemServer.run(SystemServer.java:937)
10-24 21:41:48.717 1637 1637 W InputMethodUtils: at com.android.server.SystemServer.main(SystemServer.java:647)
10-24 21:41:48.717 1637 1637 W InputMethodUtils: at java.lang.reflect.Method.invoke(Native Method)
10-24 21:41:48.717 1637 1637 W InputMethodUtils: at com.android.internal.os.RuntimeInit$MethodAndArgsCaller.run(RuntimeInit.java:548)
10-24 21:41:48.717 1637 1637 W InputMethodUtils: at com.android.internal.os.ZygoteInit.main(ZygoteInit.java:914)
10-24 21:41:48.717 1637 1637 D SystemServerTiming: OnBootPhase_550_com.android.server.accessibility.AccessibilityManagerService$Lifecycle
10-24 21:41:48.717 1637 1637 D SystemServerTiming: OnBootPhase_550_com.android.server.StorageManagerService$Lifecycle
10-24 21:41:48.717 1637 1637 D SystemServerTiming: OnBootPhase_550_com.android.server.usage.StorageStatsService$Lifecycle
10-24 21:41:48.717 1637 1637 D SystemServerTiming: OnBootPhase_550_com.android.server.UiModeManagerService
10-24 21:41:48.717 1637 1637 D SystemServerTiming: OnBootPhase_550_com.android.server.locales.LocaleManagerService
10-24 21:41:48.717 1637 1637 D SystemServerTiming: OnBootPhase_550_com.android.server.locksettings.LockSettingsService$Lifecycle
10-24 21:41:48.719 1637 1637 D SystemServerTiming: OnBootPhase_550_com.android.server.PersistentDataBlockService
10-24 21:41:48.719 1637 1637 D SystemServerTiming: OnBootPhase_550_com.android.server.testharness.TestHarnessModeService
10-24 21:41:48.719 1637 1637 D SystemServerTiming: OnBootPhase_550_com.android.server.oemlock.OemLockService
10-24 21:41:48.719 1637 1637 D SystemServerTiming: OnBootPhase_550_com.android.server.DeviceIdleController
10-24 21:41:48.719 1637 1637 D SystemServerTiming: OnBootPhase_550_com.android.server.devicepolicy.DevicePolicyManagerService$Lifecycle
10-24 21:41:48.719 1637 1637 D SystemServerTiming: OnBootPhase_550_com.android.server.musicrecognition.MusicRecognitionManagerService
10-24 21:41:48.719 1637 1637 D SystemServerTiming: OnBootPhase_550_com.android.server.contentcapture.ContentCaptureManagerService
10-24 21:41:48.719 1637 1637 D SystemServerTiming: OnBootPhase_550_com.android.server.attention.AttentionManagerService
10-24 21:41:48.719 1637 1637 D SystemServerTiming: OnBootPhase_550_com.android.server.rotationresolver.RotationResolverManagerService
10-24 21:41:48.719 1637 1637 D SystemServerTiming: OnBootPhase_550_com.android.server.systemcaptions.SystemCaptionsManagerService
10-24 21:41:48.719 1637 1637 D SystemServerTiming: OnBootPhase_550_com.android.server.texttospeech.TextToSpeechManagerService
10-24 21:41:48.719 1637 1637 D SystemServerTiming: OnBootPhase_550_com.android.server.ambientcontext.AmbientContextManagerService
10-24 21:41:48.719 1637 1637 D SystemServerTiming: OnBootPhase_550_com.android.server.speech.SpeechRecognitionManagerService
10-24 21:41:48.719 1637 1637 D SystemServerTiming: OnBootPhase_550_com.android.server.appprediction.AppPredictionManagerService
10-24 21:41:48.719 1637 1637 D SystemServerTiming: OnBootPhase_550_com.android.server.contentsuggestions.ContentSuggestionsManagerService
10-24 21:41:48.719 1637 1637 D SystemServerTiming: OnBootPhase_550_com.android.server.searchui.SearchUiManagerService
10-24 21:41:48.719 1637 1637 D SystemServerTiming: OnBootPhase_550_com.android.server.smartspace.SmartspaceManagerService
10-24 21:41:48.719 1637 1637 D SystemServerTiming: OnBootPhase_550_com.android.server.graphics.fonts.FontManagerService$Lifecycle
10-24 21:41:48.719 1637 1637 D SystemServerTiming: OnBootPhase_550_com.android.server.textservices.TextServicesManagerService$Lifecycle
10-24 21:41:48.719 1637 1637 D SystemServerTiming: OnBootPhase_550_com.android.server.textclassifier.TextClassificationManagerService$Lifecycle
10-24 21:41:48.719 1637 1637 D SystemServerTiming: OnBootPhase_550_com.android.server.NetworkScoreService$Lifecycle
10-24 21:41:48.719 1637 1637 D SystemServerTiming: OnBootPhase_550_com.android.server.NetworkStatsServiceInitializer
10-24 21:41:48.721 1637 1944 I RebootEscrowManager: Using server based resume on reboot
10-24 21:41:48.722 1637 1944 W RebootEscrowProviderServerBased: Failed to read reboot escrow server blob from storage
10-24 21:41:48.722 1637 1944 W RebootEscrowManager: Had reboot escrow data for users, but no key; removing escrow storage.
10-24 21:41:48.729 587 721 D BootAnimation: Playing files = /product/media/bootanimation-dark.zip/part2, Requested repeat = 180, playUntilComplete = false
10-24 21:41:48.731 1637 1637 W BestClock: java.time.DateTimeException: Missing NTP fix
10-24 21:41:48.733 1637 1637 I TetheringManager: registerTetheringEventCallback caller:android
10-24 21:41:48.734 1637 1637 D SystemServerTiming: OnBootPhase_550_com.android.server.wifi.WifiService
