10-24 21:41:44.142 1205 1205 D MediaCodecsXmlParser: parsing /vendor/etc/media_codecs_performance.xml...
10-24 21:41:44.142 1205 1205 I MediaCodecsXmlParser: Did not find media_codecs_shaping.xml in search path
10-24 21:41:44.142 1205 1205 I HidlServiceManagement: Registered android.hardware.media.omx@1.0::IOmxStore/default
10-24 21:41:44.142 1205 1205 I HidlServiceManagement: Removing namespace from process name android.hardware.media.omx@1.0-service to omx@1.0-service.
10-24 21:41:44.144 1275 1275 I android.hardware.biometrics.fingerprint-service.goodix: Fingerprint AIDL HAL started
10-24 21:41:44.144 1275 1275 D FingerprintHal: GoodixFingerprintEngine()
10-24 21:41:44.146 1215 1215 I RFSD : [RfsService::NvProtected] nv_protected.bin file is ok
10-24 21:41:44.146 866 893 I Magisk : ** late_start service mode running
10-24 21:41:44.146 866 893 I Magisk : * Running service.d scripts
10-24 21:41:44.146 866 893 I Magisk : service.d: exec [.zn_cleanup.sh]
10-24 21:41:44.148 866 893 I Magisk : * Running module service scripts
10-24 21:41:44.148 866 893 I Magisk : PixelifyUninstaller: exec [service.sh]
10-24 21:41:44.149 1215 1215 I RFSD : [RfsService] Init
10-24 21:41:44.149 1215 1215 D RFSD : [ModemStateMonitor::Start] thread ok
10-24 21:41:44.149 1215 1215 D RFSD : ModemStateMonitor Start!
10-24 21:41:44.149 1215 1215 I RFSD : [RfsService::IoChannel] Open
10-24 21:41:44.153 1029 1029 I android.hardware.usb.gadget@1.2-service.gs101: the string of all interrupts is unexpected
10-24 21:41:44.153 1029 1029 I libpixelusb: setCurrentUsbFunctions None
10-24 21:41:44.153 1029 1029 I libpixelusb: Gadget cannot be pulled down
10-24 21:41:44.153 1029 1029 I android.hardware.usb.gadget@1.2-service.gs101: mMonitor not running
10-24 21:41:44.153 1029 1029 I android.hardware.usb.gadget@1.2-service.gs101: Returned from tearDown gadget
10-24 21:41:44.157 1267 1267 W aocd : Starting aoc daemon
10-24 21:41:44.159 1267 1267 I aocd : Loading firmware image aoc.bin
10-24 21:41:44.159 1267 1267 I aocd : Loading firmware image (aoc.bin) completed
10-24 21:41:44.161 1215 1300 D RFSD : [ModemStateMonitor::Run] Start modem state monitor!
10-24 21:41:44.161 1215 1300 D RFSD : [ModemStateMonitor::Run] poll timeout. interval=0
10-24 21:41:44.161 1215 1300 E RFSD : [ModemStateMonitor::Run] Set spin count 300. Start to monitor until modem online
10-24 21:41:44.165 1270 1270 I chre : CHRE Starting!
10-24 21:41:44.165 1275 1275 E [GF_HAL][CustomizedDevice]: [open] Success to open device (/dev/goodix_fp) g_fd=5
10-24 21:41:44.166 866 893 I Magisk : playcurlNEXT: exec [service.sh]
10-24 21:41:44.168 866 893 I Magisk : tricky_store: exec [service.sh]
10-24 21:41:44.169 1270 1270 D USF : Initializing USF client.
10-24 21:41:44.170 1303 1303 I flags_health_check: ServerConfigurableFlagsReset reset_mode value: 0
10-24 21:41:44.170 1303 1303 I flags_health_check: ServerConfigurableFlagsReset attempted boot count is under threshold, skipping reset.
10-24 21:41:44.170 1270 1270 E USF EFW_TRANSPORT_CLIENT: /dev/acd-com.google.usf is not ready.
10-24 21:41:44.171 1275 1275 E libtrusty: tipc_connect: can't connect to tipc service "com.goodix.fingerprint.test" (err=107)
10-24 21:41:44.172 1275 1275 E android.hardware.biometrics.fingerprint-service.goodix: vendor/goodix/udfps/g6_trusty/fingerprint/goodix/hal/ca/TrustyApp.cpp:95: failed to connect to Trusty TA "com.goodix.fingerprint.test" using dev:"/dev/trusty-ipc-dev0"
10-24 21:41:44.173 531 531 I hwservicemanager: Since android.hardware.atrace@1.0::IAtraceDevice/default is not registered, trying to start it as a lazy HAL.
10-24 21:41:44.173 531 531 I hwservicemanager: Since android.hardware.atrace@1.0::IAtraceDevice/default is not registered, trying to start it as a lazy HAL.
10-24 21:41:44.175 1286 1286 I HidlServiceManagement: getService: Trying again for android.hardware.atrace@1.0::IAtraceDevice/default...
10-24 21:41:44.181 866 893 I Magisk : zygisksu: exec [service.sh]
10-24 21:41:44.185 578 588 D libnos_transport: Calling App 0 with params 0x0000
10-24 21:41:44.185 578 588 D libnos_transport: App 0 inspection status=0x00000000 reply_len=0 protocol=1 flags=0x0000
10-24 21:41:44.185 578 588 D libnos_transport: Send app 0 command data (1 bytes)
10-24 21:41:44.185 578 588 D libnos_transport: Send app 0 go command 0x00000000
10-24 21:41:44.185 578 588 D libnos_transport: Polling app 0
10-24 21:41:44.185 866 893 I Magisk : mylogcat: exec [service.sh]
10-24 21:41:44.186 578 588 D libnos_transport: App 0 polled=4 status=0x80000000 reply_len=72 flags=0x0000
10-24 21:41:44.186 578 588 D libnos_transport: Read app 0 reply data (72 bytes)
10-24 21:41:44.187 578 588 D libnos_transport: App 0 returning 0x0
10-24 21:41:44.187 866 893 I Magisk : hwr_logcat: exec [service.sh]
10-24 21:41:44.187 578 588 D libnos_transport: Calling App 0 with params 0x0007
10-24 21:41:44.187 971 971 D nativeloader: Load libmedia_jni.so using system ns (caller=/system/framework/framework.jar!classes2.dex): ok
10-24 21:41:44.188 971 971 D MtpDeviceJNI: register_android_mtp_MtpDevice
10-24 21:41:44.188 578 588 D libnos_transport: App 0 inspection status=0x00000000 reply_len=0 protocol=1 flags=0x0000
10-24 21:41:44.188 578 588 D libnos_transport: Send app 0 command data (0 bytes)
10-24 21:41:44.188 578 588 D libnos_transport: Send app 0 go command 0x00000007
10-24 21:41:44.188 578 588 D libnos_transport: Polling app 0
10-24 21:41:44.189 578 588 D libnos_transport: App 0 polled=4 status=0x80000000 reply_len=203 flags=0x0000
10-24 21:41:44.189 578 588 D libnos_transport: Read app 0 reply data (203 bytes)
10-24 21:41:44.190 578 588 D libnos_transport: App 0 returning 0x0
10-24 21:41:44.190 578 588 D libnos_transport: Calling App 0 with params 0x000b
10-24 21:41:44.190 578 588 D libnos_transport: App 0 inspection status=0x00000000 reply_len=0 protocol=1 flags=0x0000
10-24 21:41:44.190 578 588 D libnos_transport: Send app 0 command data (0 bytes)
10-24 21:41:44.190 578 588 D libnos_transport: Send app 0 go command 0x0000000b
10-24 21:41:44.190 578 588 D libnos_transport: Polling app 0
10-24 21:41:44.192 578 588 D libnos_transport: App 0 polled=2 status=0x80000000 reply_len=1024 flags=0x0000
10-24 21:41:44.192 578 588 D libnos_transport: Read app 0 reply data (1024 bytes)
10-24 21:41:44.193 1259 1259 I update_engine: [INFO:main.cc(55)] A/B Update Engine starting
10-24 21:41:44.193 578 588 D libnos_transport: App 0 returning 0x0
10-24 21:41:44.196 1259 1259 I update_engine: [INFO:boot_control_android.cc(69)] Loaded boot control hidl hal.
10-24 21:41:44.200 971 971 D nativeloader: Load libsoundpool.so using system ns (caller=/system/framework/framework.jar!classes2.dex): ok
10-24 21:41:44.202 971 971 D nativeloader: Load libaudioeffect_jni.so using system ns (caller=/system/framework/framework.jar!classes2.dex): ok
10-24 21:41:44.205 1329 1329 I zn64 : ** magisk_compat: exec service.sh of zygisk modules
10-24 21:41:44.208 1259 1259 E update_engine: [ERROR:update_attempter_android.cc(931)] prefs_->GetInt64(kPrefsPreviousSlot, &previous_slot) failed.
10-24 21:41:44.212 971 971 D nativeloader: Load librtp_jni.so using system ns (caller=/system/framework/voip-common.jar): ok
10-24 21:41:44.213 971 971 I zygote64: Thread[1,tid=971,Native,Thread*=0xb4000072caae8be0,peer=0x14002008,"main"] recursive attempt to load library "librtp_jni.so"
10-24 21:41:44.215 1335 1335 I init_citadel: Running RW version: 0.2.2/nugget_v0.0.ab9477402-86c3b7c-r 2023-01-11 06:37:06 android-build /evt
10-24 21:41:44.217 1315 1315 I HidlLazyUtils: Registering HAL: android.hardware.atrace@1.0::IAtraceDevice with name: default
10-24 21:41:44.220 1339 1339 I zn64 : ** magisk_compat: exec /data/adb/modules/playintegrityfix/service.sh
10-24 21:41:44.220 1338 1338 I zn64 : ** magisk_compat: exec /data/adb/modules/Pixelify/service.sh
10-24 21:41:44.221 1340 1340 I zn64 : ** magisk_compat: exec /data/adb/modules/zygisk_shamiko/service.sh
10-24 21:41:44.221 1259 1259 I update_engine: [INFO:update_attempter_android.cc(194)] OTAResult::NOT_ATTEMPTED
10-24 21:41:44.223 1315 1315 I HidlServiceManagement: Registered android.hardware.atrace@1.0::IAtraceDevice/default
10-24 21:41:44.223 1315 1315 I HidlServiceManagement: Removing namespace from process name android.hardware.atrace@1.0-service.pixel to atrace@1.0-service.pixel.
10-24 21:41:44.223 531 531 I hw-BpHwBinder: onLastStrongRef automatically unlinking death recipients
10-24 21:41:44.224 1286 1286 W atrace : type=1400 audit(0.0:37): avc: denied { write } for name="enable" dev="tracefs" ino=7003 scontext=u:r:atrace:s0 tcontext=u:object_r:debugfs_tracing_debug:s0 tclass=file permissive=0
10-24 21:41:44.236 1259 1259 I update_engine: [INFO:update_attempter_android.cc(1257)] Scheduling CleanupPreviousUpdateAction.
10-24 21:41:44.237 0 0 I trusty : hwmgr-proxy-srv: 416: AOC: configure sysmmu entry = 0x*** 0x*** 0x***
10-24 21:41:44.238 1297 1297 I adbd : persist.adb.watchdog set to ''
10-24 21:41:44.238 1297 1297 I adbd : persist.sys.test_harness set to ''
10-24 21:41:44.238 1297 1297 I adbd : adb watchdog timeout set to 600 seconds
10-24 21:41:44.239 1297 1297 I adbd : adbd started
10-24 21:41:44.239 1297 1360 I adbd : opening control endpoint /dev/usb-ffs/adb/ep0
10-24 21:41:44.239 1297 1360 I adbd : UsbFfsConnection constructed
10-24 21:41:44.241 0 0 I trusty : hwmgr-proxy-srv: 416: AOC: configure sysmmu entry = 0x*** 0x*** 0x***
10-24 21:41:44.241 0 0 I trusty : hwmgr-proxy-srv: 416: AOC: configure sysmmu entry = 0x*** 0x*** 0x***
10-24 21:41:44.241 0 0 I trusty : hwmgr-proxy-srv: 416: AOC: configure sysmmu entry = 0x*** 0x*** 0x***
10-24 21:41:44.241 0 0 I trusty : hwmgr-proxy-srv: 416: AOC: configure sysmmu entry = 0x*** 0x*** 0x***
10-24 21:41:44.241 0 0 I trusty : hwmgr-proxy-srv: 416: AOC: configure sysmmu entry = 0x*** 0x*** 0x***
10-24 21:41:44.243 1259 1259 I update_engine: [INFO:action_processor.cc(51)] ActionProcessor: starting CleanupPreviousUpdateAction
10-24 21:41:44.245 1297 1358 I adbd : Waiting for persist.adb.tls_server.enable=1
10-24 21:41:44.246 1297 1363 I adbd : UsbFfs-monitor thread spawned
10-24 21:41:44.246 971 971 D nativeloader: Load librs_jni.so using system ns (caller=/system/framework/framework.jar!classes3.dex): ok
10-24 21:41:44.248 530 530 I servicemanager: Found android.frameworks.stats.IStats/default in framework VINTF manifest.
10-24 21:41:44.248 530 530 I servicemanager: Since 'android.frameworks.stats.IStats/default' could not be found, trying to start it as a lazy AIDL service
10-24 21:41:44.249 530 1369 W libc : Unable to set property "ctl.interface_start" to "aidl/android.frameworks.stats.IStats/default": error code: 0x20
10-24 21:41:44.249 530 1369 I servicemanager: Tried to start aidl service android.frameworks.stats.IStats/default as a lazy service, but was unable to. Usually this happens when a service is not installed, but if the service is intended to be used as a lazy service, then it may be configured incorrectly.
10-24 21:41:44.251 1259 1259 I update_engine: [INFO:cleanup_previous_update_action.cc(149)] Starting/resuming CleanupPreviousUpdateAction
10-24 21:41:44.253 1259 1259 I update_engine: [INFO:cleanup_previous_update_action.cc(124)] CleanupPreviousUpdateAction scheduled task ID 1 for WaitBootCompleted
10-24 21:41:44.254 1029 1029 I libpixelusb: setCurrentUsbFunctions Adb
10-24 21:41:44.254 1029 1029 I libpixelusb: Service started
10-24 21:41:44.254 1029 1029 I android.hardware.usb.gadget@1.2-service.gs101: Usb Gadget setcurrent functions called successfully
10-24 21:41:44.260 959 959 I twoshay.twoshay_pipeline: pipeline name = default
10-24 21:41:44.260 959 959 I twoshay.twoshay_pipeline: device = /dev/touch_offload
10-24 21:41:44.260 959 959 I twoshay.twoshay_pipeline: - class = SegmentationAlgorithm
10-24 21:41:44.260 959 959 I twoshay.twoshay_pipeline: - algo name = segmentation
10-24 21:41:44.260 959 959 I twoshay.twoshay_pipeline: - class = GripSuppressionAlgorithm
10-24 21:41:44.260 959 959 I twoshay.twoshay_pipeline: - algo name = grip_suppression
10-24 21:41:44.260 959 959 I twoshay.twoshay_pipeline: - blocked by: segmentation
10-24 21:41:44.260 959 959 I twoshay.twoshay_pipeline: - class = TouchflowAlgorithm
10-24 21:41:44.260 959 959 I twoshay.twoshay_pipeline: - algo name = touchflow
10-24 21:41:44.260 959 959 I twoshay.twoshay_pipeline: - blocked by: grip_suppression
10-24 21:41:44.260 959 959 I twoshay.twoshay_pipeline: - class = ReportingAlgorithm
10-24 21:41:44.260 959 959 I twoshay.twoshay_pipeline: - algo name = reporting
10-24 21:41:44.260 959 959 I twoshay.twoshay_pipeline: - blocked by: touchflow
10-24 21:41:44.260 959 959 I twoshay.twoshay_pipeline: - class = TouchSuezAlgorithm
10-24 21:41:44.260 959 959 I twoshay.twoshay_pipeline: - algo name = touchsuez
10-24 21:41:44.260 959 959 I twoshay.twoshay_pipeline: - blocked by: reporting
10-24 21:41:44.260 959 959 I twoshay.twoshay_pipeline: create pipeline default, with device /dev/touch_offload
10-24 21:41:44.260 959 959 I twoshay.twoshay_pipeline: - creating algo segmentation of type SegmentationAlgorithm
10-24 21:41:44.260 959 959 I twoshay.twoshay_pipeline: - creating algo grip_suppression of type GripSuppressionAlgorithm
10-24 21:41:44.260 959 959 I twoshay.twoshay_pipeline: - creating algo touchflow of type TouchflowAlgorithm
10-24 21:41:44.260 959 959 I twoshay.twoshay_pipeline: - creating algo reporting of type ReportingAlgorithm
10-24 21:41:44.260 959 959 I twoshay.twoshay_pipeline: - creating algo touchsuez of type TouchSuezAlgorithm
10-24 21:41:44.260 959 959 I twoshay.grip: JSON Param disableFilterGrip not found.
10-24 21:41:44.260 959 959 I twoshay.grip: getRequirements() filter_grip=1
10-24 21:41:44.260 959 959 I twoshay.grip: JSON Param gripEnableCancel not found.
10-24 21:41:44.260 959 959 I twoshay.grip: JSON Param palmEnableCancel not found.
10-24 21:41:44.261 530 530 I servicemanager: Found android.frameworks.stats.IStats/default in framework VINTF manifest.
10-24 21:41:44.261 959 1377 I TouchSuez: Waiting for IStats service to come up.
10-24 21:41:44.261 530 530 I servicemanager: Found com.google.input.ITouchContextService/default in device VINTF manifest.
10-24 21:41:44.261 959 959 I twoshay.grip: JSON Param enableDebugLog not found.
10-24 21:41:44.261 959 959 I twoshay.grip: JSON Param enableDebugLog not found.
10-24 21:41:44.261 959 959 I twoshay.grip: JSON Param gripEnableCancel not found.
10-24 21:41:44.261 959 959 I twoshay.grip: JSON Param hasGripAlgoConfig not found.
10-24 21:41:44.261 959 959 I twoshay.grip: Abort reading from JSON params.
10-24 21:41:44.261 959 959 I twoshay.grip: Loading default grip configuration.
10-24 21:41:44.261 959 959 I twoshay.grip: JSON Param palmEnableCancel not found.
10-24 21:41:44.261 959 959 I twoshay.grip: JSON Param hasPalmAlgoConfig not found.
10-24 21:41:44.261 959 959 I twoshay.grip: Abort reading palm config from JSON params.
10-24 21:41:44.261 959 959 I twoshay.grip: Loading default palm configuration.
10-24 21:41:44.261 530 530 I servicemanager: Since 'android.frameworks.stats.IStats/default' could not be found, trying to start it as a lazy AIDL service
10-24 21:41:44.261 959 959 I native : I0000 00:00:1729820504.261661 959 twoshay_touchflower.cc:87] Creating touch shape
10-24 21:41:44.261 959 959 I native : I0000 00:00:1729820504.261726 959 twoshay_touchflower.cc:96] Creating touch corrector
10-24 21:41:44.261 959 959 I TouchflowAlgorithm: Created Touchflower from /vendor/etc/touchflow.pb
10-24 21:41:44.263 530 1380 W libc : Unable to set property "ctl.interface_start" to "aidl/android.frameworks.stats.IStats/default": error code: 0x20
10-24 21:41:44.264 530 1380 I servicemanager: Tried to start aidl service android.frameworks.stats.IStats/default as a lazy service, but was unable to. Usually this happens when a service is not installed, but if the service is intended to be used as a lazy service, then it may be configured incorrectly.
10-24 21:41:44.268 1365 1365 I init_citadel: Flavor: evt
10-24 21:41:44.280 1222 1388 D rild_exynos: RilAudioClientImpl NotifyNetworkInfoToAudioService() NotifyNetworkInfoToAudioService
10-24 21:41:44.280 1222 1389 D rild_exynos: RilAudioClientImpl NotifyNetworkInfoToAudioService() NotifyNetworkInfoToAudioService
10-24 21:41:44.281 531 531 I hwservicemanager: Since vendor.google.whitechapel.audio.audioext@4.0::IAudioExt/default is not registered, trying to start it as a lazy HAL.
10-24 21:41:44.281 531 531 I hwservicemanager: Since vendor.google.whitechapel.audio.audioext@4.0::IAudioExt/default is not registered, trying to start it as a lazy HAL.
10-24 21:41:44.281 531 531 I hwservicemanager: Since vendor.google.whitechapel.audio.audioext@4.0::IAudioExt/default is not registered, trying to start it as a lazy HAL.
10-24 21:41:44.282 531 1392 W libc : Unable to set property "ctl.interface_start" to "vendor.google.whitechapel.audio.audioext@4.0::IAudioExt/default": error code: 0x20
10-24 21:41:44.282 531 1392 I hwservicemanager: Tried to start vendor.google.whitechapel.audio.audioext@4.0::IAudioExt/default as a lazy service, but was unable to. Usually this happens when a service is not installed, but if the service is intended to be used as a lazy service, then it may be configured incorrectly.
10-24 21:41:44.282 531 531 I hwservicemanager: Since vendor.google.whitechapel.audio.audioext@4.0::IAudioExt/default is not registered, trying to start it as a lazy HAL.
10-24 21:41:44.282 1222 1388 I HidlServiceManagement: getService: Trying again for vendor.google.whitechapel.audio.audioext@4.0::IAudioExt/default...
10-24 21:41:44.282 1222 1389 I HidlServiceManagement: getService: Trying again for vendor.google.whitechapel.audio.audioext@4.0::IAudioExt/default...
10-24 21:41:44.284 531 1393 W libc : Unable to set property "ctl.interface_start" to "vendor.google.whitechapel.audio.audioext@4.0::IAudioExt/default": error code: 0x20
10-24 21:41:44.284 531 1393 I hwservicemanager: Tried to start vendor.google.whitechapel.audio.audioext@4.0::IAudioExt/default as a lazy service, but was unable to. Usually this happens when a service is not installed, but if the service is intended to be used as a lazy service, then it may be configured incorrectly.
10-24 21:41:44.287 1323 1323 D AndroidRuntime: >>>>>> START com.android.internal.os.RuntimeInit uid 0 <<<<<<
10-24 21:41:44.291 1323 1323 I TrickyStore: MMAP_TRYLOCK is not supported in uffd addr:0x7876979000 page-size:4096
10-24 21:41:44.292 1323 1323 I AndroidRuntime: Using default boot image
10-24 21:41:44.292 1323 1323 I AndroidRuntime: Leaving lock profiling enabled
10-24 21:41:44.292 1384 1384 I init_citadel: Image file: /vendor/firmware/dauntless/evt.ec.bin
10-24 21:41:44.292 531 1390 W libc : Unable to set property "ctl.interface_start" to "vendor.google.whitechapel.audio.audioext@4.0::IAudioExt/default": error code: 0x20
10-24 21:41:44.292 531 1390 I hwservicemanager: Tried to start vendor.google.whitechapel.audio.audioext@4.0::IAudioExt/default as a lazy service, but was unable to. Usually this happens when a service is not installed, but if the service is intended to be used as a lazy service, then it may be configured incorrectly.
10-24 21:41:44.293 531 1394 W libc : Unable to set property "ctl.interface_start" to "vendor.google.whitechapel.audio.audioext@4.0::IAudioExt/default": error code: 0x20
10-24 21:41:44.293 531 1394 I hwservicemanager: Tried to start vendor.google.whitechapel.audio.audioext@4.0::IAudioExt/default as a lazy service, but was unable to. Usually this happens when a service is not installed, but if the service is intended to be used as a lazy service, then it may be configured incorrectly.
10-24 21:41:44.295 1323 1323 I TrickyStore: Using CollectorTypeCMC GC.
10-24 21:41:44.301 1222 1222 I HidlServiceManagement: Registered android.hardware.radio@1.6::IRadio/slot1
10-24 21:41:44.301 1222 1222 I HidlServiceManagement: Registered android.hardware.radio@1.6::IRadio/slot2
10-24 21:41:44.301 1222 1222 I RadioConfig: registerService() starting IRadioConfig
10-24 21:41:44.301 1222 1222 I HidlServiceManagement: Registered android.hardware.radio.config@1.1::IRadioConfig/default
10-24 21:41:44.301 1222 1222 D RadioConfig: registerService() started IRadioConfig status 0
10-24 21:41:44.302 1222 1222 I HidlServiceManagement: Registered android.hardware.radio@1.2::ISap/slot1
10-24 21:41:44.303 1222 1222 I HidlServiceManagement: Registered android.hardware.radio@1.2::ISap/slot2
10-24 21:41:44.303 1222 1222 I HidlServiceManagement: Registered vendor.samsung_slsi.telephony.hardware.radioExternal@1.1::IOemSlsiRadioExternal/rilExternal
10-24 21:41:44.303 531 531 I hw-BpHwBinder: onLastStrongRef automatically unlinking death recipients
10-24 21:41:44.304 1211 1226 E RILClient: [OemClient]IND: pClient is NULL, (msgId = 1003, channel = 0)
10-24 21:41:44.304 1211 1226 E RILClient: [OemClient]IND: pClient is NULL, (msgId = 1002, channel = 0)
10-24 21:41:44.304 1211 1226 E RILClient: [OemClient]IND: pClient is NULL, (msgId = 1002, channel = 1)
10-24 21:41:44.304 1211 1211 D RILClient: [OemClient] getRadioExternalProxy clientId: old(-1)->new(0)
10-24 21:41:44.304 1211 1211 D RILClient: [OemClient] RILC_OpenV2 Client(0) created
10-24 21:41:44.304 1211 1211 I BipChMgr: Open() g_SitRilClientIf.Open ... OK.
10-24 21:41:44.304 1211 1211 D RILClient: [OemClient] RILC_RegisterUnsolicitedHandler
10-24 21:41:44.304 1211 1211 I BipChMgr: Open() g_SitRilClientIf.RegisterUnsolicitedHandler() ... OK.
10-24 21:41:44.304 1211 1211 I BipChMgr: Open() [-->
10-24 21:41:44.304 1211 1211 I BipChMgr: main() Open() success
10-24 21:41:44.315 578 588 D libnos_transport: Calling App 0 with params 0x0007
10-24 21:41:44.315 578 588 D libnos_transport: App 0 inspection status=0x00000000 reply_len=0 protocol=1 flags=0x0000
10-24 21:41:44.315 578 588 D libnos_transport: Send app 0 command data (0 bytes)
10-24 21:41:44.316 578 588 D libnos_transport: Send app 0 go command 0x00000007
10-24 21:41:44.316 578 588 D libnos_transport: Polling app 0
10-24 21:41:44.316 1000 1000 I android.hardware.pixel.camera.provider@2.7-service: Google camera provider service is starting.
10-24 21:41:44.317 578 588 D libnos_transport: App 0 polled=2 status=0x80000000 reply_len=203 flags=0x0000
10-24 21:41:44.317 578 588 D libnos_transport: Read app 0 reply data (203 bytes)
10-24 21:41:44.318 578 588 D libnos_transport: App 0 returning 0x0
10-24 21:41:44.318 578 588 D libnos_transport: Calling App 0 with params 0x000b
10-24 21:41:44.318 578 588 D libnos_transport: App 0 inspection status=0x00000000 reply_len=0 protocol=1 flags=0x0000
10-24 21:41:44.318 578 588 D libnos_transport: Send app 0 command data (0 bytes)
10-24 21:41:44.318 1000 1000 I android.hardware.pixel.camera.provider@2.7-service: Using ApexUpdateListener: 0xb400007740855760 Start Count: 1 Current Version: 9677224 (609677224)
10-24 21:41:44.318 578 588 D libnos_transport: Send app 0 go command 0x0000000b
10-24 21:41:44.318 578 588 D libnos_transport: Polling app 0
10-24 21:41:44.319 578 588 D libnos_transport: App 0 polled=3 status=0x80000000 reply_len=1024 flags=0x0000
10-24 21:41:44.319 578 588 D libnos_transport: Read app 0 reply data (1024 bytes)
10-24 21:41:44.319 1000 1000 I Lyric : camera_provider_manager_impl.cc:26: Creating CameraProviderManager
10-24 21:41:44.320 1000 1000 I Lyric : dpm_bandwidth_manager.cc:42: dpm: WhiDpmClockBandwidthManager
10-24 21:41:44.320 1000 1000 I G3ACoordinator: coordinator.cc:177: InitHWVersion = 3
10-24 21:41:44.320 1000 1000 I G3ACoordinator: coordinator.cc:181: FATP Enable = 0
10-24 21:41:44.320 1244 1244 I mediaswcodec: media swcodec service starting
10-24 21:41:44.320 578 588 D libnos_transport: App 0 returning 0x0
10-24 21:41:44.321 1244 1244 W mediaswcodec: Could not read additional policy file '/vendor/etc/seccomp_policy/mediaswcodec.policy'
10-24 21:41:44.321 1244 1244 W mediaswcodec: libminijail[1244]: failed to get path of fd 4: No such file or directory
10-24 21:41:44.321 1244 1244 W mediaswcodec: libminijail[1244]: allowing syscall: connect
10-24 21:41:44.321 1244 1244 W mediaswcodec: libminijail[1244]: allowing syscall: fcntl
10-24 21:41:44.321 1244 1244 W mediaswcodec: libminijail[1244]: allowing syscall: sendto
10-24 21:41:44.321 1244 1244 W mediaswcodec: libminijail[1244]: allowing syscall: socket
10-24 21:41:44.321 1244 1244 W mediaswcodec: libminijail[1244]: allowing syscall: writev
10-24 21:41:44.321 1244 1244 W mediaswcodec: libminijail[1244]: compile_file: (75): syscall munmap redefined here
10-24 21:41:44.321 1244 1244 W mediaswcodec: libminijail[1244]: compile_file: (39): previous definition here
10-24 21:41:44.321 1000 1000 I Lyric : whi_device_context.cc:489: Using external AE controller: 3A Coordinator
10-24 21:41:44.321 1000 1000 I Lyric : external_auto_focus_controller_proxy.cc:873: has_cdaf_early_interrupt_ = 1
10-24 21:41:44.321 1244 1244 W mediaswcodec: libminijail[1244]: logging seccomp filter failures
10-24 21:41:44.321 1000 1000 I Lyric : whi_device_context.cc:505: Using external AF controller: 3A Coordinator
10-24 21:41:44.322 1000 1000 I Lyric : whi_device_context.cc:520: Using external AWB controller: 3A Coordinator
10-24 21:41:44.322 1000 1000 I Lyric : whi_device_context.cc:536: Using external ASD controller: 3A Coordinator
10-24 21:41:44.323 1000 1441 I Lyric : lwis_client_with_event_thread.cc:92: LwisClient(scsc) event thread is starting . . .
10-24 21:41:44.323 1000 1443 I Lyric : lwis_client_with_event_thread.cc:92: LwisClient(mcsc) event thread is starting . . .
10-24 21:41:44.323 1244 1244 I CodecServiceRegistrant: Creating software Codec2 service...
10-24 21:41:44.324 1244 1244 D C2Store : Default ION heapmask = -1
10-24 21:41:44.324 1244 1244 D C2Store : Default ION flags = 0
10-24 21:41:44.324 1244 1244 D C2Store : Default ION align = 0
10-24 21:41:44.324 530 530 E SELinux : avc: denied { find } for pid=1244 uid=1046 name=android.hardware.media.c2.IComponentStore/software scontext=u:r:mediaswcodec:s0 tcontext=u:object_r:default_android_service:s0 tclass=service_manager permissive=0
10-24 21:41:44.324 1244 1244 W ServiceManager: Failed to get isDeclard for android.hardware.media.c2.IComponentStore/software: Status(-1, EX_SECURITY): ''
10-24 21:41:44.325 1244 1244 I HidlServiceManagement: Registered android.hardware.media.c2@1.2::IComponentStore/software
10-24 21:41:44.325 1000 1447 I Lyric : lwis_client_with_event_thread.cc:92: LwisClient(gdc0) event thread is starting . . .
10-24 21:41:44.325 1244 1244 I CodecServiceRegistrant: Preferred Codec2 HIDL store is set to "default".
10-24 21:41:44.325 1244 1244 I CodecServiceRegistrant: Software Codec2 service created and registered.
10-24 21:41:44.330 1450 1450 I init_citadel: Is RW in file newer: same
10-24 21:41:44.331 1000 1446 I Lyric : lwis_client_with_event_thread.cc:92: LwisClient(gdc1) event thread is starting . . .
10-24 21:41:44.334 1000 1453 I Lyric : lwis_client_with_event_thread.cc:92: LwisClient(itp) event thread is starting . . .
10-24 21:41:44.337 1000 1000 I Lyric : g3aa_driver.cc:188: G3AA PDAF line buffer size for context 0: 5184
10-24 21:41:44.337 1000 1000 I Lyric : g3aa_driver.cc:188: G3AA PDAF line buffer size for context 1: 5184
10-24 21:41:44.337 1000 1000 I Lyric : g3aa_driver.cc:226: G3AA Bayer line buffer size for context 0: 5184
10-24 21:41:44.337 1000 1000 I Lyric : g3aa_driver.cc:226: G3AA Bayer line buffer size for context 1: 5184
10-24 21:41:44.337 1000 1000 I Lyric : g3aa_driver.cc:226: G3AA Bayer line buffer size for context 2: 5184
10-24 21:41:44.337 1000 1000 I Lyric : g3aa_driver.cc:275: Initializing the G3AA Driver. HW Revision: B0. BW Limiter [Enabled], cycles per slot: 100, bytes per slot: 512, bytes per window: 20480
10-24 21:41:44.348 530 530 I servicemanager: Since 'android.frameworks.stats.IStats/default' could not be found, trying to start it as a lazy AIDL service
10-24 21:41:44.348 1452 1452 I init_citadel: All done
10-24 21:41:44.349 530 1457 W libc : Unable to set property "ctl.interface_start" to "aidl/android.frameworks.stats.IStats/default": error code: 0x20
10-24 21:41:44.349 530 1457 I servicemanager: Tried to start aidl service android.frameworks.stats.IStats/default as a lazy service, but was unable to. Usually this happens when a service is not installed, but if the service is intended to be used as a lazy service, then it may be configured incorrectly.
10-24 21:41:44.369 1323 1323 D nativeloader: InitDefaultPublicLibraries for_preload=1: libandroid.so:libaaudio.so:libamidi.so:libbinder_ndk.so:libc.so:libcamera2ndk.so:libdl.so:libEGL.so:libGLESv1_CM.so:libGLESv2.so:libGLESv3.so:libicu.so:libicui18n.so:libicuuc.so:libjnigraphics.so:liblog.so:libmediandk.so:libm.so:libnativehelper.so:libnativewindow.so:libOpenMAXAL.so:libOpenSLES.so:libRS.so:libstdc++.so:libsync.so:libvulkan.so:libwebviewchromium_plat_support.so:libz.so
10-24 21:41:44.375 1323 1323 D nativeloader: Load libicu_jni.so using APEX ns com_android_art for caller /apex/com.android.art/javalib/core-oj.jar: ok
10-24 21:41:44.375 1323 1323 D TrickyStore: Time zone APEX ICU file found: /apex/com.android.tzdata/etc/icu/icu_tzdata.dat
10-24 21:41:44.375 1323 1323 D TrickyStore: I18n APEX ICU file found: /apex/com.android.i18n/etc/icu/icudt70l.dat
10-24 21:41:44.376 1323 1323 D nativeloader: Load libjavacore.so using APEX ns com_android_art for caller /apex/com.android.art/javalib/core-oj.jar: ok
10-24 21:41:44.377 1323 1323 D nativeloader: Load libopenjdk.so using APEX ns com_android_art for caller /apex/com.android.art/javalib/core-oj.jar: ok
10-24 21:41:44.378 1323 1323 W ziparchive: Unable to open '/data/adb/modules/tricky_store/./service.dm': No such file or directory
10-24 21:41:44.400 1323 1323 D nativeloader: Load libframework-connectivity-tiramisu-jni.so using APEX ns com_android_tethering for caller /apex/com.android.tethering/javalib/framework-connectivity-t.jar: ok
10-24 21:41:44.400 1323 1323 D AndroidRuntime: Calling main entry io.github.a13e300.tricky_store.MainKt
10-24 21:41:44.414 1323 1323 D nativeloader: Load libjavacrypto.so using APEX ns com_android_conscrypt for caller /apex/com.android.conscrypt/javalib/conscrypt.jar: ok
10-24 21:41:44.450 1473 1473 W idmap2 : failed to find resource 'color/system_error'
10-24 21:41:44.451 1473 1473 W idmap2 : failed to find resource 'dimen/qs_brightness_margin_top'
10-24 21:41:44.465 1473 1473 W idmap2 : failed to find resource 'bool/config_clear_calling_enabled'
10-24 21:41:44.479 971 971 W Zygote : Class not found for preloading: com.android.internal.telephony.ServiceStateTracker$$ExternalSyntheticLambda6
10-24 21:41:44.505 971 971 W Zygote : Class not found for preloading: java.io.BufferedInputStream$$ExternalSyntheticBackportWithForwarding0
10-24 21:41:44.505 971 971 W Zygote : Class not found for preloading: java.lang.Integer$$ExternalSyntheticBackport0
10-24 21:41:44.505 971 971 W Zygote : Class not found for preloading: java.lang.Integer$$ExternalSyntheticBackport1
10-24 21:41:44.506 971 971 W Zygote : Class not found for preloading: java.lang.invoke.VarHandle$1
10-24 21:41:44.506 971 971 W Zygote : Class not found for preloading: java.nio.charset.CoderResult$1
10-24 21:41:44.506 971 971 W Zygote : Class not found for preloading: java.nio.charset.CoderResult$2
10-24 21:41:44.507 971 971 W Zygote : Class not found for preloading: java.time.Month$1
10-24 21:41:44.507 971 971 W Zygote : Class not found for preloading: java.time.format.DateTimeFormatterBuilder$3
10-24 21:41:44.508 971 971 W Zygote : Class not found for preloading: java.time.zone.ZoneOffsetTransitionRule$1
10-24 21:41:44.508 971 971 W Zygote : Class not found for preloading: java.util.ArrayList$Itr-IA
10-24 21:41:44.508 971 971 W Zygote : Class not found for preloading: java.util.ArraysParallelSortHelpers$FJByte$Sorter
10-24 21:41:44.508 971 971 W Zygote : Class not found for preloading: java.util.ArraysParallelSortHelpers$FJChar$Sorter
10-24 21:41:44.508 971 971 W Zygote : Class not found for preloading: java.util.ArraysParallelSortHelpers$FJDouble$Sorter
10-24 21:41:44.508 971 971 W Zygote : Class not found for preloading: java.util.ArraysParallelSortHelpers$FJFloat$Sorter
10-24 21:41:44.508 971 971 W Zygote : Class not found for preloading: java.util.ArraysParallelSortHelpers$FJInt$Sorter
10-24 21:41:44.508 971 971 W Zygote : Class not found for preloading: java.util.ArraysParallelSortHelpers$FJLong$Sorter
10-24 21:41:44.508 971 971 W Zygote : Class not found for preloading: java.util.ArraysParallelSortHelpers$FJShort$Sorter
10-24 21:41:44.508 971 971 W Zygote : Class not found for preloading: java.util.ImmutableCollections$Map0
10-24 21:41:44.508 971 971 W Zygote : Class not found for preloading: java.util.ImmutableCollections$Set0
10-24 21:41:44.508 971 971 W Zygote : Class not found for preloading: java.util.ImmutableCollections$Set1
10-24 21:41:44.509 971 971 W Zygote : Class not found for preloading: java.util.ImmutableCollections$Set2
10-24 21:41:44.509 971 971 W Zygote : Class not found for preloading: java.util.LinkedHashMap$LinkedHashMapEntry
10-24 21:41:44.509 971 971 W Zygote : Class not found for preloading: java.util.Locale$1
10-24 21:41:44.509 971 971 W Zygote : Class not found for preloading: java.util.ResourceBundle$LoaderReference
10-24 21:41:44.509 971 971 W Zygote : Class not found for preloading: java.util.Scanner$1
10-24 21:41:44.510 971 971 W Zygote : Class not found for preloading: java.util.ServiceLoader$LazyIterator
10-24 21:41:44.510 971 971 W Zygote : Class not found for preloading: java.util.Timer$1
10-24 21:41:44.510 971 971 W Zygote : Class not found for preloading: java.util.concurrent.ForkJoinTask$ExceptionNode
10-24 21:41:44.511 971 971 W Zygote : Class not found for preloading: java.util.stream.FindOps$$ExternalSyntheticLambda0
10-24 21:41:44.512 971 971 W Zygote : Class not found for preloading: java.util.stream.FindOps$$ExternalSyntheticLambda4
10-24 21:41:44.512 971 971 W Zygote : Class not found for preloading: java.util.stream.FindOps$$ExternalSyntheticLambda5
10-24 21:41:44.512 971 971 W Zygote : Class not found for preloading: java.util.stream.FindOps$$ExternalSyntheticLambda7
10-24 21:41:44.512 971 971 W Zygote : Class not found for preloading: java.util.stream.IntPipeline$$ExternalSyntheticLambda13
10-24 21:41:44.512 1023 1061 D USF EFW_TRANSPORT_CLIENT: acd-com.google.usf is created.
10-24 21:41:44.512 971 971 W Zygote : Class not found for preloading: java.util.stream.ReferencePipeline$$ExternalSyntheticLambda2
10-24 21:41:44.512 1270 1311 D USF EFW_TRANSPORT_CLIENT: acd-com.google.usf is created.
10-24 21:41:44.512 971 971 W Zygote : Class not found for preloading: java.util.zip.ZStreamRef
10-24 21:41:44.512 971 971 W Zygote : Class not found for preloading: javax.crypto.Cipher$1
10-24 21:41:44.513 971 971 W Zygote : Class not found for preloading: jdk.internal.misc.JavaObjectInputStreamAccess
10-24 21:41:44.513 971 971 W Zygote : Class not found for preloading: jdk.internal.misc.SharedSecrets
10-24 21:41:44.513 971 971 W Zygote : Class not found for preloading: libcore.icu.DateUtilsBridge
10-24 21:41:44.513 971 971 W Zygote : Class not found for preloading: libcore.math.MathUtils
10-24 21:41:44.514 971 971 W Zygote : Class not found for preloading: sun.misc.JavaIOFileDescriptorAccess
10-24 21:41:44.514 971 971 W Zygote : Class not found for preloading: sun.misc.SharedSecrets
10-24 21:41:44.514 971 971 W Zygote : Class not found for preloading: sun.misc.Unsafe$$ExternalSyntheticBackportWithForwarding0
10-24 21:41:44.515 971 971 W Zygote : Class not found for preloading: sun.security.provider.certpath.OCSPResponse$1
10-24 21:41:44.517 1270 1311 D USF EFW_TRANSPORT_CLIENT: acd-com.google.usf.non_wake_up is created.
10-24 21:41:44.517 1023 1061 D USF EFW_TRANSPORT_CLIENT: acd-com.google.usf.non_wake_up is created.
10-24 21:41:44.518 1023 1023 I usf_sensor_hal: Successfully connected to USF.
10-24 21:41:44.519 971 971 W Zygote : Class not found for preloading: sun.security.util.DisabledAlgorithmConstraints$1
10-24 21:41:44.527 971 971 W Zygote : Class not found for preloading: [Ljava.util.concurrent.ForkJoinTask$ExceptionNode;
10-24 21:41:44.527 971 971 I Zygote : ...preloaded 16384 classes in 681ms.
10-24 21:41:44.533 971 971 D nativeloader: InitApexLibraries:
10-24 21:41:44.533 971 971 D nativeloader: com_android_art: libnativehelper.so
10-24 21:41:44.533 971 971 D nativeloader: com_android_i18n: libicui18n.so:libicuuc.so:libicu.so
10-24 21:41:44.533 971 971 D nativeloader: com_android_neuralnetworks: libneuralnetworks.so
10-24 21:41:44.533 971 971 D nativeloader: InitDefaultPublicLibraries for_preload=0: libandroid.so:libaaudio.so:libamidi.so:libbinder_ndk.so:libc.so:libcamera2ndk.so:libdl.so:libEGL.so:libGLESv1_CM.so:libGLESv2.so:libGLESv3.so:libjnigraphics.so:liblog.so:libmediandk.so:libm.so:libnativewindow.so:libOpenMAXAL.so:libOpenSLES.so:libRS.so:libstdc++.so:libsync.so:libvulkan.so:libwebviewchromium_plat_support.so:libz.so
10-24 21:41:44.533 971 971 D nativeloader: Configuring clns-shared-1 for other apk /system/framework/android.hidl.base-V1.0-java.jar. target_sdk_version=33, uses_libraries=, library_path=, permitted_path=/data:/mnt/expand
10-24 21:41:44.533 971 971 D nativeloader: InitExtendedPublicLibraries:
10-24 21:41:44.536 1267 1267 W aocd : Started AoC log forwarding
10-24 21:41:44.536 1267 1267 D AOC :
10-24 21:41:44.536 1267 1267 D AOC : - Banner ----------------------------------------------------------------------
10-24 21:41:44.536 1267 1267 D AOC : application : AoC - linked on Dec 28 2022 @ 11:45:45
10-24 21:41:44.536 1267 1267 D AOC : HW : AOC rev : 2.1 [WC B0] - build = 562
10-24 21:41:44.536 1267 1267 D AOC : platform : whi_a0_3z - core : H1 [4]
10-24 21:41:44.536 1267 1267 D AOC : builder : android-build - RTOS: FreeRTOS 10.4.5
10-24 21:41:44.536 1267 1267 D AOC : repo :
10-24 21:41:44.536 1267 1267 D AOC : hash : 26e4f4fe11f25f9f507f0296ebdbaf2da348ed46
10-24 21:41:44.536 1267 1267 D AOC : heap : 0x403f0c40, size = 0x24400 (148480), free = 0xdb60 (56160)
10-24 21:41:44.536 1267 1267 D AOC : data : 0x403b3340, size = 0x4250 (16976)
10-24 21:41:44.536 1267 1267 D AOC : bss : 0x403b7590, size = 0x10f0 (4336)
10-24 21:41:44.536 1267 1267 D AOC : board : R4 (id = 0x00020202, revision = 0x00010000)
10-24 21:41:44.536 1267 1267 D AOC : -------------------------------------------------------------------------------
10-24 21:41:44.536 1267 1267 D AOC :
10-24 21:41:44.536 1267 1267 D AOC : - Banner ----------------------------------------------------------------------
10-24 21:41:44.536 1267 1267 D AOC : application : AoC - linked on Dec 28 2022 @ 11:45:45
10-24 21:41:44.536 1267 1267 D AOC : HW : AOC rev : 2.1 [WC B0] - build = 562
10-24 21:41:44.536 1267 1267 D AOC : platform : whi_a0_3z - core : H0 [3]
10-24 21:41:44.536 1267 1267 D AOC : builder : android-build - RTOS: FreeRTOS 10.4.5
10-24 21:41:44.536 1267 1267 D AOC : repo :
10-24 21:41:44.536 1267 1267 D AOC : hash : 26e4f4fe11f25f9f507f0296ebdbaf2da348ed46
10-24 21:41:44.536 1267 1267 D AOC : heap : 0x403cc840, size = 0x24400 (148480), free = 0xa560 (42336)
10-24 21:41:44.536 1267 1267 D AOC : data : 0x403b3340, size = 0x4250 (16976)
10-24 21:41:44.536 1267 1267 D AOC : bss : 0x403b7590, size = 0x10f0 (4336)
10-24 21:41:44.536 1267 1267 D AOC : board : R4 (id = 0x00020202, revision = 0x00010000)
10-24 21:41:44.536 1267 1267 D AOC : -------------------------------------------------------------------------------
10-24 21:41:44.536 1267 1267 D AOC :
10-24 21:41:44.536 1267 1267 D AOC : - Banner ----------------------------------------------------------------------
10-24 21:41:44.536 1267 1267 D AOC : application : AoC - linked on Dec 28 2022 @ 11:45:03
10-24 21:41:44.536 1267 1267 D AOC : HW : AOC rev : 2.1 [WC B0] - build = 562
10-24 21:41:44.536 1267 1267 D AOC : platform : whi_a0_f1 - core : F1 [2]
10-24 21:41:44.536 1267 1267 D AOC : builder : android-build - RTOS: FreeRTOS 10.4.5
10-24 21:41:44.536 1267 1267 D AOC : repo :
10-24 21:41:44.536 1267 1267 D AOC : hash : 26e4f4fe11f25f9f507f0296ebdbaf2da348ed46
10-24 21:41:44.536 1267 1267 D AOC : heap : 0x402a4f40, size = 0xc4900 (805120), free = 0xb77a0 (751520)
10-24 21:41:44.536 1267 1267 D AOC : data : 0x40239fc0, size = 0x4e750 (321360)
10-24 21:41:44.536 1267 1267 D AOC : bss : 0x402a3b40, size = 0x13e8 (5096)
10-24 21:41:44.536 1267 1267 D AOC : board : R4 (id = 0x00020202, revision = 0x00010000)
10-24 21:41:44.536 1267 1267 D AOC : -------------------------------------------------------------------------------
10-24 21:41:44.536 1267 1267 D AOC :
10-24 21:41:44.536 1267 1267 D AOC : - Banner ----------------------------------------------------------------------
10-24 21:41:44.536 1267 1267 D AOC : application : AoC - linked on Dec 28 2022 @ 11:44:24
10-24 21:41:44.536 1267 1267 D AOC : HW : AOC rev : 2.1 [WC B0] - build = 562
10-24 21:41:44.537 1267 1267 D AOC : platform : whi_a0_a32 - core : A3 [1]
10-24 21:41:44.537 1267 1267 D AOC : builder : android-build - RTOS: FreeRTOS 10.4.5
10-24 21:41:44.537 1267 1267 D AOC : repo :
10-24 21:41:44.537 1267 1267 D AOC : hash : 26e4f4fe11f25f9f507f0296ebdbaf2da348ed46
10-24 21:41:44.537 1267 1267 D AOC : F1:Discarded 0 bytes from DRAM
10-24 21:41:44.537 1267 1267 D AOC : heap : 0x4014f0c0, size = 0x18800 (100352), free = 0xb9f0 (47600)
10-24 21:41:44.537 1267 1267 D AOC : data : 0x400d0220, size = 0x838 (2104)
10-24 21:41:44.537 1267 1267 D AOC : bss : 0x400b1000, size = 0x1f210 (127504)
10-24 21:41:44.537 1267 1267 D AOC : board : R4 (id = 0x00020202, revision = 0x00010000)
10-24 21:41:44.537 1267 1267 D AOC : SJTAG auth : false
10-24 21:41:44.537 971 971 D nativeloader: InitVendorPublicLibraries: libOpenCL-pixel.so:libedgetpu_client.google.so:libedgetpu_util.so:lib_aion_buffer.so:libmetrics_logger.so
10-24 21:41:44.537 1267 1267 D AOC : -------------------------------------------------------------------------------
10-24 21:41:44.537 1267 1267 D AOC : F1:MSG: usb.cc, 2213: Request system memory access
10-24 21:41:44.537 971 971 D nativeloader: InitProductPublicLibraries:
10-24 21:41:44.537 1267 1267 D AOC : F1:MSG: usb.cc, 2213: Release system memory access
10-24 21:41:44.537 971 971 D ApplicationLoaders: Created zygote-cached class loader: /system/framework/android.hidl.base-V1.0-java.jar
10-24 21:41:44.537 1267 1267 D AOC : H0:MSG: controller.cc, 811: HF0: ipc: C-F1-H0, cmd ID: 0x00c8, tag: 0x00, rc: 0
10-24 21:41:44.537 1267 1267 D AOC : H1:MSG: controller.cc, 811: HF1: ipc: C-F1-H1, cmd ID: 0x00c8, tag: 0x00, rc: 0
10-24 21:41:44.537 1267 1267 D AOC : H0:MSG: controller.cc, 811: AudOutCtrlH0: ipc: C-AO-H0, cmd ID: 0x0005, tag: 0x00, rc: 0
10-24 21:41:44.537 1267 1267 D AOC : H0:MSG: controller.cc, 811: AudOutCtrlH0: ipc: C-AO-H0, cmd ID: 0x0005, tag: 0x01, rc: 0
10-24 21:41:44.537 1267 1267 D AOC : H0:MSG: controller.cc, 811: AudOutCtrlH0: ipc: C-AO-H0, cmd ID: 0x0005, tag: 0x02, rc: 0
10-24 21:41:44.537 1267 1267 D AOC : H0:MSG: controller.cc, 811: AudOutCtrlH0: ipc: C-AO-H0, cmd ID: 0x0005, tag: 0x03, rc: 0
10-24 21:41:44.537 1267 1267 D AOC : H1:MSG: controller.cc, 811: AudOutCtrlH1: ipc: C-AO-H1, cmd ID: 0x0005, tag: 0x00, rc: 0
10-24 21:41:44.537 1267 1267 D AOC : H1:MSG: controller.cc, 811: AudOutCtrlH1: ipc: C-AO-H1, cmd ID: 0x0005, tag: 0x01, rc: 0
10-24 21:41:44.537 1267 1267 D AOC : H1:MSG: controller.cc, 811: AudOutCtrlH1: ipc: C-AO-H1, cmd ID: 0x0005, tag: 0x02, rc: 0
10-24 21:41:44.537 1267 1267 D AOC : H1:MSG: controller.cc, 811: AudOutCtrlH1: ipc: C-AO-H1, cmd ID: 0x0005, tag: 0x03, rc: 0
10-24 21:41:44.537 1267 1267 D AOC : H1:MSG: controller.cc, 811: AudOutCtrlH1: ipc: C-AO-H1, cmd ID: 0x0005, tag: 0x04, rc: 0
10-24 21:41:44.537 1267 1267 D AOC : H0:MSG: controller.cc, 811: AudOutCtrlH0: ipc: C-AO-H0, cmd ID: 0x0005, tag: 0x04, rc: 0
10-24 21:41:44.537 1267 1267 D AOC : H0:MSG: controller.cc, 811: AudOutCtrlH0: ipc: C-AO-H0, cmd ID: 0x0005, tag: 0x05, rc: 0
10-24 21:41:44.537 1267 1267 D AOC : H0:MSG: controller.cc, 811: AudOutCtrlH0: ipc: C-AO-H0, cmd ID: 0x0005, tag: 0x06, rc: 0
10-24 21:41:44.537 1267 1267 D AOC : H0:MSG: controller.cc, 811: AudOutCtrlH0: ipc: C-AO-H0, cmd ID: 0x0005, tag: 0x07, rc: 0
10-24 21:41:44.537 1267 1267 D AOC : H0:MSG: controller.cc, 811: AudOutCtrlH0: ipc: C-AO-H0, cmd ID: 0x0005, tag: 0x08, rc: 0
10-24 21:41:44.537 1267 1267 D AOC : H0:MSG: controller.cc, 811: AudOutCtrlH0: ipc: C-AO-H0, cmd ID: 0x0005, tag: 0x09, rc: 0
10-24 21:41:44.537 1267 1267 D AOC : H0:MSG: controller.cc, 811: AudOutCtrlH0: ipc: C-AO-H0, cmd ID: 0x0005, tag: 0x0a, rc: 0
10-24 21:41:44.537 1267 1267 D AOC : H0:MSG: controller.cc, 811: AudOutCtrlH0: ipc: C-AO-H0, cmd ID: 0x0005, tag: 0x0b, rc: 0
10-24 21:41:44.537 1267 1267 D AOC : H0:MSG: controller.cc, 811: AudOutCtrlH0: ipc: C-AO-H0, cmd ID: 0x00e2, tag: 0x0c, rc: 0
10-24 21:41:44.537 1267 1267 D AOC : H1:MSG: controller_hf1_audio_output.cc, 232: Register RB request
10-24 21:41:44.538 1267 1267 D AOC : H1:AMixMODEM Registered to VP UL buffer (hdl: 4040a928)
10-24 21:41:44.538 1267 1267 D AOC : H1:AMixMODEM Registered to VP DL buffer (hdl: 4040aa30)
10-24 21:41:44.538 1267 1267 D AOC : H1:MSG: controller.cc, 811: AudOutCtrlH1: ipc: C-AO-H1, cmd ID: 0x00e2, tag: 0x05, rc: 0
10-24 21:41:44.538 1267 1267 D AOC : F1:MSG: controller_audio_input.cc, 5469: Initializing Cleaner library
10-24 21:41:44.538 1267 1267 D AOC : F1:MSG: controller_audio_input.cc, 5472: Initialized Cleaner, version = 363007343
10-24 21:41:44.538 1267 1267 D AOC : F1:MSG: controller_audio_input.cc, 5480: Cleaner overlay start = 0x4050ccc0, end = 0x4053a04c
10-24 21:41:44.538 1267 1267 D AOC : F1:MSG: controller_audio_input.cc, 5481: Actual Cleaner size = 185228
10-24 21:41:44.538 1267 1267 D AOC : F1:MSG: controller_audio_input.cc, 5482: Allocated Cleaner size = 307200
10-24 21:41:44.538 1267 1267 D AOC : F1:MSG: controller_audio_input.cc, 5490: Loading Eraser AEC library
10-24 21:41:44.538 1267 1267 D AOC : F1:MSG: controller_audio_input.cc, 5493: Loaded Eraser, version = 363007343
10-24 21:41:44.538 1267 1267 D AOC : H1:MSG: spatial_capture.cc, 446: Static memory size: 266656 bytes
10-24 21:41:44.538 1267 1267 D AOC : H1:MSG: controller.cc, 811: HF1: ipc: C-F1-H1, cmd ID: 0x00ca, tag: 0x01, rc: 0
10-24 21:41:44.538 1267 1267 D AOC : F1:MSG: ap_input_processor.cc, 176: Using Kernel Heap at 0x7abec000 for MMAP Capture (phys: 0x9abec000, heap_siz
10-24 21:41:44.538 1267 1267 D AOC : F1:MSG: ap_input_processor.cc, 286: Configuring SRC from 48 to 16 KHz
10-24 21:41:44.538 1267 1267 D AOC : F1:MSG: hotword_input_processor.cc, 215: Loading Ambient Hotword library built at CL 416748372
10-24 21:41:44.538 1267 1267 D AOC : H1:MSG: controller.cc, 811: AudioInCtrlHF1: ipc: C-AI-H1, cmd ID: 0x0005, tag: 0x00, rc: 0
10-24 21:41:44.538 1267 1267 D AOC : H1:MSG: controller.cc, 811: AudioInCtrlHF1: ipc: C-AI-H1, cmd ID: 0x0005, tag: 0x01, rc: 0
10-24 21:41:44.538 1267 1267 D AOC : H1:MSG: controller_hf1_audio_input.cc, 74: AudioInCtrlHF1 CMD PROCESS : cmd id : 300
10-24 21:41:44.538 1267 1267 D AOC : H1:MSG: controller_hf1_audio_input.cc, 79: AudioInCtrlHF1 rb set up
10-24 21:41:44.538 1267 1267 D AOC : H1:MSG: controller.cc, 811: AudioInCtrlHF1: ipc: C-AI-H1, cmd ID: 0x012c, tag: 0x02, rc: 0
10-24 21:41:44.538 1267 1267 D AOC : F1:MSG: controller.cc, 273: AudioOutCtrl: cmd ID: 0x0003, tag: 0x00 [cntr = 1]
10-24 21:41:44.538 1267 1267 D AOC : F1:MSG: controller.cc, 273: AudioInCtrl: cmd ID: 0x0003, tag: 0x00 [cntr = 1]
10-24 21:41:44.538 1267 1267 D AOC : F1:MSG: controller.cc, 273: AudioInCtrl: cmd ID: 0x00c8, tag: 0x01 [cntr = 2]
10-24 21:41:44.538 1267 1267 D AOC : F1:AHWSinkUSB connected to Audio Capture
10-24 21:41:44.538 1267 1267 D AOC : F1:AHWSinkBT connected to Audio Capture
10-24 21:41:44.538 1267 1267 D AOC : F1:MSG: controller.cc, 273: AudioOutCtrl: cmd ID: 0x00db, tag: 0x01 [cntr = 2]
10-24 21:41:44.538 1267 1267 D AOC : F1:Loading Library 5 at 0x40415040 (size 72576)
10-24 21:41:44.538 1267 1267 D AOC : F1:MSG: memory_overlay_xtensa.cc, 51: Custom overlay loader
10-24 21:41:44.538 1267 1267 D AOC : H0:LVM library load 0x4041734c (heap: 0x40426bc0)
10-24 21:41:44.539 1267 1267 D AOC : H0:MSG: controller.cc, 811: AudOutCtrlH0: ipc: C-AO-H0, cmd ID: 0x0122, tag: 0x0d, rc: 0
10-24 21:41:44.539 1267 1267 D AOC : F1:Loading Library 9 at 0x405bca00 (size 144320)
10-24 21:41:44.539 1267 1267 D AOC : F1:MSG: memory_overlay_xtensa.cc, 51: Custom overlay loader
10-24 21:41:44.539 1267 1267 D AOC : H0:AMixSPKR PostProcessing Config: WAVES
10-24 21:41:44.539 1267 1267 D AOC : H0:MSG: controller.cc, 811: AudOutCtrlH0: ipc: C-AO-H0, cmd ID: 0x0120, tag: 0x0e, rc: 0
10-24 21:41:44.539 1267 1267 D AOC : F1:MSG: controller.cc, 273: AudioInCtrl: cmd ID: 0x013d, tag: 0x02 [cntr = 3]
10-24 21:41:44.539 1267 1267 D AOC : F1:MSG: controller_audio_input.cc, 2563: Cleaner available
10-24 21:41:44.539 1267 1267 D AOC : A3:MSG: init.cc, 187: USF: Initializing USF. Build time: Wed Dec 28 11:44:03 UTC 2022
10-24 21:41:44.539 1267 1267 D AOC : A3:MSG: pal.cc, 750: USF: Thread UsfDefaultWorker(0x400dd0a0) wdog token 1
10-24 21:41:44.539 1267 1267 D AOC : A3:MSG: pal.cc, 750: USF: Thread USF Sampling(0x400e12c8) wdog token 2
10-24 21:41:44.539 1267 1267 D AOC : A3:MSG: pal.cc, 137: USF: Initializing EFW USF PAL.
10-24 21:41:44.539 1267 1267 D AOC : A3:MSG: usf_interrupt.cc, 54: USF: Initializing USF interrupt manager.
10-24 21:41:44.539 1267 1267 D AOC : A3:MSG: usf_pdm.cc, 99: USF: Initializing USF PDM manager.
10-24 21:41:44.539 1267 1267 D AOC : A3:MSG: usf_pdm.cc, 137: USF: USF PDM manager initialized.
10-24 21:41:44.539 1267 1267 D AOC : A3:MSG: efw_transport.cc, 257: USF: Initializing EFW USF IPC.
10-24 21:41:44.539 1267 1267 D AOC : A3:MSG: efw_transport.cc, 300: USF: Initializing USF transport server for EFW.
10-24 21:41:44.539 1267 1267 D AOC : A3:MSG: efw_spi_controller.cc, 50: USF: Initializing USF EFW SPI controller services.
10-24 21:41:44.539 1267 1267 D AOC : A3:MSG: efw_i2c_controller.cc, 54: USF: Initializing USF EFW I2C controller services.
